/
usr
/
local
/
apache
/
/usr/local/apache
mkdir
upload
Name
Size
Mode
Actions
bin/
-
0755
rm
conf/
-
0755
rm
domlogs/
-
0711
rm
htdocs/
-
0755
rm
logs/
-
0711
rm
modules/
-
0755
rm
access_log
262697457
0640
edit
dl
rm
error_log
16481050
0644
edit
dl
rm
Edit:
/var/log/apache2/error_log
(16481050B)
[Mon Sep 07 10:11:42.268804 2026] [mpm_worker:notice] [pid 4140:tid 4140] AH00292: Apache/2.4.68 (cPanel) OpenSSL/1.1.1k mod_bwlimited/1.4 configured -- resuming normal operations
[Mon Sep 07 10:11:42.268854 2026] [core:notice] [pid 4140:tid 4140] AH00094: Command line: '/usr/sbin/httpd'
[Mon Sep 07 10:11:45.293769 2026] [proxy_fcgi:error] [pid 1292314:tid 1292334] [client 74.7.242.58:57406] AH01071: Got error 'PHP message: PHP Fatal error: Uncaught Error: Class "Symfony\\Component\\CssSelector\\Node\\AbstractNode" not found in /home/techb158/on-time-movers.com/wp-content/plugins/wpforms/vendor/symfony/css-selector/Node/FunctionNode.php:26\nStack trace:\n#0 {main}\n thrown in /home/techb158/on-time-movers.com/wp-content/plugins/wpforms/vendor/symfony/css-selector/Node/FunctionNode.php on line 26', referer: http://on-time-movers.com/wp-content/plugins/wpforms/vendor/symfony/css-selector/Node/
[Mon Sep 07 10:11:58.139229 2026] [proxy_fcgi:error] [pid 1292394:tid 1292408] [client 74.7.175.153:46330] AH01071: Got error 'Primary script unknown'
[Mon Sep 07 10:12:01.032957 2026] [proxy_fcgi:error] [pid 1292394:tid 1292409] [client 216.73.216.58:12281] AH01071: Got error 'Primary script unknown'
[Mon Sep 07 10:12:01.039218 2026] [proxy_fcgi:error] [pid 1292456:tid 1292468] [client 216.73.216.58:7841] AH01071: Got error 'Primary script unknown'
[Mon Sep 07 10:12:01.078396 2026] [proxy_fcgi:error] [pid 1292456:tid 1292468] [client 216.73.216.58:7841] AH01071: Got error 'Primary script unknown'
[Mon Sep 07 10:12:01.168707 2026] [proxy_fcgi:error] [pid 1292456:tid 1292468] [client 216.73.216.58:7841] AH01071: Got error 'Primary script unknown'
[Mon Sep 07 10:12:01.260884 2026] [proxy_fcgi:error] [pid 1292456:tid 1292468] [client 216.73.216.58:7841] AH01071: Got error 'Primary script unknown'
[Mon Sep 07 10:12:01.352687 2026] [proxy_fcgi:error] [pid 1292456:tid 1292468] [client 216.73.216.58:7841] AH01071: Got error 'Primary script unknown'
[Mon Sep 07 10:12:01.444118 2026] [proxy_fcgi:error] [pid 1292456:tid 1292468] [client 216.73.216.58:7841] AH01071: Got error 'Primary script unknown'
[Mon Sep 07 10:12:01.534178 2026] [proxy_fcgi:error] [pid 1292456:tid 1292468] [client 216.73.216.58:7841] AH01071: Got error 'Primary script unknown'
[Mon Sep 07 10:12:01.625842 2026] [proxy_fcgi:error] [pid 1292456:tid 1292468] [client 216.73.216.58:7841] AH01071: Got error 'Primary script unknown'
[Mon Sep 07 10:12:01.716792 2026] [proxy_fcgi:error] [pid 1292456:tid 1292468] [client 216.73.216.58:7841] AH01071: Got error 'Primary script unknown'
[Mon Sep 07 10:12:01.807580 2026] [proxy_fcgi:error] [pid 1292456:tid 1292468] [client 216.73.216.58:7841] AH01071: Got error 'Primary script unknown'
[Mon Sep 07 10:12:01.899352 2026] [proxy_fcgi:error] [pid 1292456:tid 1292468] [client 216.73.216.58:7841] AH01071: Got error 'Primary script unknown'
[Mon Sep 07 10:12:01.989318 2026] [proxy_fcgi:error] [pid 1292456:tid 1292468] [client 216.73.216.58:7841] AH01071: Got error 'Primary script unknown'
[Mon Sep 07 10:12:02.080231 2026] [proxy_fcgi:error] [pid 1292456:tid 1292468] [client 216.73.216.58:7841] AH01071: Got error 'Primary script unknown'
[Mon Sep 07 10:12:02.171333 2026] [proxy_fcgi:error] [pid 1292456:tid 1292468] [client 216.73.216.58:7841] AH01071: Got error 'Primary script unknown'
[Mon Sep 07 10:12:02.262446 2026] [proxy_fcgi:error] [pid 1292456:tid 1292468] [client 216.73.216.58:7841] AH01071: Got error 'Primary script unknown'
[Mon Sep 07 10:12:02.353060 2026] [proxy_fcgi:error] [pid 1292456:tid 1292468] [client 216.73.216.58:7841] AH01071: Got error 'Primary script unknown'
[Mon Sep 07 10:12:02.444165 2026] [proxy_fcgi:error] [pid 1292456:tid 1292468] [client 216.73.216.58:7841] AH01071: Got error 'Primary script unknown'
[Mon Sep 07 10:12:02.534947 2026] [proxy_fcgi:error] [pid 1292456:tid 1292468] [client 216.73.216.58:7841] AH01071: Got error 'Primary script unknown'
[Mon Sep 07 10:12:02.626722 2026] [proxy_fcgi:error] [pid 1292456:tid 1292468] [client 216.73.216.58:7841] AH01071: Got error 'Primary script unknown'
[Mon Sep 07 10:12:02.717358 2026] [proxy_fcgi:error] [pid 1292456:tid 1292468] [client 216.73.216.58:7841] AH01071: Got error 'Primary script unknown'
[Mon Sep 07 10:12:02.807994 2026] [proxy_fcgi:error] [pid 1292456:tid 1292468] [client 216.73.216.58:7841] AH01071: Got error 'Primary script unknown'
[Mon Sep 07 10:12:02.899632 2026] [proxy_fcgi:error] [pid 1292456:tid 1292468] [client 216.73.216.58:7841] AH01071: Got error 'Primary script unknown'
[Mon Sep 07 10:12:02.990467 2026] [proxy_fcgi:error] [pid 1292456:tid 1292468] [client 216.73.216.58:7841] AH01071: Got error 'Primary script unknown'
[Mon Sep 07 10:12:03.081027 2026] [proxy_fcgi:error] [pid 1292456:tid 1292468] [client 216.73.216.58:7841] AH01071: Got error 'Primary script unknown'
[Mon Sep 07 10:12:03.172223 2026] [proxy_fcgi:error] [pid 1292456:tid 1292468] [client 216.73.216.58:7841] AH01071: Got error 'Primary script unknown'
[Mon Sep 07 10:12:03.263566 2026] [proxy_fcgi:error] [pid 1292456:tid 1292468] [client 216.73.216.58:7841] AH01071: Got error 'Primary script unknown'
[Mon Sep 07 10:12:03.354109 2026] [proxy_fcgi:error] [pid 1292456:tid 1292468] [client 216.73.216.58:7841] AH01071: Got error 'Primary script unknown'
[Mon Sep 07 10:12:03.445072 2026] [proxy_fcgi:error] [pid 1292456:tid 1292468] [client 216.73.216.58:7841] AH01071: Got error 'Primary script unknown'
[Mon Sep 07 10:12:03.536194 2026] [proxy_fcgi:error] [pid 1292456:tid 1292468] [client 216.73.216.58:7841] AH01071: Got error 'Primary script unknown'
[Mon Sep 07 10:12:03.627398 2026] [proxy_fcgi:error] [pid 1292456:tid 1292468] [client 216.73.216.58:7841] AH01071: Got error 'Primary script unknown'
[Mon Sep 07 10:12:03.718342 2026] [proxy_fcgi:error] [pid 1292456:tid 1292468] [client 216.73.216.58:7841] AH01071: Got error 'Primary script unknown'
[Mon Sep 07 10:12:03.809391 2026] [proxy_fcgi:error] [pid 1292456:tid 1292468] [client 216.73.216.58:7841] AH01071: Got error 'Primary script unknown'
[Mon Sep 07 10:12:03.901069 2026] [proxy_fcgi:error] [pid 1292456:tid 1292468] [client 216.73.216.58:7841] AH01071: Got error 'Primary script unknown'
[Mon Sep 07 10:12:03.991585 2026] [proxy_fcgi:error] [pid 1292456:tid 1292468] [client 216.73.216.58:7841] AH01071: Got error 'Primary script unknown'
[Mon Sep 07 10:12:04.083448 2026] [proxy_fcgi:error] [pid 1292456:tid 1292468] [client 216.73.216.58:7841] AH01071: Got error 'Primary script unknown'
[Mon Sep 07 10:12:04.174108 2026] [proxy_fcgi:error] [pid 1292456:tid 1292468] [client 216.73.216.58:7841] AH01071: Got error 'Primary script unknown'
[Mon Sep 07 10:12:04.265282 2026] [proxy_fcgi:error] [pid 1292456:tid 1292468] [client 216.73.216.58:7841] AH01071: Got error 'Primary script unknown'
[Mon Sep 07 10:12:04.361225 2026] [proxy_fcgi:error] [pid 1292456:tid 1292468] [client 216.73.216.58:7841] AH01071: Got error 'Primary script unknown'
[Mon Sep 07 10:12:04.450462 2026] [proxy_fcgi:error] [pid 1292394:tid 1292420] [client 216.73.216.30:40229] AH01071: Got error 'PHP message: PHP Fatal error: Uncaught Error: Class 'WPForms\\Providers\\Provider\\Settings\\FormBuilder' not found in /home/techb158/l2hypotheques.com/wp-content/plugins/wpforms-lite/src/Integrations/ConstantContact/V3/Settings/FormBuilder.php:16\nStack trace:\n#0 {main}\n thrown in /home/techb158/l2hypotheques.com/wp-content/plugins/wpforms-lite/src/Integrations/ConstantContact/V3/Settings/FormBuilder.php on line 16'
[Mon Sep 07 10:12:04.452570 2026] [proxy_fcgi:error] [pid 1292456:tid 1292468] [client 216.73.216.58:7841] AH01071: Got error 'Primary script unknown'
[Mon Sep 07 10:12:04.542761 2026] [proxy_fcgi:error] [pid 1292456:tid 1292468] [client 216.73.216.58:7841] AH01071: Got error 'Primary script unknown'
[Mon Sep 07 10:12:04.634085 2026] [proxy_fcgi:error] [pid 1292456:tid 1292468] [client 216.73.216.58:7841] AH01071: Got error 'Primary script unknown'
[Mon Sep 07 10:12:04.725344 2026] [proxy_fcgi:error] [pid 1292456:tid 1292468] [client 216.73.216.58:7841] AH01071: Got error 'Primary script unknown'
[Mon Sep 07 10:12:04.816522 2026] [proxy_fcgi:error] [pid 1292456:tid 1292468] [client 216.73.216.58:7841] AH01071: Got error 'Primary script unknown'
[Mon Sep 07 10:12:04.908633 2026] [proxy_fcgi:error] [pid 1292456:tid 1292468] [client 216.73.216.58:7841] AH01071: Got error 'Primary script unknown'
[Mon Sep 07 10:12:05.000471 2026] [proxy_fcgi:error] [pid 1292456:tid 1292468] [client 216.73.216.58:7841] AH01071: Got error 'Primary script unknown'
[Mon Sep 07 10:12:05.090979 2026] [proxy_fcgi:error] [pid 1292456:tid 1292468] [client 216.73.216.58:7841] AH01071: Got error 'Primary script unknown'
[Mon Sep 07 10:12:05.182366 2026] [proxy_fcgi:error] [pid 1292456:tid 1292468] [client 216.73.216.58:7841] AH01071: Got error 'Primary script unknown'
[Mon Sep 07 10:12:05.274386 2026] [proxy_fcgi:error] [pid 1292456:tid 1292468] [client 216.73.216.58:7841] AH01071: Got error 'Primary script unknown'
[Mon Sep 07 10:12:05.365727 2026] [proxy_fcgi:error] [pid 1292456:tid 1292468] [client 216.73.216.58:7841] AH01071: Got error 'Primary script unknown'
[Mon Sep 07 10:12:05.456232 2026] [proxy_fcgi:error] [pid 1292456:tid 1292468] [client 216.73.216.58:7841] AH01071: Got error 'Primary script unknown'
[Mon Sep 07 10:12:05.547080 2026] [proxy_fcgi:error] [pid 1292456:tid 1292468] [client 216.73.216.58:7841] AH01071: Got error 'Primary script unknown'
[Mon Sep 07 10:12:05.637978 2026] [proxy_fcgi:error] [pid 1292456:tid 1292468] [client 216.73.216.58:7841] AH01071: Got error 'Primary script unknown'
[Mon Sep 07 10:12:05.729712 2026] [proxy_fcgi:error] [pid 1292456:tid 1292468] [client 216.73.216.58:7841] AH01071: Got error 'Primary script unknown'
[Mon Sep 07 10:12:05.820199 2026] [proxy_fcgi:error] [pid 1292456:tid 1292468] [client 216.73.216.58:7841] AH01071: Got error 'Primary script unknown'
[Mon Sep 07 10:12:05.911570 2026] [proxy_fcgi:error] [pid 1292456:tid 1292468] [client 216.73.216.58:7841] AH01071: Got error 'Primary script unknown'
[Mon Sep 07 10:12:06.002762 2026] [proxy_fcgi:error] [pid 1292456:tid 1292468] [client 216.73.216.58:7841] AH01071: Got error 'Primary script unknown'
[Mon Sep 07 10:12:06.093277 2026] [proxy_fcgi:error] [pid 1292456:tid 1292468] [client 216.73.216.58:7841] AH01071: Got error 'Primary script unknown'
[Mon Sep 07 10:12:06.275563 2026] [proxy_fcgi:error] [pid 1292456:tid 1292468] [client 216.73.216.58:7841] AH01071: Got error 'Primary script unknown'
[Mon Sep 07 10:12:06.366801 2026] [proxy_fcgi:error] [pid 1292456:tid 1292468] [client 216.73.216.58:7841] AH01071: Got error 'Primary script unknown'
[Mon Sep 07 10:12:07.404415 2026] [proxy_fcgi:error] [pid 1292243:tid 1292261] [client 216.73.216.58:13165] AH01071: Got error 'Primary script unknown'
[Mon Sep 07 10:12:07.643383 2026] [proxy_fcgi:error] [pid 1292243:tid 1292261] [client 216.73.216.58:13165] AH01071: Got error 'Primary script unknown'
[Mon Sep 07 10:12:14.304795 2026] [proxy_fcgi:error] [pid 1292344:tid 1292359] [client 216.73.216.30:52084] AH01071: Got error 'PHP message: PHP Fatal error: Uncaught Error: Class 'WPForms\\Integrations\\AI\\Admin\\Ajax\\Base' not found in /home/techb158/l2hypotheques.com/wp-content/plugins/wpforms-lite/src/Integrations/AI/Admin/Ajax/Forms.php:13\nStack trace:\n#0 {main}\n thrown in /home/techb158/l2hypotheques.com/wp-content/plugins/wpforms-lite/src/Integrations/AI/Admin/Ajax/Forms.php on line 13'
[Mon Sep 07 10:12:14.749563 2026] [proxy_fcgi:error] [pid 1292243:tid 1292261] [client 216.73.216.58:13165] AH01071: Got error 'Primary script unknown'
[Mon Sep 07 10:12:19.043956 2026] [proxy_fcgi:error] [pid 1292243:tid 1292253] [client 216.73.216.58:23308] AH01071: Got error 'Primary script unknown'
[Mon Sep 07 10:12:24.878439 2026] [proxy_fcgi:error] [pid 1292314:tid 1292334] [client 51.68.107.148:34845] AH01071: Got error 'Primary script unknown'
[Mon Sep 07 10:12:25.439850 2026] [proxy_fcgi:error] [pid 1292243:tid 1292253] [client 216.73.216.58:23308] AH01071: Got error 'Primary script unknown'
[Mon Sep 07 10:12:25.561030 2026] [core:error] [pid 1292243:tid 1292249] [client 35.192.117.236:36454] AH10244: invalid URI path (/@fs/../../.env?raw??)
[Mon Sep 07 10:12:28.625914 2026] [proxy_fcgi:error] [pid 1292456:tid 1292471] [client 216.73.216.58:46082] AH01071: Got error 'Primary script unknown'
[Mon Sep 07 10:12:33.660324 2026] [proxy_fcgi:error] [pid 1292456:tid 1292471] [client 216.73.216.58:46082] AH01071: Got error 'Primary script unknown'
[Mon Sep 07 10:12:35.507246 2026] [proxy_fcgi:error] [pid 1292519:tid 1292540] [client 216.73.216.226:1153] AH01071: Got error 'PHP message: PHP Fatal error: Uncaught Error: Class "Twilio\\InstanceResource" not found in /home/techb158/dev.balacoffee.com/vendor/twilio/sdk/src/Twilio/Rest/Insights/V1/Room/ParticipantInstance.php:39\nStack trace:\n#0 {main}\n thrown in /home/techb158/dev.balacoffee.com/vendor/twilio/sdk/src/Twilio/Rest/Insights/V1/Room/ParticipantInstance.php on line 39'
[Mon Sep 07 10:12:35.571150 2026] [proxy_fcgi:error] [pid 1292344:tid 1292350] [client 216.73.216.58:53805] AH01071: Got error 'Primary script unknown'
[Mon Sep 07 10:12:38.486974 2026] [core:error] [pid 1292344:tid 1292359] [client 35.192.117.236:51412] AH10244: invalid URI path (/@fs/../../../../../root/.env?raw??)
[Mon Sep 07 10:12:38.514343 2026] [proxy_fcgi:error] [pid 1292243:tid 1292254] [client 216.73.216.226:15413] AH01071: Got error 'PHP message: PHP Fatal error: Uncaught Error: Class "Twilio\\Options" not found in /home/techb158/dev.balacoffee.com/vendor/twilio/sdk/src/Twilio/Rest/Supersim/V1/FleetOptions.php:82\nStack trace:\n#0 {main}\n thrown in /home/techb158/dev.balacoffee.com/vendor/twilio/sdk/src/Twilio/Rest/Supersim/V1/FleetOptions.php on line 82'
[Mon Sep 07 10:12:38.550542 2026] [core:error] [pid 1292314:tid 1292325] [client 35.192.117.236:51410] AH10244: invalid URI path (/@fs/../../../../../app/.env?raw??)
[Mon Sep 07 10:12:38.592443 2026] [core:error] [pid 1292456:tid 1292465] [client 35.192.117.236:51326] AH10244: invalid URI path (/@fs/../../../../../proc/self/environ?raw??)
[Mon Sep 07 10:12:40.986072 2026] [proxy_fcgi:error] [pid 1292394:tid 1292400] [client 74.7.243.201:45376] AH01071: Got error 'PHP message: PHP Fatal error: Uncaught Error: Class "Stripe\\ApiResource" not found in /home/techb158/immovalet.com/vendor/stripe/stripe-php/lib/SubscriptionSchedule.php:32\nStack trace:\n#0 {main}\n thrown in /home/techb158/immovalet.com/vendor/stripe/stripe-php/lib/SubscriptionSchedule.php on line 32', referer: http://www.immovalet.com/vendor/stripe/stripe-php/lib/
[Mon Sep 07 10:12:43.268686 2026] [proxy_fcgi:error] [pid 1292519:tid 1292537] [client 216.73.216.226:65453] AH01071: Got error 'PHP message: PHP Fatal error: Uncaught Error: Class "Twilio\\Page" not found in /home/techb158/dev.balacoffee.com/vendor/twilio/sdk/src/Twilio/Rest/Preview/DeployedDevices/Fleet/CertificatePage.php:19\nStack trace:\n#0 {main}\n thrown in /home/techb158/dev.balacoffee.com/vendor/twilio/sdk/src/Twilio/Rest/Preview/DeployedDevices/Fleet/CertificatePage.php on line 19'
[Mon Sep 07 10:12:45.004889 2026] [proxy_fcgi:error] [pid 1292344:tid 1292356] [client 143.244.57.118:45630] AH01067: Failed to read FastCGI header
[Mon Sep 07 10:12:45.004918 2026] [proxy_fcgi:error] [pid 1292344:tid 1292356] (104)Connection reset by peer: [client 143.244.57.118:45630] AH01075: Error dispatching request to :
[Mon Sep 07 10:12:45.022932 2026] [proxy_fcgi:error] [pid 1292344:tid 1292356] [client 143.244.57.118:45630] AH01067: Failed to read FastCGI header
[Mon Sep 07 10:12:45.022948 2026] [proxy_fcgi:error] [pid 1292344:tid 1292356] (104)Connection reset by peer: [client 143.244.57.118:45630] AH01075: Error dispatching request to :
[Mon Sep 07 10:12:45.380205 2026] [authz_core:error] [pid 1292519:tid 1292521] [client 2607:ffb8:c:121::9:0] AH01630: client denied by server configuration: /home/techb158/primomovers.ca/xmlrpc.php
[Mon Sep 07 10:12:50.821567 2026] [proxy_fcgi:error] [pid 1292243:tid 1292255] [client 216.73.216.58:44059] AH01071: Got error 'Primary script unknown'
[Mon Sep 07 10:12:51.035010 2026] [proxy_fcgi:error] [pid 1292519:tid 1292533] [client 216.73.216.226:35649] AH01071: Got error 'PHP message: PHP Fatal error: Uncaught Error: Class "Twilio\\InstanceContext" not found in /home/techb158/dev.balacoffee.com/vendor/twilio/sdk/src/Twilio/Rest/Accounts/V1/Credential/AwsContext.php:18\nStack trace:\n#0 {main}\n thrown in /home/techb158/dev.balacoffee.com/vendor/twilio/sdk/src/Twilio/Rest/Accounts/V1/Credential/AwsContext.php on line 18'
[Mon Sep 07 10:12:52.313093 2026] [proxy_fcgi:error] [pid 1292344:tid 1292351] [client 74.7.242.58:38664] AH01071: Got error 'PHP message: PHP Fatal error: Uncaught Error: Class "WPForms\\Vendor\\Symfony\\Component\\CssSelector\\Node\\AbstractNode" not found in /home/techb158/on-time-movers.com/wp-content/plugins/wpforms-lite/vendor_prefixed/symfony/css-selector/Node/SelectorNode.php:23\nStack trace:\n#0 {main}\n thrown in /home/techb158/on-time-movers.com/wp-content/plugins/wpforms-lite/vendor_prefixed/symfony/css-selector/Node/SelectorNode.php on line 23', referer: http://on-time-movers.com/wp-content/plugins/wpforms-lite/vendor_prefixed/symfony/css-selector/Node/
[Mon Sep 07 10:12:55.052563 2026] [proxy_fcgi:error] [pid 1292243:tid 1292255] [client 216.73.216.58:44059] AH01071: Got error 'PHP message: PHP Fatal error: Uncaught Error: Class "Illuminate\\Support\\Facades\\Facade" not found in /home/techb158/immovalet.com/vendor/botble/widget/src/Facades/WidgetGroupFacade.php:7\nStack trace:\n#0 {main}\n thrown in /home/techb158/immovalet.com/vendor/botble/widget/src/Facades/WidgetGroupFacade.php on line 7'
[Mon Sep 07 10:12:55.242995 2026] [proxy_fcgi:error] [pid 1292344:tid 1292363] [client 216.73.216.58:5296] AH01071: Got error 'PHP message: PHP Fatal error: Uncaught Error: Interface "Illuminate\\Contracts\\Bus\\QueueingDispatcher" not found in /home/techb158/immovalet.com/vendor/laravel/framework/src/Illuminate/Bus/Dispatcher.php:17\nStack trace:\n#0 {main}\n thrown in /home/techb158/immovalet.com/vendor/laravel/framework/src/Illuminate/Bus/Dispatcher.php on line 17'
[Mon Sep 07 10:13:00.420179 2026] [proxy_fcgi:error] [pid 1292314:tid 1292340] [client 216.73.216.226:15206] AH01071: Got error 'PHP message: PHP Fatal error: Uncaught Error: Class "Twilio\\Page" not found in /home/techb158/dev.balacoffee.com/vendor/twilio/sdk/src/Twilio/Rest/Media/V1/MediaRecordingPage.php:19\nStack trace:\n#0 {main}\n thrown in /home/techb158/dev.balacoffee.com/vendor/twilio/sdk/src/Twilio/Rest/Media/V1/MediaRecordingPage.php on line 19'
[Mon Sep 07 10:13:06.862238 2026] [proxy_fcgi:error] [pid 1292344:tid 1292363] [client 216.73.216.58:2850] AH01071: Got error 'Primary script unknown'
[Mon Sep 07 10:13:12.845987 2026] [proxy_fcgi:error] [pid 1292519:tid 1292529] [client 35.192.117.236:18556] AH01071: Got error 'Primary script unknown'
[Mon Sep 07 10:13:12.891422 2026] [proxy_fcgi:error] [pid 1292243:tid 1292265] [client 35.192.117.236:18560] AH01071: Got error 'Primary script unknown'
[Mon Sep 07 10:13:13.132958 2026] [proxy_fcgi:error] [pid 1292344:tid 1292363] [client 216.73.216.58:2850] AH01071: Got error 'Primary script unknown'
[Mon Sep 07 10:13:15.235152 2026] [proxy_fcgi:error] [pid 1292344:tid 1292363] [client 216.73.216.58:2850] AH01071: Got error 'Primary script unknown'
[Mon Sep 07 10:13:23.342582 2026] [proxy_fcgi:error] [pid 1292314:tid 1292331] [client 57.141.4.15:29942] AH01071: Got error 'PHP message: PHP Fatal error: Uncaught Error: Class "Illuminate\\Support\\ServiceProvider" not found in /home/techb158/immovalet.com/platform/packages/slug/src/Providers/SlugServiceProvider.php:20\nStack trace:\n#0 {main}\n thrown in /home/techb158/immovalet.com/platform/packages/slug/src/Providers/SlugServiceProvider.php on line 20'
[Mon Sep 07 10:13:26.031034 2026] [authz_core:error] [pid 1292456:tid 1292462] [client 35.192.117.236:13338] AH01630: client denied by server configuration: /home/techb158/convergencesoft.ca/.htpasswd
[Mon Sep 07 10:13:26.045355 2026] [proxy_fcgi:error] [pid 1292344:tid 1292350] [client 35.192.117.236:13358] AH01071: Got error 'Primary script unknown'
[Mon Sep 07 10:13:26.049082 2026] [proxy_fcgi:error] [pid 1292314:tid 1292332] [client 35.192.117.236:13342] AH01071: Got error 'Primary script unknown'
[Mon Sep 07 10:13:26.102092 2026] [proxy_fcgi:error] [pid 1292243:tid 1292248] [client 74.7.175.164:55036] AH01071: Got error 'Primary script unknown'
[Mon Sep 07 10:13:45.043488 2026] [proxy_fcgi:error] [pid 1292456:tid 1292468] [client 143.244.57.118:33464] AH01067: Failed to read FastCGI header
[Mon Sep 07 10:13:45.043540 2026] [proxy_fcgi:error] [pid 1292456:tid 1292468] (104)Connection reset by peer: [client 143.244.57.118:33464] AH01075: Error dispatching request to :
[Mon Sep 07 10:13:45.050695 2026] [proxy_fcgi:error] [pid 1292456:tid 1292468] [client 143.244.57.118:33464] AH01067: Failed to read FastCGI header
[Mon Sep 07 10:13:45.050723 2026] [proxy_fcgi:error] [pid 1292456:tid 1292468] (104)Connection reset by peer: [client 143.244.57.118:33464] AH01075: Error dispatching request to :
[Mon Sep 07 10:13:45.061327 2026] [proxy_fcgi:error] [pid 1292243:tid 1292263] [client 156.146.33.66:47370] AH01067: Failed to read FastCGI header
[Mon Sep 07 10:13:45.061359 2026] [proxy_fcgi:error] [pid 1292243:tid 1292263] (104)Connection reset by peer: [client 156.146.33.66:47370] AH01075: Error dispatching request to :
[Mon Sep 07 10:13:45.178095 2026] [proxy_fcgi:error] [pid 1292456:tid 1292465] [client 74.7.243.224:45786] AH01067: Failed to read FastCGI header, referer: http://techbala.ca/yciiyotb.php?p=%2Fhome%2Ftechb158%2Fon-time-movers.com%2Fwp-content%2Fet-cache
[Mon Sep 07 10:13:45.178122 2026] [proxy_fcgi:error] [pid 1292456:tid 1292465] (104)Connection reset by peer: [client 74.7.243.224:45786] AH01075: Error dispatching request to : , referer: http://techbala.ca/yciiyotb.php?p=%2Fhome%2Ftechb158%2Fon-time-movers.com%2Fwp-content%2Fet-cache
[Mon Sep 07 10:13:47.847656 2026] [proxy_fcgi:error] [pid 1292243:tid 1292259] [client 74.7.242.58:45088] AH01071: Got error 'PHP message: PHP Fatal error: Uncaught Error: Class "Symfony\\Component\\CssSelector\\Node\\AbstractNode" not found in /home/techb158/on-time-movers.com/wp-content/plugins/wpforms/vendor/symfony/css-selector/Node/CombinedSelectorNode.php:24\nStack trace:\n#0 {main}\n thrown in /home/techb158/on-time-movers.com/wp-content/plugins/wpforms/vendor/symfony/css-selector/Node/CombinedSelectorNode.php on line 24', referer: http://on-time-movers.com/wp-content/plugins/wpforms/vendor/symfony/css-selector/Node/
[Mon Sep 07 10:13:53.115743 2026] [proxy_fcgi:error] [pid 1292394:tid 1292406] [client 74.7.230.0:40264] AH01071: Got error 'Primary script unknown'
[Mon Sep 07 10:13:54.179078 2026] [proxy_fcgi:error] [pid 1292394:tid 1292400] [client 74.7.242.58:45096] AH01071: Got error 'PHP message: PHP Fatal error: Uncaught Error: Class "WPForms\\Vendor\\Symfony\\Component\\CssSelector\\Node\\AbstractNode" not found in /home/techb158/on-time-movers.com/wp-content/plugins/wpforms-lite/vendor_prefixed/symfony/css-selector/Node/PseudoNode.php:23\nStack trace:\n#0 {main}\n thrown in /home/techb158/on-time-movers.com/wp-content/plugins/wpforms-lite/vendor_prefixed/symfony/css-selector/Node/PseudoNode.php on line 23', referer: http://on-time-movers.com/wp-content/plugins/wpforms-lite/vendor_prefixed/symfony/css-selector/Node/
[Mon Sep 07 10:13:59.170795 2026] [proxy_fcgi:error] [pid 1292243:tid 1292267] [client 74.7.244.24:33972] AH01071: Got error 'Primary script unknown'
[Mon Sep 07 10:14:03.580297 2026] [proxy_fcgi:error] [pid 1292344:tid 1292370] [client 74.7.242.58:57082] AH01071: Got error 'PHP message: PHP Fatal error: Uncaught Error: Class "WPForms\\Vendor\\Symfony\\Component\\CssSelector\\Node\\AbstractNode" not found in /home/techb158/on-time-movers.com/wp-content/plugins/wpforms-lite/vendor_prefixed/symfony/css-selector/Node/ElementNode.php:23\nStack trace:\n#0 {main}\n thrown in /home/techb158/on-time-movers.com/wp-content/plugins/wpforms-lite/vendor_prefixed/symfony/css-selector/Node/ElementNode.php on line 23', referer: http://on-time-movers.com/wp-content/plugins/wpforms-lite/vendor_prefixed/symfony/css-selector/Node/
[Mon Sep 07 10:14:06.785292 2026] [proxy_fcgi:error] [pid 1292344:tid 1292358] [client 74.7.227.3:34022] AH01071: Got error 'Primary script unknown', referer: http://immovalet.techbala.com/jvdmcgqg.php?dl=1&f=%2Fhome%2Ftechb158%2Fcharismaticmovers.com%2Fyvopwun%2Fmiuezcv%2Fxycjevp%2Findex.php&p=%2Fhome%2Ftechb158%2Fcharismaticmovers.com%2Fyvopwun%2Fmiuezcv%2Fxycjevp
[Mon Sep 07 10:14:17.786767 2026] [proxy_fcgi:error] [pid 1292519:tid 1292543] [client 74.7.242.58:55816] AH01071: Got error 'PHP message: PHP Fatal error: Uncaught Error: Class "WPForms\\Vendor\\Symfony\\Component\\CssSelector\\Node\\AbstractNode" not found in /home/techb158/on-time-movers.com/wp-content/plugins/wpforms-lite/vendor_prefixed/symfony/css-selector/Node/ClassNode.php:23\nStack trace:\n#0 {main}\n thrown in /home/techb158/on-time-movers.com/wp-content/plugins/wpforms-lite/vendor_prefixed/symfony/css-selector/Node/ClassNode.php on line 23', referer: http://on-time-movers.com/wp-content/plugins/wpforms-lite/vendor_prefixed/symfony/css-selector/Node/
[Mon Sep 07 10:14:37.785061 2026] [proxy_fcgi:error] [pid 1292519:tid 1292529] [client 74.7.242.58:48206] AH01071: Got error 'PHP message: PHP Fatal error: Uncaught Error: Class "WPForms\\Vendor\\Symfony\\Component\\CssSelector\\Node\\AbstractNode" not found in /home/techb158/on-time-movers.com/wp-content/plugins/wpforms-lite/vendor_prefixed/symfony/css-selector/Node/NegationNode.php:23\nStack trace:\n#0 {main}\n thrown in /home/techb158/on-time-movers.com/wp-content/plugins/wpforms-lite/vendor_prefixed/symfony/css-selector/Node/NegationNode.php on line 23', referer: http://on-time-movers.com/wp-content/plugins/wpforms-lite/vendor_prefixed/symfony/css-selector/Node/
[Mon Sep 07 10:14:45.059310 2026] [proxy_fcgi:error] [pid 1292243:tid 1292258] [client 156.146.33.66:44656] AH01067: Failed to read FastCGI header
[Mon Sep 07 10:14:45.059345 2026] [proxy_fcgi:error] [pid 1292243:tid 1292258] (104)Connection reset by peer: [client 156.146.33.66:44656] AH01075: Error dispatching request to :
[Mon Sep 07 10:14:45.063893 2026] [proxy_fcgi:error] [pid 1292243:tid 1292258] [client 156.146.33.66:44656] AH01067: Failed to read FastCGI header
[Mon Sep 07 10:14:45.063911 2026] [proxy_fcgi:error] [pid 1292243:tid 1292258] (104)Connection reset by peer: [client 156.146.33.66:44656] AH01075: Error dispatching request to :
[Mon Sep 07 10:14:53.694271 2026] [proxy_fcgi:error] [pid 1292344:tid 1292352] [client 216.73.216.226:23325] AH01071: Got error 'Primary script unknown'
[Mon Sep 07 10:14:57.824024 2026] [proxy_fcgi:error] [pid 1292519:tid 1292535] [client 74.7.242.58:36794] AH01071: Got error 'PHP message: PHP Fatal error: Uncaught Error: Class "WPForms\\Vendor\\Symfony\\Component\\CssSelector\\Node\\AbstractNode" not found in /home/techb158/on-time-movers.com/wp-content/plugins/wpforms-lite/vendor_prefixed/symfony/css-selector/Node/FunctionNode.php:24\nStack trace:\n#0 {main}\n thrown in /home/techb158/on-time-movers.com/wp-content/plugins/wpforms-lite/vendor_prefixed/symfony/css-selector/Node/FunctionNode.php on line 24', referer: http://on-time-movers.com/wp-content/plugins/wpforms-lite/vendor_prefixed/symfony/css-selector/Node/
[Mon Sep 07 10:14:58.677949 2026] [proxy_fcgi:error] [pid 1292314:tid 1292333] [client 216.73.216.58:44951] AH01071: Got error 'Primary script unknown'
[Mon Sep 07 10:14:58.690121 2026] [proxy_fcgi:error] [pid 1292344:tid 1292352] [client 216.73.216.226:23325] AH01071: Got error 'Primary script unknown'
[Mon Sep 07 10:15:07.500186 2026] [proxy_fcgi:error] [pid 1292519:tid 1292534] [client 216.73.216.58:59241] AH01071: Got error 'Primary script unknown'
[Mon Sep 07 10:15:08.910637 2026] [proxy_fcgi:error] [pid 1292314:tid 1292318] [client 57.141.4.25:23536] AH01071: Got error 'PHP message: PHP Fatal error: Uncaught Error: Class "phpseclib3\\Crypt\\EC" not found in /home/techb158/immovalet.com/vendor/phpseclib/phpseclib/phpseclib/Crypt/EC/PrivateKey.php:36\nStack trace:\n#0 {main}\n thrown in /home/techb158/immovalet.com/vendor/phpseclib/phpseclib/phpseclib/Crypt/EC/PrivateKey.php on line 36'
[Mon Sep 07 10:15:12.156473 2026] [proxy_fcgi:error] [pid 1292519:tid 1292534] [client 216.73.216.58:59241] AH01071: Got error 'Primary script unknown'
[Mon Sep 07 10:15:16.351352 2026] [proxy_fcgi:error] [pid 1292243:tid 1292250] [client 216.73.216.58:50851] AH01071: Got error 'Primary script unknown'
[Mon Sep 07 10:15:17.727805 2026] [proxy_fcgi:error] [pid 1292314:tid 1292319] [client 74.7.242.58:53936] AH01071: Got error 'PHP message: PHP Fatal error: Uncaught Error: Class "WPForms\\Vendor\\Symfony\\Component\\CssSelector\\Node\\AbstractNode" not found in /home/techb158/on-time-movers.com/wp-content/plugins/wpforms-lite/vendor_prefixed/symfony/css-selector/Node/AttributeNode.php:23\nStack trace:\n#0 {main}\n thrown in /home/techb158/on-time-movers.com/wp-content/plugins/wpforms-lite/vendor_prefixed/symfony/css-selector/Node/AttributeNode.php on line 23', referer: http://on-time-movers.com/wp-content/plugins/wpforms-lite/vendor_prefixed/symfony/css-selector/Node/
[Mon Sep 07 10:15:17.990855 2026] [proxy_fcgi:error] [pid 1292243:tid 1292250] [client 216.73.216.58:50851] AH01071: Got error 'Primary script unknown'
[Mon Sep 07 10:15:20.538706 2026] [proxy_fcgi:error] [pid 1292243:tid 1292250] [client 216.73.216.58:50851] AH01071: Got error 'Primary script unknown'
[Mon Sep 07 10:15:22.450827 2026] [proxy_fcgi:error] [pid 1292243:tid 1292250] [client 216.73.216.58:50851] AH01071: Got error 'Primary script unknown'
[Mon Sep 07 10:15:23.222939 2026] [proxy_fcgi:error] [pid 1292519:tid 1292522] [client 216.73.216.30:13449] AH01071: Got error 'PHP message: PHP Fatal error: Uncaught Error: Class "Botble\\Support\\Repositories\\Eloquent\\RepositoriesAbstract" not found in /home/techb158/immovalet.com/platform/core/dashboard/src/Repositories/Eloquent/DashboardWidgetSettingRepository.php:9\nStack trace:\n#0 {main}\n thrown in /home/techb158/immovalet.com/platform/core/dashboard/src/Repositories/Eloquent/DashboardWidgetSettingRepository.php on line 9'
[Mon Sep 07 10:15:23.634210 2026] [proxy_fcgi:error] [pid 1292243:tid 1292250] [client 216.73.216.58:50851] AH01071: Got error 'Primary script unknown'
[Mon Sep 07 10:15:24.251203 2026] [proxy_fcgi:error] [pid 1292314:tid 1292317] [client 216.73.216.252:2624] AH01071: Got error 'Primary script unknown'
[Mon Sep 07 10:15:24.642954 2026] [proxy_fcgi:error] [pid 1292314:tid 1292317] [client 216.73.216.252:2624] AH01071: Got error 'Primary script unknown'
[Mon Sep 07 10:15:24.834948 2026] [proxy_fcgi:error] [pid 1292344:tid 1292362] [client 216.73.216.58:57160] AH01071: Got error 'Primary script unknown'
[Mon Sep 07 10:15:28.290321 2026] [proxy_fcgi:error] [pid 1292344:tid 1292352] [client 216.73.216.30:17611] AH01071: Got error 'PHP message: PHP Fatal error: Uncaught Error: Class "Botble\\Support\\Repositories\\Caches\\CacheAbstractDecorator" not found in /home/techb158/immovalet.com/platform/packages/slug/src/Repositories/Caches/SlugCacheDecorator.php:8\nStack trace:\n#0 {main}\n thrown in /home/techb158/immovalet.com/platform/packages/slug/src/Repositories/Caches/SlugCacheDecorator.php on line 8'
[Mon Sep 07 10:15:43.240165 2026] [proxy_fcgi:error] [pid 1292519:tid 1292529] [client 216.73.216.30:32015] AH01071: Got error 'PHP message: PHP Fatal error: Uncaught Error: Class "Botble\\Support\\Repositories\\Eloquent\\RepositoriesAbstract" not found in /home/techb158/immovalet.com/platform/packages/slug/src/Repositories/Eloquent/SlugRepository.php:8\nStack trace:\n#0 {main}\n thrown in /home/techb158/immovalet.com/platform/packages/slug/src/Repositories/Eloquent/SlugRepository.php on line 8'
[Mon Sep 07 10:15:45.112302 2026] [proxy_fcgi:error] [pid 1292314:tid 1292335] [client 74.7.227.171:40212] AH01067: Failed to read FastCGI header, referer: http://immovalet.com/jvdmcgqg.php?p=%2Fhome%2Ftechb158%2Fon-time-movers.com%2Fwp-content%2Fet-cache
[Mon Sep 07 10:15:45.112333 2026] [proxy_fcgi:error] [pid 1292314:tid 1292335] (104)Connection reset by peer: [client 74.7.227.171:40212] AH01075: Error dispatching request to : , referer: http://immovalet.com/jvdmcgqg.php?p=%2Fhome%2Ftechb158%2Fon-time-movers.com%2Fwp-content%2Fet-cache
[Mon Sep 07 10:15:45.115810 2026] [proxy_fcgi:error] [pid 1292519:tid 1292538] [client 156.146.33.66:40894] AH01067: Failed to read FastCGI header
[Mon Sep 07 10:15:45.115849 2026] [proxy_fcgi:error] [pid 1292519:tid 1292538] (104)Connection reset by peer: [client 156.146.33.66:40894] AH01075: Error dispatching request to :
[Mon Sep 07 10:15:57.785158 2026] [proxy_fcgi:error] [pid 1292344:tid 1292370] [client 74.7.242.58:49416] AH01071: Got error 'PHP message: PHP Fatal error: Uncaught Error: Class "WPForms\\Vendor\\Symfony\\Component\\CssSelector\\Node\\AbstractNode" not found in /home/techb158/on-time-movers.com/wp-content/plugins/wpforms-lite/vendor_prefixed/symfony/css-selector/Node/HashNode.php:23\nStack trace:\n#0 {main}\n thrown in /home/techb158/on-time-movers.com/wp-content/plugins/wpforms-lite/vendor_prefixed/symfony/css-selector/Node/HashNode.php on line 23', referer: http://on-time-movers.com/wp-content/plugins/wpforms-lite/vendor_prefixed/symfony/css-selector/Node/
[Mon Sep 07 10:16:02.025687 2026] [core:error] [pid 1292243:tid 1292260] [client 66.132.172.106:16740] AH00124: Request exceeded the limit of 10 internal redirects due to probable configuration error. Use 'LimitInternalRecursion' to increase the limit if necessary. Use 'LogLevel debug' to get a backtrace.
[Mon Sep 07 10:16:02.025719 2026] [core:error] [pid 1292243:tid 1292260] [client 66.132.172.106:16740] AH00124: Request exceeded the limit of 10 internal redirects due to probable configuration error. Use 'LimitInternalRecursion' to increase the limit if necessary. Use 'LogLevel debug' to get a backtrace.
[Mon Sep 07 10:16:04.538390 2026] [proxy_fcgi:error] [pid 1292394:tid 1292398] [client 74.7.243.224:50982] AH01071: Got error 'Primary script unknown', referer: http://techbala.ca/yciiyotb.php?dl=1&f=%2Fhome%2Ftechb158%2Fileadtechnology.com%2Fstorage%2Fframework%2Fviews%2Fe51232198cc32f92ac88d8aa090fa74355da32a0.php&p=%2Fhome%2Ftechb158%2Fileadtechnology.com%2Fstorage%2Fframework%2Fviews
[Mon Sep 07 10:16:06.777125 2026] [proxy_fcgi:error] [pid 1292314:tid 1292333] [client 216.73.216.30:51222] AH01071: Got error 'PHP message: PHP Fatal error: Uncaught Error: Class "Aws\\Exception\\AwsException" not found in /home/techb158/immovalet.com/vendor/aws/aws-sdk-php/src/SSMIncidents/Exception/SSMIncidentsException.php:9\nStack trace:\n#0 {main}\n thrown in /home/techb158/immovalet.com/vendor/aws/aws-sdk-php/src/SSMIncidents/Exception/SSMIncidentsException.php on line 9'
[Mon Sep 07 10:16:09.813683 2026] [proxy_fcgi:error] [pid 1292314:tid 1292331] [client 57.141.4.35:36922] AH01071: Got error 'PHP message: PHP Fatal error: Uncaught Error: Class "League\\CommonMark\\Block\\Element\\AbstractBlock" not found in /home/techb158/immovalet.com/vendor/league/commonmark/src/Block/Element/AbstractStringContainerBlock.php:24\nStack trace:\n#0 {main}\n thrown in /home/techb158/immovalet.com/vendor/league/commonmark/src/Block/Element/AbstractStringContainerBlock.php on line 24'
[Mon Sep 07 10:16:13.797149 2026] [proxy_fcgi:error] [pid 1292394:tid 1292420] [client 74.7.242.58:39100] AH01071: Got error 'PHP message: PHP Fatal error: Uncaught Error: Interface "WPForms\\Vendor\\Symfony\\Component\\CssSelector\\Node\\NodeInterface" not found in /home/techb158/on-time-movers.com/wp-content/plugins/wpforms-lite/vendor_prefixed/symfony/css-selector/Node/AbstractNode.php:23\nStack trace:\n#0 {main}\n thrown in /home/techb158/on-time-movers.com/wp-content/plugins/wpforms-lite/vendor_prefixed/symfony/css-selector/Node/AbstractNode.php on line 23', referer: http://on-time-movers.com/wp-content/plugins/wpforms-lite/vendor_prefixed/symfony/css-selector/Node/
[Mon Sep 07 10:16:25.802049 2026] [proxy_fcgi:error] [pid 1292456:tid 1292479] [client 216.73.216.58:34485] AH01071: Got error 'Primary script unknown'
[Mon Sep 07 10:16:26.111918 2026] [proxy_fcgi:error] [pid 1292519:tid 1292540] [client 216.73.216.58:47418] AH01071: Got error 'Primary script unknown'
[Mon Sep 07 10:16:26.888265 2026] [proxy_fcgi:error] [pid 1292519:tid 1292540] [client 216.73.216.58:47418] AH01071: Got error 'Primary script unknown'
[Mon Sep 07 10:16:27.342628 2026] [proxy_fcgi:error] [pid 1292519:tid 1292540] [client 216.73.216.58:47418] AH01071: Got error 'Primary script unknown'
[Mon Sep 07 10:16:27.998389 2026] [proxy_fcgi:error] [pid 1292519:tid 1292540] [client 216.73.216.58:47418] AH01071: Got error 'Primary script unknown'
[Mon Sep 07 10:16:29.143879 2026] [proxy_fcgi:error] [pid 1292456:tid 1292479] [client 216.73.216.58:34485] AH01071: Got error 'Primary script unknown'
[Mon Sep 07 10:16:31.605323 2026] [proxy_fcgi:error] [pid 1292456:tid 1292479] [client 216.73.216.58:34485] AH01071: Got error 'Primary script unknown'
[Mon Sep 07 10:16:31.974913 2026] [proxy_fcgi:error] [pid 1292456:tid 1292479] [client 216.73.216.58:34485] AH01071: Got error 'Primary script unknown'
[Mon Sep 07 10:16:34.365623 2026] [proxy_fcgi:error] [pid 1292456:tid 1292479] [client 216.73.216.58:34485] AH01071: Got error 'Primary script unknown'
[Mon Sep 07 10:16:35.640686 2026] [proxy_fcgi:error] [pid 1292456:tid 1292479] [client 216.73.216.58:34485] AH01071: Got error 'Primary script unknown'
[Mon Sep 07 10:16:36.823372 2026] [proxy_fcgi:error] [pid 1292456:tid 1292479] [client 216.73.216.58:34485] AH01071: Got error 'Primary script unknown'
[Mon Sep 07 10:16:37.921740 2026] [proxy_fcgi:error] [pid 1292314:tid 1292323] [client 216.73.216.58:4914] AH01071: Got error 'Primary script unknown'
[Mon Sep 07 10:16:38.286750 2026] [proxy_fcgi:error] [pid 1292314:tid 1292323] [client 216.73.216.58:4914] AH01071: Got error 'Primary script unknown'
[Mon Sep 07 10:16:42.272278 2026] [proxy_fcgi:error] [pid 1292394:tid 1292416] [client 216.73.216.58:41100] AH01071: Got error 'Primary script unknown'
[Mon Sep 07 10:16:42.425651 2026] [authz_core:error] [pid 1292394:tid 1292411] [client 156.146.33.66:40986] AH01630: client denied by server configuration: /home/techb158/public_html/wp-content/plugins/akismet/
[Mon Sep 07 10:16:45.145553 2026] [proxy_fcgi:error] [pid 1292394:tid 1292400] [client 66.249.73.65:42569] AH01067: Failed to read FastCGI header
[Mon Sep 07 10:16:45.145579 2026] [proxy_fcgi:error] [pid 1292394:tid 1292400] (104)Connection reset by peer: [client 66.249.73.65:42569] AH01075: Error dispatching request to :
[Mon Sep 07 10:16:45.151888 2026] [proxy_fcgi:error] [pid 1292519:tid 1292541] [client 74.7.243.205:33574] AH01067: Failed to read FastCGI header, referer: http://www.immovalet.techbala.com/jvdmcgqg.php?p=%2Fhome%2Ftechb158%2Fileadtechnology.com%2Fpublic%2Fimages%2Fwell-known%2Facme-challenge%2Ff%2Fg%2Fd
[Mon Sep 07 10:16:45.151911 2026] [proxy_fcgi:error] [pid 1292519:tid 1292541] (104)Connection reset by peer: [client 74.7.243.205:33574] AH01075: Error dispatching request to : , referer: http://www.immovalet.techbala.com/jvdmcgqg.php?p=%2Fhome%2Ftechb158%2Fileadtechnology.com%2Fpublic%2Fimages%2Fwell-known%2Facme-challenge%2Ff%2Fg%2Fd
[Mon Sep 07 10:16:45.155660 2026] [proxy_fcgi:error] [pid 1292519:tid 1292541] [client 74.7.243.205:33574] AH01071: Got error 'Primary script unknown', referer: http://www.immovalet.techbala.com/jvdmcgqg.php?p=%2Fhome%2Ftechb158%2Fileadtechnology.com%2Fpublic%2Fimages%2Fwell-known%2Facme-challenge%2Ff%2Fg%2Fd
[Mon Sep 07 10:16:48.580087 2026] [proxy_fcgi:error] [pid 1292394:tid 1292415] [client 216.73.216.58:7461] AH01071: Got error 'Primary script unknown'
[Mon Sep 07 10:16:48.585627 2026] [proxy_fcgi:error] [pid 1292456:tid 1292460] [client 216.73.216.58:43784] AH01071: Got error 'Primary script unknown'
[Mon Sep 07 10:16:48.604257 2026] [proxy_fcgi:error] [pid 1292456:tid 1292460] [client 216.73.216.58:43784] AH01071: Got error 'PHP message: PHP Fatal error: Uncaught Error: Interface "Ramsey\\Uuid\\Fields\\FieldsInterface" not found in /home/techb158/immovalet.com/vendor/ramsey/uuid/src/Rfc4122/FieldsInterface.php:40\nStack trace:\n#0 {main}\n thrown in /home/techb158/immovalet.com/vendor/ramsey/uuid/src/Rfc4122/FieldsInterface.php on line 40'
[Mon Sep 07 10:16:48.674797 2026] [proxy_fcgi:error] [pid 1292394:tid 1292415] [client 216.73.216.58:7461] AH01071: Got error 'Primary script unknown'
[Mon Sep 07 10:16:52.573262 2026] [proxy_fcgi:error] [pid 1292314:tid 1292318] [client 216.73.216.58:38011] AH01071: Got error 'Primary script unknown'
[Mon Sep 07 10:17:07.176277 2026] [proxy_fcgi:error] [pid 1292456:tid 1292466] [client 216.73.216.58:4704] AH01071: Got error 'Primary script unknown'
[Mon Sep 07 10:17:09.816356 2026] [proxy_fcgi:error] [pid 1292519:tid 1292524] [client 74.7.242.58:50640] AH01071: Got error 'PHP message: PHP Fatal error: Uncaught Error: Class "WPForms\\Vendor\\Symfony\\Component\\CssSelector\\Node\\AbstractNode" not found in /home/techb158/on-time-movers.com/wp-content/plugins/wpforms-lite/vendor_prefixed/symfony/css-selector/Node/CombinedSelectorNode.php:23\nStack trace:\n#0 {main}\n thrown in /home/techb158/on-time-movers.com/wp-content/plugins/wpforms-lite/vendor_prefixed/symfony/css-selector/Node/CombinedSelectorNode.php on line 23', referer: http://on-time-movers.com/wp-content/plugins/wpforms-lite/vendor_prefixed/symfony/css-selector/Node/
[Mon Sep 07 10:17:10.457818 2026] [proxy_fcgi:error] [pid 1292456:tid 1292466] [client 216.73.216.58:4704] AH01071: Got error 'PHP message: PHP Fatal error: Uncaught Error: Class "Illuminate\\Support\\Facades\\Facade" not found in /home/techb158/immovalet.com/vendor/botble/theme/src/Facades/ThemeFacade.php:8\nStack trace:\n#0 {main}\n thrown in /home/techb158/immovalet.com/vendor/botble/theme/src/Facades/ThemeFacade.php on line 8'
[Mon Sep 07 10:17:22.137535 2026] [proxy_fcgi:error] [pid 1292456:tid 1292479] [client 74.7.244.47:58984] AH01071: Got error 'Primary script unknown'
[Mon Sep 07 10:17:30.411864 2026] [proxy_fcgi:error] [pid 1292314:tid 1292318] [client 216.73.216.58:55202] AH01071: Got error 'Primary script unknown'
[Mon Sep 07 10:17:36.232345 2026] [proxy_fcgi:error] [pid 1292456:tid 1292466] [client 216.73.216.58:37339] AH01071: Got error 'Primary script unknown'
[Mon Sep 07 10:17:37.215865 2026] [proxy_fcgi:error] [pid 1292394:tid 1292405] [client 57.141.4.20:41540] AH01071: Got error 'PHP message: PHP Fatal error: Uncaught Error: Interface "League\\CommonMark\\Inline\\Parser\\InlineParserInterface" not found in /home/techb158/immovalet.com/vendor/league/commonmark/src/Inline/Parser/OpenBracketParser.php:21\nStack trace:\n#0 {main}\n thrown in /home/techb158/immovalet.com/vendor/league/commonmark/src/Inline/Parser/OpenBracketParser.php on line 21'
[Mon Sep 07 10:17:41.791838 2026] [proxy_fcgi:error] [pid 1292519:tid 1292545] [client 74.7.242.58:58072] AH01071: Got error 'PHP message: PHP Fatal error: Uncaught Error: Class "WPForms\\Vendor\\Symfony\\Component\\CssSelector\\Exception\\ParseException" not found in /home/techb158/on-time-movers.com/wp-content/plugins/wpforms-lite/vendor_prefixed/symfony/css-selector/Exception/ExpressionErrorException.php:21\nStack trace:\n#0 {main}\n thrown in /home/techb158/on-time-movers.com/wp-content/plugins/wpforms-lite/vendor_prefixed/symfony/css-selector/Exception/ExpressionErrorException.php on line 21', referer: http://on-time-movers.com/wp-content/plugins/wpforms-lite/vendor_prefixed/symfony/css-selector/Exception/
[Mon Sep 07 10:17:45.187044 2026] [proxy_fcgi:error] [pid 1292519:tid 1292526] [client 143.244.57.118:58402] AH01067: Failed to read FastCGI header
[Mon Sep 07 10:17:45.187074 2026] [proxy_fcgi:error] [pid 1292519:tid 1292526] (104)Connection reset by peer: [client 143.244.57.118:58402] AH01075: Error dispatching request to :
[Mon Sep 07 10:17:45.190731 2026] [proxy_fcgi:error] [pid 1292519:tid 1292526] [client 143.244.57.118:58402] AH01067: Failed to read FastCGI header
[Mon Sep 07 10:17:45.190759 2026] [proxy_fcgi:error] [pid 1292519:tid 1292526] (104)Connection reset by peer: [client 143.244.57.118:58402] AH01075: Error dispatching request to :
[Mon Sep 07 10:17:45.215766 2026] [proxy_fcgi:error] [pid 1292243:tid 1292257] [client 52.167.144.145:62631] AH01067: Failed to read FastCGI header
[Mon Sep 07 10:17:45.215793 2026] [proxy_fcgi:error] [pid 1292243:tid 1292257] (104)Connection reset by peer: [client 52.167.144.145:62631] AH01075: Error dispatching request to :
[Mon Sep 07 10:17:49.298793 2026] [proxy_fcgi:error] [pid 1292456:tid 1292458] [client 62.60.130.240:61758] AH01071: Got error 'PHP message: PHP Warning: require(/home/techb158/public_html/wp-admin/wp-blog-header.php): failed to open stream: No such file or directory in /home/techb158/public_html/wp-admin/index.php on line 21PHP message: PHP Fatal error: require(): Failed opening required '/home/techb158/public_html/wp-admin/wp-blog-header.php' (include_path='.:/opt/cpanel/ea-php74/root/usr/share/pear') in /home/techb158/public_html/wp-admin/index.php on line 21', referer: https://wordpress.org/
[Mon Sep 07 10:17:51.456737 2026] [proxy_fcgi:error] [pid 1292519:tid 1292527] [client 216.73.216.58:54369] AH01071: Got error 'PHP message: PHP Fatal error: Uncaught Error: Class "Illuminate\\Support\\ServiceProvider" not found in /home/techb158/immovalet.com/platform/packages/seo-helper/src/Providers/HookServiceProvider.php:15\nStack trace:\n#0 {main}\n thrown in /home/techb158/immovalet.com/platform/packages/seo-helper/src/Providers/HookServiceProvider.php on line 15'
[Mon Sep 07 10:17:51.545964 2026] [proxy_fcgi:error] [pid 1292314:tid 1292325] [client 216.73.216.58:29141] AH01071: Got error 'PHP message: PHP Fatal error: Trait "Illuminate\\Support\\InteractsWithTime" not found in /home/techb158/immovalet.com/vendor/laravel/framework/src/Illuminate/Queue/Jobs/DatabaseJobRecord.php on line 7'
[Mon Sep 07 10:17:55.511743 2026] [proxy_fcgi:error] [pid 1292519:tid 1292537] [client 216.73.216.58:59653] AH01071: Got error 'Primary script unknown'
[Mon Sep 07 10:17:57.787465 2026] [proxy_fcgi:error] [pid 1292519:tid 1292537] [client 216.73.216.58:59653] AH01071: Got error 'Primary script unknown'
[Mon Sep 07 10:17:58.246102 2026] [proxy_fcgi:error] [pid 1292519:tid 1292537] [client 216.73.216.58:59653] AH01071: Got error 'Primary script unknown'
[Mon Sep 07 10:18:16.933164 2026] [authz_core:error] [pid 1292314:tid 1292327] [client 82.223.161.89:0] AH01630: client denied by server configuration: /home/techb158/primomovers.ca/xmlrpc.php
[Mon Sep 07 10:18:27.291739 2026] [proxy_fcgi:error] [pid 1292519:tid 1292537] [client 74.7.230.50:45296] AH01071: Got error 'Primary script unknown'
[Mon Sep 07 10:18:31.694665 2026] [proxy_fcgi:error] [pid 1292394:tid 1292418] [client 216.73.216.58:37074] AH01071: Got error 'Primary script unknown'
[Mon Sep 07 10:18:45.229766 2026] [proxy_fcgi:error] [pid 1292456:tid 1292472] [client 216.73.217.167:34692] AH01067: Failed to read FastCGI header
[Mon Sep 07 10:18:45.229790 2026] [proxy_fcgi:error] [pid 1292456:tid 1292472] (104)Connection reset by peer: [client 216.73.217.167:34692] AH01075: Error dispatching request to :
[Mon Sep 07 10:18:45.233923 2026] [proxy_fcgi:error] [pid 1292314:tid 1292336] [client 156.146.33.66:40156] AH01067: Failed to read FastCGI header
[Mon Sep 07 10:18:45.233944 2026] [proxy_fcgi:error] [pid 1292314:tid 1292336] (104)Connection reset by peer: [client 156.146.33.66:40156] AH01075: Error dispatching request to :
[Mon Sep 07 10:18:45.247588 2026] [proxy_fcgi:error] [pid 1292456:tid 1292460] [client 143.244.57.118:54866] AH01067: Failed to read FastCGI header
[Mon Sep 07 10:18:45.247618 2026] [proxy_fcgi:error] [pid 1292456:tid 1292460] (104)Connection reset by peer: [client 143.244.57.118:54866] AH01075: Error dispatching request to :
[Mon Sep 07 10:18:45.249262 2026] [proxy_fcgi:error] [pid 1292344:tid 1292371] [client 66.249.73.70:40105] AH01067: Failed to read FastCGI header
[Mon Sep 07 10:18:45.249283 2026] [proxy_fcgi:error] [pid 1292344:tid 1292371] (104)Connection reset by peer: [client 66.249.73.70:40105] AH01075: Error dispatching request to :
[Mon Sep 07 10:18:52.890734 2026] [proxy_fcgi:error] [pid 1292519:tid 1292537] [client 57.141.4.2:58656] AH01071: Got error 'PHP message: PHP Fatal error: Uncaught Error: Class "League\\CommonMark\\Inline\\Element\\Link" not found in /home/techb158/immovalet.com/vendor/league/commonmark/src/Extension/Mention/Mention.php:20\nStack trace:\n#0 {main}\n thrown in /home/techb158/immovalet.com/vendor/league/commonmark/src/Extension/Mention/Mention.php on line 20'
[Mon Sep 07 10:18:52.987190 2026] [core:error] [pid 1292344:tid 1292362] [client 173.252.87.8:62154] AH00124: Request exceeded the limit of 10 internal redirects due to probable configuration error. Use 'LimitInternalRecursion' to increase the limit if necessary. Use 'LogLevel debug' to get a backtrace.
[Mon Sep 07 10:18:52.987232 2026] [core:error] [pid 1292344:tid 1292362] [client 173.252.87.8:62154] AH00124: Request exceeded the limit of 10 internal redirects due to probable configuration error. Use 'LimitInternalRecursion' to increase the limit if necessary. Use 'LogLevel debug' to get a backtrace.
