[Mon Sep 07 11:34:23.284903 2026] [proxy_fcgi:error] [pid 1292519:tid 1292522] [client 57.141.4.3:45028] AH01071: Got error 'PHP message: PHP Fatal error: Uncaught Error: Class "Illuminate\\Support\\Facades\\Facade" not found in /home/techb158/immovalet.com/platform/core/base/src/Facades/EmailHandlerFacade.php:8\nStack trace:\n#0 {main}\n thrown in /home/techb158/immovalet.com/platform/core/base/src/Facades/EmailHandlerFacade.php on line 8'
[Mon Sep 07 11:34:23.624430 2026] [proxy_fcgi:error] [pid 1292456:tid 1292473] [client 216.73.216.58:24659] AH01071: Got error 'Primary script unknown'
[Mon Sep 07 11:34:41.882664 2026] [proxy_fcgi:error] [pid 1292519:tid 1292535] [client 172.71.164.29:11015] AH01071: Got error 'PHP message: PHP Parse error: syntax error, unexpected token "{" in /home/techb158/aleamaralawal.com/index.php on line 2'
[Mon Sep 07 11:34:46.912253 2026] [proxy_fcgi:error] [pid 1292344:tid 1292371] [client 57.141.4.73:59184] AH01071: Got error 'Primary script unknown'
[Mon Sep 07 11:34:47.762031 2026] [proxy_fcgi:error] [pid 1292519:tid 1292541] [client 143.244.57.118:60710] AH01067: Failed to read FastCGI header
[Mon Sep 07 11:34:47.762067 2026] [proxy_fcgi:error] [pid 1292519:tid 1292541] (104)Connection reset by peer: [client 143.244.57.118:60710] AH01075: Error dispatching request to :
[Mon Sep 07 11:34:50.951478 2026] [proxy_fcgi:error] [pid 1292344:tid 1292369] [client 57.141.4.21:62064] AH01071: Got error 'PHP message: PHP Fatal error: Uncaught Error: Class "Illuminate\\Support\\Facades\\Facade" not found in /home/techb158/immovalet.com/platform/packages/slug/src/Facades/SlugHelperFacade.php:8\nStack trace:\n#0 {main}\n thrown in /home/techb158/immovalet.com/platform/packages/slug/src/Facades/SlugHelperFacade.php on line 8'
[Mon Sep 07 11:34:51.698419 2026] [proxy_fcgi:error] [pid 1292394:tid 1292398] [client 57.141.4.27:61406] AH01071: Got error 'PHP message: PHP Fatal error: Uncaught Error: Interface "Intervention\\Image\\Filters\\FilterInterface" not found in /home/techb158/immovalet.com/vendor/intervention/image/src/Intervention/Image/Filters/DemoFilter.php:7\nStack trace:\n#0 {main}\n thrown in /home/techb158/immovalet.com/vendor/intervention/image/src/Intervention/Image/Filters/DemoFilter.php on line 7'
[Mon Sep 07 11:35:09.783131 2026] [core:error] [pid 1292456:tid 1292467] [client 216.73.216.28:18740] AH10244: invalid URI path (//%22%3C%=Request.ServerVariables(/%22script_name/%22)%)
[Mon Sep 07 11:35:10.206377 2026] [core:error] [pid 1292344:tid 1292360] [client 216.73.216.28:47784] AH10244: invalid URI path (//%22%3C%=Reques%22)
[Mon Sep 07 11:35:11.752630 2026] [core:error] [pid 1292519:tid 1292537] [client 216.73.216.28:4447] AH10244: invalid URI path (//%22%3C%=Request.Ser%22)
[Mon Sep 07 11:35:21.357471 2026] [core:error] [pid 1292344:tid 1292366] [client 216.73.216.28:40488] AH10244: invalid URI path (//%22%3C%=Request.ServerVariables(/%22script_name/%22)%)
[Mon Sep 07 11:35:22.005060 2026] [core:error] [pid 1292314:tid 1292325] [client 216.73.216.28:38588] AH10244: invalid URI path (//%22%3C%=Reques%22)
[Mon Sep 07 11:35:22.130062 2026] [core:error] [pid 1292394:tid 1292405] [client 216.73.216.28:47219] AH10244: invalid URI path (//%22%3C%=Request.Ser%22)
[Mon Sep 07 11:35:23.659326 2026] [core:error] [pid 1292519:tid 1292545] [client 216.73.216.28:8194] AH10244: invalid URI path (//%22%3C%=Request.ServerVariables(/%22script_name/%22)%)
[Mon Sep 07 11:35:24.313524 2026] [core:error] [pid 1292394:tid 1292411] [client 216.73.216.28:21063] AH10244: invalid URI path (//%22%3C%=Reques%22)
[Mon Sep 07 11:35:24.514197 2026] [core:error] [pid 1292314:tid 1292331] [client 216.73.216.28:12518] AH10244: invalid URI path (//%22%3C%=Request.Ser%22)
[Mon Sep 07 11:35:30.452917 2026] [proxy_fcgi:error] [pid 1292314:tid 1292334] [client 74.7.230.38:43912] AH01071: Got error 'Primary script unknown'
[Mon Sep 07 11:35:47.809065 2026] [proxy_fcgi:error] [pid 1292314:tid 1292319] [client 143.244.57.118:38576] AH01067: Failed to read FastCGI header
[Mon Sep 07 11:35:47.809096 2026] [proxy_fcgi:error] [pid 1292314:tid 1292319] (104)Connection reset by peer: [client 143.244.57.118:38576] AH01075: Error dispatching request to :
[Mon Sep 07 11:36:03.150628 2026] [proxy_fcgi:error] [pid 1292344:tid 1292364] [client 57.141.4.55:27670] AH01071: Got error 'PHP message: PHP Fatal error: Uncaught Error: Class "PHPUnit\\Framework\\TestCase" not found in /home/techb158/immovalet.com/vendor/paragonie/constant_time_encoding/tests/EncodingTest.php:11\nStack trace:\n#0 {main}\n thrown in /home/techb158/immovalet.com/vendor/paragonie/constant_time_encoding/tests/EncodingTest.php on line 11'
[Mon Sep 07 11:36:08.842460 2026] [proxy_fcgi:error] [pid 1292344:tid 1292355] [client 20.151.10.161:0] AH01071: Got error 'Primary script unknown'
[Mon Sep 07 11:36:08.851022 2026] [proxy_fcgi:error] [pid 1292344:tid 1292355] [client 20.151.10.161:0] AH01071: Got error 'Primary script unknown'
[Mon Sep 07 11:36:08.858986 2026] [proxy_fcgi:error] [pid 1292344:tid 1292355] [client 20.151.10.161:0] AH01071: Got error 'Primary script unknown'
[Mon Sep 07 11:36:08.866759 2026] [proxy_fcgi:error] [pid 1292344:tid 1292355] [client 20.151.10.161:0] AH01071: Got error 'Primary script unknown'
[Mon Sep 07 11:36:08.875124 2026] [proxy_fcgi:error] [pid 1292344:tid 1292355] [client 20.151.10.161:0] AH01071: Got error 'Primary script unknown'
[Mon Sep 07 11:36:08.883218 2026] [proxy_fcgi:error] [pid 1292344:tid 1292355] [client 20.151.10.161:0] AH01071: Got error 'Primary script unknown'
[Mon Sep 07 11:36:08.895417 2026] [proxy_fcgi:error] [pid 1292344:tid 1292355] [client 20.151.10.161:0] AH01071: Got error 'Primary script unknown'
[Mon Sep 07 11:36:08.908600 2026] [proxy_fcgi:error] [pid 1292344:tid 1292355] [client 20.151.10.161:0] AH01071: Got error 'Primary script unknown'
[Mon Sep 07 11:36:08.916785 2026] [proxy_fcgi:error] [pid 1292344:tid 1292355] [client 20.151.10.161:0] AH01071: Got error 'Primary script unknown'
[Mon Sep 07 11:36:08.925357 2026] [proxy_fcgi:error] [pid 1292344:tid 1292355] [client 20.151.10.161:0] AH01071: Got error 'Primary script unknown'
[Mon Sep 07 11:36:08.933356 2026] [proxy_fcgi:error] [pid 1292344:tid 1292355] [client 20.151.10.161:0] AH01071: Got error 'Primary script unknown'
[Mon Sep 07 11:36:08.941083 2026] [proxy_fcgi:error] [pid 1292344:tid 1292355] [client 20.151.10.161:0] AH01071: Got error 'Primary script unknown'
[Mon Sep 07 11:36:08.949229 2026] [proxy_fcgi:error] [pid 1292344:tid 1292355] [client 20.151.10.161:0] AH01071: Got error 'Primary script unknown'
[Mon Sep 07 11:36:08.956901 2026] [proxy_fcgi:error] [pid 1292344:tid 1292355] [client 20.151.10.161:0] AH01071: Got error 'Primary script unknown'
[Mon Sep 07 11:36:08.972782 2026] [proxy_fcgi:error] [pid 1292344:tid 1292355] [client 20.151.10.161:0] AH01071: Got error 'Primary script unknown'
[Mon Sep 07 11:36:08.980646 2026] [proxy_fcgi:error] [pid 1292344:tid 1292355] [client 20.151.10.161:0] AH01071: Got error 'Primary script unknown'
[Mon Sep 07 11:36:08.989073 2026] [proxy_fcgi:error] [pid 1292344:tid 1292355] [client 20.151.10.161:0] AH01071: Got error 'Primary script unknown'
[Mon Sep 07 11:36:08.997170 2026] [proxy_fcgi:error] [pid 1292344:tid 1292355] [client 20.151.10.161:0] AH01071: Got error 'Primary script unknown'
[Mon Sep 07 11:36:09.005872 2026] [proxy_fcgi:error] [pid 1292344:tid 1292355] [client 20.151.10.161:0] AH01071: Got error 'Primary script unknown'
[Mon Sep 07 11:36:09.013822 2026] [proxy_fcgi:error] [pid 1292344:tid 1292355] [client 20.151.10.161:0] AH01071: Got error 'Primary script unknown'
[Mon Sep 07 11:36:09.022478 2026] [proxy_fcgi:error] [pid 1292344:tid 1292355] [client 20.151.10.161:0] AH01071: Got error 'Primary script unknown'
[Mon Sep 07 11:36:09.031427 2026] [proxy_fcgi:error] [pid 1292344:tid 1292355] [client 20.151.10.161:0] AH01071: Got error 'Primary script unknown'
[Mon Sep 07 11:36:09.039726 2026] [proxy_fcgi:error] [pid 1292456:tid 1292477] [client 20.151.10.161:0] AH01071: Got error 'Primary script unknown'
[Mon Sep 07 11:36:09.048009 2026] [proxy_fcgi:error] [pid 1292344:tid 1292355] [client 20.151.10.161:0] AH01071: Got error 'Primary script unknown'
[Mon Sep 07 11:36:09.056418 2026] [proxy_fcgi:error] [pid 1292344:tid 1292355] [client 20.151.10.161:0] AH01071: Got error 'Primary script unknown'
[Mon Sep 07 11:36:09.064512 2026] [proxy_fcgi:error] [pid 1292344:tid 1292355] [client 20.151.10.161:0] AH01071: Got error 'Primary script unknown'
[Mon Sep 07 11:36:09.072871 2026] [proxy_fcgi:error] [pid 1292344:tid 1292355] [client 20.151.10.161:0] AH01071: Got error 'Primary script unknown'
[Mon Sep 07 11:36:09.081049 2026] [proxy_fcgi:error] [pid 1292344:tid 1292355] [client 20.151.10.161:0] AH01071: Got error 'Primary script unknown'
[Mon Sep 07 11:36:09.088904 2026] [proxy_fcgi:error] [pid 1292344:tid 1292355] [client 20.151.10.161:0] AH01071: Got error 'Primary script unknown'
[Mon Sep 07 11:36:09.097044 2026] [proxy_fcgi:error] [pid 1292344:tid 1292355] [client 20.151.10.161:0] AH01071: Got error 'Primary script unknown'
[Mon Sep 07 11:36:09.104523 2026] [proxy_fcgi:error] [pid 1292344:tid 1292355] [client 20.151.10.161:0] AH01071: Got error 'Primary script unknown'
[Mon Sep 07 11:36:09.112679 2026] [proxy_fcgi:error] [pid 1292344:tid 1292355] [client 20.151.10.161:0] AH01071: Got error 'Primary script unknown'
[Mon Sep 07 11:36:09.120731 2026] [proxy_fcgi:error] [pid 1292344:tid 1292355] [client 20.151.10.161:0] AH01071: Got error 'Primary script unknown'
[Mon Sep 07 11:36:09.128729 2026] [proxy_fcgi:error] [pid 1292344:tid 1292355] [client 20.151.10.161:0] AH01071: Got error 'Primary script unknown'
[Mon Sep 07 11:36:09.136693 2026] [proxy_fcgi:error] [pid 1292344:tid 1292355] [client 20.151.10.161:0] AH01071: Got error 'Primary script unknown'
[Mon Sep 07 11:36:09.144165 2026] [proxy_fcgi:error] [pid 1292344:tid 1292355] [client 20.151.10.161:0] AH01071: Got error 'Primary script unknown'
[Mon Sep 07 11:36:09.152944 2026] [proxy_fcgi:error] [pid 1292344:tid 1292355] [client 20.151.10.161:0] AH01071: Got error 'Primary script unknown'
[Mon Sep 07 11:36:09.161772 2026] [proxy_fcgi:error] [pid 1292344:tid 1292355] [client 20.151.10.161:0] AH01071: Got error 'Primary script unknown'
[Mon Sep 07 11:36:11.261261 2026] [proxy_fcgi:error] [pid 1292314:tid 1292336] [client 74.7.227.3:42468] AH01071: Got error 'PHP message: PHP Deprecated: Return type of PhpOffice\\PhpSpreadsheet\\Worksheet\\Iterator::valid() should either be compatible with Iterator::valid(): bool, or the #[\\ReturnTypeWillChange] attribute should be used to temporarily suppress the notice in /home/techb158/immovalet.com/vendor/phpoffice/phpspreadsheet/src/PhpSpreadsheet/Worksheet/Iterator.php on line 69', referer: http://immovalet.techbala.com/vendor/phpoffice/phpspreadsheet/src/PhpSpreadsheet/Worksheet/
[Mon Sep 07 11:36:12.371341 2026] [proxy_fcgi:error] [pid 1292456:tid 1292482] [client 74.7.243.195:35356] AH01071: Got error 'PHP message: PHP Fatal error: Uncaught Error: Class "Doctrine\\DBAL\\Platforms\\Keywords\\KeywordList" not found in /home/techb158/immovalet.com/vendor/doctrine/dbal/src/Platforms/Keywords/MySQLKeywords.php:8\nStack trace:\n#0 {main}\n thrown in /home/techb158/immovalet.com/vendor/doctrine/dbal/src/Platforms/Keywords/MySQLKeywords.php on line 8', referer: http://mail.immovalet.com/vendor/doctrine/dbal/src/Platforms/Keywords/
[Mon Sep 07 11:36:17.447255 2026] [proxy_fcgi:error] [pid 1292314:tid 1292336] [client 74.7.227.3:42468] AH01071: Got error 'PHP message: PHP Fatal error: Uncaught Error: Interface "PhpOffice\\PhpSpreadsheet\\IComparable" not found in /home/techb158/immovalet.com/vendor/phpoffice/phpspreadsheet/src/PhpSpreadsheet/Style/Supervisor.php:9\nStack trace:\n#0 {main}\n thrown in /home/techb158/immovalet.com/vendor/phpoffice/phpspreadsheet/src/PhpSpreadsheet/Style/Supervisor.php on line 9', referer: http://immovalet.techbala.com/vendor/phpoffice/phpspreadsheet/src/PhpSpreadsheet/Style/
[Mon Sep 07 11:36:21.572853 2026] [proxy_fcgi:error] [pid 1292394:tid 1292401] [client 74.7.227.3:41470] AH01071: Got error 'PHP message: PHP Fatal error: Uncaught Error: Class "Botble\\Theme\\Http\\Controllers\\PublicController" not found in /home/techb158/immovalet.com/platform/themes/shopwise/src/Http/Controllers/ShopwiseController.php:24\nStack trace:\n#0 {main}\n thrown in /home/techb158/immovalet.com/platform/themes/shopwise/src/Http/Controllers/ShopwiseController.php on line 24', referer: http://immovalet.techbala.com/platform/themes/shopwise/src/Http/Controllers/
[Mon Sep 07 11:36:23.698444 2026] [proxy_fcgi:error] [pid 1292243:tid 1292246] [client 74.7.227.3:41474] AH01071: Got error 'PHP message: PHP Fatal error: Uncaught Error: Class "PhpOffice\\PhpSpreadsheet\\Style\\Supervisor" not found in /home/techb158/immovalet.com/vendor/phpoffice/phpspreadsheet/src/PhpSpreadsheet/Style/Protection.php:5\nStack trace:\n#0 {main}\n thrown in /home/techb158/immovalet.com/vendor/phpoffice/phpspreadsheet/src/PhpSpreadsheet/Style/Protection.php on line 5', referer: http://immovalet.techbala.com/vendor/phpoffice/phpspreadsheet/src/PhpSpreadsheet/Style/
[Mon Sep 07 11:36:31.983379 2026] [proxy_fcgi:error] [pid 1292519:tid 1292541] [client 74.7.227.3:48152] AH01071: Got error 'PHP message: PHP Fatal error: Uncaught Error: Class "PhpOffice\\PhpSpreadsheet\\Reader\\BaseReader" not found in /home/techb158/immovalet.com/vendor/phpoffice/phpspreadsheet/src/PhpSpreadsheet/Reader/Gnumeric.php:21\nStack trace:\n#0 {main}\n thrown in /home/techb158/immovalet.com/vendor/phpoffice/phpspreadsheet/src/PhpSpreadsheet/Reader/Gnumeric.php on line 21', referer: http://immovalet.techbala.com/vendor/phpoffice/phpspreadsheet/src/PhpSpreadsheet/Reader/
[Mon Sep 07 11:36:32.668771 2026] [proxy_fcgi:error] [pid 1292243:tid 1292262] [client 57.141.4.67:32836] AH01071: Got error 'PHP message: PHP Fatal error: Uncaught Error: Class "Illuminate\\Support\\ServiceProvider" not found in /home/techb158/immovalet.com/platform/core/js-validation/src/Providers/JsValidationServiceProvider.php:12\nStack trace:\n#0 {main}\n thrown in /home/techb158/immovalet.com/platform/core/js-validation/src/Providers/JsValidationServiceProvider.php on line 12'
[Mon Sep 07 11:36:33.809038 2026] [proxy_fcgi:error] [pid 1292456:tid 1292475] [client 216.73.217.15:57789] AH01071: Got error 'PHP message: PHP Fatal error: Uncaught Error: Class "HTMLPurifier_AttrDef_HTML_Nmtokens" not found in /home/techb158/immovalet.com/vendor/ezyang/htmlpurifier/library/HTMLPurifier/AttrDef/HTML/Class.php:6\nStack trace:\n#0 {main}\n thrown in /home/techb158/immovalet.com/vendor/ezyang/htmlpurifier/library/HTMLPurifier/AttrDef/HTML/Class.php on line 6'
[Mon Sep 07 11:36:34.070979 2026] [proxy_fcgi:error] [pid 1292314:tid 1292339] [client 74.7.227.3:48168] AH01071: Got error 'PHP message: PHP Fatal error: Uncaught Error: Class "PhpOffice\\PhpSpreadsheet\\Style\\Supervisor" not found in /home/techb158/immovalet.com/vendor/phpoffice/phpspreadsheet/src/PhpSpreadsheet/Style/Borders.php:7\nStack trace:\n#0 {main}\n thrown in /home/techb158/immovalet.com/vendor/phpoffice/phpspreadsheet/src/PhpSpreadsheet/Style/Borders.php on line 7', referer: http://immovalet.techbala.com/vendor/phpoffice/phpspreadsheet/src/PhpSpreadsheet/Style/
[Mon Sep 07 11:36:37.199897 2026] [proxy_fcgi:error] [pid 1292344:tid 1292365] [client 74.7.243.195:60728] AH01071: Got error 'Primary script unknown', referer: http://mail.immovalet.com/jvdmcgqg.php?dl=1&f=%2Fhome%2Ftechb158%2Fl2hypotheques.com%2Fwp-content%2Fplugins%2Fone-click-demo-import%2Fassets%2Fjs%2Fmain.min.js&p=%2Fhome%2Ftechb158%2Fl2hypotheques.com%2Fwp-content%2Fplugins%2Fone-click-demo-import%2Fassets%2Fjs
[Mon Sep 07 11:36:38.173528 2026] [proxy_fcgi:error] [pid 1292394:tid 1292397] [client 74.7.227.3:48692] AH01071: Got error 'PHP message: PHP Fatal error: Uncaught Error: Class "Botble\\Base\\Http\\Controllers\\BaseController" not found in /home/techb158/immovalet.com/platform/core/dashboard/src/Http/Controllers/DashboardController.php:18\nStack trace:\n#0 {main}\n thrown in /home/techb158/immovalet.com/platform/core/dashboard/src/Http/Controllers/DashboardController.php on line 18', referer: http://immovalet.techbala.com/platform/core/dashboard/src/Http/Controllers/
[Mon Sep 07 11:36:42.238279 2026] [proxy_fcgi:error] [pid 1292456:tid 1292477] [client 74.7.227.3:48698] AH01071: Got error 'PHP message: PHP Fatal error: Uncaught Error: Class "PhpOffice\\PhpSpreadsheet\\Exception" not found in /home/techb158/immovalet.com/vendor/phpoffice/phpspreadsheet/src/PhpSpreadsheet/Chart/Exception.php:7\nStack trace:\n#0 {main}\n thrown in /home/techb158/immovalet.com/vendor/phpoffice/phpspreadsheet/src/PhpSpreadsheet/Chart/Exception.php on line 7', referer: http://immovalet.techbala.com/vendor/phpoffice/phpspreadsheet/src/PhpSpreadsheet/Chart/
[Mon Sep 07 11:36:44.770814 2026] [proxy_fcgi:error] [pid 1292314:tid 1292317] [client 74.7.243.224:60978] AH01071: Got error 'Primary script unknown', referer: http://techbala.ca/yciiyotb.php?dl=1&f=%2Fhome%2Ftechb158%2Fmail%2Fl2hypotheques.com%2Flaurie.lacroix%2F.BNI%2Fcur%2F1772120568.M572789P896252.v1029890.hostpapavps.net%2CS%3D58899%2CW%3D59995%3A2%2CS&p=%2Fhome%2Ftechb158%2Fmail%2Fl2hypotheques.com%2Flaurie.lacroix%2F.BNI%2Fcur
[Mon Sep 07 11:36:46.963985 2026] [proxy_fcgi:error] [pid 1292519:tid 1292529] [client 74.7.243.224:47798] AH01071: Got error 'Primary script unknown', referer: https://techbala.ca/yciiyotb.php?dl=1&f=%2Fhome%2Ftechb158%2Fmail%2Fl2hypotheques.com%2Flaurie.lacroix%2F.BNI%2Fcur%2F1772120568.M572789P896252.v1029890.hostpapavps.net%2CS%3D58899%2CW%3D59995%3A2%2CS&p=%2Fhome%2Ftechb158%2Fmail%2Fl2hypotheques.com%2Flaurie.lacroix%2F.BNI%2Fcur
[Mon Sep 07 11:36:48.573302 2026] [proxy_fcgi:error] [pid 1292456:tid 1292473] [client 74.7.227.3:48708] AH01071: Got error 'PHP message: PHP Fatal error: Uncaught Error: Class "PhpOffice\\PhpSpreadsheet\\Chart\\Properties" not found in /home/techb158/immovalet.com/vendor/phpoffice/phpspreadsheet/src/PhpSpreadsheet/Chart/GridLines.php:11\nStack trace:\n#0 {main}\n thrown in /home/techb158/immovalet.com/vendor/phpoffice/phpspreadsheet/src/PhpSpreadsheet/Chart/GridLines.php on line 11', referer: http://immovalet.techbala.com/vendor/phpoffice/phpspreadsheet/src/PhpSpreadsheet/Chart/
[Mon Sep 07 11:36:52.345457 2026] [proxy_fcgi:error] [pid 1292394:tid 1292402] [client 216.73.216.226:48168] AH01071: Got error 'Primary script unknown'
[Mon Sep 07 11:36:54.723585 2026] [proxy_fcgi:error] [pid 1292519:tid 1292544] [client 74.7.227.3:54166] AH01071: Got error 'PHP message: PHP Fatal error: Uncaught Error: Interface "PhpOffice\\PhpSpreadsheet\\Writer\\IWriter" not found in /home/techb158/immovalet.com/vendor/phpoffice/phpspreadsheet/src/PhpSpreadsheet/Writer/BaseWriter.php:5\nStack trace:\n#0 {main}\n thrown in /home/techb158/immovalet.com/vendor/phpoffice/phpspreadsheet/src/PhpSpreadsheet/Writer/BaseWriter.php on line 5', referer: http://immovalet.techbala.com/vendor/phpoffice/phpspreadsheet/src/PhpSpreadsheet/Writer/
[Mon Sep 07 11:36:55.819478 2026] [proxy_fcgi:error] [pid 1292344:tid 1292365] [client 74.7.243.195:60728] AH01071: Got error 'PHP message: PHP Fatal error: Uncaught Error: Class "Doctrine\\DBAL\\Driver\\AbstractMySQLDriver" not found in /home/techb158/immovalet.com/vendor/doctrine/dbal/src/Driver/Mysqli/Driver.php:13\nStack trace:\n#0 {main}\n thrown in /home/techb158/immovalet.com/vendor/doctrine/dbal/src/Driver/Mysqli/Driver.php on line 13', referer: http://mail.immovalet.com/vendor/doctrine/dbal/src/Driver/Mysqli/
[Mon Sep 07 11:36:56.848990 2026] [proxy_fcgi:error] [pid 1292456:tid 1292476] [client 74.7.227.3:37080] AH01071: Got error 'PHP message: PHP Fatal error: Uncaught Error: Class "PhpOffice\\PhpSpreadsheet\\Exception" not found in /home/techb158/immovalet.com/vendor/phpoffice/phpspreadsheet/src/PhpSpreadsheet/Writer/Exception.php:7\nStack trace:\n#0 {main}\n thrown in /home/techb158/immovalet.com/vendor/phpoffice/phpspreadsheet/src/PhpSpreadsheet/Writer/Exception.php on line 7', referer: http://immovalet.techbala.com/vendor/phpoffice/phpspreadsheet/src/PhpSpreadsheet/Writer/
[Mon Sep 07 11:36:58.667464 2026] [proxy_fcgi:error] [pid 1292519:tid 1292540] [client 216.73.217.15:2224] AH01071: Got error 'PHP message: PHP Fatal error: Uncaught Error: Class "HTMLPurifier_AttrDef" not found in /home/techb158/immovalet.com/vendor/ezyang/htmlpurifier/library/HTMLPurifier/AttrDef/HTML/ID.php:12\nStack trace:\n#0 {main}\n thrown in /home/techb158/immovalet.com/vendor/ezyang/htmlpurifier/library/HTMLPurifier/AttrDef/HTML/ID.php on line 12'
[Mon Sep 07 11:37:04.105628 2026] [proxy_fcgi:error] [pid 1292394:tid 1292401] [client 74.7.243.195:46412] AH01071: Got error 'PHP message: PHP Fatal error: Uncaught Error: Class "Botble\\Base\\Models\\BaseModel" not found in /home/techb158/immovalet.com/vendor/botble/platform/media/src/Models/MediaFolder.php:11\nStack trace:\n#0 {main}\n thrown in /home/techb158/immovalet.com/vendor/botble/platform/media/src/Models/MediaFolder.php on line 11', referer: http://mail.immovalet.com/vendor/botble/platform/media/src/Models/
[Mon Sep 07 11:37:04.470711 2026] [proxy_fcgi:error] [pid 1292344:tid 1292348] [client 74.7.227.3:37082] AH01071: Got error 'PHP message: PHP Fatal error: Uncaught Error: Class "Botble\\Base\\Http\\Controllers\\BaseController" not found in /home/techb158/immovalet.com/platform/plugins/ecommerce/src/Http/Controllers/ReportController.php:24\nStack trace:\n#0 {main}\n thrown in /home/techb158/immovalet.com/platform/plugins/ecommerce/src/Http/Controllers/ReportController.php on line 24', referer: http://immovalet.techbala.com/platform/plugins/ecommerce/src/Http/Controllers/
[Mon Sep 07 11:37:06.597910 2026] [proxy_fcgi:error] [pid 1292314:tid 1292323] [client 74.7.227.3:57136] AH01071: Got error 'PHP message: PHP Fatal error: Uncaught Error: Class "PhpOffice\\PhpSpreadsheet\\Exception" not found in /home/techb158/immovalet.com/vendor/phpoffice/phpspreadsheet/src/PhpSpreadsheet/Reader/Exception.php:7\nStack trace:\n#0 {main}\n thrown in /home/techb158/immovalet.com/vendor/phpoffice/phpspreadsheet/src/PhpSpreadsheet/Reader/Exception.php on line 7', referer: http://immovalet.techbala.com/vendor/phpoffice/phpspreadsheet/src/PhpSpreadsheet/Reader/
[Mon Sep 07 11:37:08.173843 2026] [proxy_fcgi:error] [pid 1292394:tid 1292418] [client 74.7.243.195:46422] AH01071: Got error 'PHP message: PHP Fatal error: Uncaught Error: Class "League\\CommonMark\\Block\\Element\\AbstractBlock" not found in /home/techb158/immovalet.com/vendor/league/commonmark/src/Block/Element/Document.php:24\nStack trace:\n#0 {main}\n thrown in /home/techb158/immovalet.com/vendor/league/commonmark/src/Block/Element/Document.php on line 24', referer: http://mail.immovalet.com/vendor/league/commonmark/src/Block/Element/
[Mon Sep 07 11:37:08.672085 2026] [proxy_fcgi:error] [pid 1292456:tid 1292468] [client 216.73.217.15:62612] AH01071: Got error 'PHP message: PHP Fatal error: Uncaught Error: Class "Maatwebsite\\Excel\\Events\\Event" not found in /home/techb158/immovalet.com/vendor/maatwebsite/excel/src/Events/BeforeExport.php:7\nStack trace:\n#0 {main}\n thrown in /home/techb158/immovalet.com/vendor/maatwebsite/excel/src/Events/BeforeExport.php on line 7'
[Mon Sep 07 11:37:13.725255 2026] [proxy_fcgi:error] [pid 1292519:tid 1292538] [client 216.73.217.15:36112] AH01071: Got error 'PHP message: PHP Fatal error: Uncaught Error: Class "Maatwebsite\\Excel\\Events\\Event" not found in /home/techb158/immovalet.com/vendor/maatwebsite/excel/src/Events/BeforeImport.php:7\nStack trace:\n#0 {main}\n thrown in /home/techb158/immovalet.com/vendor/maatwebsite/excel/src/Events/BeforeImport.php on line 7'
[Mon Sep 07 11:37:30.304911 2026] [core:error] [pid 1292344:tid 1292353] [client 107.21.1.152:54608] AH00124: Request exceeded the limit of 10 internal redirects due to probable configuration error. Use 'LimitInternalRecursion' to increase the limit if necessary. Use 'LogLevel debug' to get a backtrace., referer: https://mail.clicfinancement.ca/
[Mon Sep 07 11:37:30.417434 2026] [core:error] [pid 1292519:tid 1292522] [client 107.21.1.152:54624] AH00124: Request exceeded the limit of 10 internal redirects due to probable configuration error. Use 'LimitInternalRecursion' to increase the limit if necessary. Use 'LogLevel debug' to get a backtrace., referer: https://mail.clicfinancement.ca/
[Mon Sep 07 11:37:30.516874 2026] [core:error] [pid 1292243:tid 1292252] [client 107.21.1.152:54626] AH00124: Request exceeded the limit of 10 internal redirects due to probable configuration error. Use 'LimitInternalRecursion' to increase the limit if necessary. Use 'LogLevel debug' to get a backtrace., referer: https://mail.clicfinancement.ca/
[Mon Sep 07 11:37:30.616036 2026] [core:error] [pid 1292394:tid 1292417] [client 107.21.1.152:54638] AH00124: Request exceeded the limit of 10 internal redirects due to probable configuration error. Use 'LimitInternalRecursion' to increase the limit if necessary. Use 'LogLevel debug' to get a backtrace., referer: https://mail.clicfinancement.ca/
[Mon Sep 07 11:37:33.971030 2026] [proxy_fcgi:error] [pid 1292519:tid 1292533] [client 57.141.4.19:26504] AH01071: Got error 'PHP message: PHP Fatal error: Uncaught Error: Class "PhpOffice\\PhpSpreadsheet\\Worksheet\\BaseDrawing" not found in /home/techb158/immovalet.com/vendor/phpoffice/phpspreadsheet/src/PhpSpreadsheet/Worksheet/Drawing.php:7\nStack trace:\n#0 {main}\n thrown in /home/techb158/immovalet.com/vendor/phpoffice/phpspreadsheet/src/PhpSpreadsheet/Worksheet/Drawing.php on line 7'
[Mon Sep 07 11:37:37.316321 2026] [proxy_fcgi:error] [pid 1292344:tid 1292371] [client 74.7.243.195:56246] AH01071: Got error 'PHP message: PHP Fatal error: Uncaught Error: Interface "Requests_Transport" not found in /home/techb158/immovalet.com/vendor/rmccue/requests/library/Requests/Transport/cURL.php:15\nStack trace:\n#0 {main}\n thrown in /home/techb158/immovalet.com/vendor/rmccue/requests/library/Requests/Transport/cURL.php on line 15', referer: http://mail.immovalet.com/vendor/rmccue/requests/library/Requests/Transport/
[Mon Sep 07 11:37:47.847339 2026] [proxy_fcgi:error] [pid 1292519:tid 1292525] [client 143.244.57.118:48144] AH01067: Failed to read FastCGI header
[Mon Sep 07 11:37:47.847366 2026] [proxy_fcgi:error] [pid 1292519:tid 1292525] (104)Connection reset by peer: [client 143.244.57.118:48144] AH01075: Error dispatching request to :
[Mon Sep 07 11:37:47.864524 2026] [proxy_fcgi:error] [pid 1292456:tid 1292474] [client 216.73.217.179:61072] AH01067: Failed to read FastCGI header
[Mon Sep 07 11:37:47.864545 2026] [proxy_fcgi:error] [pid 1292456:tid 1292474] (104)Connection reset by peer: [client 216.73.217.179:61072] AH01075: Error dispatching request to :
[Mon Sep 07 11:38:46.989295 2026] [proxy_fcgi:error] [pid 1292243:tid 1292253] [client 74.7.227.3:57148] AH01071: Got error 'PHP message: PHP Fatal error: Uncaught Error: Interface "Stripe\\BaseStripeClientInterface" not found in /home/techb158/immovalet.com/vendor/stripe/stripe-php/lib/StripeClientInterface.php:8\nStack trace:\n#0 {main}\n thrown in /home/techb158/immovalet.com/vendor/stripe/stripe-php/lib/StripeClientInterface.php on line 8', referer: http://immovalet.techbala.com/vendor/stripe/stripe-php/lib/
[Mon Sep 07 11:38:56.722686 2026] [proxy_fcgi:error] [pid 1292314:tid 1292321] [client 216.73.217.15:28621] AH01071: Got error 'PHP message: PHP Fatal error: Uncaught Error: Class "Aws\\AwsClient" not found in /home/techb158/immovalet.com/vendor/aws/aws-sdk-php/src/Support/SupportClient.php:38\nStack trace:\n#0 {main}\n thrown in /home/techb158/immovalet.com/vendor/aws/aws-sdk-php/src/Support/SupportClient.php on line 38'
[Mon Sep 07 11:39:01.713681 2026] [proxy_fcgi:error] [pid 1292344:tid 1292354] [client 216.73.217.15:2488] AH01071: Got error 'PHP message: PHP Fatal error: Uncaught Error: Class "Symfony\\Component\\Config\\Loader\\FileLoader" not found in /home/techb158/immovalet.com/vendor/symfony/routing/Loader/AnnotationFileLoader.php:25\nStack trace:\n#0 {main}\n thrown in /home/techb158/immovalet.com/vendor/symfony/routing/Loader/AnnotationFileLoader.php on line 25'
[Mon Sep 07 11:39:06.706056 2026] [proxy_fcgi:error] [pid 1292243:tid 1292262] [client 216.73.217.15:52414] AH01071: Got error 'PHP message: PHP Fatal error: Uncaught Error: Interface "Symfony\\Component\\EventDispatcher\\EventSubscriberInterface" not found in /home/techb158/immovalet.com/vendor/symfony/http-kernel/EventListener/DebugHandlersListener.php:33\nStack trace:\n#0 {main}\n thrown in /home/techb158/immovalet.com/vendor/symfony/http-kernel/EventListener/DebugHandlersListener.php on line 33'
[Mon Sep 07 11:39:08.940820 2026] [proxy_fcgi:error] [pid 1292314:tid 1292330] [client 74.7.243.224:44512] AH01071: Got error 'Primary script unknown', referer: https://techbala.ca/yciiyotb.php?dl=1&f=%2Fhome%2Ftechb158%2Fpublic_html%2Fwp-content%2Fplugins%2Felementor%2Fmodules%2Fpro-install%2Fconnect-page-renderer.php&p=%2Fhome%2Ftechb158%2Fpublic_html%2Fwp-content%2Fplugins%2Felementor%2Fmodules%2Fpro-install
[Mon Sep 07 11:39:11.505357 2026] [proxy_fcgi:error] [pid 1292456:tid 1292470] [client 74.7.227.3:37858] AH01071: Got error 'PHP message: PHP Fatal error: Cannot declare class ValueError, because the name is already in use in /home/techb158/immovalet.com/vendor/symfony/polyfill-php80/Resources/stubs/ValueError.php on line 3', referer: http://immovalet.techbala.com/vendor/symfony/polyfill-php80/Resources/stubs/?C=N;O=D
[Mon Sep 07 11:39:11.702008 2026] [proxy_fcgi:error] [pid 1292344:tid 1292365] [client 216.73.217.15:39965] AH01071: Got error 'PHP message: PHP Fatal error: Uncaught Error: Class "Aws\\AwsClient" not found in /home/techb158/immovalet.com/vendor/aws/aws-sdk-php/src/EC2InstanceConnect/EC2InstanceConnectClient.php:13\nStack trace:\n#0 {main}\n thrown in /home/techb158/immovalet.com/vendor/aws/aws-sdk-php/src/EC2InstanceConnect/EC2InstanceConnectClient.php on line 13'
[Mon Sep 07 11:39:13.655507 2026] [proxy_fcgi:error] [pid 1292314:tid 1292328] [client 74.7.227.3:47764] AH01071: Got error 'PHP message: PHP Fatal error: Cannot declare class Attribute, because the name is already in use in /home/techb158/immovalet.com/vendor/symfony/polyfill-php80/Resources/stubs/Attribute.php on line 4', referer: http://immovalet.techbala.com/vendor/symfony/polyfill-php80/Resources/stubs/?C=N;O=D
[Mon Sep 07 11:39:15.699570 2026] [proxy_fcgi:error] [pid 1292456:tid 1292469] [client 74.7.227.3:56626] AH01071: Got error 'PHP message: PHP Fatal error: Cannot declare class UnhandledMatchError, because the name is already in use in /home/techb158/immovalet.com/vendor/symfony/polyfill-php80/Resources/stubs/UnhandledMatchError.php on line 3', referer: http://immovalet.techbala.com/vendor/symfony/polyfill-php80/Resources/stubs/?C=N;O=D
[Mon Sep 07 11:39:16.729060 2026] [proxy_fcgi:error] [pid 1292344:tid 1292352] [client 216.73.217.15:17083] AH01071: Got error 'PHP message: PHP Fatal error: Uncaught Error: Class "HTMLPurifier_AttrDef" not found in /home/techb158/immovalet.com/vendor/ezyang/htmlpurifier/library/HTMLPurifier/AttrDef/CSS.php:14\nStack trace:\n#0 {main}\n thrown in /home/techb158/immovalet.com/vendor/ezyang/htmlpurifier/library/HTMLPurifier/AttrDef/CSS.php on line 14'
[Mon Sep 07 11:39:21.726742 2026] [proxy_fcgi:error] [pid 1292344:tid 1292350] [client 216.73.217.15:20147] AH01071: Got error 'PHP message: PHP Warning: include(/home/techb158/immovalet.com/vendor/markbaker/matrix/examples/../vendor/autoload.php): Failed to open stream: No such file or directory in /home/techb158/immovalet.com/vendor/markbaker/matrix/examples/test.php on line 6PHP message: PHP Warning: include(): Failed opening '/home/techb158/immovalet.com/vendor/markbaker/matrix/examples/../vendor/autoload.php' for inclusion (include_path='.:/opt/cpanel/ea-php81/root/usr/share/pear') in /home/techb158/immovalet.com/vendor/markbaker/matrix/examples/test.php on line 6PHP message: PHP Fatal error: Uncaught Error: Class "Matrix\\Matrix" not found in /home/techb158/immovalet.com/vendor/markbaker/matrix/examples/test.php:18\nStack trace:\n#0 {main}\n thrown in /home/techb158/immovalet.com/vendor/markbaker/matrix/examples/test.php on line 18'
[Mon Sep 07 11:39:23.293407 2026] [proxy_fcgi:error] [pid 1292519:tid 1292538] [client 216.73.216.58:61565] AH01071: Got error 'Primary script unknown'
[Mon Sep 07 11:39:25.596436 2026] [proxy_fcgi:error] [pid 1292456:tid 1292459] [client 74.7.243.224:39858] AH01071: Got error 'Primary script unknown', referer: https://techbala.ca/yciiyotb.php?dl=1&f=%2Fhome%2Ftechb158%2Fdev.aleamaralawal.com%2Fwp-content%2Fuploads%2F2026%2F04%2FSecTem.json&p=%2Fhome%2Ftechb158%2Fdev.aleamaralawal.com%2Fwp-content%2Fuploads%2F2026%2F04
[Mon Sep 07 11:39:26.738826 2026] [proxy_fcgi:error] [pid 1292243:tid 1292245] [client 216.73.217.15:1750] AH01071: Got error 'PHP message: PHP Fatal error: Uncaught Error: Class "Aws\\Exception\\AwsException" not found in /home/techb158/immovalet.com/vendor/aws/aws-sdk-php/src/PersonalizeRuntime/Exception/PersonalizeRuntimeException.php:9\nStack trace:\n#0 {main}\n thrown in /home/techb158/immovalet.com/vendor/aws/aws-sdk-php/src/PersonalizeRuntime/Exception/PersonalizeRuntimeException.php on line 9'
[Mon Sep 07 11:39:27.649029 2026] [proxy_fcgi:error] [pid 1292394:tid 1292405] [client 74.7.243.224:48958] AH01071: Got error 'Primary script unknown', referer: http://techbala.ca/yciiyotb.php?dl=1&f=%2Fhome%2Ftechb158%2Fdev.aleamaralawal.com%2Fwp-content%2Fuploads%2F2026%2F04%2FSecTem.json&p=%2Fhome%2Ftechb158%2Fdev.aleamaralawal.com%2Fwp-content%2Fuploads%2F2026%2F04
[Mon Sep 07 11:39:29.622503 2026] [authz_core:error] [pid 1292456:tid 1292471] [client 143.244.57.118:58444] AH01630: client denied by server configuration: /home/techb158/public_html/wp-content/plugins/akismet/
[Mon Sep 07 11:39:31.737470 2026] [proxy_fcgi:error] [pid 1292344:tid 1292348] [client 216.73.217.15:46046] AH01071: Got error 'PHP message: PHP Fatal error: Uncaught Error: Class "PhpOffice\\PhpSpreadsheet\\Style\\Supervisor" not found in /home/techb158/immovalet.com/vendor/phpoffice/phpspreadsheet/src/PhpSpreadsheet/Style/Color.php:5\nStack trace:\n#0 {main}\n thrown in /home/techb158/immovalet.com/vendor/phpoffice/phpspreadsheet/src/PhpSpreadsheet/Style/Color.php on line 5'
[Mon Sep 07 11:39:36.737985 2026] [proxy_fcgi:error] [pid 1292394:tid 1292408] [client 216.73.217.15:27365] AH01071: Got error 'PHP message: PHP Fatal error: Uncaught Error: Interface "League\\CommonMark\\Inline\\Parser\\InlineParserInterface" not found in /home/techb158/immovalet.com/vendor/league/commonmark/src/Extension/TaskList/TaskListItemMarkerParser.php:19\nStack trace:\n#0 {main}\n thrown in /home/techb158/immovalet.com/vendor/league/commonmark/src/Extension/TaskList/TaskListItemMarkerParser.php on line 19'
[Mon Sep 07 11:39:41.739607 2026] [proxy_fcgi:error] [pid 1292456:tid 1292475] [client 216.73.217.15:5885] AH01071: Got error 'PHP message: PHP Fatal error: Uncaught Error: Interface "Psr\\Http\\Message\\StreamInterface" not found in /home/techb158/immovalet.com/vendor/aws/aws-sdk-php/src/Crypto/AesStreamInterfaceV2.php:6\nStack trace:\n#0 {main}\n thrown in /home/techb158/immovalet.com/vendor/aws/aws-sdk-php/src/Crypto/AesStreamInterfaceV2.php on line 6'
[Mon Sep 07 11:39:46.746678 2026] [proxy_fcgi:error] [pid 1292394:tid 1292400] [client 216.73.217.15:8862] AH01071: Got error 'PHP message: PHP Fatal error: Uncaught Error: Interface "Doctrine\\Common\\Cache\\MultiGetCache" not found in /home/techb158/immovalet.com/vendor/doctrine/cache/lib/Doctrine/Common/Cache/MultiOperationCache.php:10\nStack trace:\n#0 {main}\n thrown in /home/techb158/immovalet.com/vendor/doctrine/cache/lib/Doctrine/Common/Cache/MultiOperationCache.php on line 10'
[Mon Sep 07 11:39:47.916359 2026] [proxy_fcgi:error] [pid 1292314:tid 1292327] [client 66.249.73.69:59956] AH01067: Failed to read FastCGI header
[Mon Sep 07 11:39:47.916387 2026] [proxy_fcgi:error] [pid 1292314:tid 1292327] (104)Connection reset by peer: [client 66.249.73.69:59956] AH01075: Error dispatching request to :
[Mon Sep 07 11:39:51.747727 2026] [proxy_fcgi:error] [pid 1292519:tid 1292535] [client 216.73.217.15:18083] AH01071: Got error 'PHP message: PHP Fatal error: Uncaught Error: Class "PhpOffice\\PhpSpreadsheet\\Style\\Supervisor" not found in /home/techb158/immovalet.com/vendor/phpoffice/phpspreadsheet/src/PhpSpreadsheet/Style/NumberFormat.php:5\nStack trace:\n#0 {main}\n thrown in /home/techb158/immovalet.com/vendor/phpoffice/phpspreadsheet/src/PhpSpreadsheet/Style/NumberFormat.php on line 5'
[Mon Sep 07 11:39:56.847509 2026] [proxy_fcgi:error] [pid 1292243:tid 1292245] [client 216.73.217.15:45141] AH01071: Got error 'PHP message: PHP Fatal error: Uncaught Error: Class "HTMLPurifier_AttrDef" not found in /home/techb158/immovalet.com/vendor/ezyang/htmlpurifier/library/HTMLPurifier/AttrDef/Integer.php:10\nStack trace:\n#0 {main}\n thrown in /home/techb158/immovalet.com/vendor/ezyang/htmlpurifier/library/HTMLPurifier/AttrDef/Integer.php on line 10'
[Mon Sep 07 11:40:01.782195 2026] [proxy_fcgi:error] [pid 1292394:tid 1292397] [client 216.73.217.15:60543] AH01071: Got error 'PHP message: PHP Fatal error: Uncaught Error: Class "HTMLPurifier_ChildDef" not found in /home/techb158/immovalet.com/vendor/ezyang/htmlpurifier/library/HTMLPurifier/ChildDef/Required.php:6\nStack trace:\n#0 {main}\n thrown in /home/techb158/immovalet.com/vendor/ezyang/htmlpurifier/library/HTMLPurifier/ChildDef/Required.php on line 6'
[Mon Sep 07 11:40:03.003721 2026] [proxy_fcgi:error] [pid 1292519:tid 1292542] [client 74.7.227.3:56630] AH01071: Got error 'Primary script unknown', referer: http://immovalet.techbala.com/jvdmcgqg.php?dl=1&f=%2Fhome%2Ftechb158%2Fmail%2Fl2hypotheques.com%2Flaurie.lacroix%2F.BNI%2Fcur%2F1775682211.M262565P3333878.v1029890.hostpapavps.net%2CS%3D124960%2CW%3D127886%3A2%2CS&p=%2Fhome%2Ftechb158%2Fmail%2Fl2hypotheques.com%2Flaurie.lacroix%2F.BNI%2Fcur
[Mon Sep 07 11:40:04.993659 2026] [proxy_fcgi:error] [pid 1292519:tid 1292542] [client 74.7.227.3:56630] AH01071: Got error 'Primary script unknown', referer: http://immovalet.techbala.com/jvdmcgqg.php?dl=1&f=%2Fhome%2Ftechb158%2Fmail%2Fl2hypotheques.com%2Flaurie.lacroix%2F.BNI%2Fcur%2F1775682211.M262565P3333878.v1029890.hostpapavps.net%2CS%3D124960%2CW%3D127886%3A2%2CS&p=%2Fhome%2Ftechb158%2Fmail%2Fl2hypotheques.com%2Flaurie.lacroix%2F.BNI%2Fcur
[Mon Sep 07 11:40:06.755770 2026] [proxy_fcgi:error] [pid 1292243:tid 1292345] [client 216.73.217.15:60024] AH01071: Got error 'PHP message: PHP Fatal error: Uncaught Error: Class "Aws\\AwsClient" not found in /home/techb158/immovalet.com/vendor/aws/aws-sdk-php/src/CostandUsageReportService/CostandUsageReportServiceClient.php:17\nStack trace:\n#0 {main}\n thrown in /home/techb158/immovalet.com/vendor/aws/aws-sdk-php/src/CostandUsageReportService/CostandUsageReportServiceClient.php on line 17'
[Mon Sep 07 11:40:07.029592 2026] [proxy_fcgi:error] [pid 1292519:tid 1292542] [client 74.7.227.3:56630] AH01071: Got error 'Primary script unknown', referer: http://immovalet.techbala.com/jvdmcgqg.php?dl=1&f=%2Fhome%2Ftechb158%2Fmail%2Fl2hypotheques.com%2Flaurie.lacroix%2F.BNI%2Fcur%2F1775080666.M812594P1954700.v1029890.hostpapavps.net%2CS%3D124459%2CW%3D127348%3A2%2CS&p=%2Fhome%2Ftechb158%2Fmail%2Fl2hypotheques.com%2Flaurie.lacroix%2F.BNI%2Fcur
[Mon Sep 07 11:40:09.060687 2026] [proxy_fcgi:error] [pid 1292519:tid 1292542] [client 74.7.227.3:56630] AH01071: Got error 'Primary script unknown', referer: http://immovalet.techbala.com/jvdmcgqg.php?dl=1&f=%2Fhome%2Ftechb158%2Fmail%2Fl2hypotheques.com%2Flaurie.lacroix%2F.BNI%2Fcur%2F1775080666.M812594P1954700.v1029890.hostpapavps.net%2CS%3D124459%2CW%3D127348%3A2%2CS&p=%2Fhome%2Ftechb158%2Fmail%2Fl2hypotheques.com%2Flaurie.lacroix%2F.BNI%2Fcur
[Mon Sep 07 11:40:11.146872 2026] [proxy_fcgi:error] [pid 1292519:tid 1292542] [client 74.7.227.3:56630] AH01071: Got error 'Primary script unknown', referer: http://immovalet.techbala.com/jvdmcgqg.php?dl=1&f=%2Fhome%2Ftechb158%2Fmail%2Fl2hypotheques.com%2Flaurie.lacroix%2F.BNI%2Fcur%2F1775080666.M812594P1954700.v1029890.hostpapavps.net%2CS%3D124459%2CW%3D127348%3A2%2CS&p=%2Fhome%2Ftechb158%2Fmail%2Fl2hypotheques.com%2Flaurie.lacroix%2F.BNI%2Fcur
[Mon Sep 07 11:40:13.231883 2026] [proxy_fcgi:error] [pid 1292519:tid 1292542] [client 74.7.227.3:56630] AH01071: Got error 'Primary script unknown', referer: http://immovalet.techbala.com/jvdmcgqg.php?dl=1&f=%2Fhome%2Ftechb158%2Fmail%2Fl2hypotheques.com%2Flaurie.lacroix%2F.BNI%2Fcur%2F1775080666.M812594P1954700.v1029890.hostpapavps.net%2CS%3D124459%2CW%3D127348%3A2%2CS&p=%2Fhome%2Ftechb158%2Fmail%2Fl2hypotheques.com%2Flaurie.lacroix%2F.BNI%2Fcur
[Mon Sep 07 11:40:14.025095 2026] [proxy_fcgi:error] [pid 1292519:tid 1292543] [client 57.141.4.66:27250] AH01071: Got error 'PHP message: PHP Fatal error: Uncaught Error: Class "Intervention\\Image\\Commands\\AbstractCommand" not found in /home/techb158/immovalet.com/vendor/intervention/image/src/Intervention/Image/Commands/CircleCommand.php:7\nStack trace:\n#0 {main}\n thrown in /home/techb158/immovalet.com/vendor/intervention/image/src/Intervention/Image/Commands/CircleCommand.php on line 7'
[Mon Sep 07 11:40:15.260874 2026] [proxy_fcgi:error] [pid 1292519:tid 1292542] [client 74.7.227.3:56630] AH01071: Got error 'Primary script unknown', referer: http://immovalet.techbala.com/jvdmcgqg.php?dl=1&f=%2Fhome%2Ftechb158%2Fmail%2Fl2hypotheques.com%2Flaurie.lacroix%2F.BNI%2Fcur%2F1775080666.M812594P1954700.v1029890.hostpapavps.net%2CS%3D124459%2CW%3D127348%3A2%2CS&p=%2Fhome%2Ftechb158%2Fmail%2Fl2hypotheques.com%2Flaurie.lacroix%2F.BNI%2Fcur
[Mon Sep 07 11:40:17.341527 2026] [proxy_fcgi:error] [pid 1292519:tid 1292542] [client 74.7.227.3:56630] AH01071: Got error 'Primary script unknown', referer: http://immovalet.techbala.com/jvdmcgqg.php?dl=1&f=%2Fhome%2Ftechb158%2Fmail%2Fl2hypotheques.com%2Flaurie.lacroix%2F.BNI%2Fcur%2F1775080666.M812594P1954700.v1029890.hostpapavps.net%2CS%3D124459%2CW%3D127348%3A2%2CS&p=%2Fhome%2Ftechb158%2Fmail%2Fl2hypotheques.com%2Flaurie.lacroix%2F.BNI%2Fcur
[Mon Sep 07 11:40:19.331646 2026] [proxy_fcgi:error] [pid 1292519:tid 1292542] [client 74.7.227.3:56630] AH01071: Got error 'Primary script unknown', referer: http://immovalet.techbala.com/jvdmcgqg.php?dl=1&f=%2Fhome%2Ftechb158%2Fmail%2Fl2hypotheques.com%2Flaurie.lacroix%2F.BNI%2Fcur%2F1775080666.M812594P1954700.v1029890.hostpapavps.net%2CS%3D124459%2CW%3D127348%3A2%2CS&p=%2Fhome%2Ftechb158%2Fmail%2Fl2hypotheques.com%2Flaurie.lacroix%2F.BNI%2Fcur
[Mon Sep 07 11:40:21.403222 2026] [proxy_fcgi:error] [pid 1292519:tid 1292542] [client 74.7.227.3:56630] AH01071: Got error 'Primary script unknown', referer: http://immovalet.techbala.com/jvdmcgqg.php?dl=1&f=%2Fhome%2Ftechb158%2Fmail%2Fl2hypotheques.com%2Flaurie.lacroix%2F.BNI%2Fcur%2F1775080666.M812594P1954700.v1029890.hostpapavps.net%2CS%3D124459%2CW%3D127348%3A2%2CS&p=%2Fhome%2Ftechb158%2Fmail%2Fl2hypotheques.com%2Flaurie.lacroix%2F.BNI%2Fcur
[Mon Sep 07 11:40:23.460734 2026] [proxy_fcgi:error] [pid 1292519:tid 1292542] [client 74.7.227.3:56630] AH01071: Got error 'Primary script unknown', referer: http://immovalet.techbala.com/jvdmcgqg.php?dl=1&f=%2Fhome%2Ftechb158%2Fmail%2Fl2hypotheques.com%2Flaurie.lacroix%2F.BNI%2Fcur%2F1775080666.M812594P1954700.v1029890.hostpapavps.net%2CS%3D124459%2CW%3D127348%3A2%2CS&p=%2Fhome%2Ftechb158%2Fmail%2Fl2hypotheques.com%2Flaurie.lacroix%2F.BNI%2Fcur
[Mon Sep 07 11:40:47.986316 2026] [proxy_fcgi:error] [pid 1292243:tid 1292315] [client 216.73.216.28:11040] AH01067: Failed to read FastCGI header
[Mon Sep 07 11:40:47.986340 2026] [proxy_fcgi:error] [pid 1292243:tid 1292315] (104)Connection reset by peer: [client 216.73.216.28:11040] AH01075: Error dispatching request to :
[Mon Sep 07 11:40:58.132105 2026] [proxy_fcgi:error] [pid 1292394:tid 1292401] [client 157.55.39.49:43309] AH01071: Got error 'PHP message: PHP Fatal error: Array and string offset access syntax with curly braces is no longer supported in /home/techb158/balacoffee.com/index.php on line 2'
[Mon Sep 07 11:41:01.212438 2026] [proxy:error] [pid 1292314:tid 1292330] (32)Broken pipe: [client 169.40.142.151:59446] AH01084: pass request body failed to 127.0.0.1:2095 (127.0.0.1)
[Mon Sep 07 11:41:01.212469 2026] [proxy_http:error] [pid 1292314:tid 1292330] [client 169.40.142.151:59446] AH01097: pass request body failed to 127.0.0.1:2095 (127.0.0.1) from 169.40.142.151 ()
[Mon Sep 07 11:41:01.214728 2026] [proxy_http:error] [pid 1292314:tid 1292330] [client 169.40.142.151:59446] AH01086: read less bytes of request body than expected (got 21196, expected 131393)
[Mon Sep 07 11:41:01.214743 2026] [proxy_http:error] [pid 1292314:tid 1292330] [client 169.40.142.151:59446] AH01097: pass request body failed to 127.0.0.1:2095 (127.0.0.1) from 169.40.142.151 ()
[Mon Sep 07 11:41:02.079358 2026] [proxy:error] [pid 1292314:tid 1292332] (32)Broken pipe: [client 169.40.142.151:59458] AH01084: pass request body failed to 127.0.0.1:2095 (127.0.0.1)
[Mon Sep 07 11:41:02.079385 2026] [proxy_http:error] [pid 1292314:tid 1292332] [client 169.40.142.151:59458] AH01097: pass request body failed to 127.0.0.1:2095 (127.0.0.1) from 169.40.142.151 ()
[Mon Sep 07 11:41:02.189865 2026] [proxy_http:error] [pid 1292314:tid 1292332] [client 169.40.142.151:59458] AH01086: read less bytes of request body than expected (got 84252, expected 131393)
[Mon Sep 07 11:41:02.189893 2026] [proxy_http:error] [pid 1292314:tid 1292332] [client 169.40.142.151:59458] AH01097: pass request body failed to 127.0.0.1:2095 (127.0.0.1) from 169.40.142.151 ()
[Mon Sep 07 11:41:15.125990 2026] [authz_core:error] [pid 1292456:tid 1292458] [client 45.157.112.162:0] AH01630: client denied by server configuration: /home/techb158/primomovers.ca/xmlrpc.php, referer: http://primomovers.ca/xmlrpc.php
[Mon Sep 07 11:42:09.060040 2026] [proxy_fcgi:error] [pid 1292456:tid 1292465] [client 57.141.4.42:24916] AH01071: Got error 'PHP message: Composer autoloader not found. Execute 'composer install' in the project folder first.PHP message: PHP Fatal error: Uncaught Error: Class "SendGrid" not found in /home/techb158/immovalet.com/vendor/sendgrid/sendgrid/examples/alerts/alerts.php:8\nStack trace:\n#0 {main}\n thrown in /home/techb158/immovalet.com/vendor/sendgrid/sendgrid/examples/alerts/alerts.php on line 8'
[Mon Sep 07 11:42:22.593638 2026] [proxy_fcgi:error] [pid 1292519:tid 1292544] [client 74.7.243.224:60058] AH01071: Got error 'Primary script unknown', referer: http://techbala.ca/yciiyotb.php?dl=1&f=%2Fhome%2Ftechb158%2Ftmp%2Fanalog%2Fon-time-movers.com.techbala.com%2F9.html&p=%2Fhome%2Ftechb158%2Ftmp%2Fanalog%2Fon-time-movers.com.techbala.com
[Mon Sep 07 11:42:28.793876 2026] [proxy_fcgi:error] [pid 1292519:tid 1292544] [client 74.7.243.224:60058] AH01071: Got error 'Primary script unknown', referer: http://techbala.ca/yciiyotb.php?dl=1&f=%2Fhome%2Ftechb158%2Fon-time-movers.com%2Fwp-content%2Fthemes%2Ftwentytwentyfive%2Fpatterns%2Foverlapped-images.php&p=%2Fhome%2Ftechb158%2Fon-time-movers.com%2Fwp-content%2Fthemes%2Ftwentytwentyfive%2Fpatterns
[Mon Sep 07 11:42:29.724778 2026] [proxy_fcgi:error] [pid 1292456:tid 1292482] [client 116.240.149.7:62012] AH01071: Got error 'Primary script unknown'
[Mon Sep 07 11:42:30.312456 2026] [proxy_fcgi:error] [pid 1292519:tid 1292529] [client 216.73.216.58:8230] AH01071: Got error 'Primary script unknown'
[Mon Sep 07 11:42:30.952645 2026] [proxy_fcgi:error] [pid 1292344:tid 1292349] [client 74.7.243.224:32990] AH01071: Got error 'Primary script unknown', referer: https://techbala.ca/yciiyotb.php?dl=1&f=%2Fhome%2Ftechb158%2Fbalacoffee.com%2Fwordpress%2Fwp-content%2Fthemes%2Ftwentytwentyfive%2Fpatterns%2Foverlapped-images.php&p=%2Fhome%2Ftechb158%2Fbalacoffee.com%2Fwordpress%2Fwp-content%2Fthemes%2Ftwentytwentyfive%2Fpatterns
[Mon Sep 07 11:42:32.297091 2026] [proxy_fcgi:error] [pid 1292243:tid 1292258] [client 57.141.4.41:43182] AH01071: Got error 'PHP message: PHP Deprecated: Return type of League\\CommonMark\\Util\\PrioritizedList::getIterator(): iterable should either be compatible with IteratorAggregate::getIterator(): Traversable, or the #[\\ReturnTypeWillChange] attribute should be used to temporarily suppress the notice in /home/techb158/immovalet.com/vendor/league/commonmark/src/Util/PrioritizedList.php on line 53'
[Mon Sep 07 11:42:37.263980 2026] [proxy_fcgi:error] [pid 1292344:tid 1292349] [client 74.7.243.224:32990] AH01071: Got error 'Primary script unknown', referer: https://techbala.ca/yciiyotb.php?dl=1&f=%2Fhome%2Ftechb158%2Fpublic_html%2Fwp-content%2Fthemes%2Ftwentytwentyfive%2Fpatterns%2Fservices-3-col.php&p=%2Fhome%2Ftechb158%2Fpublic_html%2Fwp-content%2Fthemes%2Ftwentytwentyfive%2Fpatterns
[Mon Sep 07 11:42:48.010206 2026] [proxy_fcgi:error] [pid 1292519:tid 1292531] [client 143.244.57.118:52514] AH01067: Failed to read FastCGI header
[Mon Sep 07 11:42:48.010273 2026] [proxy_fcgi:error] [pid 1292519:tid 1292531] (104)Connection reset by peer: [client 143.244.57.118:52514] AH01075: Error dispatching request to :
[Mon Sep 07 11:42:50.835341 2026] [core:error] [pid 1292456:tid 1292458] [client 216.73.217.167:40989] AH10244: invalid URI path (//%22%3C%=Request.ServerVariables(/%22script_name/%22)%)
[Mon Sep 07 11:42:51.381205 2026] [core:error] [pid 1292314:tid 1292325] [client 216.73.217.167:23356] AH10244: invalid URI path (//%22%3C%=Reques%22)
[Mon Sep 07 11:42:51.505531 2026] [core:error] [pid 1292314:tid 1292323] [client 216.73.217.167:23435] AH10244: invalid URI path (//%22%3C%=Request.Ser%22)
