[Mon Sep 07 11:46:46.088936 2026] [proxy_fcgi:error] [pid 1292394:tid 1292404] [client 143.244.57.118:37292] AH01071: Got error 'PHP message: PHP Fatal error: Uncaught Error: Call to undefined function add_filter() in /home/techb158/public_html/wp-content/plugins/contact-form-7/includes/mail.php:3\nStack trace:\n#0 {main}\n thrown in /home/techb158/public_html/wp-content/plugins/contact-form-7/includes/mail.php on line 3'
[Mon Sep 07 11:46:46.107724 2026] [proxy_fcgi:error] [pid 1292456:tid 1292466] [client 216.73.216.58:5646] AH01071: Got error 'Primary script unknown'
[Mon Sep 07 11:46:46.201251 2026] [proxy_fcgi:error] [pid 1292456:tid 1292466] [client 216.73.216.58:5646] AH01071: Got error 'Primary script unknown'
[Mon Sep 07 11:46:46.289891 2026] [proxy_fcgi:error] [pid 1292456:tid 1292466] [client 216.73.216.58:5646] AH01071: Got error 'Primary script unknown'
[Mon Sep 07 11:46:46.381272 2026] [proxy_fcgi:error] [pid 1292456:tid 1292466] [client 216.73.216.58:5646] AH01071: Got error 'Primary script unknown'
[Mon Sep 07 11:46:46.472687 2026] [proxy_fcgi:error] [pid 1292456:tid 1292466] [client 216.73.216.58:5646] AH01071: Got error 'Primary script unknown'
[Mon Sep 07 11:46:46.564172 2026] [proxy_fcgi:error] [pid 1292456:tid 1292466] [client 216.73.216.58:5646] AH01071: Got error 'Primary script unknown'
[Mon Sep 07 11:46:46.654606 2026] [proxy_fcgi:error] [pid 1292456:tid 1292466] [client 216.73.216.58:5646] AH01071: Got error 'Primary script unknown'
[Mon Sep 07 11:46:46.745794 2026] [proxy_fcgi:error] [pid 1292456:tid 1292466] [client 216.73.216.58:5646] AH01071: Got error 'Primary script unknown'
[Mon Sep 07 11:46:46.836537 2026] [proxy_fcgi:error] [pid 1292456:tid 1292466] [client 216.73.216.58:5646] AH01071: Got error 'Primary script unknown'
[Mon Sep 07 11:46:46.930817 2026] [proxy_fcgi:error] [pid 1292456:tid 1292466] [client 216.73.216.58:5646] AH01071: Got error 'Primary script unknown'
[Mon Sep 07 11:46:47.003883 2026] [proxy_fcgi:error] [pid 1292456:tid 1292465] [client 143.244.57.118:49698] AH01071: Got error 'PHP message: PHP Fatal error: Uncaught Error: Call to undefined function add_action() in /home/techb158/public_html/wp-content/plugins/contact-form-7/includes/rest-api.php:3\nStack trace:\n#0 {main}\n thrown in /home/techb158/public_html/wp-content/plugins/contact-form-7/includes/rest-api.php on line 3'
[Mon Sep 07 11:46:47.018805 2026] [proxy_fcgi:error] [pid 1292456:tid 1292466] [client 216.73.216.58:5646] AH01071: Got error 'Primary script unknown'
[Mon Sep 07 11:46:47.109941 2026] [proxy_fcgi:error] [pid 1292456:tid 1292466] [client 216.73.216.58:5646] AH01071: Got error 'Primary script unknown'
[Mon Sep 07 11:46:47.201140 2026] [proxy_fcgi:error] [pid 1292456:tid 1292466] [client 216.73.216.58:5646] AH01071: Got error 'Primary script unknown'
[Mon Sep 07 11:46:47.427030 2026] [proxy_fcgi:error] [pid 1292243:tid 1292254] [client 216.73.216.58:52873] AH01071: Got error 'Primary script unknown'
[Mon Sep 07 11:46:47.437883 2026] [proxy_fcgi:error] [pid 1292394:tid 1292409] [client 216.73.216.58:52989] AH01071: Got error 'Primary script unknown'
[Mon Sep 07 11:46:47.475002 2026] [proxy_fcgi:error] [pid 1292394:tid 1292409] [client 216.73.216.58:52989] AH01071: Got error 'Primary script unknown'
[Mon Sep 07 11:46:47.564813 2026] [proxy_fcgi:error] [pid 1292394:tid 1292409] [client 216.73.216.58:52989] AH01071: Got error 'Primary script unknown'
[Mon Sep 07 11:46:47.574978 2026] [proxy_fcgi:error] [pid 1292456:tid 1292464] [client 143.244.57.118:49706] AH01071: Got error 'PHP message: PHP Fatal error: Uncaught Error: Class 'WPCF7_FormTag' not found in /home/techb158/public_html/wp-content/plugins/contact-form-7/includes/shortcodes.php:101\nStack trace:\n#0 {main}\n thrown in /home/techb158/public_html/wp-content/plugins/contact-form-7/includes/shortcodes.php on line 101'
[Mon Sep 07 11:46:47.579831 2026] [proxy_fcgi:error] [pid 1292344:tid 1292351] [client 74.7.227.3:56418] AH01071: Got error 'PHP message: PHP Fatal error: Uncaught Error: Class "Stripe\\ApiResource" not found in /home/techb158/immovalet.com/vendor/stripe/stripe-php/lib/Customer.php:43\nStack trace:\n#0 {main}\n thrown in /home/techb158/immovalet.com/vendor/stripe/stripe-php/lib/Customer.php on line 43', referer: http://immovalet.techbala.com/vendor/stripe/stripe-php/lib/
[Mon Sep 07 11:46:47.656233 2026] [proxy_fcgi:error] [pid 1292394:tid 1292409] [client 216.73.216.58:52989] AH01071: Got error 'Primary script unknown'
[Mon Sep 07 11:46:47.747429 2026] [proxy_fcgi:error] [pid 1292394:tid 1292409] [client 216.73.216.58:52989] AH01071: Got error 'Primary script unknown'
[Mon Sep 07 11:46:47.838476 2026] [proxy_fcgi:error] [pid 1292394:tid 1292409] [client 216.73.216.58:52989] AH01071: Got error 'Primary script unknown'
[Mon Sep 07 11:46:47.929075 2026] [proxy_fcgi:error] [pid 1292394:tid 1292409] [client 216.73.216.58:52989] AH01071: Got error 'Primary script unknown'
[Mon Sep 07 11:46:48.020345 2026] [proxy_fcgi:error] [pid 1292394:tid 1292409] [client 216.73.216.58:52989] AH01071: Got error 'Primary script unknown'
[Mon Sep 07 11:46:48.111173 2026] [proxy_fcgi:error] [pid 1292394:tid 1292409] [client 216.73.216.58:52989] AH01071: Got error 'Primary script unknown'
[Mon Sep 07 11:46:48.159191 2026] [proxy_fcgi:error] [pid 1292519:tid 1292538] [client 216.73.216.252:17662] AH01067: Failed to read FastCGI header
[Mon Sep 07 11:46:48.159210 2026] [proxy_fcgi:error] [pid 1292519:tid 1292538] (104)Connection reset by peer: [client 216.73.216.252:17662] AH01075: Error dispatching request to :
[Mon Sep 07 11:46:48.161868 2026] [proxy_fcgi:error] [pid 1292344:tid 1292368] [client 74.7.227.177:33862] AH01067: Failed to read FastCGI header, referer: http://mail.techbala.ca/yciiyotb.php?p=%2Fhome%2Ftechb158%2Fbalacoffee.com%2Fwell-known%2Fpki-validation%2Fe%2Fe%2Ff
[Mon Sep 07 11:46:48.161905 2026] [proxy_fcgi:error] [pid 1292344:tid 1292368] (104)Connection reset by peer: [client 74.7.227.177:33862] AH01075: Error dispatching request to : , referer: http://mail.techbala.ca/yciiyotb.php?p=%2Fhome%2Ftechb158%2Fbalacoffee.com%2Fwell-known%2Fpki-validation%2Fe%2Fe%2Ff
[Mon Sep 07 11:46:48.162042 2026] [proxy_fcgi:error] [pid 1292519:tid 1292538] [client 216.73.216.252:17662] AH01071: Got error 'Primary script unknown'
[Mon Sep 07 11:46:48.162233 2026] [proxy_fcgi:error] [pid 1292344:tid 1292368] [client 74.7.227.177:33862] AH01071: Got error 'Primary script unknown', referer: http://mail.techbala.ca/yciiyotb.php?p=%2Fhome%2Ftechb158%2Fbalacoffee.com%2Fwell-known%2Fpki-validation%2Fe%2Fe%2Ff
[Mon Sep 07 11:46:48.202861 2026] [proxy_fcgi:error] [pid 1292394:tid 1292409] [client 216.73.216.58:52989] AH01071: Got error 'Primary script unknown'
[Mon Sep 07 11:46:48.294449 2026] [proxy_fcgi:error] [pid 1292394:tid 1292409] [client 216.73.216.58:52989] AH01071: Got error 'Primary script unknown'
[Mon Sep 07 11:46:48.385646 2026] [proxy_fcgi:error] [pid 1292394:tid 1292409] [client 216.73.216.58:52989] AH01071: Got error 'Primary script unknown'
[Mon Sep 07 11:46:48.476602 2026] [proxy_fcgi:error] [pid 1292394:tid 1292409] [client 216.73.216.58:52989] AH01071: Got error 'Primary script unknown'
[Mon Sep 07 11:46:48.566743 2026] [proxy_fcgi:error] [pid 1292394:tid 1292409] [client 216.73.216.58:52989] AH01071: Got error 'Primary script unknown'
[Mon Sep 07 11:46:48.658203 2026] [proxy_fcgi:error] [pid 1292394:tid 1292409] [client 216.73.216.58:52989] AH01071: Got error 'Primary script unknown'
[Mon Sep 07 11:46:48.749837 2026] [proxy_fcgi:error] [pid 1292394:tid 1292409] [client 216.73.216.58:52989] AH01071: Got error 'Primary script unknown'
[Mon Sep 07 11:46:48.840632 2026] [proxy_fcgi:error] [pid 1292394:tid 1292409] [client 216.73.216.58:52989] AH01071: Got error 'Primary script unknown'
[Mon Sep 07 11:46:48.873200 2026] [proxy_fcgi:error] [pid 1292344:tid 1292361] [client 143.244.57.118:49712] AH01071: Got error 'PHP message: PHP Fatal error: Uncaught Error: Call to undefined function add_filter() in /home/techb158/public_html/wp-content/plugins/contact-form-7/includes/special-mail-tags.php:7\nStack trace:\n#0 {main}\n thrown in /home/techb158/public_html/wp-content/plugins/contact-form-7/includes/special-mail-tags.php on line 7'
[Mon Sep 07 11:46:48.931259 2026] [proxy_fcgi:error] [pid 1292394:tid 1292409] [client 216.73.216.58:52989] AH01071: Got error 'Primary script unknown'
[Mon Sep 07 11:46:49.023043 2026] [proxy_fcgi:error] [pid 1292394:tid 1292409] [client 216.73.216.58:52989] AH01071: Got error 'Primary script unknown'
[Mon Sep 07 11:46:49.113431 2026] [proxy_fcgi:error] [pid 1292394:tid 1292409] [client 216.73.216.58:52989] AH01071: Got error 'Primary script unknown'
[Mon Sep 07 11:46:49.204990 2026] [proxy_fcgi:error] [pid 1292394:tid 1292409] [client 216.73.216.58:52989] AH01071: Got error 'Primary script unknown'
[Mon Sep 07 11:46:49.296062 2026] [proxy_fcgi:error] [pid 1292394:tid 1292409] [client 216.73.216.58:52989] AH01071: Got error 'Primary script unknown'
[Mon Sep 07 11:46:49.386267 2026] [proxy_fcgi:error] [pid 1292394:tid 1292409] [client 216.73.216.58:52989] AH01071: Got error 'Primary script unknown'
[Mon Sep 07 11:46:49.780593 2026] [proxy_fcgi:error] [pid 1292243:tid 1292261] [client 143.244.57.118:49718] AH01071: Got error 'PHP message: PHP Fatal error: Trait 'WPCF7_PocketHolder' not found in /home/techb158/public_html/wp-content/plugins/contact-form-7/includes/submission.php on line 6'
[Mon Sep 07 11:46:52.715316 2026] [proxy_fcgi:error] [pid 1292519:tid 1292544] [client 143.244.57.118:37114] AH01071: Got error 'PHP message: PHP Warning: Use of undefined constant WPCF7_VERSION - assumed 'WPCF7_VERSION' (this will throw an Error in a future version of PHP) in /home/techb158/public_html/wp-content/plugins/contact-form-7/includes/swv/js/index.asset.php on line 5'
[Mon Sep 07 11:46:55.537589 2026] [proxy_fcgi:error] [pid 1292519:tid 1292544] [client 143.244.57.118:37114] AH01071: Got error 'PHP message: PHP Fatal error: Uncaught Error: Class 'Contactable\\SWV\\CompositeRule' not found in /home/techb158/public_html/wp-content/plugins/contact-form-7/includes/swv/php/rules/all.php:5\nStack trace:\n#0 {main}\n thrown in /home/techb158/public_html/wp-content/plugins/contact-form-7/includes/swv/php/rules/all.php on line 5'
[Mon Sep 07 11:46:56.171308 2026] [proxy_fcgi:error] [pid 1292344:tid 1292350] [client 143.244.57.118:37126] AH01071: Got error 'PHP message: PHP Fatal error: Uncaught Error: Class 'Contactable\\SWV\\CompositeRule' not found in /home/techb158/public_html/wp-content/plugins/contact-form-7/includes/swv/php/rules/any.php:5\nStack trace:\n#0 {main}\n thrown in /home/techb158/public_html/wp-content/plugins/contact-form-7/includes/swv/php/rules/any.php on line 5'
[Mon Sep 07 11:46:57.001256 2026] [proxy_fcgi:error] [pid 1292243:tid 1292256] [client 143.244.57.118:37134] AH01071: Got error 'PHP message: PHP Fatal error: Uncaught Error: Class 'Contactable\\SWV\\Rule' not found in /home/techb158/public_html/wp-content/plugins/contact-form-7/includes/swv/php/rules/date.php:5\nStack trace:\n#0 {main}\n thrown in /home/techb158/public_html/wp-content/plugins/contact-form-7/includes/swv/php/rules/date.php on line 5'
[Mon Sep 07 11:46:57.712938 2026] [proxy_fcgi:error] [pid 1292456:tid 1292482] [client 143.244.57.118:37150] AH01071: Got error 'PHP message: PHP Fatal error: Uncaught Error: Class 'Contactable\\SWV\\Rule' not found in /home/techb158/public_html/wp-content/plugins/contact-form-7/includes/swv/php/rules/dayofweek.php:5\nStack trace:\n#0 {main}\n thrown in /home/techb158/public_html/wp-content/plugins/contact-form-7/includes/swv/php/rules/dayofweek.php on line 5'
[Mon Sep 07 11:46:58.278569 2026] [proxy_fcgi:error] [pid 1292519:tid 1292539] [client 143.244.57.118:37166] AH01071: Got error 'PHP message: PHP Fatal error: Uncaught Error: Class 'Contactable\\SWV\\Rule' not found in /home/techb158/public_html/wp-content/plugins/contact-form-7/includes/swv/php/rules/email.php:5\nStack trace:\n#0 {main}\n thrown in /home/techb158/public_html/wp-content/plugins/contact-form-7/includes/swv/php/rules/email.php on line 5'
[Mon Sep 07 11:46:58.774306 2026] [proxy_fcgi:error] [pid 1292456:tid 1292475] [client 143.244.57.118:37176] AH01071: Got error 'PHP message: PHP Fatal error: Uncaught Error: Class 'Contactable\\SWV\\Rule' not found in /home/techb158/public_html/wp-content/plugins/contact-form-7/includes/swv/php/rules/enum.php:5\nStack trace:\n#0 {main}\n thrown in /home/techb158/public_html/wp-content/plugins/contact-form-7/includes/swv/php/rules/enum.php on line 5'
[Mon Sep 07 11:46:59.173325 2026] [proxy_fcgi:error] [pid 1292344:tid 1292355] [client 143.244.57.118:37188] AH01071: Got error 'PHP message: PHP Fatal error: Uncaught Error: Class 'Contactable\\SWV\\Rule' not found in /home/techb158/public_html/wp-content/plugins/contact-form-7/includes/swv/php/rules/file.php:5\nStack trace:\n#0 {main}\n thrown in /home/techb158/public_html/wp-content/plugins/contact-form-7/includes/swv/php/rules/file.php on line 5'
[Mon Sep 07 11:46:59.907575 2026] [proxy_fcgi:error] [pid 1292243:tid 1292255] [client 143.244.57.118:57514] AH01071: Got error 'PHP message: PHP Fatal error: Uncaught Error: Class 'Contactable\\SWV\\Rule' not found in /home/techb158/public_html/wp-content/plugins/contact-form-7/includes/swv/php/rules/maxdate.php:5\nStack trace:\n#0 {main}\n thrown in /home/techb158/public_html/wp-content/plugins/contact-form-7/includes/swv/php/rules/maxdate.php on line 5'
[Mon Sep 07 11:47:00.374810 2026] [proxy_fcgi:error] [pid 1292394:tid 1292400] [client 143.244.57.118:57522] AH01071: Got error 'PHP message: PHP Fatal error: Uncaught Error: Class 'Contactable\\SWV\\Rule' not found in /home/techb158/public_html/wp-content/plugins/contact-form-7/includes/swv/php/rules/maxfilesize.php:5\nStack trace:\n#0 {main}\n thrown in /home/techb158/public_html/wp-content/plugins/contact-form-7/includes/swv/php/rules/maxfilesize.php on line 5'
[Mon Sep 07 11:47:00.878230 2026] [proxy_fcgi:error] [pid 1292519:tid 1292535] [client 143.244.57.118:57526] AH01071: Got error 'PHP message: PHP Fatal error: Uncaught Error: Class 'Contactable\\SWV\\Rule' not found in /home/techb158/public_html/wp-content/plugins/contact-form-7/includes/swv/php/rules/maxitems.php:5\nStack trace:\n#0 {main}\n thrown in /home/techb158/public_html/wp-content/plugins/contact-form-7/includes/swv/php/rules/maxitems.php on line 5'
[Mon Sep 07 11:47:01.271364 2026] [proxy_fcgi:error] [pid 1292394:tid 1292402] [client 143.244.57.118:57532] AH01071: Got error 'PHP message: PHP Fatal error: Uncaught Error: Class 'Contactable\\SWV\\Rule' not found in /home/techb158/public_html/wp-content/plugins/contact-form-7/includes/swv/php/rules/maxlength.php:5\nStack trace:\n#0 {main}\n thrown in /home/techb158/public_html/wp-content/plugins/contact-form-7/includes/swv/php/rules/maxlength.php on line 5'
[Mon Sep 07 11:47:02.206872 2026] [proxy_fcgi:error] [pid 1292456:tid 1292462] [client 143.244.57.118:57548] AH01071: Got error 'PHP message: PHP Fatal error: Uncaught Error: Class 'Contactable\\SWV\\Rule' not found in /home/techb158/public_html/wp-content/plugins/contact-form-7/includes/swv/php/rules/maxnumber.php:5\nStack trace:\n#0 {main}\n thrown in /home/techb158/public_html/wp-content/plugins/contact-form-7/includes/swv/php/rules/maxnumber.php on line 5'
[Mon Sep 07 11:47:02.716233 2026] [proxy_fcgi:error] [pid 1292344:tid 1292359] [client 143.244.57.118:57554] AH01071: Got error 'PHP message: PHP Fatal error: Uncaught Error: Class 'Contactable\\SWV\\Rule' not found in /home/techb158/public_html/wp-content/plugins/contact-form-7/includes/swv/php/rules/mindate.php:5\nStack trace:\n#0 {main}\n thrown in /home/techb158/public_html/wp-content/plugins/contact-form-7/includes/swv/php/rules/mindate.php on line 5'
[Mon Sep 07 11:47:03.177280 2026] [proxy_fcgi:error] [pid 1292243:tid 1292259] [client 143.244.57.118:57570] AH01071: Got error 'PHP message: PHP Fatal error: Uncaught Error: Class 'Contactable\\SWV\\Rule' not found in /home/techb158/public_html/wp-content/plugins/contact-form-7/includes/swv/php/rules/minfilesize.php:5\nStack trace:\n#0 {main}\n thrown in /home/techb158/public_html/wp-content/plugins/contact-form-7/includes/swv/php/rules/minfilesize.php on line 5'
[Mon Sep 07 11:47:03.460422 2026] [proxy_fcgi:error] [pid 1292314:tid 1292334] [client 74.7.227.3:56428] AH01071: Got error 'Primary script unknown', referer: http://immovalet.techbala.com/jvdmcgqg.php?dl=1&f=%2Fhome%2Ftechb158%2Fmail%2Fl2hypotheques.com%2Flaurie.lacroix%2F.BNI%2Fcur%2F1775682211.M262565P3333878.v1029890.hostpapavps.net%2CS%3D124960%2CW%3D127886%3A2%2CS&p=%2Fhome%2Ftechb158%2Fmail%2Fl2hypotheques.com%2Flaurie.lacroix%2F.BNI%2Fcur
[Mon Sep 07 11:47:03.685752 2026] [proxy_fcgi:error] [pid 1292394:tid 1292415] [client 143.244.57.118:57582] AH01071: Got error 'PHP message: PHP Fatal error: Uncaught Error: Class 'Contactable\\SWV\\Rule' not found in /home/techb158/public_html/wp-content/plugins/contact-form-7/includes/swv/php/rules/minitems.php:5\nStack trace:\n#0 {main}\n thrown in /home/techb158/public_html/wp-content/plugins/contact-form-7/includes/swv/php/rules/minitems.php on line 5'
[Mon Sep 07 11:47:04.079865 2026] [proxy_fcgi:error] [pid 1292519:tid 1292537] [client 143.244.57.118:57592] AH01071: Got error 'PHP message: PHP Fatal error: Uncaught Error: Class 'Contactable\\SWV\\Rule' not found in /home/techb158/public_html/wp-content/plugins/contact-form-7/includes/swv/php/rules/minlength.php:5\nStack trace:\n#0 {main}\n thrown in /home/techb158/public_html/wp-content/plugins/contact-form-7/includes/swv/php/rules/minlength.php on line 5'
[Mon Sep 07 11:47:04.671704 2026] [proxy_fcgi:error] [pid 1292519:tid 1292521] [client 143.244.57.118:57608] AH01071: Got error 'PHP message: PHP Fatal error: Uncaught Error: Class 'Contactable\\SWV\\Rule' not found in /home/techb158/public_html/wp-content/plugins/contact-form-7/includes/swv/php/rules/minnumber.php:5\nStack trace:\n#0 {main}\n thrown in /home/techb158/public_html/wp-content/plugins/contact-form-7/includes/swv/php/rules/minnumber.php on line 5'
[Mon Sep 07 11:47:05.101436 2026] [proxy_fcgi:error] [pid 1292344:tid 1292367] [client 143.244.57.118:57616] AH01071: Got error 'PHP message: PHP Fatal error: Uncaught Error: Class 'Contactable\\SWV\\Rule' not found in /home/techb158/public_html/wp-content/plugins/contact-form-7/includes/swv/php/rules/number.php:5\nStack trace:\n#0 {main}\n thrown in /home/techb158/public_html/wp-content/plugins/contact-form-7/includes/swv/php/rules/number.php on line 5'
[Mon Sep 07 11:47:05.409180 2026] [proxy_fcgi:error] [pid 1292314:tid 1292335] [client 143.244.57.118:57632] AH01071: Got error 'PHP message: PHP Fatal error: Uncaught Error: Class 'Contactable\\SWV\\Rule' not found in /home/techb158/public_html/wp-content/plugins/contact-form-7/includes/swv/php/rules/required.php:5\nStack trace:\n#0 {main}\n thrown in /home/techb158/public_html/wp-content/plugins/contact-form-7/includes/swv/php/rules/required.php on line 5'
[Mon Sep 07 11:47:05.460949 2026] [proxy_fcgi:error] [pid 1292314:tid 1292334] [client 74.7.227.3:56428] AH01071: Got error 'Primary script unknown', referer: http://immovalet.techbala.com/jvdmcgqg.php?dl=1&f=%2Fhome%2Ftechb158%2Fmail%2Fl2hypotheques.com%2Flaurie.lacroix%2F.BNI%2Fcur%2F1775682211.M262565P3333878.v1029890.hostpapavps.net%2CS%3D124960%2CW%3D127886%3A2%2CS&p=%2Fhome%2Ftechb158%2Fmail%2Fl2hypotheques.com%2Flaurie.lacroix%2F.BNI%2Fcur
[Mon Sep 07 11:47:06.075643 2026] [proxy_fcgi:error] [pid 1292394:tid 1292412] [client 143.244.57.118:57636] AH01071: Got error 'PHP message: PHP Fatal error: Uncaught Error: Class 'Contactable\\SWV\\Rule' not found in /home/techb158/public_html/wp-content/plugins/contact-form-7/includes/swv/php/rules/requiredfile.php:5\nStack trace:\n#0 {main}\n thrown in /home/techb158/public_html/wp-content/plugins/contact-form-7/includes/swv/php/rules/requiredfile.php on line 5'
[Mon Sep 07 11:47:06.704681 2026] [proxy_fcgi:error] [pid 1292344:tid 1292348] [client 143.244.57.118:57638] AH01071: Got error 'PHP message: PHP Fatal error: Uncaught Error: Class 'Contactable\\SWV\\Rule' not found in /home/techb158/public_html/wp-content/plugins/contact-form-7/includes/swv/php/rules/stepnumber.php:5\nStack trace:\n#0 {main}\n thrown in /home/techb158/public_html/wp-content/plugins/contact-form-7/includes/swv/php/rules/stepnumber.php on line 5'
[Mon Sep 07 11:47:07.107455 2026] [proxy_fcgi:error] [pid 1292314:tid 1292323] [client 143.244.57.118:57654] AH01071: Got error 'PHP message: PHP Fatal error: Uncaught Error: Class 'Contactable\\SWV\\Rule' not found in /home/techb158/public_html/wp-content/plugins/contact-form-7/includes/swv/php/rules/tel.php:5\nStack trace:\n#0 {main}\n thrown in /home/techb158/public_html/wp-content/plugins/contact-form-7/includes/swv/php/rules/tel.php on line 5'
[Mon Sep 07 11:47:07.460576 2026] [proxy_fcgi:error] [pid 1292314:tid 1292334] [client 74.7.227.3:56428] AH01071: Got error 'Primary script unknown', referer: http://immovalet.techbala.com/jvdmcgqg.php?dl=1&f=%2Fhome%2Ftechb158%2Fmail%2Fl2hypotheques.com%2Flaurie.lacroix%2F.BNI%2Fcur%2F1775682211.M262565P3333878.v1029890.hostpapavps.net%2CS%3D124960%2CW%3D127886%3A2%2CS&p=%2Fhome%2Ftechb158%2Fmail%2Fl2hypotheques.com%2Flaurie.lacroix%2F.BNI%2Fcur
[Mon Sep 07 11:47:07.689986 2026] [proxy_fcgi:error] [pid 1292344:tid 1292351] [client 143.244.57.118:57664] AH01071: Got error 'PHP message: PHP Fatal error: Uncaught Error: Class 'Contactable\\SWV\\Rule' not found in /home/techb158/public_html/wp-content/plugins/contact-form-7/includes/swv/php/rules/time.php:5\nStack trace:\n#0 {main}\n thrown in /home/techb158/public_html/wp-content/plugins/contact-form-7/includes/swv/php/rules/time.php on line 5'
[Mon Sep 07 11:47:08.169137 2026] [proxy_fcgi:error] [pid 1292314:tid 1292326] [client 143.244.57.118:57666] AH01071: Got error 'PHP message: PHP Fatal error: Uncaught Error: Class 'Contactable\\SWV\\Rule' not found in /home/techb158/public_html/wp-content/plugins/contact-form-7/includes/swv/php/rules/url.php:5\nStack trace:\n#0 {main}\n thrown in /home/techb158/public_html/wp-content/plugins/contact-form-7/includes/swv/php/rules/url.php on line 5'
[Mon Sep 07 11:47:08.219938 2026] [proxy_fcgi:error] [pid 1292519:tid 1292529] [client 216.73.216.58:24780] AH01071: Got error 'Primary script unknown'
[Mon Sep 07 11:47:08.256342 2026] [proxy_fcgi:error] [pid 1292519:tid 1292529] [client 216.73.216.58:24780] AH01071: Got error 'Primary script unknown'
[Mon Sep 07 11:47:08.347388 2026] [proxy_fcgi:error] [pid 1292519:tid 1292529] [client 216.73.216.58:24780] AH01071: Got error 'Primary script unknown'
[Mon Sep 07 11:47:08.438522 2026] [proxy_fcgi:error] [pid 1292519:tid 1292529] [client 216.73.216.58:24780] AH01071: Got error 'Primary script unknown'
[Mon Sep 07 11:47:08.530627 2026] [proxy_fcgi:error] [pid 1292519:tid 1292529] [client 216.73.216.58:24780] AH01071: Got error 'Primary script unknown'
[Mon Sep 07 11:47:08.618961 2026] [core:error] [pid 1292519:tid 1292529] [client 216.73.216.58:24780] AH10244: invalid URI path (/%link%)
[Mon Sep 07 11:47:08.619364 2026] [proxy_fcgi:error] [pid 1292519:tid 1292529] [client 216.73.216.58:24780] AH01071: Got error 'Primary script unknown'
[Mon Sep 07 11:47:08.771047 2026] [proxy_fcgi:error] [pid 1292314:tid 1292329] [client 216.73.216.58:37370] AH01071: Got error 'Primary script unknown'
[Mon Sep 07 11:47:08.801198 2026] [proxy_fcgi:error] [pid 1292314:tid 1292329] [client 216.73.216.58:37370] AH01071: Got error 'Primary script unknown'
[Mon Sep 07 11:47:08.837457 2026] [proxy_fcgi:error] [pid 1292344:tid 1292368] [client 143.244.57.118:57674] AH01071: Got error 'PHP message: PHP Fatal error: Uncaught Error: Call to undefined function add_action() in /home/techb158/public_html/wp-content/plugins/contact-form-7/includes/swv/script-loader.php:3\nStack trace:\n#0 {main}\n thrown in /home/techb158/public_html/wp-content/plugins/contact-form-7/includes/swv/script-loader.php on line 3'
[Mon Sep 07 11:47:08.893052 2026] [proxy_fcgi:error] [pid 1292314:tid 1292329] [client 216.73.216.58:37370] AH01071: Got error 'Primary script unknown'
[Mon Sep 07 11:47:08.983596 2026] [proxy_fcgi:error] [pid 1292314:tid 1292329] [client 216.73.216.58:37370] AH01071: Got error 'Primary script unknown'
[Mon Sep 07 11:47:09.080635 2026] [proxy_fcgi:error] [pid 1292314:tid 1292329] [client 216.73.216.58:37370] AH01071: Got error 'Primary script unknown'
[Mon Sep 07 11:47:09.177754 2026] [proxy_fcgi:error] [pid 1292314:tid 1292329] [client 216.73.216.58:37370] AH01071: Got error 'Primary script unknown'
[Mon Sep 07 11:47:09.270262 2026] [proxy_fcgi:error] [pid 1292314:tid 1292329] [client 216.73.216.58:37370] AH01071: Got error 'Primary script unknown'
[Mon Sep 07 11:47:09.361822 2026] [proxy_fcgi:error] [pid 1292314:tid 1292329] [client 216.73.216.58:37370] AH01071: Got error 'Primary script unknown'
[Mon Sep 07 11:47:09.453640 2026] [proxy_fcgi:error] [pid 1292314:tid 1292329] [client 216.73.216.58:37370] AH01071: Got error 'Primary script unknown'
[Mon Sep 07 11:47:09.544472 2026] [proxy_fcgi:error] [pid 1292314:tid 1292329] [client 216.73.216.58:37370] AH01071: Got error 'Primary script unknown'
[Mon Sep 07 11:47:09.614882 2026] [proxy_fcgi:error] [pid 1292243:tid 1292263] [client 143.244.57.118:57686] AH01071: Got error 'PHP message: PHP Warning: Use of undefined constant WPCF7_PLUGIN_DIR - assumed 'WPCF7_PLUGIN_DIR' (this will throw an Error in a future version of PHP) in /home/techb158/public_html/wp-content/plugins/contact-form-7/includes/swv/swv.php on line 6PHP message: PHP Warning: require_once(WPCF7_PLUGIN_DIR/includes/swv/schema-holder.php): failed to open stream: No such file or directory in /home/techb158/public_html/wp-content/plugins/contact-form-7/includes/swv/swv.php on line 6PHP message: PHP Fatal error: require_once(): Failed opening required 'WPCF7_PLUGIN_DIR/includes/swv/schema-holder.php' (include_path='.:/opt/cpanel/ea-php74/root/usr/share/pear') in /home/techb158/public_html/wp-content/plugins/contact-form-7/includes/swv/swv.php on line 6'
[Mon Sep 07 11:47:09.640319 2026] [proxy_fcgi:error] [pid 1292314:tid 1292329] [client 216.73.216.58:37370] AH01071: Got error 'Primary script unknown'
[Mon Sep 07 11:47:09.740604 2026] [proxy_fcgi:error] [pid 1292314:tid 1292329] [client 216.73.216.58:37370] AH01071: Got error 'Primary script unknown'
[Mon Sep 07 11:47:09.830804 2026] [proxy_fcgi:error] [pid 1292314:tid 1292329] [client 216.73.216.58:37370] AH01071: Got error 'Primary script unknown'
[Mon Sep 07 11:47:09.924703 2026] [proxy_fcgi:error] [pid 1292314:tid 1292329] [client 216.73.216.58:37370] AH01071: Got error 'Primary script unknown'
[Mon Sep 07 11:47:10.016353 2026] [proxy_fcgi:error] [pid 1292314:tid 1292329] [client 216.73.216.58:37370] AH01071: Got error 'Primary script unknown'
[Mon Sep 07 11:47:10.069049 2026] [proxy_fcgi:error] [pid 1292314:tid 1292337] [client 143.244.57.118:60100] AH01071: Got error 'PHP message: PHP Fatal error: Uncaught Error: Call to undefined function add_action() in /home/techb158/public_html/wp-content/plugins/contact-form-7/includes/upgrade.php:3\nStack trace:\n#0 {main}\n thrown in /home/techb158/public_html/wp-content/plugins/contact-form-7/includes/upgrade.php on line 3'
[Mon Sep 07 11:47:10.107091 2026] [proxy_fcgi:error] [pid 1292314:tid 1292329] [client 216.73.216.58:37370] AH01071: Got error 'Primary script unknown'
[Mon Sep 07 11:47:10.199455 2026] [proxy_fcgi:error] [pid 1292314:tid 1292329] [client 216.73.216.58:37370] AH01071: Got error 'Primary script unknown'
[Mon Sep 07 11:47:10.290336 2026] [proxy_fcgi:error] [pid 1292314:tid 1292329] [client 216.73.216.58:37370] AH01071: Got error 'Primary script unknown'
[Mon Sep 07 11:47:10.381856 2026] [proxy_fcgi:error] [pid 1292314:tid 1292329] [client 216.73.216.58:37370] AH01071: Got error 'Primary script unknown'
[Mon Sep 07 11:47:10.475817 2026] [proxy_fcgi:error] [pid 1292314:tid 1292329] [client 216.73.216.58:37370] AH01071: Got error 'Primary script unknown'
[Mon Sep 07 11:47:10.566717 2026] [proxy_fcgi:error] [pid 1292314:tid 1292329] [client 216.73.216.58:37370] AH01071: Got error 'Primary script unknown'
[Mon Sep 07 11:47:10.657910 2026] [proxy_fcgi:error] [pid 1292314:tid 1292329] [client 216.73.216.58:37370] AH01071: Got error 'Primary script unknown'
[Mon Sep 07 11:47:10.751373 2026] [proxy_fcgi:error] [pid 1292314:tid 1292329] [client 216.73.216.58:37370] AH01071: Got error 'Primary script unknown'
[Mon Sep 07 11:47:10.842431 2026] [proxy_fcgi:error] [pid 1292314:tid 1292329] [client 216.73.216.58:37370] AH01071: Got error 'Primary script unknown'
[Mon Sep 07 11:47:10.932857 2026] [proxy_fcgi:error] [pid 1292314:tid 1292329] [client 216.73.216.58:37370] AH01071: Got error 'Primary script unknown'
[Mon Sep 07 11:47:11.024069 2026] [proxy_fcgi:error] [pid 1292314:tid 1292329] [client 216.73.216.58:37370] AH01071: Got error 'Primary script unknown'
[Mon Sep 07 11:47:11.114665 2026] [proxy_fcgi:error] [pid 1292314:tid 1292329] [client 216.73.216.58:37370] AH01071: Got error 'Primary script unknown'
[Mon Sep 07 11:47:11.205901 2026] [proxy_fcgi:error] [pid 1292314:tid 1292329] [client 216.73.216.58:37370] AH01071: Got error 'Primary script unknown'
[Mon Sep 07 11:47:11.296824 2026] [proxy_fcgi:error] [pid 1292314:tid 1292329] [client 216.73.216.58:37370] AH01071: Got error 'Primary script unknown'
[Mon Sep 07 11:47:11.387415 2026] [proxy_fcgi:error] [pid 1292314:tid 1292329] [client 216.73.216.58:37370] AH01071: Got error 'Primary script unknown'
[Mon Sep 07 11:47:11.479214 2026] [proxy_fcgi:error] [pid 1292314:tid 1292329] [client 216.73.216.58:37370] AH01071: Got error 'Primary script unknown'
[Mon Sep 07 11:47:11.570591 2026] [proxy_fcgi:error] [pid 1292314:tid 1292329] [client 216.73.216.58:37370] AH01071: Got error 'Primary script unknown'
[Mon Sep 07 11:47:11.661268 2026] [core:error] [pid 1292314:tid 1292329] [client 216.73.216.58:37370] AH10244: invalid URI path (/%%7Burl%7D/tickets.php?e+=%25%7Bticket.email%7D)
[Mon Sep 07 11:47:11.662283 2026] [proxy_fcgi:error] [pid 1292314:tid 1292329] [client 216.73.216.58:37370] AH01071: Got error 'Primary script unknown'
[Mon Sep 07 11:47:11.808182 2026] [proxy_fcgi:error] [pid 1292344:tid 1292372] [client 216.73.216.58:45835] AH01071: Got error 'Primary script unknown'
[Mon Sep 07 11:47:11.848243 2026] [proxy_fcgi:error] [pid 1292344:tid 1292372] [client 216.73.216.58:45835] AH01071: Got error 'Primary script unknown'
[Mon Sep 07 11:47:12.034187 2026] [proxy_fcgi:error] [pid 1292344:tid 1292372] [client 216.73.216.58:45835] AH01071: Got error 'Primary script unknown'
[Mon Sep 07 11:47:12.127614 2026] [proxy_fcgi:error] [pid 1292344:tid 1292372] [client 216.73.216.58:45835] AH01071: Got error 'Primary script unknown'
[Mon Sep 07 11:47:12.221575 2026] [proxy_fcgi:error] [pid 1292344:tid 1292372] [client 216.73.216.58:45835] AH01071: Got error 'Primary script unknown'
[Mon Sep 07 11:47:12.312565 2026] [proxy_fcgi:error] [pid 1292344:tid 1292372] [client 216.73.216.58:45835] AH01071: Got error 'Primary script unknown'
[Mon Sep 07 11:47:12.327656 2026] [proxy_fcgi:error] [pid 1292456:tid 1292465] [client 143.244.57.118:60110] AH01071: Got error 'PHP message: PHP Warning: Use of undefined constant WPCF7_PLUGIN_DIR - assumed 'WPCF7_PLUGIN_DIR' (this will throw an Error in a future version of PHP) in /home/techb158/public_html/wp-content/plugins/contact-form-7/load.php on line 3PHP message: PHP Warning: require_once(WPCF7_PLUGIN_DIR/includes/l10n.php): failed to open stream: No such file or directory in /home/techb158/public_html/wp-content/plugins/contact-form-7/load.php on line 3PHP message: PHP Fatal error: require_once(): Failed opening required 'WPCF7_PLUGIN_DIR/includes/l10n.php' (include_path='.:/opt/cpanel/ea-php74/root/usr/share/pear') in /home/techb158/public_html/wp-content/plugins/contact-form-7/load.php on line 3'
[Mon Sep 07 11:47:12.494178 2026] [proxy_fcgi:error] [pid 1292344:tid 1292372] [client 216.73.216.58:45835] AH01071: Got error 'Primary script unknown'
[Mon Sep 07 11:47:12.585222 2026] [proxy_fcgi:error] [pid 1292344:tid 1292372] [client 216.73.216.58:45835] AH01071: Got error 'Primary script unknown'
[Mon Sep 07 11:47:12.681337 2026] [proxy_fcgi:error] [pid 1292344:tid 1292372] [client 216.73.216.58:45835] AH01071: Got error 'Primary script unknown'
[Mon Sep 07 11:47:14.439900 2026] [proxy_fcgi:error] [pid 1292243:tid 1292245] [client 143.244.57.118:60118] AH01071: Got error 'PHP message: PHP Fatal error: Uncaught Error: Call to undefined function add_action() in /home/techb158/public_html/wp-content/plugins/contact-form-7/modules/acceptance.php:8\nStack trace:\n#0 {main}\n thrown in /home/techb158/public_html/wp-content/plugins/contact-form-7/modules/acceptance.php on line 8'
[Mon Sep 07 11:47:15.321713 2026] [proxy_fcgi:error] [pid 1292344:tid 1292372] [client 216.73.216.58:45835] AH01071: Got error 'Primary script unknown'
[Mon Sep 07 11:47:15.777963 2026] [proxy_fcgi:error] [pid 1292243:tid 1292261] [client 216.73.216.58:14495] AH01071: Got error 'Primary script unknown'
[Mon Sep 07 11:47:16.025603 2026] [proxy_fcgi:error] [pid 1292243:tid 1292250] [client 143.244.57.118:60124] AH01071: Got error 'PHP message: PHP Fatal error: Uncaught Error: Call to undefined function wpcf7_include_module_file() in /home/techb158/public_html/wp-content/plugins/contact-form-7/modules/akismet/akismet.php:8\nStack trace:\n#0 {main}\n thrown in /home/techb158/public_html/wp-content/plugins/contact-form-7/modules/akismet/akismet.php on line 8'
[Mon Sep 07 11:47:16.513044 2026] [proxy_fcgi:error] [pid 1292519:tid 1292532] [client 143.244.57.118:60134] AH01071: Got error 'PHP message: PHP Fatal error: Uncaught Error: Call to undefined function add_action() in /home/techb158/public_html/wp-content/plugins/contact-form-7/modules/checkbox.php:8\nStack trace:\n#0 {main}\n thrown in /home/techb158/public_html/wp-content/plugins/contact-form-7/modules/checkbox.php on line 8'
[Mon Sep 07 11:47:18.124774 2026] [proxy_fcgi:error] [pid 1292456:tid 1292461] [client 143.244.57.118:60148] AH01071: Got error 'PHP message: PHP Fatal error: Uncaught Error: Call to undefined function add_action() in /home/techb158/public_html/wp-content/plugins/contact-form-7/modules/constant-contact/constant-contact.php:8\nStack trace:\n#0 {main}\n thrown in /home/techb158/public_html/wp-content/plugins/contact-form-7/modules/constant-contact/constant-contact.php on line 8'
[Mon Sep 07 11:47:18.471731 2026] [proxy_fcgi:error] [pid 1292344:tid 1292352] [client 143.244.57.118:60158] AH01071: Got error 'PHP message: PHP Fatal error: Uncaught Error: Call to undefined function add_action() in /home/techb158/public_html/wp-content/plugins/contact-form-7/modules/count.php:8\nStack trace:\n#0 {main}\n thrown in /home/techb158/public_html/wp-content/plugins/contact-form-7/modules/count.php on line 8'
[Mon Sep 07 11:47:18.811690 2026] [proxy_fcgi:error] [pid 1292314:tid 1292328] [client 143.244.57.118:60166] AH01071: Got error 'PHP message: PHP Fatal error: Uncaught Error: Call to undefined function add_action() in /home/techb158/public_html/wp-content/plugins/contact-form-7/modules/date.php:9\nStack trace:\n#0 {main}\n thrown in /home/techb158/public_html/wp-content/plugins/contact-form-7/modules/date.php on line 9'
[Mon Sep 07 11:47:19.779637 2026] [proxy_fcgi:error] [pid 1292519:tid 1292544] [client 143.244.57.118:60172] AH01071: Got error 'PHP message: PHP Fatal error: Uncaught Error: Call to undefined function add_filter() in /home/techb158/public_html/wp-content/plugins/contact-form-7/modules/disallowed-list.php:3\nStack trace:\n#0 {main}\n thrown in /home/techb158/public_html/wp-content/plugins/contact-form-7/modules/disallowed-list.php on line 3'
[Mon Sep 07 11:47:20.408087 2026] [proxy_fcgi:error] [pid 1292394:tid 1292410] [client 143.244.57.118:51760] AH01071: Got error 'PHP message: PHP Fatal error: Uncaught Error: Call to undefined function add_action() in /home/techb158/public_html/wp-content/plugins/contact-form-7/modules/doi-helper.php:9\nStack trace:\n#0 {main}\n thrown in /home/techb158/public_html/wp-content/plugins/contact-form-7/modules/doi-helper.php on line 9'
[Mon Sep 07 11:47:20.810815 2026] [proxy_fcgi:error] [pid 1292344:tid 1292353] [client 143.244.57.118:51762] AH01071: Got error 'PHP message: PHP Fatal error: Uncaught Error: Call to undefined function add_action() in /home/techb158/public_html/wp-content/plugins/contact-form-7/modules/file.php:8\nStack trace:\n#0 {main}\n thrown in /home/techb158/public_html/wp-content/plugins/contact-form-7/modules/file.php on line 8'
[Mon Sep 07 11:47:21.278463 2026] [proxy_fcgi:error] [pid 1292314:tid 1292325] [client 143.244.57.118:51770] AH01071: Got error 'PHP message: PHP Fatal error: Uncaught Error: Call to undefined function add_action() in /home/techb158/public_html/wp-content/plugins/contact-form-7/modules/flamingo.php:7\nStack trace:\n#0 {main}\n thrown in /home/techb158/public_html/wp-content/plugins/contact-form-7/modules/flamingo.php on line 7'
[Mon Sep 07 11:47:21.861825 2026] [proxy_fcgi:error] [pid 1292314:tid 1292334] [client 74.7.227.3:56428] AH01071: Got error 'PHP message: PHP Warning: require_once(/home/techb158/immovalet.com/vendor/mollie/mollie-api-php/examples/../vendor/autoload.php): Failed to open stream: No such file or directory in /home/techb158/immovalet.com/vendor/mollie/mollie-api-php/examples/initialize.php on line 9', referer: http://immovalet.techbala.com/vendor/mollie/mollie-api-php/examples/orders/
[Mon Sep 07 11:47:21.861910 2026] [proxy_fcgi:error] [pid 1292314:tid 1292334] [client 74.7.227.3:56428] AH01071: Got error 'PHP message: PHP Fatal error: Uncaught Error: Failed opening required '/home/techb158/immovalet.com/vendor/mollie/mollie-api-php/examples/../vendor/autoload.php' (include_path='.:/opt/cpanel/ea-php81/root/usr/share/pear') in /home/techb158/immovalet.com/vendor/mollie/mollie-api-php/examples/initialize.php:9\nStack trace:\n#0 /home/techb158/immovalet.com/vendor/mollie/mollie-api-php/examples/orders/list-methods.php(12): require()\n#1 {main}\n thrown in /home/techb158/immovalet.com/vendor/mollie/mollie-api-php/examples/initialize.php on line 9', referer: http://immovalet.techbala.com/vendor/mollie/mollie-api-php/examples/orders/
[Mon Sep 07 11:47:22.180402 2026] [proxy_fcgi:error] [pid 1292456:tid 1292482] [client 143.244.57.118:51772] AH01071: Got error 'PHP message: PHP Fatal error: Uncaught Error: Call to undefined function add_action() in /home/techb158/public_html/wp-content/plugins/contact-form-7/modules/hidden.php:3\nStack trace:\n#0 {main}\n thrown in /home/techb158/public_html/wp-content/plugins/contact-form-7/modules/hidden.php on line 3'
[Mon Sep 07 11:47:22.771474 2026] [proxy_fcgi:error] [pid 1292243:tid 1292256] [client 143.244.57.118:51786] AH01071: Got error 'PHP message: PHP Fatal error: Uncaught Error: Call to undefined function add_filter() in /home/techb158/public_html/wp-content/plugins/contact-form-7/modules/listo.php:7\nStack trace:\n#0 {main}\n thrown in /home/techb158/public_html/wp-content/plugins/contact-form-7/modules/listo.php on line 7'
[Mon Sep 07 11:47:23.374404 2026] [proxy_fcgi:error] [pid 1292394:tid 1292398] [client 143.244.57.118:51802] AH01071: Got error 'PHP message: PHP Fatal error: Uncaught Error: Call to undefined function add_action() in /home/techb158/public_html/wp-content/plugins/contact-form-7/modules/number.php:10\nStack trace:\n#0 {main}\n thrown in /home/techb158/public_html/wp-content/plugins/contact-form-7/modules/number.php on line 10'
[Mon Sep 07 11:47:23.906304 2026] [proxy_fcgi:error] [pid 1292314:tid 1292324] [client 143.244.57.118:51808] AH01071: Got error 'PHP message: PHP Fatal error: Uncaught Error: Call to undefined function add_action() in /home/techb158/public_html/wp-content/plugins/contact-form-7/modules/quiz.php:8\nStack trace:\n#0 {main}\n thrown in /home/techb158/public_html/wp-content/plugins/contact-form-7/modules/quiz.php on line 8'
[Mon Sep 07 11:47:24.273630 2026] [proxy_fcgi:error] [pid 1292519:tid 1292539] [client 143.244.57.118:51816] AH01071: Got error 'PHP message: PHP Fatal error: Uncaught Error: Call to undefined function add_action() in /home/techb158/public_html/wp-content/plugins/contact-form-7/modules/really-simple-captcha.php:8\nStack trace:\n#0 {main}\n thrown in /home/techb158/public_html/wp-content/plugins/contact-form-7/modules/really-simple-captcha.php on line 8'
[Mon Sep 07 11:47:26.097243 2026] [proxy_fcgi:error] [pid 1292243:tid 1292345] [client 143.244.57.118:51824] AH01071: Got error 'PHP message: PHP Warning: Use of undefined constant WPCF7_VERSION - assumed 'WPCF7_VERSION' (this will throw an Error in a future version of PHP) in /home/techb158/public_html/wp-content/plugins/contact-form-7/modules/recaptcha/index.asset.php on line 5'
[Mon Sep 07 11:47:26.225241 2026] [proxy_fcgi:error] [pid 1292243:tid 1292345] [client 143.244.57.118:51824] AH01071: Got error 'PHP message: PHP Fatal error: Uncaught Error: Call to undefined function wpcf7_include_module_file() in /home/techb158/public_html/wp-content/plugins/contact-form-7/modules/recaptcha/recaptcha.php:8\nStack trace:\n#0 {main}\n thrown in /home/techb158/public_html/wp-content/plugins/contact-form-7/modules/recaptcha/recaptcha.php on line 8'
[Mon Sep 07 11:47:27.013949 2026] [proxy_fcgi:error] [pid 1292314:tid 1292321] [client 143.244.57.118:51826] AH01071: Got error 'PHP message: PHP Fatal error: Uncaught Error: Call to undefined function add_action() in /home/techb158/public_html/wp-content/plugins/contact-form-7/modules/reflection.php:9\nStack trace:\n#0 {main}\n thrown in /home/techb158/public_html/wp-content/plugins/contact-form-7/modules/reflection.php on line 9'
[Mon Sep 07 11:47:27.709209 2026] [proxy_fcgi:error] [pid 1292456:tid 1292472] [client 143.244.57.118:51832] AH01071: Got error 'PHP message: PHP Fatal error: Uncaught Error: Call to undefined function add_action() in /home/techb158/public_html/wp-content/plugins/contact-form-7/modules/response.php:8\nStack trace:\n#0 {main}\n thrown in /home/techb158/public_html/wp-content/plugins/contact-form-7/modules/response.php on line 8'
[Mon Sep 07 11:47:28.072181 2026] [proxy_fcgi:error] [pid 1292344:tid 1292356] [client 143.244.57.118:51842] AH01071: Got error 'PHP message: PHP Fatal error: Uncaught Error: Call to undefined function add_action() in /home/techb158/public_html/wp-content/plugins/contact-form-7/modules/select.php:8\nStack trace:\n#0 {main}\n thrown in /home/techb158/public_html/wp-content/plugins/contact-form-7/modules/select.php on line 8'
[Mon Sep 07 11:47:30.593561 2026] [proxy_fcgi:error] [pid 1292519:tid 1292543] [client 143.244.57.118:51848] AH01071: Got error 'PHP message: PHP Fatal error: Uncaught Error: Call to undefined function add_filter() in /home/techb158/public_html/wp-content/plugins/contact-form-7/modules/sendinblue/contact-form-properties.php:3\nStack trace:\n#0 {main}\n thrown in /home/techb158/public_html/wp-content/plugins/contact-form-7/modules/sendinblue/contact-form-properties.php on line 3'
[Mon Sep 07 11:47:30.973210 2026] [proxy_fcgi:error] [pid 1292394:tid 1292412] [client 143.244.57.118:59278] AH01071: Got error 'PHP message: PHP Fatal error: Uncaught Error: Call to undefined function add_action() in /home/techb158/public_html/wp-content/plugins/contact-form-7/modules/sendinblue/doi.php:9\nStack trace:\n#0 {main}\n thrown in /home/techb158/public_html/wp-content/plugins/contact-form-7/modules/sendinblue/doi.php on line 9'
[Mon Sep 07 11:47:31.768901 2026] [proxy_fcgi:error] [pid 1292243:tid 1292315] [client 143.244.57.118:59292] AH01071: Got error 'PHP message: PHP Fatal error: Uncaught Error: Call to undefined function wpcf7_include_module_file() in /home/techb158/public_html/wp-content/plugins/contact-form-7/modules/sendinblue/sendinblue.php:8\nStack trace:\n#0 {main}\n thrown in /home/techb158/public_html/wp-content/plugins/contact-form-7/modules/sendinblue/sendinblue.php on line 8'
[Mon Sep 07 11:47:34.095684 2026] [proxy_fcgi:error] [pid 1292314:tid 1292320] [client 143.244.57.118:59300] AH01071: Got error 'PHP message: PHP Warning: Use of undefined constant WPCF7_VERSION - assumed 'WPCF7_VERSION' (this will throw an Error in a future version of PHP) in /home/techb158/public_html/wp-content/plugins/contact-form-7/modules/stripe/index.asset.php on line 5'
[Mon Sep 07 11:47:34.432194 2026] [proxy_fcgi:error] [pid 1292314:tid 1292320] [client 143.244.57.118:59300] AH01071: Got error 'PHP message: PHP Fatal error: Uncaught Error: Call to undefined function wpcf7_include_module_file() in /home/techb158/public_html/wp-content/plugins/contact-form-7/modules/stripe/stripe.php:8\nStack trace:\n#0 {main}\n thrown in /home/techb158/public_html/wp-content/plugins/contact-form-7/modules/stripe/stripe.php on line 8'
[Mon Sep 07 11:47:34.764660 2026] [proxy_fcgi:error] [pid 1292519:tid 1292521] [client 104.208.71.158:16122] AH01071: Got error 'Primary script unknown'
[Mon Sep 07 11:47:34.909928 2026] [proxy_fcgi:error] [pid 1292519:tid 1292542] [client 143.244.57.118:59308] AH01071: Got error 'PHP message: PHP Fatal error: Uncaught Error: Call to undefined function add_action() in /home/techb158/public_html/wp-content/plugins/contact-form-7/modules/submit.php:8\nStack trace:\n#0 {main}\n thrown in /home/techb158/public_html/wp-content/plugins/contact-form-7/modules/submit.php on line 8'
[Mon Sep 07 11:47:35.908523 2026] [proxy_fcgi:error] [pid 1292344:tid 1292354] [client 143.244.57.118:59322] AH01071: Got error 'PHP message: PHP Fatal error: Uncaught Error: Call to undefined function add_action() in /home/techb158/public_html/wp-content/plugins/contact-form-7/modules/text.php:12\nStack trace:\n#0 {main}\n thrown in /home/techb158/public_html/wp-content/plugins/contact-form-7/modules/text.php on line 12'
[Mon Sep 07 11:47:36.375937 2026] [proxy_fcgi:error] [pid 1292314:tid 1292337] [client 143.244.57.118:59330] AH01071: Got error 'PHP message: PHP Fatal error: Uncaught Error: Call to undefined function add_action() in /home/techb158/public_html/wp-content/plugins/contact-form-7/modules/textarea.php:8\nStack trace:\n#0 {main}\n thrown in /home/techb158/public_html/wp-content/plugins/contact-form-7/modules/textarea.php on line 8'
[Mon Sep 07 11:47:38.438104 2026] [proxy_fcgi:error] [pid 1292519:tid 1292521] [client 104.208.71.158:16122] AH01071: Got error 'Primary script unknown'
[Mon Sep 07 11:47:38.830265 2026] [proxy_fcgi:error] [pid 1292243:tid 1292246] [client 143.244.57.118:59346] AH01071: Got error 'PHP message: PHP Fatal error: Uncaught Error: Call to undefined function path_join() in /home/techb158/public_html/wp-content/plugins/contact-form-7/modules/turnstile/turnstile.php:6\nStack trace:\n#0 {main}\n thrown in /home/techb158/public_html/wp-content/plugins/contact-form-7/modules/turnstile/turnstile.php on line 6'
[Mon Sep 07 11:47:39.212247 2026] [cgid:error] [pid 1292519:tid 1292521] [client 104.208.71.158:16122] AH01264: stderr from /home/techb158/_wildcard_.techbala.com/cgi-bin: script not found or unable to stat
[Mon Sep 07 11:47:39.412820 2026] [proxy_fcgi:error] [pid 1292456:tid 1292466] [client 143.244.57.118:59356] AH01071: Got error 'PHP message: PHP Fatal error: Uncaught Error: Call to undefined function plugin_basename() in /home/techb158/public_html/wp-content/plugins/contact-form-7/wp-contact-form-7.php:23\nStack trace:\n#0 {main}\n thrown in /home/techb158/public_html/wp-content/plugins/contact-form-7/wp-contact-form-7.php on line 23'
[Mon Sep 07 11:47:39.792042 2026] [proxy_fcgi:error] [pid 1292519:tid 1292521] [client 104.208.71.158:16122] AH01071: Got error 'Primary script unknown'
[Mon Sep 07 11:47:39.986180 2026] [proxy_fcgi:error] [pid 1292519:tid 1292521] [client 104.208.71.158:16122] AH01071: Got error 'Primary script unknown'
[Mon Sep 07 11:47:40.759307 2026] [proxy_fcgi:error] [pid 1292519:tid 1292521] [client 104.208.71.158:16122] AH01071: Got error 'Primary script unknown'
[Mon Sep 07 11:47:42.514928 2026] [proxy_fcgi:error] [pid 1292519:tid 1292521] [client 104.208.71.158:16122] AH01071: Got error 'Primary script unknown'
[Mon Sep 07 11:47:45.035714 2026] [proxy_fcgi:error] [pid 1292519:tid 1292521] [client 104.208.71.158:16122] AH01071: Got error 'Primary script unknown'
[Mon Sep 07 11:47:45.335857 2026] [proxy_fcgi:error] [pid 1292456:tid 1292482] [client 57.141.4.68:42436] AH01071: Got error 'PHP message: PHP Fatal error: Uncaught Error: Class "Illuminate\\Database\\Migrations\\Migration" not found in /home/techb158/immovalet.com/vendor/botble/revision/database/migrations/2013_04_09_062329_create_revisions_table.php:6\nStack trace:\n#0 {main}\n thrown in /home/techb158/immovalet.com/vendor/botble/revision/database/migrations/2013_04_09_062329_create_revisions_table.php on line 6'
[Mon Sep 07 11:47:46.194400 2026] [proxy_fcgi:error] [pid 1292519:tid 1292521] [client 104.208.71.158:16122] AH01071: Got error 'Primary script unknown'
[Mon Sep 07 11:47:46.782196 2026] [proxy_fcgi:error] [pid 1292519:tid 1292521] [client 104.208.71.158:16122] AH01071: Got error 'Primary script unknown'
[Mon Sep 07 11:47:48.191259 2026] [proxy_fcgi:error] [pid 1292314:tid 1292325] [client 216.73.216.58:4863] AH01067: Failed to read FastCGI header
[Mon Sep 07 11:47:48.191281 2026] [proxy_fcgi:error] [pid 1292314:tid 1292325] (104)Connection reset by peer: [client 216.73.216.58:4863] AH01075: Error dispatching request to :
[Mon Sep 07 11:47:48.197228 2026] [proxy_fcgi:error] [pid 1292243:tid 1292253] [client 216.73.216.252:2484] AH01067: Failed to read FastCGI header
[Mon Sep 07 11:47:48.197249 2026] [proxy_fcgi:error] [pid 1292243:tid 1292253] (104)Connection reset by peer: [client 216.73.216.252:2484] AH01075: Error dispatching request to :
