[Mon Sep 07 11:07:52.365953 2026] [proxy_fcgi:error] [pid 1292519:tid 1292541] [client 74.7.227.3:47270] AH01071: Got error 'PHP message: PHP Fatal error: Uncaught Error: Class "Doctrine\\Common\\Cache\\CacheProvider" not found in /home/techb158/immovalet.com/vendor/symfony/cache/DoctrineProvider.php:21\nStack trace:\n#0 {main}\n thrown in /home/techb158/immovalet.com/vendor/symfony/cache/DoctrineProvider.php on line 21', referer: http://immovalet.techbala.com/vendor/symfony/cache/?C=M;O=A
[Mon Sep 07 11:07:54.433142 2026] [proxy_fcgi:error] [pid 1292394:tid 1292418] [client 74.7.227.3:45356] AH01071: Got error 'PHP message: PHP Fatal error: Uncaught Error: Interface "Symfony\\Contracts\\Cache\\ItemInterface" not found in /home/techb158/immovalet.com/vendor/symfony/cache/CacheItem.php:22\nStack trace:\n#0 {main}\n thrown in /home/techb158/immovalet.com/vendor/symfony/cache/CacheItem.php on line 22', referer: http://immovalet.techbala.com/vendor/symfony/cache/?C=M;O=A
[Mon Sep 07 11:07:56.495767 2026] [proxy_fcgi:error] [pid 1292456:tid 1292479] [client 74.7.227.3:45366] AH01071: Got error 'PHP message: PHP Fatal error: Trait "Symfony\\Component\\Cache\\Traits\\ProxyTrait" not found in /home/techb158/immovalet.com/vendor/symfony/cache/Psr16Cache.php on line 27', referer: http://immovalet.techbala.com/vendor/symfony/cache/?C=M;O=A
[Mon Sep 07 11:08:04.076802 2026] [proxy_fcgi:error] [pid 1292456:tid 1292468] [client 57.141.4.30:36192] AH01071: Got error 'PHP message: PHP Fatal error: Uncaught Error: Class "Botble\\Base\\Models\\BaseModel" not found in /home/techb158/immovalet.com/platform/packages/slug/src/Models/Slug.php:8\nStack trace:\n#0 {main}\n thrown in /home/techb158/immovalet.com/platform/packages/slug/src/Models/Slug.php on line 8'
[Mon Sep 07 11:08:09.930378 2026] [proxy_fcgi:error] [pid 1292394:tid 1292420] [client 216.73.216.58:25860] AH01071: Got error 'Primary script unknown'
[Mon Sep 07 11:08:21.551488 2026] [proxy_fcgi:error] [pid 1292456:tid 1292469] [client 216.73.216.58:44469] AH01071: Got error 'PHP message: PHP Fatal error: Uncaught Error: Interface "Ramsey\\Uuid\\Builder\\UuidBuilderInterface" not found in /home/techb158/immovalet.com/vendor/ramsey/uuid/src/Rfc4122/UuidBuilder.php:33\nStack trace:\n#0 {main}\n thrown in /home/techb158/immovalet.com/vendor/ramsey/uuid/src/Rfc4122/UuidBuilder.php on line 33'
[Mon Sep 07 11:08:24.570963 2026] [proxy_fcgi:error] [pid 1292344:tid 1292354] [client 216.73.216.58:1095] AH01071: Got error 'PHP message: PHP Fatal error: Uncaught Error: Class "Symfony\\Polyfill\\Intl\\Icu\\DateFormat\\Transformer" not found in /home/techb158/immovalet.com/vendor/symfony/polyfill-intl-icu/DateFormat/DayOfYearTransformer.php:21\nStack trace:\n#0 {main}\n thrown in /home/techb158/immovalet.com/vendor/symfony/polyfill-intl-icu/DateFormat/DayOfYearTransformer.php on line 21'
[Mon Sep 07 11:08:29.106235 2026] [proxy_fcgi:error] [pid 1292519:tid 1292522] [client 216.73.216.58:24762] AH01071: Got error 'Primary script unknown'
[Mon Sep 07 11:08:30.858552 2026] [proxy_fcgi:error] [pid 1292519:tid 1292522] [client 216.73.216.58:24762] AH01071: Got error 'Primary script unknown'
[Mon Sep 07 11:08:34.995904 2026] [proxy_fcgi:error] [pid 1292344:tid 1292368] [client 216.73.216.58:7578] AH01071: Got error 'Primary script unknown'
[Mon Sep 07 11:08:36.830977 2026] [proxy_fcgi:error] [pid 1292344:tid 1292368] [client 216.73.216.58:7578] AH01071: Got error 'Primary script unknown'
[Mon Sep 07 11:08:37.381517 2026] [proxy_fcgi:error] [pid 1292344:tid 1292368] [client 216.73.216.58:7578] AH01071: Got error 'Primary script unknown'
[Mon Sep 07 11:08:46.854797 2026] [proxy_fcgi:error] [pid 1292344:tid 1292362] [client 143.244.57.118:60772] AH01067: Failed to read FastCGI header
[Mon Sep 07 11:08:46.854831 2026] [proxy_fcgi:error] [pid 1292344:tid 1292362] (104)Connection reset by peer: [client 143.244.57.118:60772] AH01075: Error dispatching request to :
[Mon Sep 07 11:08:46.870139 2026] [proxy_fcgi:error] [pid 1292344:tid 1292354] [client 216.73.217.167:36973] AH01067: Failed to read FastCGI header
[Mon Sep 07 11:08:46.870160 2026] [proxy_fcgi:error] [pid 1292344:tid 1292354] (104)Connection reset by peer: [client 216.73.217.167:36973] AH01075: Error dispatching request to :
[Mon Sep 07 11:08:46.871397 2026] [proxy_fcgi:error] [pid 1292344:tid 1292362] [client 143.244.57.118:60772] AH01067: Failed to read FastCGI header
[Mon Sep 07 11:08:46.871420 2026] [proxy_fcgi:error] [pid 1292344:tid 1292362] (104)Connection reset by peer: [client 143.244.57.118:60772] AH01075: Error dispatching request to :
[Mon Sep 07 11:08:59.478348 2026] [core:error] [pid 1292344:tid 1292365] [client 66.132.186.190:21544] AH00124: Request exceeded the limit of 10 internal redirects due to probable configuration error. Use 'LimitInternalRecursion' to increase the limit if necessary. Use 'LogLevel debug' to get a backtrace.
[Mon Sep 07 11:08:59.478381 2026] [core:error] [pid 1292344:tid 1292365] [client 66.132.186.190:21544] AH00124: Request exceeded the limit of 10 internal redirects due to probable configuration error. Use 'LimitInternalRecursion' to increase the limit if necessary. Use 'LogLevel debug' to get a backtrace.
[Mon Sep 07 11:09:01.033488 2026] [proxy_fcgi:error] [pid 1292394:tid 1292400] [client 74.7.227.179:52958] AH01071: Got error 'Primary script unknown', referer: http://www.techbala.ca/yciiyotb.php?dl=1&f=%2Fhome%2Ftechb158%2Fmail%2Fon-time-movers.com%2Finfo%2Fcur%2F1788266874.M211359P236306.v1029890.hostpapavps.net%2CS%3D31996%2CW%3D32595%3A2%2C&p=%2Fhome%2Ftechb158%2Fmail%2Fon-time-movers.com%2Finfo%2Fcur
[Mon Sep 07 11:09:05.214670 2026] [cgid:error] [pid 1292519:tid 1292532] (32)Broken pipe: [client 127.0.0.1:58298] AH02651: Error writing request body to script /usr/local/cpanel/cgi-sys/autodiscover.cgi
[Mon Sep 07 11:09:05.325295 2026] [core:error] [pid 1292519:tid 1292532] (104)Connection reset by peer: [client 127.0.0.1:58298] AH00574: ap_content_length_filter: apr_bucket_read() failed
[Mon Sep 07 11:09:05.325878 2026] [proxy_http:error] [pid 1292314:tid 1292325] (20014)Internal error (specific information not available): [client 144.126.132.16:48686] AH01102: error reading status line from remote server 127.0.0.1:80
[Mon Sep 07 11:09:05.325930 2026] [proxy:error] [pid 1292314:tid 1292325] [client 144.126.132.16:48686] AH00898: Error reading from remote server returned by /
[Mon Sep 07 11:09:07.568479 2026] [proxy_fcgi:error] [pid 1292519:tid 1292544] [client 216.73.216.58:51324] AH01071: Got error 'Primary script unknown'
[Mon Sep 07 11:09:08.364724 2026] [proxy_fcgi:error] [pid 1292344:tid 1292372] [client 216.73.216.188:8761] AH01071: Got error 'PHP message: PHP Fatal error: Uncaught Error: Class "HTMLPurifier_AttrDef_Enum" not found in /home/techb158/immovalet.com/vendor/ezyang/htmlpurifier/library/HTMLPurifier/AttrDef/HTML/FrameTarget.php:6\nStack trace:\n#0 {main}\n thrown in /home/techb158/immovalet.com/vendor/ezyang/htmlpurifier/library/HTMLPurifier/AttrDef/HTML/FrameTarget.php on line 6'
[Mon Sep 07 11:09:10.550669 2026] [proxy_fcgi:error] [pid 1292344:tid 1292371] [client 156.146.33.66:60528] AH01071: Got error 'PHP message: PHP Fatal error: Uncaught Error: Interface 'WPForms\\Vendor\\Square\\ConfigurationInterface' not found in /home/techb158/public_html/wp-content/plugins/wpforms-lite/vendor_prefixed/square/square/src/SquareClient.php:58\nStack trace:\n#0 {main}\n thrown in /home/techb158/public_html/wp-content/plugins/wpforms-lite/vendor_prefixed/square/square/src/SquareClient.php on line 58'
[Mon Sep 07 11:09:12.245444 2026] [proxy_fcgi:error] [pid 1292519:tid 1292531] [client 156.146.33.66:50642] AH01071: Got error 'PHP message: PHP Fatal error: Uncaught Error: Interface 'WPForms\\Vendor\\CoreInterfaces\\Sdk\\ConverterInterface' not found in /home/techb158/public_html/wp-content/plugins/wpforms-lite/vendor_prefixed/square/square/src/Utils/CompatibilityConverter.php:15\nStack trace:\n#0 {main}\n thrown in /home/techb158/public_html/wp-content/plugins/wpforms-lite/vendor_prefixed/square/square/src/Utils/CompatibilityConverter.php on line 15'
[Mon Sep 07 11:09:12.550155 2026] [proxy_fcgi:error] [pid 1292243:tid 1292256] [client 156.146.33.66:50658] AH01071: Got error 'PHP message: PHP Fatal error: Uncaught Error: Class 'WPForms\\Vendor\\Core\\Types\\Sdk\\CoreFileWrapper' not found in /home/techb158/public_html/wp-content/plugins/wpforms-lite/vendor_prefixed/square/square/src/Utils/FileWrapper.php:10\nStack trace:\n#0 {main}\n thrown in /home/techb158/public_html/wp-content/plugins/wpforms-lite/vendor_prefixed/square/square/src/Utils/FileWrapper.php on line 10'
[Mon Sep 07 11:09:18.279860 2026] [proxy_fcgi:error] [pid 1292394:tid 1292411] [client 156.146.33.66:50674] AH01071: Got error 'PHP message: PHP Fatal error: Uncaught Error: Class 'WPForms\\Vendor\\Stripe\\ApiResource' not found in /home/techb158/public_html/wp-content/plugins/wpforms-lite/vendor_prefixed/stripe/stripe-php/lib/Account.php:44\nStack trace:\n#0 {main}\n thrown in /home/techb158/public_html/wp-content/plugins/wpforms-lite/vendor_prefixed/stripe/stripe-php/lib/Account.php on line 44'
[Mon Sep 07 11:09:18.585354 2026] [proxy_fcgi:error] [pid 1292243:tid 1292261] [client 156.146.33.66:50682] AH01071: Got error 'PHP message: PHP Fatal error: Uncaught Error: Class 'WPForms\\Vendor\\Stripe\\ApiResource' not found in /home/techb158/public_html/wp-content/plugins/wpforms-lite/vendor_prefixed/stripe/stripe-php/lib/AccountLink.php:17\nStack trace:\n#0 {main}\n thrown in /home/techb158/public_html/wp-content/plugins/wpforms-lite/vendor_prefixed/stripe/stripe-php/lib/AccountLink.php on line 17'
[Mon Sep 07 11:09:18.894556 2026] [proxy_fcgi:error] [pid 1292394:tid 1292410] [client 156.146.33.66:50690] AH01071: Got error 'PHP message: PHP Fatal error: Uncaught Error: Class 'WPForms\\Vendor\\Stripe\\ApiResource' not found in /home/techb158/public_html/wp-content/plugins/wpforms-lite/vendor_prefixed/stripe/stripe-php/lib/AccountSession.php:22\nStack trace:\n#0 {main}\n thrown in /home/techb158/public_html/wp-content/plugins/wpforms-lite/vendor_prefixed/stripe/stripe-php/lib/AccountSession.php on line 22'
[Mon Sep 07 11:09:20.479322 2026] [cgid:error] [pid 1292314:tid 1292323] (32)Broken pipe: [client 127.0.0.1:35622] AH02651: Error writing request body to script /usr/local/cpanel/cgi-sys/autodiscover.cgi
[Mon Sep 07 11:09:20.509001 2026] [core:error] [pid 1292314:tid 1292323] (104)Connection reset by peer: [client 127.0.0.1:35622] AH00574: ap_content_length_filter: apr_bucket_read() failed
[Mon Sep 07 11:09:20.509166 2026] [proxy_http:error] [pid 1292344:tid 1292355] (20014)Internal error (specific information not available): [client 144.126.132.16:43516] AH01102: error reading status line from remote server 127.0.0.1:80
[Mon Sep 07 11:09:20.509180 2026] [proxy:error] [pid 1292344:tid 1292355] [client 144.126.132.16:43516] AH00898: Error reading from remote server returned by /en
[Mon Sep 07 11:09:21.363798 2026] [proxy_fcgi:error] [pid 1292456:tid 1292481] [client 156.146.33.66:50692] AH01071: Got error 'PHP message: PHP Fatal error: Uncaught Error: Class 'WPForms\\Vendor\\Stripe\\StripeObject' not found in /home/techb158/public_html/wp-content/plugins/wpforms-lite/vendor_prefixed/stripe/stripe-php/lib/ApiResource.php:9\nStack trace:\n#0 {main}\n thrown in /home/techb158/public_html/wp-content/plugins/wpforms-lite/vendor_prefixed/stripe/stripe-php/lib/ApiResource.php on line 9'
[Mon Sep 07 11:09:21.779890 2026] [proxy_fcgi:error] [pid 1292314:tid 1292326] [client 156.146.33.66:49754] AH01071: Got error 'PHP message: PHP Fatal error: Uncaught Error: Class 'WPForms\\Vendor\\Stripe\\ApiResource' not found in /home/techb158/public_html/wp-content/plugins/wpforms-lite/vendor_prefixed/stripe/stripe-php/lib/ApplePayDomain.php:13\nStack trace:\n#0 {main}\n thrown in /home/techb158/public_html/wp-content/plugins/wpforms-lite/vendor_prefixed/stripe/stripe-php/lib/ApplePayDomain.php on line 13'
[Mon Sep 07 11:09:22.085776 2026] [proxy_fcgi:error] [pid 1292243:tid 1292267] [client 156.146.33.66:49768] AH01071: Got error 'PHP message: PHP Fatal error: Uncaught Error: Class 'WPForms\\Vendor\\Stripe\\ApiResource' not found in /home/techb158/public_html/wp-content/plugins/wpforms-lite/vendor_prefixed/stripe/stripe-php/lib/Application.php:11\nStack trace:\n#0 {main}\n thrown in /home/techb158/public_html/wp-content/plugins/wpforms-lite/vendor_prefixed/stripe/stripe-php/lib/Application.php on line 11'
[Mon Sep 07 11:09:22.393442 2026] [proxy_fcgi:error] [pid 1292394:tid 1292414] [client 156.146.33.66:49778] AH01071: Got error 'PHP message: PHP Fatal error: Uncaught Error: Class 'WPForms\\Vendor\\Stripe\\ApiResource' not found in /home/techb158/public_html/wp-content/plugins/wpforms-lite/vendor_prefixed/stripe/stripe-php/lib/ApplicationFee.php:23\nStack trace:\n#0 {main}\n thrown in /home/techb158/public_html/wp-content/plugins/wpforms-lite/vendor_prefixed/stripe/stripe-php/lib/ApplicationFee.php on line 23'
[Mon Sep 07 11:09:22.698181 2026] [proxy_fcgi:error] [pid 1292344:tid 1292357] [client 156.146.33.66:49790] AH01071: Got error 'PHP message: PHP Fatal error: Uncaught Error: Class 'WPForms\\Vendor\\Stripe\\ApiResource' not found in /home/techb158/public_html/wp-content/plugins/wpforms-lite/vendor_prefixed/stripe/stripe-php/lib/ApplicationFeeRefund.php:22\nStack trace:\n#0 {main}\n thrown in /home/techb158/public_html/wp-content/plugins/wpforms-lite/vendor_prefixed/stripe/stripe-php/lib/ApplicationFeeRefund.php on line 22'
[Mon Sep 07 11:09:23.369201 2026] [proxy_fcgi:error] [pid 1292519:tid 1292543] [client 216.73.216.188:30725] AH01071: Got error 'PHP message: PHP Fatal error: Uncaught Error: Class "HTMLPurifier_AttrDef" not found in /home/techb158/immovalet.com/vendor/ezyang/htmlpurifier/library/HTMLPurifier/AttrDef/HTML/Color.php:6\nStack trace:\n#0 {main}\n thrown in /home/techb158/immovalet.com/vendor/ezyang/htmlpurifier/library/HTMLPurifier/AttrDef/HTML/Color.php on line 6'
[Mon Sep 07 11:09:24.203607 2026] [proxy_fcgi:error] [pid 1292519:tid 1292527] [client 156.146.33.66:49792] AH01071: Got error 'PHP message: PHP Fatal error: Uncaught Error: Class 'WPForms\\Vendor\\Stripe\\ApiResource' not found in /home/techb158/public_html/wp-content/plugins/wpforms-lite/vendor_prefixed/stripe/stripe-php/lib/Apps/Secret.php:27\nStack trace:\n#0 {main}\n thrown in /home/techb158/public_html/wp-content/plugins/wpforms-lite/vendor_prefixed/stripe/stripe-php/lib/Apps/Secret.php on line 27'
[Mon Sep 07 11:09:24.508174 2026] [proxy_fcgi:error] [pid 1292456:tid 1292462] [client 156.146.33.66:49796] AH01071: Got error 'PHP message: PHP Fatal error: Uncaught Error: Class 'WPForms\\Vendor\\Stripe\\SingletonApiResource' not found in /home/techb158/public_html/wp-content/plugins/wpforms-lite/vendor_prefixed/stripe/stripe-php/lib/Balance.php:27\nStack trace:\n#0 {main}\n thrown in /home/techb158/public_html/wp-content/plugins/wpforms-lite/vendor_prefixed/stripe/stripe-php/lib/Balance.php on line 27'
[Mon Sep 07 11:09:24.813637 2026] [proxy_fcgi:error] [pid 1292344:tid 1292358] [client 156.146.33.66:49808] AH01071: Got error 'PHP message: PHP Fatal error: Uncaught Error: Class 'WPForms\\Vendor\\Stripe\\ApiResource' not found in /home/techb158/public_html/wp-content/plugins/wpforms-lite/vendor_prefixed/stripe/stripe-php/lib/BalanceTransaction.php:28\nStack trace:\n#0 {main}\n thrown in /home/techb158/public_html/wp-content/plugins/wpforms-lite/vendor_prefixed/stripe/stripe-php/lib/BalanceTransaction.php on line 28'
[Mon Sep 07 11:09:25.122929 2026] [proxy_fcgi:error] [pid 1292519:tid 1292529] [client 156.146.33.66:49818] AH01071: Got error 'PHP message: PHP Fatal error: Uncaught Error: Class 'WPForms\\Vendor\\Stripe\\ApiResource' not found in /home/techb158/public_html/wp-content/plugins/wpforms-lite/vendor_prefixed/stripe/stripe-php/lib/BankAccount.php:35\nStack trace:\n#0 {main}\n thrown in /home/techb158/public_html/wp-content/plugins/wpforms-lite/vendor_prefixed/stripe/stripe-php/lib/BankAccount.php on line 35'
[Mon Sep 07 11:09:25.427681 2026] [proxy_fcgi:error] [pid 1292394:tid 1292401] [client 156.146.33.66:49832] AH01071: Got error 'PHP message: PHP Fatal error: Uncaught Error: Interface 'WPForms\\Vendor\\Stripe\\StripeClientInterface' not found in /home/techb158/public_html/wp-content/plugins/wpforms-lite/vendor_prefixed/stripe/stripe-php/lib/BaseStripeClient.php:6\nStack trace:\n#0 {main}\n thrown in /home/techb158/public_html/wp-content/plugins/wpforms-lite/vendor_prefixed/stripe/stripe-php/lib/BaseStripeClient.php on line 6'
[Mon Sep 07 11:09:26.978827 2026] [proxy_fcgi:error] [pid 1292344:tid 1292367] [client 156.146.33.66:49844] AH01071: Got error 'PHP message: PHP Fatal error: Uncaught Error: Class 'WPForms\\Vendor\\Stripe\\ApiResource' not found in /home/techb158/public_html/wp-content/plugins/wpforms-lite/vendor_prefixed/stripe/stripe-php/lib/Billing/Alert.php:17\nStack trace:\n#0 {main}\n thrown in /home/techb158/public_html/wp-content/plugins/wpforms-lite/vendor_prefixed/stripe/stripe-php/lib/Billing/Alert.php on line 17'
[Mon Sep 07 11:09:27.284215 2026] [proxy_fcgi:error] [pid 1292394:tid 1292398] [client 156.146.33.66:49848] AH01071: Got error 'PHP message: PHP Fatal error: Uncaught Error: Class 'WPForms\\Vendor\\Stripe\\ApiResource' not found in /home/techb158/public_html/wp-content/plugins/wpforms-lite/vendor_prefixed/stripe/stripe-php/lib/Billing/AlertTriggered.php:14\nStack trace:\n#0 {main}\n thrown in /home/techb158/public_html/wp-content/plugins/wpforms-lite/vendor_prefixed/stripe/stripe-php/lib/Billing/AlertTriggered.php on line 14'
[Mon Sep 07 11:09:27.589448 2026] [proxy_fcgi:error] [pid 1292344:tid 1292369] [client 156.146.33.66:49864] AH01071: Got error 'PHP message: PHP Fatal error: Uncaught Error: Class 'WPForms\\Vendor\\Stripe\\SingletonApiResource' not found in /home/techb158/public_html/wp-content/plugins/wpforms-lite/vendor_prefixed/stripe/stripe-php/lib/Billing/CreditBalanceSummary.php:14\nStack trace:\n#0 {main}\n thrown in /home/techb158/public_html/wp-content/plugins/wpforms-lite/vendor_prefixed/stripe/stripe-php/lib/Billing/CreditBalanceSummary.php on line 14'
[Mon Sep 07 11:09:27.894425 2026] [proxy_fcgi:error] [pid 1292519:tid 1292523] [client 156.146.33.66:49880] AH01071: Got error 'PHP message: PHP Fatal error: Uncaught Error: Class 'WPForms\\Vendor\\Stripe\\ApiResource' not found in /home/techb158/public_html/wp-content/plugins/wpforms-lite/vendor_prefixed/stripe/stripe-php/lib/Billing/CreditBalanceTransaction.php:20\nStack trace:\n#0 {main}\n thrown in /home/techb158/public_html/wp-content/plugins/wpforms-lite/vendor_prefixed/stripe/stripe-php/lib/Billing/CreditBalanceTransaction.php on line 20'
[Mon Sep 07 11:09:28.200749 2026] [proxy_fcgi:error] [pid 1292243:tid 1292266] [client 156.146.33.66:49894] AH01071: Got error 'PHP message: PHP Fatal error: Uncaught Error: Class 'WPForms\\Vendor\\Stripe\\ApiResource' not found in /home/techb158/public_html/wp-content/plugins/wpforms-lite/vendor_prefixed/stripe/stripe-php/lib/Billing/CreditGrant.php:27\nStack trace:\n#0 {main}\n thrown in /home/techb158/public_html/wp-content/plugins/wpforms-lite/vendor_prefixed/stripe/stripe-php/lib/Billing/CreditGrant.php on line 27'
[Mon Sep 07 11:09:28.505412 2026] [proxy_fcgi:error] [pid 1292344:tid 1292365] [client 156.146.33.66:49902] AH01071: Got error 'PHP message: PHP Fatal error: Uncaught Error: Class 'WPForms\\Vendor\\Stripe\\ApiResource' not found in /home/techb158/public_html/wp-content/plugins/wpforms-lite/vendor_prefixed/stripe/stripe-php/lib/Billing/Meter.php:25\nStack trace:\n#0 {main}\n thrown in /home/techb158/public_html/wp-content/plugins/wpforms-lite/vendor_prefixed/stripe/stripe-php/lib/Billing/Meter.php on line 25'
[Mon Sep 07 11:09:28.811213 2026] [proxy_fcgi:error] [pid 1292314:tid 1292321] [client 156.146.33.66:49918] AH01071: Got error 'PHP message: PHP Fatal error: Uncaught Error: Class 'WPForms\\Vendor\\Stripe\\ApiResource' not found in /home/techb158/public_html/wp-content/plugins/wpforms-lite/vendor_prefixed/stripe/stripe-php/lib/Billing/MeterEvent.php:17\nStack trace:\n#0 {main}\n thrown in /home/techb158/public_html/wp-content/plugins/wpforms-lite/vendor_prefixed/stripe/stripe-php/lib/Billing/MeterEvent.php on line 17'
[Mon Sep 07 11:09:29.119356 2026] [proxy_fcgi:error] [pid 1292394:tid 1292397] [client 156.146.33.66:49926] AH01071: Got error 'PHP message: PHP Fatal error: Uncaught Error: Class 'WPForms\\Vendor\\Stripe\\ApiResource' not found in /home/techb158/public_html/wp-content/plugins/wpforms-lite/vendor_prefixed/stripe/stripe-php/lib/Billing/MeterEventAdjustment.php:16\nStack trace:\n#0 {main}\n thrown in /home/techb158/public_html/wp-content/plugins/wpforms-lite/vendor_prefixed/stripe/stripe-php/lib/Billing/MeterEventAdjustment.php on line 16'
[Mon Sep 07 11:09:29.431625 2026] [proxy_fcgi:error] [pid 1292344:tid 1292364] [client 156.146.33.66:49940] AH01071: Got error 'PHP message: PHP Fatal error: Uncaught Error: Class 'WPForms\\Vendor\\Stripe\\ApiResource' not found in /home/techb158/public_html/wp-content/plugins/wpforms-lite/vendor_prefixed/stripe/stripe-php/lib/Billing/MeterEventSummary.php:18\nStack trace:\n#0 {main}\n thrown in /home/techb158/public_html/wp-content/plugins/wpforms-lite/vendor_prefixed/stripe/stripe-php/lib/Billing/MeterEventSummary.php on line 18'
[Mon Sep 07 11:09:30.950472 2026] [proxy_fcgi:error] [pid 1292394:tid 1292399] [client 156.146.33.66:49954] AH01071: Got error 'PHP message: PHP Fatal error: Uncaught Error: Class 'WPForms\\Vendor\\Stripe\\ApiResource' not found in /home/techb158/public_html/wp-content/plugins/wpforms-lite/vendor_prefixed/stripe/stripe-php/lib/BillingPortal/Configuration.php:23\nStack trace:\n#0 {main}\n thrown in /home/techb158/public_html/wp-content/plugins/wpforms-lite/vendor_prefixed/stripe/stripe-php/lib/BillingPortal/Configuration.php on line 23'
[Mon Sep 07 11:09:31.256460 2026] [proxy_fcgi:error] [pid 1292394:tid 1292406] [client 156.146.33.66:57990] AH01071: Got error 'PHP message: PHP Fatal error: Uncaught Error: Class 'WPForms\\Vendor\\Stripe\\ApiResource' not found in /home/techb158/public_html/wp-content/plugins/wpforms-lite/vendor_prefixed/stripe/stripe-php/lib/BillingPortal/Session.php:34\nStack trace:\n#0 {main}\n thrown in /home/techb158/public_html/wp-content/plugins/wpforms-lite/vendor_prefixed/stripe/stripe-php/lib/BillingPortal/Session.php on line 34'
[Mon Sep 07 11:09:31.562694 2026] [proxy_fcgi:error] [pid 1292456:tid 1292461] [client 156.146.33.66:58000] AH01071: Got error 'PHP message: PHP Fatal error: Uncaught Error: Class 'WPForms\\Vendor\\Stripe\\ApiResource' not found in /home/techb158/public_html/wp-content/plugins/wpforms-lite/vendor_prefixed/stripe/stripe-php/lib/Capability.php:20\nStack trace:\n#0 {main}\n thrown in /home/techb158/public_html/wp-content/plugins/wpforms-lite/vendor_prefixed/stripe/stripe-php/lib/Capability.php on line 20'
[Mon Sep 07 11:09:31.867927 2026] [proxy_fcgi:error] [pid 1292314:tid 1292318] [client 156.146.33.66:58006] AH01071: Got error 'PHP message: PHP Fatal error: Uncaught Error: Class 'WPForms\\Vendor\\Stripe\\ApiResource' not found in /home/techb158/public_html/wp-content/plugins/wpforms-lite/vendor_prefixed/stripe/stripe-php/lib/Card.php:45\nStack trace:\n#0 {main}\n thrown in /home/techb158/public_html/wp-content/plugins/wpforms-lite/vendor_prefixed/stripe/stripe-php/lib/Card.php on line 45'
[Mon Sep 07 11:09:32.171896 2026] [proxy_fcgi:error] [pid 1292243:tid 1292315] [client 156.146.33.66:58008] AH01071: Got error 'PHP message: PHP Fatal error: Uncaught Error: Class 'WPForms\\Vendor\\Stripe\\ApiResource' not found in /home/techb158/public_html/wp-content/plugins/wpforms-lite/vendor_prefixed/stripe/stripe-php/lib/CashBalance.php:15\nStack trace:\n#0 {main}\n thrown in /home/techb158/public_html/wp-content/plugins/wpforms-lite/vendor_prefixed/stripe/stripe-php/lib/CashBalance.php on line 15'
[Mon Sep 07 11:09:32.476220 2026] [proxy_fcgi:error] [pid 1292394:tid 1292405] [client 156.146.33.66:58016] AH01071: Got error 'PHP message: PHP Fatal error: Uncaught Error: Class 'WPForms\\Vendor\\Stripe\\ApiResource' not found in /home/techb158/public_html/wp-content/plugins/wpforms-lite/vendor_prefixed/stripe/stripe-php/lib/Charge.php:61\nStack trace:\n#0 {main}\n thrown in /home/techb158/public_html/wp-content/plugins/wpforms-lite/vendor_prefixed/stripe/stripe-php/lib/Charge.php on line 61'
[Mon Sep 07 11:09:33.931642 2026] [proxy_fcgi:error] [pid 1292456:tid 1292478] [client 156.146.33.66:58028] AH01071: Got error 'PHP message: PHP Fatal error: Uncaught Error: Class 'WPForms\\Vendor\\Stripe\\ApiResource' not found in /home/techb158/public_html/wp-content/plugins/wpforms-lite/vendor_prefixed/stripe/stripe-php/lib/Checkout/Session.php:80\nStack trace:\n#0 {main}\n thrown in /home/techb158/public_html/wp-content/plugins/wpforms-lite/vendor_prefixed/stripe/stripe-php/lib/Checkout/Session.php on line 80'
[Mon Sep 07 11:09:34.229368 2026] [proxy_fcgi:error] [pid 1292243:tid 1292252] [client 57.141.4.42:50570] AH01071: Got error 'PHP message: PHP Fatal error: Uncaught Error: Class "phpseclib3\\Crypt\\EC\\Curves\\sect571k1" not found in /home/techb158/immovalet.com/vendor/phpseclib/phpseclib/phpseclib/Crypt/EC/Curves/nistt571.php:18\nStack trace:\n#0 {main}\n thrown in /home/techb158/immovalet.com/vendor/phpseclib/phpseclib/phpseclib/Crypt/EC/Curves/nistt571.php on line 18'
[Mon Sep 07 11:09:34.499438 2026] [proxy_fcgi:error] [pid 1292344:tid 1292372] [client 216.73.216.58:10774] AH01071: Got error 'Primary script unknown'
[Mon Sep 07 11:09:35.345887 2026] [proxy_fcgi:error] [pid 1292394:tid 1292418] [client 156.146.33.66:58040] AH01071: Got error 'PHP message: PHP Fatal error: Uncaught Error: Class 'WPForms\\Vendor\\Stripe\\ApiResource' not found in /home/techb158/public_html/wp-content/plugins/wpforms-lite/vendor_prefixed/stripe/stripe-php/lib/Climate/Order.php:33\nStack trace:\n#0 {main}\n thrown in /home/techb158/public_html/wp-content/plugins/wpforms-lite/vendor_prefixed/stripe/stripe-php/lib/Climate/Order.php on line 33'
[Mon Sep 07 11:09:35.650117 2026] [proxy_fcgi:error] [pid 1292344:tid 1292371] [client 156.146.33.66:58050] AH01071: Got error 'PHP message: PHP Fatal error: Uncaught Error: Class 'WPForms\\Vendor\\Stripe\\ApiResource' not found in /home/techb158/public_html/wp-content/plugins/wpforms-lite/vendor_prefixed/stripe/stripe-php/lib/Climate/Product.php:20\nStack trace:\n#0 {main}\n thrown in /home/techb158/public_html/wp-content/plugins/wpforms-lite/vendor_prefixed/stripe/stripe-php/lib/Climate/Product.php on line 20'
[Mon Sep 07 11:09:35.956526 2026] [proxy_fcgi:error] [pid 1292314:tid 1292319] [client 156.146.33.66:58054] AH01071: Got error 'PHP message: PHP Fatal error: Uncaught Error: Class 'WPForms\\Vendor\\Stripe\\ApiResource' not found in /home/techb158/public_html/wp-content/plugins/wpforms-lite/vendor_prefixed/stripe/stripe-php/lib/Climate/Supplier.php:17\nStack trace:\n#0 {main}\n thrown in /home/techb158/public_html/wp-content/plugins/wpforms-lite/vendor_prefixed/stripe/stripe-php/lib/Climate/Supplier.php on line 17'
[Mon Sep 07 11:09:36.261227 2026] [proxy_fcgi:error] [pid 1292456:tid 1292465] [client 156.146.33.66:58068] AH01071: Got error 'PHP message: PHP Fatal error: Uncaught Error: Class 'WPForms\\Vendor\\Stripe\\StripeObject' not found in /home/techb158/public_html/wp-content/plugins/wpforms-lite/vendor_prefixed/stripe/stripe-php/lib/Collection.php:16\nStack trace:\n#0 {main}\n thrown in /home/techb158/public_html/wp-content/plugins/wpforms-lite/vendor_prefixed/stripe/stripe-php/lib/Collection.php on line 16'
[Mon Sep 07 11:09:36.565889 2026] [proxy_fcgi:error] [pid 1292314:tid 1292335] [client 156.146.33.66:58070] AH01071: Got error 'PHP message: PHP Fatal error: Uncaught Error: Class 'WPForms\\Vendor\\Stripe\\ApiResource' not found in /home/techb158/public_html/wp-content/plugins/wpforms-lite/vendor_prefixed/stripe/stripe-php/lib/ConfirmationToken.php:30\nStack trace:\n#0 {main}\n thrown in /home/techb158/public_html/wp-content/plugins/wpforms-lite/vendor_prefixed/stripe/stripe-php/lib/ConfirmationToken.php on line 30'
[Mon Sep 07 11:09:36.870729 2026] [proxy_fcgi:error] [pid 1292344:tid 1292359] [client 156.146.33.66:58074] AH01071: Got error 'PHP message: PHP Fatal error: Uncaught Error: Class 'WPForms\\Vendor\\Stripe\\ApiResource' not found in /home/techb158/public_html/wp-content/plugins/wpforms-lite/vendor_prefixed/stripe/stripe-php/lib/ConnectCollectionTransfer.php:14\nStack trace:\n#0 {main}\n thrown in /home/techb158/public_html/wp-content/plugins/wpforms-lite/vendor_prefixed/stripe/stripe-php/lib/ConnectCollectionTransfer.php on line 14'
[Mon Sep 07 11:09:37.176534 2026] [proxy_fcgi:error] [pid 1292243:tid 1292250] [client 156.146.33.66:58090] AH01071: Got error 'PHP message: PHP Fatal error: Uncaught Error: Class 'WPForms\\Vendor\\Stripe\\ApiResource' not found in /home/techb158/public_html/wp-content/plugins/wpforms-lite/vendor_prefixed/stripe/stripe-php/lib/CountrySpec.php:23\nStack trace:\n#0 {main}\n thrown in /home/techb158/public_html/wp-content/plugins/wpforms-lite/vendor_prefixed/stripe/stripe-php/lib/CountrySpec.php on line 23'
[Mon Sep 07 11:09:37.495255 2026] [proxy_fcgi:error] [pid 1292344:tid 1292354] [client 156.146.33.66:58106] AH01071: Got error 'PHP message: PHP Fatal error: Uncaught Error: Class 'WPForms\\Vendor\\Stripe\\ApiResource' not found in /home/techb158/public_html/wp-content/plugins/wpforms-lite/vendor_prefixed/stripe/stripe-php/lib/Coupon.php:29\nStack trace:\n#0 {main}\n thrown in /home/techb158/public_html/wp-content/plugins/wpforms-lite/vendor_prefixed/stripe/stripe-php/lib/Coupon.php on line 29'
[Mon Sep 07 11:09:37.801149 2026] [proxy_fcgi:error] [pid 1292243:tid 1292256] [client 156.146.33.66:58122] AH01071: Got error 'PHP message: PHP Fatal error: Uncaught Error: Class 'WPForms\\Vendor\\Stripe\\ApiResource' not found in /home/techb158/public_html/wp-content/plugins/wpforms-lite/vendor_prefixed/stripe/stripe-php/lib/CreditNote.php:43\nStack trace:\n#0 {main}\n thrown in /home/techb158/public_html/wp-content/plugins/wpforms-lite/vendor_prefixed/stripe/stripe-php/lib/CreditNote.php on line 43'
[Mon Sep 07 11:09:38.108653 2026] [proxy_fcgi:error] [pid 1292344:tid 1292362] [client 156.146.33.66:58138] AH01071: Got error 'PHP message: PHP Fatal error: Uncaught Error: Class 'WPForms\\Vendor\\Stripe\\ApiResource' not found in /home/techb158/public_html/wp-content/plugins/wpforms-lite/vendor_prefixed/stripe/stripe-php/lib/CreditNoteLineItem.php:27\nStack trace:\n#0 {main}\n thrown in /home/techb158/public_html/wp-content/plugins/wpforms-lite/vendor_prefixed/stripe/stripe-php/lib/CreditNoteLineItem.php on line 27'
[Mon Sep 07 11:09:38.381197 2026] [proxy_fcgi:error] [pid 1292394:tid 1292407] [client 216.73.216.188:61095] AH01071: Got error 'PHP message: PHP Fatal error: Uncaught Error: Class "Aws\\Exception\\AwsException" not found in /home/techb158/immovalet.com/vendor/aws/aws-sdk-php/src/PI/Exception/PIException.php:9\nStack trace:\n#0 {main}\n thrown in /home/techb158/immovalet.com/vendor/aws/aws-sdk-php/src/PI/Exception/PIException.php on line 9'
[Mon Sep 07 11:09:38.414288 2026] [proxy_fcgi:error] [pid 1292394:tid 1292414] [client 156.146.33.66:58152] AH01071: Got error 'PHP message: PHP Fatal error: Uncaught Error: Class 'WPForms\\Vendor\\Stripe\\ApiResource' not found in /home/techb158/public_html/wp-content/plugins/wpforms-lite/vendor_prefixed/stripe/stripe-php/lib/Customer.php:39\nStack trace:\n#0 {main}\n thrown in /home/techb158/public_html/wp-content/plugins/wpforms-lite/vendor_prefixed/stripe/stripe-php/lib/Customer.php on line 39'
[Mon Sep 07 11:09:38.721166 2026] [proxy_fcgi:error] [pid 1292344:tid 1292355] [client 156.146.33.66:58154] AH01071: Got error 'PHP message: PHP Fatal error: Uncaught Error: Class 'WPForms\\Vendor\\Stripe\\ApiResource' not found in /home/techb158/public_html/wp-content/plugins/wpforms-lite/vendor_prefixed/stripe/stripe-php/lib/CustomerBalanceTransaction.php:28\nStack trace:\n#0 {main}\n thrown in /home/techb158/public_html/wp-content/plugins/wpforms-lite/vendor_prefixed/stripe/stripe-php/lib/CustomerBalanceTransaction.php on line 28'
[Mon Sep 07 11:09:39.092548 2026] [proxy_fcgi:error] [pid 1292314:tid 1292323] [client 156.146.33.66:58158] AH01071: Got error 'PHP message: PHP Fatal error: Uncaught Error: Class 'WPForms\\Vendor\\Stripe\\ApiResource' not found in /home/techb158/public_html/wp-content/plugins/wpforms-lite/vendor_prefixed/stripe/stripe-php/lib/CustomerCashBalanceTransaction.php:28\nStack trace:\n#0 {main}\n thrown in /home/techb158/public_html/wp-content/plugins/wpforms-lite/vendor_prefixed/stripe/stripe-php/lib/CustomerCashBalanceTransaction.php on line 28'
[Mon Sep 07 11:09:39.402925 2026] [proxy_fcgi:error] [pid 1292519:tid 1292529] [client 156.146.33.66:58168] AH01071: Got error 'PHP message: PHP Fatal error: Uncaught Error: Class 'WPForms\\Vendor\\Stripe\\ApiResource' not found in /home/techb158/public_html/wp-content/plugins/wpforms-lite/vendor_prefixed/stripe/stripe-php/lib/CustomerSession.php:22\nStack trace:\n#0 {main}\n thrown in /home/techb158/public_html/wp-content/plugins/wpforms-lite/vendor_prefixed/stripe/stripe-php/lib/CustomerSession.php on line 22'
[Mon Sep 07 11:09:39.706908 2026] [proxy_fcgi:error] [pid 1292394:tid 1292420] [client 156.146.33.66:58176] AH01071: Got error 'PHP message: PHP Fatal error: Uncaught Error: Class 'WPForms\\Vendor\\Stripe\\ApiResource' not found in /home/techb158/public_html/wp-content/plugins/wpforms-lite/vendor_prefixed/stripe/stripe-php/lib/Discount.php:25\nStack trace:\n#0 {main}\n thrown in /home/techb158/public_html/wp-content/plugins/wpforms-lite/vendor_prefixed/stripe/stripe-php/lib/Discount.php on line 25'
[Mon Sep 07 11:09:39.859744 2026] [proxy_fcgi:error] [pid 1292314:tid 1292336] [client 4.247.143.170:2852] AH01071: Got error 'Primary script unknown'
[Mon Sep 07 11:09:40.014025 2026] [proxy_fcgi:error] [pid 1292344:tid 1292350] [client 156.146.33.66:58186] AH01071: Got error 'PHP message: PHP Fatal error: Uncaught Error: Class 'WPForms\\Vendor\\Stripe\\ApiResource' not found in /home/techb158/public_html/wp-content/plugins/wpforms-lite/vendor_prefixed/stripe/stripe-php/lib/Dispute.php:32\nStack trace:\n#0 {main}\n thrown in /home/techb158/public_html/wp-content/plugins/wpforms-lite/vendor_prefixed/stripe/stripe-php/lib/Dispute.php on line 32'
[Mon Sep 07 11:09:41.447708 2026] [proxy_fcgi:error] [pid 1292519:tid 1292525] [client 156.146.33.66:58188] AH01071: Got error 'PHP message: PHP Fatal error: Uncaught Error: Class 'WPForms\\Vendor\\Stripe\\ApiResource' not found in /home/techb158/public_html/wp-content/plugins/wpforms-lite/vendor_prefixed/stripe/stripe-php/lib/Entitlements/ActiveEntitlement.php:15\nStack trace:\n#0 {main}\n thrown in /home/techb158/public_html/wp-content/plugins/wpforms-lite/vendor_prefixed/stripe/stripe-php/lib/Entitlements/ActiveEntitlement.php on line 15'
[Mon Sep 07 11:09:41.753739 2026] [proxy_fcgi:error] [pid 1292314:tid 1292332] [client 156.146.33.66:50812] AH01071: Got error 'PHP message: PHP Fatal error: Uncaught Error: Class 'WPForms\\Vendor\\Stripe\\ApiResource' not found in /home/techb158/public_html/wp-content/plugins/wpforms-lite/vendor_prefixed/stripe/stripe-php/lib/Entitlements/ActiveEntitlementSummary.php:14\nStack trace:\n#0 {main}\n thrown in /home/techb158/public_html/wp-content/plugins/wpforms-lite/vendor_prefixed/stripe/stripe-php/lib/Entitlements/ActiveEntitlementSummary.php on line 14'
[Mon Sep 07 11:09:42.080726 2026] [proxy_fcgi:error] [pid 1292519:tid 1292535] [client 156.146.33.66:50824] AH01071: Got error 'PHP message: PHP Fatal error: Uncaught Error: Class 'WPForms\\Vendor\\Stripe\\ApiResource' not found in /home/techb158/public_html/wp-content/plugins/wpforms-lite/vendor_prefixed/stripe/stripe-php/lib/Entitlements/Feature.php:18\nStack trace:\n#0 {main}\n thrown in /home/techb158/public_html/wp-content/plugins/wpforms-lite/vendor_prefixed/stripe/stripe-php/lib/Entitlements/Feature.php on line 18'
[Mon Sep 07 11:09:42.386800 2026] [proxy_fcgi:error] [pid 1292243:tid 1292265] [client 156.146.33.66:50832] AH01071: Got error 'PHP message: PHP Fatal error: Uncaught Error: Class 'WPForms\\Vendor\\Stripe\\ApiResource' not found in /home/techb158/public_html/wp-content/plugins/wpforms-lite/vendor_prefixed/stripe/stripe-php/lib/EphemeralKey.php:14\nStack trace:\n#0 {main}\n thrown in /home/techb158/public_html/wp-content/plugins/wpforms-lite/vendor_prefixed/stripe/stripe-php/lib/EphemeralKey.php on line 14'
[Mon Sep 07 11:09:42.693914 2026] [proxy_fcgi:error] [pid 1292519:tid 1292539] [client 156.146.33.66:50840] AH01071: Got error 'PHP message: PHP Fatal error: Uncaught Error: Class 'WPForms\\Vendor\\Stripe\\StripeObject' not found in /home/techb158/public_html/wp-content/plugins/wpforms-lite/vendor_prefixed/stripe/stripe-php/lib/ErrorObject.php:38\nStack trace:\n#0 {main}\n thrown in /home/techb158/public_html/wp-content/plugins/wpforms-lite/vendor_prefixed/stripe/stripe-php/lib/ErrorObject.php on line 38'
[Mon Sep 07 11:09:43.000172 2026] [proxy_fcgi:error] [pid 1292519:tid 1292523] [client 156.146.33.66:50842] AH01071: Got error 'PHP message: PHP Fatal error: Uncaught Error: Class 'WPForms\\Vendor\\Stripe\\ApiResource' not found in /home/techb158/public_html/wp-content/plugins/wpforms-lite/vendor_prefixed/stripe/stripe-php/lib/Event.php:52\nStack trace:\n#0 {main}\n thrown in /home/techb158/public_html/wp-content/plugins/wpforms-lite/vendor_prefixed/stripe/stripe-php/lib/Event.php on line 52'
[Mon Sep 07 11:09:43.854091 2026] [proxy_fcgi:error] [pid 1292314:tid 1292336] [client 4.247.143.170:2852] AH01071: Got error 'Primary script unknown'
[Mon Sep 07 11:09:44.254383 2026] [proxy_fcgi:error] [pid 1292456:tid 1292482] [client 216.73.216.58:19383] AH01071: Got error 'Primary script unknown'
[Mon Sep 07 11:09:44.534427 2026] [proxy_fcgi:error] [pid 1292394:tid 1292401] [client 156.146.33.66:50844] AH01071: Got error 'PHP message: PHP Fatal error: Uncaught Error: Class 'WPForms\\Vendor\\Stripe\\StripeObject' not found in /home/techb158/public_html/wp-content/plugins/wpforms-lite/vendor_prefixed/stripe/stripe-php/lib/EventData/V1BillingMeterErrorReportTriggeredEventData.php:12\nStack trace:\n#0 {main}\n thrown in /home/techb158/public_html/wp-content/plugins/wpforms-lite/vendor_prefixed/stripe/stripe-php/lib/EventData/V1BillingMeterErrorReportTriggeredEventData.php on line 12'
[Mon Sep 07 11:09:44.693919 2026] [cgid:error] [pid 1292314:tid 1292336] [client 4.247.143.170:2852] AH01264: stderr from /home/techb158/_wildcard_.techbala.com/cgi-bin: script not found or unable to stat
[Mon Sep 07 11:09:44.840299 2026] [proxy_fcgi:error] [pid 1292519:tid 1292538] [client 156.146.33.66:50856] AH01071: Got error 'PHP message: PHP Fatal error: Uncaught Error: Class 'WPForms\\Vendor\\Stripe\\StripeObject' not found in /home/techb158/public_html/wp-content/plugins/wpforms-lite/vendor_prefixed/stripe/stripe-php/lib/EventData/V1BillingMeterNoMeterFoundEventData.php:12\nStack trace:\n#0 {main}\n thrown in /home/techb158/public_html/wp-content/plugins/wpforms-lite/vendor_prefixed/stripe/stripe-php/lib/EventData/V1BillingMeterNoMeterFoundEventData.php on line 12'
[Mon Sep 07 11:09:45.325669 2026] [proxy_fcgi:error] [pid 1292314:tid 1292336] [client 4.247.143.170:2852] AH01071: Got error 'Primary script unknown'
[Mon Sep 07 11:09:45.443257 2026] [proxy_fcgi:error] [pid 1292456:tid 1292482] [client 216.73.216.58:19383] AH01071: Got error 'Primary script unknown'
[Mon Sep 07 11:09:45.535967 2026] [proxy_fcgi:error] [pid 1292314:tid 1292336] [client 4.247.143.170:2852] AH01071: Got error 'Primary script unknown'
[Mon Sep 07 11:09:46.339731 2026] [proxy_fcgi:error] [pid 1292456:tid 1292478] [client 156.146.33.66:50866] AH01071: Got error 'PHP message: PHP Fatal error: Uncaught Error: Class 'WPForms\\Vendor\\Stripe\\V2\\Event' not found in /home/techb158/public_html/wp-content/plugins/wpforms-lite/vendor_prefixed/stripe/stripe-php/lib/Events/V1BillingMeterErrorReportTriggeredEvent.php:10\nStack trace:\n#0 {main}\n thrown in /home/techb158/public_html/wp-content/plugins/wpforms-lite/vendor_prefixed/stripe/stripe-php/lib/Events/V1BillingMeterErrorReportTriggeredEvent.php on line 10'
[Mon Sep 07 11:09:46.377284 2026] [proxy_fcgi:error] [pid 1292314:tid 1292336] [client 4.247.143.170:2852] AH01071: Got error 'Primary script unknown'
[Mon Sep 07 11:09:46.646199 2026] [proxy_fcgi:error] [pid 1292314:tid 1292318] [client 156.146.33.66:50870] AH01071: Got error 'PHP message: PHP Fatal error: Uncaught Error: Class 'WPForms\\Vendor\\Stripe\\V2\\Event' not found in /home/techb158/public_html/wp-content/plugins/wpforms-lite/vendor_prefixed/stripe/stripe-php/lib/Events/V1BillingMeterNoMeterFoundEvent.php:9\nStack trace:\n#0 {main}\n thrown in /home/techb158/public_html/wp-content/plugins/wpforms-lite/vendor_prefixed/stripe/stripe-php/lib/Events/V1BillingMeterNoMeterFoundEvent.php on line 9'
[Mon Sep 07 11:09:48.196974 2026] [proxy_fcgi:error] [pid 1292243:tid 1292252] [client 156.146.33.66:50884] AH01071: Got error 'PHP message: PHP Fatal error: Uncaught Error: Class 'WPForms\\Vendor\\Stripe\\Exception\\ApiErrorException' not found in /home/techb158/public_html/wp-content/plugins/wpforms-lite/vendor_prefixed/stripe/stripe-php/lib/Exception/ApiConnectionException.php:10\nStack trace:\n#0 {main}\n thrown in /home/techb158/public_html/wp-content/plugins/wpforms-lite/vendor_prefixed/stripe/stripe-php/lib/Exception/ApiConnectionException.php on line 10'
[Mon Sep 07 11:09:48.269586 2026] [proxy_fcgi:error] [pid 1292314:tid 1292336] [client 4.247.143.170:2852] AH01071: Got error 'Primary script unknown'
[Mon Sep 07 11:09:48.502733 2026] [proxy_fcgi:error] [pid 1292456:tid 1292480] [client 156.146.33.66:50890] AH01071: Got error 'PHP message: PHP Fatal error: Uncaught Error: Interface 'WPForms\\Vendor\\Stripe\\Exception\\ExceptionInterface' not found in /home/techb158/public_html/wp-content/plugins/wpforms-lite/vendor_prefixed/stripe/stripe-php/lib/Exception/ApiErrorException.php:8\nStack trace:\n#0 {main}\n thrown in /home/techb158/public_html/wp-content/plugins/wpforms-lite/vendor_prefixed/stripe/stripe-php/lib/Exception/ApiErrorException.php on line 8'
[Mon Sep 07 11:09:48.808675 2026] [proxy_fcgi:error] [pid 1292344:tid 1292365] [client 156.146.33.66:50894] AH01071: Got error 'PHP message: PHP Fatal error: Uncaught Error: Class 'WPForms\\Vendor\\Stripe\\Exception\\ApiErrorException' not found in /home/techb158/public_html/wp-content/plugins/wpforms-lite/vendor_prefixed/stripe/stripe-php/lib/Exception/AuthenticationException.php:9\nStack trace:\n#0 {main}\n thrown in /home/techb158/public_html/wp-content/plugins/wpforms-lite/vendor_prefixed/stripe/stripe-php/lib/Exception/AuthenticationException.php on line 9'
[Mon Sep 07 11:09:49.114435 2026] [proxy_fcgi:error] [pid 1292314:tid 1292333] [client 156.146.33.66:50908] AH01071: Got error 'PHP message: PHP Fatal error: Uncaught Error: Interface 'WPForms\\Vendor\\Stripe\\Exception\\ExceptionInterface' not found in /home/techb158/public_html/wp-content/plugins/wpforms-lite/vendor_prefixed/stripe/stripe-php/lib/Exception/BadMethodCallException.php:5\nStack trace:\n#0 {main}\n thrown in /home/techb158/public_html/wp-content/plugins/wpforms-lite/vendor_prefixed/stripe/stripe-php/lib/Exception/BadMethodCallException.php on line 5'
[Mon Sep 07 11:09:49.420904 2026] [proxy_fcgi:error] [pid 1292456:tid 1292479] [client 156.146.33.66:50914] AH01071: Got error 'PHP message: PHP Fatal error: Uncaught Error: Class 'WPForms\\Vendor\\Stripe\\Exception\\ApiErrorException' not found in /home/techb158/public_html/wp-content/plugins/wpforms-lite/vendor_prefixed/stripe/stripe-php/lib/Exception/CardException.php:9\nStack trace:\n#0 {main}\n thrown in /home/techb158/public_html/wp-content/plugins/wpforms-lite/vendor_prefixed/stripe/stripe-php/lib/Exception/CardException.php on line 9'
[Mon Sep 07 11:09:49.831945 2026] [proxy_fcgi:error] [pid 1292314:tid 1292324] [client 156.146.33.66:50928] AH01071: Got error 'PHP message: PHP Fatal error: Uncaught Error: Class 'WPForms\\Vendor\\Stripe\\Exception\\ApiErrorException' not found in /home/techb158/public_html/wp-content/plugins/wpforms-lite/vendor_prefixed/stripe/stripe-php/lib/Exception/IdempotencyException.php:9\nStack trace:\n#0 {main}\n thrown in /home/techb158/public_html/wp-content/plugins/wpforms-lite/vendor_prefixed/stripe/stripe-php/lib/Exception/IdempotencyException.php on line 9'
[Mon Sep 07 11:09:50.139236 2026] [proxy_fcgi:error] [pid 1292456:tid 1292465] [client 156.146.33.66:50930] AH01071: Got error 'PHP message: PHP Fatal error: Uncaught Error: Interface 'WPForms\\Vendor\\Stripe\\Exception\\ExceptionInterface' not found in /home/techb158/public_html/wp-content/plugins/wpforms-lite/vendor_prefixed/stripe/stripe-php/lib/Exception/InvalidArgumentException.php:5\nStack trace:\n#0 {main}\n thrown in /home/techb158/public_html/wp-content/plugins/wpforms-lite/vendor_prefixed/stripe/stripe-php/lib/Exception/InvalidArgumentException.php on line 5'
[Mon Sep 07 11:09:50.445116 2026] [proxy_fcgi:error] [pid 1292344:tid 1292364] [client 156.146.33.66:50942] AH01071: Got error 'PHP message: PHP Fatal error: Uncaught Error: Class 'WPForms\\Vendor\\Stripe\\Exception\\ApiErrorException' not found in /home/techb158/public_html/wp-content/plugins/wpforms-lite/vendor_prefixed/stripe/stripe-php/lib/Exception/InvalidRequestException.php:9\nStack trace:\n#0 {main}\n thrown in /home/techb158/public_html/wp-content/plugins/wpforms-lite/vendor_prefixed/stripe/stripe-php/lib/Exception/InvalidRequestException.php on line 9'
[Mon Sep 07 11:09:51.004065 2026] [proxy_fcgi:error] [pid 1292314:tid 1292336] [client 4.247.143.170:2852] AH01071: Got error 'Primary script unknown'
[Mon Sep 07 11:09:51.904633 2026] [proxy_fcgi:error] [pid 1292314:tid 1292339] [client 156.146.33.66:50954] AH01071: Got error 'PHP message: PHP Fatal error: Uncaught Error: Interface 'WPForms\\Vendor\\Stripe\\Exception\\ExceptionInterface' not found in /home/techb158/public_html/wp-content/plugins/wpforms-lite/vendor_prefixed/stripe/stripe-php/lib/Exception/OAuth/ExceptionInterface.php:8\nStack trace:\n#0 {main}\n thrown in /home/techb158/public_html/wp-content/plugins/wpforms-lite/vendor_prefixed/stripe/stripe-php/lib/Exception/OAuth/ExceptionInterface.php on line 8'
[Mon Sep 07 11:09:52.209190 2026] [proxy_fcgi:error] [pid 1292519:tid 1292541] [client 156.146.33.66:33984] AH01071: Got error 'PHP message: PHP Fatal error: Uncaught Error: Class 'WPForms\\Vendor\\Stripe\\Exception\\OAuth\\OAuthErrorException' not found in /home/techb158/public_html/wp-content/plugins/wpforms-lite/vendor_prefixed/stripe/stripe-php/lib/Exception/OAuth/InvalidClientException.php:10\nStack trace:\n#0 {main}\n thrown in /home/techb158/public_html/wp-content/plugins/wpforms-lite/vendor_prefixed/stripe/stripe-php/lib/Exception/OAuth/InvalidClientException.php on line 10'
[Mon Sep 07 11:09:52.265342 2026] [proxy_fcgi:error] [pid 1292314:tid 1292336] [client 4.247.143.170:2852] AH01071: Got error 'Primary script unknown'
[Mon Sep 07 11:09:52.523916 2026] [proxy_fcgi:error] [pid 1292394:tid 1292408] [client 156.146.33.66:33998] AH01071: Got error 'PHP message: PHP Fatal error: Uncaught Error: Class 'WPForms\\Vendor\\Stripe\\Exception\\OAuth\\OAuthErrorException' not found in /home/techb158/public_html/wp-content/plugins/wpforms-lite/vendor_prefixed/stripe/stripe-php/lib/Exception/OAuth/InvalidGrantException.php:11\nStack trace:\n#0 {main}\n thrown in /home/techb158/public_html/wp-content/plugins/wpforms-lite/vendor_prefixed/stripe/stripe-php/lib/Exception/OAuth/InvalidGrantException.php on line 11'
[Mon Sep 07 11:09:52.829326 2026] [proxy_fcgi:error] [pid 1292456:tid 1292458] [client 156.146.33.66:34002] AH01071: Got error 'PHP message: PHP Fatal error: Uncaught Error: Class 'WPForms\\Vendor\\Stripe\\Exception\\OAuth\\OAuthErrorException' not found in /home/techb158/public_html/wp-content/plugins/wpforms-lite/vendor_prefixed/stripe/stripe-php/lib/Exception/OAuth/InvalidRequestException.php:9\nStack trace:\n#0 {main}\n thrown in /home/techb158/public_html/wp-content/plugins/wpforms-lite/vendor_prefixed/stripe/stripe-php/lib/Exception/OAuth/InvalidRequestException.php on line 9'
[Mon Sep 07 11:09:52.896440 2026] [proxy_fcgi:error] [pid 1292314:tid 1292336] [client 4.247.143.170:2852] AH01071: Got error 'Primary script unknown'
[Mon Sep 07 11:09:53.133757 2026] [proxy_fcgi:error] [pid 1292314:tid 1292337] [client 156.146.33.66:34008] AH01071: Got error 'PHP message: PHP Fatal error: Uncaught Error: Class 'WPForms\\Vendor\\Stripe\\Exception\\OAuth\\OAuthErrorException' not found in /home/techb158/public_html/wp-content/plugins/wpforms-lite/vendor_prefixed/stripe/stripe-php/lib/Exception/OAuth/InvalidScopeException.php:8\nStack trace:\n#0 {main}\n thrown in /home/techb158/public_html/wp-content/plugins/wpforms-lite/vendor_prefixed/stripe/stripe-php/lib/Exception/OAuth/InvalidScopeException.php on line 8'
[Mon Sep 07 11:09:53.441201 2026] [proxy_fcgi:error] [pid 1292243:tid 1292256] [client 156.146.33.66:34024] AH01071: Got error 'PHP message: PHP Fatal error: Uncaught Error: Class 'WPForms\\Vendor\\Stripe\\Exception\\ApiErrorException' not found in /home/techb158/public_html/wp-content/plugins/wpforms-lite/vendor_prefixed/stripe/stripe-php/lib/Exception/OAuth/OAuthErrorException.php:9\nStack trace:\n#0 {main}\n thrown in /home/techb158/public_html/wp-content/plugins/wpforms-lite/vendor_prefixed/stripe/stripe-php/lib/Exception/OAuth/OAuthErrorException.php on line 9'
