[Mon Sep 07 11:25:03.196544 2026] [proxy_fcgi:error] [pid 1292456:tid 1292476] [client 216.73.216.252:10909] AH01071: Got error 'Primary script unknown'
[Mon Sep 07 11:25:03.201649 2026] [proxy_fcgi:error] [pid 1292519:tid 1292536] [client 216.73.216.252:25203] AH01071: Got error 'Primary script unknown'
[Mon Sep 07 11:25:03.209732 2026] [core:error] [pid 1292344:tid 1292356] [client 216.73.216.252:46446] AH10244: invalid URI path (//%22%3C%=Reques%22)
[Mon Sep 07 11:25:03.210243 2026] [proxy_fcgi:error] [pid 1292344:tid 1292356] [client 216.73.216.252:46446] AH01071: Got error 'Primary script unknown'
[Mon Sep 07 11:25:03.250835 2026] [proxy_fcgi:error] [pid 1292519:tid 1292536] [client 216.73.216.252:25203] AH01071: Got error 'Primary script unknown'
[Mon Sep 07 11:25:03.469395 2026] [core:error] [pid 1292519:tid 1292536] [client 216.73.216.252:25203] AH10244: invalid URI path (//%22%3C%=Request.Ser%22)
[Mon Sep 07 11:25:03.470016 2026] [proxy_fcgi:error] [pid 1292519:tid 1292536] [client 216.73.216.252:25203] AH01071: Got error 'Primary script unknown'
[Mon Sep 07 11:25:03.558622 2026] [proxy_fcgi:error] [pid 1292456:tid 1292476] [client 216.73.216.252:10909] AH01071: Got error 'Primary script unknown'
[Mon Sep 07 11:25:03.584466 2026] [proxy_fcgi:error] [pid 1292456:tid 1292476] [client 216.73.216.252:10909] AH01071: Got error 'Primary script unknown'
[Mon Sep 07 11:25:03.625768 2026] [proxy_fcgi:error] [pid 1292456:tid 1292476] [client 216.73.216.252:10909] AH01071: Got error 'Primary script unknown'
[Mon Sep 07 11:25:03.632116 2026] [proxy_fcgi:error] [pid 1292243:tid 1292265] [client 216.73.216.252:56702] AH01071: Got error 'Primary script unknown'
[Mon Sep 07 11:25:03.702633 2026] [proxy_fcgi:error] [pid 1292243:tid 1292265] [client 216.73.216.252:56702] AH01071: Got error 'Primary script unknown'
[Mon Sep 07 11:25:03.794351 2026] [proxy_fcgi:error] [pid 1292243:tid 1292265] [client 216.73.216.252:56702] AH01071: Got error 'Primary script unknown'
[Mon Sep 07 11:25:06.808759 2026] [proxy_fcgi:error] [pid 1292243:tid 1292258] [client 216.73.216.232:13219] AH01071: Got error 'Primary script unknown'
[Mon Sep 07 11:25:18.027528 2026] [proxy_fcgi:error] [pid 1292519:tid 1292545] [client 216.73.216.232:5632] AH01071: Got error 'PHP message: PHP Fatal error: Uncaught Error: Class "Illuminate\\Database\\Migrations\\Migration" not found in /home/techb158/immovalet.com/platform/packages/menu/database/migrations/2016_06_14_230857_create_menus_table.php:6\nStack trace:\n#0 {main}\n thrown in /home/techb158/immovalet.com/platform/packages/menu/database/migrations/2016_06_14_230857_create_menus_table.php on line 6'
[Mon Sep 07 11:25:43.682776 2026] [proxy_fcgi:error] [pid 1292394:tid 1292417] [client 216.73.216.226:39285] AH01071: Got error 'Primary script unknown'
[Mon Sep 07 11:25:47.455515 2026] [proxy_fcgi:error] [pid 1292344:tid 1292362] [client 66.249.73.67:42624] AH01067: Failed to read FastCGI header
[Mon Sep 07 11:25:47.455537 2026] [proxy_fcgi:error] [pid 1292344:tid 1292362] (104)Connection reset by peer: [client 66.249.73.67:42624] AH01075: Error dispatching request to :
[Mon Sep 07 11:25:47.463262 2026] [proxy_fcgi:error] [pid 1292456:tid 1292460] [client 143.244.57.118:43904] AH01067: Failed to read FastCGI header
[Mon Sep 07 11:25:47.463295 2026] [proxy_fcgi:error] [pid 1292456:tid 1292460] (104)Connection reset by peer: [client 143.244.57.118:43904] AH01075: Error dispatching request to :
[Mon Sep 07 11:25:47.464155 2026] [proxy_fcgi:error] [pid 1292394:tid 1292397] [client 216.73.216.28:35813] AH01067: Failed to read FastCGI header
[Mon Sep 07 11:25:47.464175 2026] [proxy_fcgi:error] [pid 1292394:tid 1292397] (104)Connection reset by peer: [client 216.73.216.28:35813] AH01075: Error dispatching request to :
[Mon Sep 07 11:25:58.145324 2026] [proxy_fcgi:error] [pid 1292314:tid 1292336] [client 74.7.243.195:34564] AH01071: Got error 'PHP message: PHP Fatal error: Uncaught Error: Call to undefined function env() in /home/techb158/immovalet.com/platform/plugins/backup/config/general.php:4\nStack trace:\n#0 {main}\n thrown in /home/techb158/immovalet.com/platform/plugins/backup/config/general.php on line 4', referer: http://mail.immovalet.com/platform/plugins/backup/config/?C=D;O=A
[Mon Sep 07 11:26:02.253052 2026] [proxy_fcgi:error] [pid 1292243:tid 1292250] [client 74.7.243.195:35466] AH01071: Got error 'PHP message: PHP Fatal error: Uncaught Error: Class "Route" not found in /home/techb158/immovalet.com/platform/plugins/backup/routes/web.php:3\nStack trace:\n#0 {main}\n thrown in /home/techb158/immovalet.com/platform/plugins/backup/routes/web.php on line 3', referer: http://mail.immovalet.com/platform/plugins/backup/routes/?C=M;O=A
[Mon Sep 07 11:26:05.422027 2026] [proxy_fcgi:error] [pid 1292394:tid 1292417] [client 216.73.216.226:39285] AH01071: Got error 'Primary script unknown'
[Mon Sep 07 11:26:05.590328 2026] [proxy_fcgi:error] [pid 1292394:tid 1292417] [client 216.73.216.226:39285] AH01071: Got error 'Primary script unknown'
[Mon Sep 07 11:26:06.066857 2026] [proxy_fcgi:error] [pid 1292394:tid 1292417] [client 216.73.216.226:39285] AH01071: Got error 'Primary script unknown'
[Mon Sep 07 11:26:06.566519 2026] [proxy_fcgi:error] [pid 1292394:tid 1292417] [client 216.73.216.226:39285] AH01071: Got error 'Primary script unknown'
[Mon Sep 07 11:26:06.617159 2026] [proxy_fcgi:error] [pid 1292394:tid 1292402] [client 216.73.216.226:37425] AH01071: Got error 'Primary script unknown'
[Mon Sep 07 11:26:07.134643 2026] [proxy_fcgi:error] [pid 1292394:tid 1292402] [client 216.73.216.226:37425] AH01071: Got error 'Primary script unknown'
[Mon Sep 07 11:26:07.567679 2026] [proxy_fcgi:error] [pid 1292394:tid 1292402] [client 216.73.216.226:37425] AH01071: Got error 'Primary script unknown'
[Mon Sep 07 11:26:08.068485 2026] [proxy_fcgi:error] [pid 1292394:tid 1292402] [client 216.73.216.226:37425] AH01071: Got error 'Primary script unknown'
[Mon Sep 07 11:26:08.569668 2026] [proxy_fcgi:error] [pid 1292394:tid 1292402] [client 216.73.216.226:37425] AH01071: Got error 'Primary script unknown'
[Mon Sep 07 11:26:09.069893 2026] [proxy_fcgi:error] [pid 1292394:tid 1292402] [client 216.73.216.226:37425] AH01071: Got error 'Primary script unknown'
[Mon Sep 07 11:26:09.573695 2026] [proxy_fcgi:error] [pid 1292394:tid 1292402] [client 216.73.216.226:37425] AH01071: Got error 'Primary script unknown'
[Mon Sep 07 11:26:11.393651 2026] [proxy_fcgi:error] [pid 1292394:tid 1292401] [client 216.73.216.226:42294] AH01071: Got error 'Primary script unknown'
[Mon Sep 07 11:26:11.423276 2026] [proxy_fcgi:error] [pid 1292394:tid 1292401] [client 216.73.216.226:42294] AH01071: Got error 'Primary script unknown'
[Mon Sep 07 11:26:11.712914 2026] [proxy_fcgi:error] [pid 1292394:tid 1292401] [client 216.73.216.226:42294] AH01071: Got error 'Primary script unknown'
[Mon Sep 07 11:26:12.082149 2026] [proxy_fcgi:error] [pid 1292394:tid 1292401] [client 216.73.216.226:42294] AH01071: Got error 'Primary script unknown'
[Mon Sep 07 11:26:12.581373 2026] [proxy_fcgi:error] [pid 1292394:tid 1292401] [client 216.73.216.226:42294] AH01071: Got error 'Primary script unknown'
[Mon Sep 07 11:26:13.474991 2026] [proxy_fcgi:error] [pid 1292456:tid 1292476] [client 216.73.216.226:22740] AH01071: Got error 'PHP message: PHP Fatal error: Trait "PhpOffice\\PhpSpreadsheet\\Calculation\\ArrayEnabled" not found in /home/techb158/dev.balacoffee.com/vendor/phpoffice/phpspreadsheet/src/PhpSpreadsheet/Calculation/MathTrig/Operations.php on line 10'
[Mon Sep 07 11:26:14.720795 2026] [proxy_fcgi:error] [pid 1292394:tid 1292399] [client 216.73.216.226:15724] AH01071: Got error 'PHP message: PHP Fatal error: Uncaught Error: Class "Way\\Generators\\Syntax\\Table" not found in /home/techb158/dev.balacoffee.com/vendor/oscarafdev/laravel-4-generators/src/Way/Generators/Syntax/AddToTable.php:3\nStack trace:\n#0 {main}\n thrown in /home/techb158/dev.balacoffee.com/vendor/oscarafdev/laravel-4-generators/src/Way/Generators/Syntax/AddToTable.php on line 3'
[Mon Sep 07 11:26:14.999411 2026] [proxy_fcgi:error] [pid 1292456:tid 1292473] [client 216.73.216.226:13989] AH01071: Got error 'PHP message: PHP Fatal error: Uncaught Error: Class "Way\\Generators\\Syntax\\Table" not found in /home/techb158/dev.balacoffee.com/vendor/oscarafdev/laravel-4-generators/src/Way/Generators/Syntax/CreateTable.php:3\nStack trace:\n#0 {main}\n thrown in /home/techb158/dev.balacoffee.com/vendor/oscarafdev/laravel-4-generators/src/Way/Generators/Syntax/CreateTable.php on line 3'
[Mon Sep 07 11:26:15.591352 2026] [proxy_fcgi:error] [pid 1292314:tid 1292317] [client 216.73.216.226:48052] AH01071: Got error 'PHP message: PHP Fatal error: Trait "PhpOffice\\PhpSpreadsheet\\Calculation\\ArrayEnabled" not found in /home/techb158/dev.balacoffee.com/vendor/phpoffice/phpspreadsheet/src/PhpSpreadsheet/Calculation/MathTrig/Base.php on line 9'
[Mon Sep 07 11:26:16.146079 2026] [proxy_fcgi:error] [pid 1292314:tid 1292337] [client 216.73.216.226:11673] AH01071: Got error 'PHP message: PHP Fatal error: Trait "PhpOffice\\PhpSpreadsheet\\Calculation\\ArrayEnabled" not found in /home/techb158/dev.balacoffee.com/vendor/phpoffice/phpspreadsheet/src/PhpSpreadsheet/Calculation/MathTrig/Absolute.php on line 8'
[Mon Sep 07 11:26:16.991171 2026] [proxy_fcgi:error] [pid 1292456:tid 1292480] [client 216.73.216.226:46695] AH01071: Got error 'PHP message: PHP Fatal error: Trait "PhpOffice\\PhpSpreadsheet\\Calculation\\ArrayEnabled" not found in /home/techb158/dev.balacoffee.com/vendor/phpoffice/phpspreadsheet/src/PhpSpreadsheet/Calculation/MathTrig/Exp.php on line 8'
[Mon Sep 07 11:26:18.603772 2026] [proxy_fcgi:error] [pid 1292243:tid 1292259] [client 216.73.216.226:63942] AH01071: Got error 'PHP message: PHP Fatal error: Trait "PhpOffice\\PhpSpreadsheet\\Calculation\\ArrayEnabled" not found in /home/techb158/dev.balacoffee.com/vendor/phpoffice/phpspreadsheet/src/PhpSpreadsheet/Calculation/MathTrig/Combinations.php on line 8'
[Mon Sep 07 11:26:26.988751 2026] [proxy_fcgi:error] [pid 1292519:tid 1292530] [client 74.7.227.3:34132] AH01071: Got error 'PHP message: PHP Fatal error: Uncaught Error: Interface "League\\CommonMark\\Block\\Parser\\BlockParserInterface" not found in /home/techb158/immovalet.com/vendor/league/commonmark/src/Block/Parser/SetExtHeadingParser.php:24\nStack trace:\n#0 {main}\n thrown in /home/techb158/immovalet.com/vendor/league/commonmark/src/Block/Parser/SetExtHeadingParser.php on line 24', referer: http://immovalet.techbala.com/vendor/league/commonmark/src/Block/Parser/
[Mon Sep 07 11:26:36.675519 2026] [proxy_fcgi:error] [pid 1292243:tid 1292264] [client 216.73.216.232:4763] AH01071: Got error 'PHP message: PHP Fatal error: Uncaught Error: Interface "WordPress\\AiClientDependencies\\Http\\Discovery\\Strategy\\DiscoveryStrategy" not found in /home/techb158/on-time-movers.com/wp-includes/php-ai-client/third-party/Http/Discovery/Strategy/CommonPsr17ClassesStrategy.php:18\nStack trace:\n#0 {main}\n thrown in /home/techb158/on-time-movers.com/wp-includes/php-ai-client/third-party/Http/Discovery/Strategy/CommonPsr17ClassesStrategy.php on line 18'
[Mon Sep 07 11:26:44.059872 2026] [proxy_fcgi:error] [pid 1292456:tid 1292467] [client 74.7.175.164:49048] AH01071: Got error 'Primary script unknown'
[Mon Sep 07 11:26:47.489455 2026] [proxy_fcgi:error] [pid 1292314:tid 1292334] [client 143.244.57.118:57812] AH01067: Failed to read FastCGI header
[Mon Sep 07 11:26:47.489508 2026] [proxy_fcgi:error] [pid 1292314:tid 1292334] (104)Connection reset by peer: [client 143.244.57.118:57812] AH01075: Error dispatching request to :
[Mon Sep 07 11:26:47.498591 2026] [proxy_fcgi:error] [pid 1292314:tid 1292317] [client 66.249.73.71:55384] AH01067: Failed to read FastCGI header
[Mon Sep 07 11:26:47.498623 2026] [proxy_fcgi:error] [pid 1292314:tid 1292317] (104)Connection reset by peer: [client 66.249.73.71:55384] AH01075: Error dispatching request to :
[Mon Sep 07 11:26:55.961190 2026] [proxy_fcgi:error] [pid 1292344:tid 1292368] [client 216.73.216.232:52846] AH01071: Got error 'PHP message: PHP Fatal error: Uncaught Error: Class "PHPUnit\\Framework\\Constraint\\Constraint" not found in /home/techb158/immovalet.com/vendor/symfony/http-foundation/Test/Constraint/ResponseCookieValueSame.php:18\nStack trace:\n#0 {main}\n thrown in /home/techb158/immovalet.com/vendor/symfony/http-foundation/Test/Constraint/ResponseCookieValueSame.php on line 18'
[Mon Sep 07 11:26:56.355426 2026] [proxy_fcgi:error] [pid 1292519:tid 1292544] [client 216.73.216.232:38126] AH01071: Got error 'PHP message: PHP Fatal error: Uncaught Error: Interface "League\\CommonMark\\Block\\Renderer\\BlockRendererInterface" not found in /home/techb158/immovalet.com/vendor/league/commonmark/src/Block/Renderer/ThematicBreakRenderer.php:22\nStack trace:\n#0 {main}\n thrown in /home/techb158/immovalet.com/vendor/league/commonmark/src/Block/Renderer/ThematicBreakRenderer.php on line 22'
[Mon Sep 07 11:26:56.857333 2026] [proxy_fcgi:error] [pid 1292456:tid 1292472] [client 216.73.216.232:58479] AH01071: Got error 'PHP message: PHP Fatal error: Uncaught Error: Interface "League\\CommonMark\\Extension\\ExtensionInterface" not found in /home/techb158/immovalet.com/vendor/league/commonmark/src/Extension/Strikethrough/StrikethroughExtension.php:17\nStack trace:\n#0 {main}\n thrown in /home/techb158/immovalet.com/vendor/league/commonmark/src/Extension/Strikethrough/StrikethroughExtension.php on line 17'
[Mon Sep 07 11:26:57.359573 2026] [proxy_fcgi:error] [pid 1292519:tid 1292536] [client 216.73.216.232:58642] AH01071: Got error 'PHP message: PHP Fatal error: Uncaught Error: Class "Aws\\Exception\\AwsException" not found in /home/techb158/immovalet.com/vendor/aws/aws-sdk-php/src/GlueDataBrew/Exception/GlueDataBrewException.php:9\nStack trace:\n#0 {main}\n thrown in /home/techb158/immovalet.com/vendor/aws/aws-sdk-php/src/GlueDataBrew/Exception/GlueDataBrewException.php on line 9'
[Mon Sep 07 11:26:57.854641 2026] [proxy_fcgi:error] [pid 1292344:tid 1292366] [client 216.73.216.232:61616] AH01071: Got error 'PHP message: PHP Fatal error: Trait "Illuminate\\Routing\\RouteDependencyResolverTrait" not found in /home/techb158/immovalet.com/vendor/laravel/framework/src/Illuminate/Routing/ControllerDispatcher.php on line 8'
[Mon Sep 07 11:26:58.360772 2026] [proxy_fcgi:error] [pid 1292243:tid 1292262] [client 216.73.216.232:55574] AH01071: Got error 'PHP message: PHP Fatal error: Trait "Illuminate\\Support\\Traits\\Macroable" not found in /home/techb158/immovalet.com/vendor/laravel/framework/src/Illuminate/Validation/Rule.php on line 14'
[Mon Sep 07 11:26:59.310119 2026] [proxy_fcgi:error] [pid 1292394:tid 1292398] [client 216.73.216.232:42303] AH01071: Got error 'PHP message: PHP Fatal error: Uncaught Error: Interface "Illuminate\\Contracts\\Validation\\UncompromisedVerifier" not found in /home/techb158/immovalet.com/vendor/laravel/framework/src/Illuminate/Validation/NotPwnedVerifier.php:9\nStack trace:\n#0 {main}\n thrown in /home/techb158/immovalet.com/vendor/laravel/framework/src/Illuminate/Validation/NotPwnedVerifier.php on line 9'
[Mon Sep 07 11:27:02.339855 2026] [proxy_fcgi:error] [pid 1292394:tid 1292413] [client 216.73.216.226:9984] AH01071: Got error 'Primary script unknown'
[Mon Sep 07 11:27:03.342233 2026] [proxy_fcgi:error] [pid 1292394:tid 1292413] [client 216.73.216.226:9984] AH01071: Got error 'Primary script unknown'
[Mon Sep 07 11:27:04.824725 2026] [proxy_fcgi:error] [pid 1292314:tid 1292336] [client 216.73.216.232:23332] AH01071: Got error 'PHP message: PHP Fatal error: Uncaught Error: Class "Ramsey\\Uuid\\Uuid" not found in /home/techb158/immovalet.com/vendor/ramsey/uuid/src/Rfc4122/NilUuid.php:25\nStack trace:\n#0 {main}\n thrown in /home/techb158/immovalet.com/vendor/ramsey/uuid/src/Rfc4122/NilUuid.php on line 25'
[Mon Sep 07 11:27:10.345730 2026] [proxy_fcgi:error] [pid 1292519:tid 1292523] [client 216.73.216.232:41462] AH01071: Got error 'PHP message: PHP Fatal error: Uncaught Error: Class "Illuminate\\Support\\Facades\\Facade" not found in /home/techb158/immovalet.com/vendor/laravel/framework/src/Illuminate/Support/Facades/URL.php:27\nStack trace:\n#0 {main}\n thrown in /home/techb158/immovalet.com/vendor/laravel/framework/src/Illuminate/Support/Facades/URL.php on line 27'
[Mon Sep 07 11:27:10.897845 2026] [proxy_fcgi:error] [pid 1292344:tid 1292355] [client 216.73.216.232:27191] AH01071: Got error 'PHP message: PHP Fatal error: Uncaught Error: Class "Symfony\\Component\\VarDumper\\Cloner\\Stub" not found in /home/techb158/immovalet.com/vendor/symfony/var-dumper/Caster/EnumStub.php:21\nStack trace:\n#0 {main}\n thrown in /home/techb158/immovalet.com/vendor/symfony/var-dumper/Caster/EnumStub.php on line 21'
[Mon Sep 07 11:27:11.449949 2026] [proxy_fcgi:error] [pid 1292519:tid 1292538] [client 57.141.4.53:47070] AH01071: Got error 'PHP message: PHP Fatal error: Uncaught Error: Class "Illuminate\\Foundation\\Support\\Providers\\EventServiceProvider" not found in /home/techb158/immovalet.com/vendor/botble/menu/src/Providers/EventServiceProvider.php:11\nStack trace:\n#0 {main}\n thrown in /home/techb158/immovalet.com/vendor/botble/menu/src/Providers/EventServiceProvider.php on line 11'
[Mon Sep 07 11:27:15.896781 2026] [proxy_fcgi:error] [pid 1292456:tid 1292467] [client 216.73.216.232:22108] AH01071: Got error 'PHP message: PHP Fatal error: Uncaught Error: Interface "Symfony\\Component\\Cache\\Marshaller\\MarshallerInterface" not found in /home/techb158/immovalet.com/vendor/symfony/cache/Marshaller/SodiumMarshaller.php:22\nStack trace:\n#0 {main}\n thrown in /home/techb158/immovalet.com/vendor/symfony/cache/Marshaller/SodiumMarshaller.php on line 22'
[Mon Sep 07 11:27:28.200886 2026] [proxy_fcgi:error] [pid 1292243:tid 1292256] [client 216.73.216.252:26143] AH01071: Got error 'Primary script unknown'
[Mon Sep 07 11:27:28.698886 2026] [proxy_fcgi:error] [pid 1292344:tid 1292349] [client 57.141.4.32:54992] AH01071: Got error 'PHP message: PHP Fatal error: Uncaught Error: Interface "Botble\\Support\\Repositories\\Interfaces\\RepositoryInterface" not found in /home/techb158/immovalet.com/vendor/botble/platform/media/src/Repositories/Interfaces/MediaFolderInterface.php:7\nStack trace:\n#0 {main}\n thrown in /home/techb158/immovalet.com/vendor/botble/platform/media/src/Repositories/Interfaces/MediaFolderInterface.php on line 7'
[Mon Sep 07 11:27:39.101665 2026] [proxy_fcgi:error] [pid 1292344:tid 1292356] [client 74.7.243.195:35482] AH01071: Got error 'Primary script unknown', referer: http://mail.immovalet.com/vendor/botble/slug/resources/assets/js/slug.js
[Mon Sep 07 11:27:47.523275 2026] [proxy_fcgi:error] [pid 1292519:tid 1292531] [client 156.204.122.201:57874] AH01067: Failed to read FastCGI header
[Mon Sep 07 11:27:47.523309 2026] [proxy_fcgi:error] [pid 1292519:tid 1292531] (104)Connection reset by peer: [client 156.204.122.201:57874] AH01075: Error dispatching request to :
[Mon Sep 07 11:27:53.358022 2026] [proxy_fcgi:error] [pid 1292314:tid 1292319] [client 57.141.4.36:41512] AH01071: Got error 'PHP message: PHP Fatal error: Uncaught Error: Class "PhpOffice\\PhpSpreadsheet\\Shared\\Trend\\BestFit" not found in /home/techb158/immovalet.com/vendor/phpoffice/phpspreadsheet/src/PhpSpreadsheet/Shared/Trend/PowerBestFit.php:5\nStack trace:\n#0 {main}\n thrown in /home/techb158/immovalet.com/vendor/phpoffice/phpspreadsheet/src/PhpSpreadsheet/Shared/Trend/PowerBestFit.php on line 5'
[Mon Sep 07 11:28:47.554660 2026] [proxy_fcgi:error] [pid 1292314:tid 1292321] [client 143.244.57.118:37520] AH01067: Failed to read FastCGI header
[Mon Sep 07 11:28:47.554685 2026] [proxy_fcgi:error] [pid 1292314:tid 1292321] (104)Connection reset by peer: [client 143.244.57.118:37520] AH01075: Error dispatching request to :
[Mon Sep 07 11:28:48.336120 2026] [proxy_fcgi:error] [pid 1292456:tid 1292462] [client 216.73.216.226:28157] AH01071: Got error 'Primary script unknown'
[Mon Sep 07 11:29:02.132028 2026] [proxy_fcgi:error] [pid 1292394:tid 1292398] [client 57.141.4.72:23140] AH01071: Got error 'PHP message: PHP Fatal error: Uncaught Error: Interface "League\\CommonMark\\Block\\Parser\\BlockParserInterface" not found in /home/techb158/immovalet.com/vendor/league/commonmark/src/Block/Parser/IndentedCodeParser.php:22\nStack trace:\n#0 {main}\n thrown in /home/techb158/immovalet.com/vendor/league/commonmark/src/Block/Parser/IndentedCodeParser.php on line 22'
[Mon Sep 07 11:29:03.717656 2026] [proxy_fcgi:error] [pid 1292456:tid 1292477] [client 216.73.216.226:19755] AH01071: Got error 'Primary script unknown'
[Mon Sep 07 11:29:08.759209 2026] [proxy_fcgi:error] [pid 1292456:tid 1292477] [client 216.73.216.226:19755] AH01071: Got error 'Primary script unknown'
[Mon Sep 07 11:29:09.062775 2026] [core:error] [pid 1292394:tid 1292419] [client 134.122.105.4:3598] AH00037: Symbolic link not allowed or link target not accessible: /home/techb158/public_html/.env
[Mon Sep 07 11:29:10.270943 2026] [core:error] [pid 1292456:tid 1292466] [client 134.122.105.4:3612] AH00037: Symbolic link not allowed or link target not accessible: /home/techb158/public_html/.env
[Mon Sep 07 11:29:22.348938 2026] [proxy_fcgi:error] [pid 1292314:tid 1292320] [client 216.73.216.252:63077] AH01071: Got error 'Primary script unknown'
[Mon Sep 07 11:29:47.582026 2026] [proxy_fcgi:error] [pid 1292519:tid 1292532] [client 143.244.57.118:37038] AH01067: Failed to read FastCGI header
[Mon Sep 07 11:29:47.582071 2026] [proxy_fcgi:error] [pid 1292519:tid 1292532] (104)Connection reset by peer: [client 143.244.57.118:37038] AH01075: Error dispatching request to :
[Mon Sep 07 11:29:47.594847 2026] [proxy_fcgi:error] [pid 1292344:tid 1292359] [client 66.249.65.162:52654] AH01067: Failed to read FastCGI header
[Mon Sep 07 11:29:47.594866 2026] [proxy_fcgi:error] [pid 1292344:tid 1292359] (104)Connection reset by peer: [client 66.249.65.162:52654] AH01075: Error dispatching request to :
[Mon Sep 07 11:29:48.078975 2026] [proxy_fcgi:error] [pid 1292344:tid 1292368] [client 57.141.4.47:63378] AH01071: Got error 'PHP message: PHP Fatal error: Uncaught Error: Class "Intervention\\Image\\Commands\\AbstractCommand" not found in /home/techb158/immovalet.com/vendor/intervention/image/src/Intervention/Image/Commands/OrientateCommand.php:5\nStack trace:\n#0 {main}\n thrown in /home/techb158/immovalet.com/vendor/intervention/image/src/Intervention/Image/Commands/OrientateCommand.php on line 5'
[Mon Sep 07 11:29:52.314458 2026] [proxy_fcgi:error] [pid 1292344:tid 1292361] [client 216.73.216.252:61106] AH01071: Got error 'Primary script unknown'
[Mon Sep 07 11:30:01.476273 2026] [proxy_fcgi:error] [pid 1292456:tid 1292472] [client 74.7.230.50:41276] AH01071: Got error 'Primary script unknown'
[Mon Sep 07 11:30:09.066108 2026] [proxy_fcgi:error] [pid 1292519:tid 1292537] [client 216.73.216.252:59694] AH01071: Got error 'Primary script unknown'
[Mon Sep 07 11:30:12.933059 2026] [proxy_fcgi:error] [pid 1292456:tid 1292481] [client 216.73.216.226:44572] AH01071: Got error 'PHP message: PHP Fatal error: Uncaught Error: Interface "SebastianBergmann\\Diff\\Output\\DiffOutputBuilderInterface" not found in /home/techb158/dev.balacoffee.com/vendor/sebastian/diff/src/Output/DiffOnlyOutputBuilder.php:23\nStack trace:\n#0 {main}\n thrown in /home/techb158/dev.balacoffee.com/vendor/sebastian/diff/src/Output/DiffOnlyOutputBuilder.php on line 23'
[Mon Sep 07 11:30:13.429269 2026] [proxy_fcgi:error] [pid 1292314:tid 1292338] [client 216.73.216.226:51881] AH01071: Got error 'PHP message: PHP Fatal error: Uncaught Error: Class "Illuminate\\Console\\Command" not found in /home/techb158/dev.balacoffee.com/vendor/facade/ignition/src/Commands/TestCommand.php:13\nStack trace:\n#0 {main}\n thrown in /home/techb158/dev.balacoffee.com/vendor/facade/ignition/src/Commands/TestCommand.php on line 13'
[Mon Sep 07 11:30:14.379273 2026] [proxy_fcgi:error] [pid 1292456:tid 1292469] [client 216.73.216.226:47727] AH01071: Got error 'PHP message: PHP Fatal error: Uncaught Error: Interface "Facade\\FlareClient\\Contracts\\ProvidesFlareContext" not found in /home/techb158/dev.balacoffee.com/vendor/facade/ignition/src/Exceptions/ViewException.php:9\nStack trace:\n#0 {main}\n thrown in /home/techb158/dev.balacoffee.com/vendor/facade/ignition/src/Exceptions/ViewException.php on line 9'
[Mon Sep 07 11:30:15.030179 2026] [proxy_fcgi:error] [pid 1292519:tid 1292533] [client 216.73.216.226:29021] AH01071: Got error 'PHP message: PHP Fatal error: Uncaught Error: Class "Symfony\\Component\\HttpKernel\\Event\\KernelEvent" not found in /home/techb158/dev.balacoffee.com/vendor/symfony/http-kernel/Event/ControllerArgumentsEvent.php:29\nStack trace:\n#0 {main}\n thrown in /home/techb158/dev.balacoffee.com/vendor/symfony/http-kernel/Event/ControllerArgumentsEvent.php on line 29'
[Mon Sep 07 11:30:15.435383 2026] [proxy_fcgi:error] [pid 1292344:tid 1292372] [client 216.73.216.226:56236] AH01071: Got error 'PHP message: PHP Fatal error: Uncaught Error: Class "Symfony\\Component\\HttpKernel\\Event\\RequestEvent" not found in /home/techb158/dev.balacoffee.com/vendor/symfony/http-kernel/Event/ViewEvent.php:26\nStack trace:\n#0 {main}\n thrown in /home/techb158/dev.balacoffee.com/vendor/symfony/http-kernel/Event/ViewEvent.php on line 26'
[Mon Sep 07 11:30:15.938276 2026] [proxy_fcgi:error] [pid 1292243:tid 1292264] [client 216.73.216.226:37645] AH01071: Got error 'PHP message: PHP Fatal error: Uncaught Error: Class "Symfony\\Component\\CssSelector\\Exception\\ParseException" not found in /home/techb158/dev.balacoffee.com/vendor/symfony/css-selector/Exception/SyntaxErrorException.php:24\nStack trace:\n#0 {main}\n thrown in /home/techb158/dev.balacoffee.com/vendor/symfony/css-selector/Exception/SyntaxErrorException.php on line 24'
[Mon Sep 07 11:30:16.445243 2026] [proxy_fcgi:error] [pid 1292456:tid 1292470] [client 216.73.216.226:1620] AH01071: Got error 'PHP message: PHP Fatal error: Uncaught Error: Class "FactoryFile" not found in /home/techb158/dev.balacoffee.com/vendor/hamcrest/hamcrest-php/generator/StaticMethodFile.php:7\nStack trace:\n#0 {main}\n thrown in /home/techb158/dev.balacoffee.com/vendor/hamcrest/hamcrest-php/generator/StaticMethodFile.php on line 7'
[Mon Sep 07 11:30:17.094994 2026] [proxy_fcgi:error] [pid 1292519:tid 1292543] [client 216.73.216.226:41297] AH01071: Got error 'PHP message: PHP Fatal error: Uncaught Error: Class "Symfony\\Contracts\\EventDispatcher\\Event" not found in /home/techb158/dev.balacoffee.com/vendor/symfony/http-kernel/Event/KernelEvent.php:23\nStack trace:\n#0 {main}\n thrown in /home/techb158/dev.balacoffee.com/vendor/symfony/http-kernel/Event/KernelEvent.php on line 23'
[Mon Sep 07 11:30:17.901814 2026] [proxy_fcgi:error] [pid 1292344:tid 1292361] [client 216.73.216.226:9824] AH01071: Got error 'PHP message: PHP Fatal error: Uncaught Error: Class "Symfony\\Component\\HttpKernel\\Event\\RequestEvent" not found in /home/techb158/dev.balacoffee.com/vendor/symfony/http-kernel/Event/ExceptionEvent.php:30\nStack trace:\n#0 {main}\n thrown in /home/techb158/dev.balacoffee.com/vendor/symfony/http-kernel/Event/ExceptionEvent.php on line 30'
[Mon Sep 07 11:30:18.953748 2026] [proxy_fcgi:error] [pid 1292344:tid 1292353] [client 216.73.216.226:56622] AH01071: Got error 'PHP message: PHP Fatal error: Uncaught Error: Interface "League\\CommonMark\\Parser\\InlineParserEngineInterface" not found in /home/techb158/dev.balacoffee.com/vendor/league/commonmark/src/Parser/InlineParserEngine.php:29\nStack trace:\n#0 {main}\n thrown in /home/techb158/dev.balacoffee.com/vendor/league/commonmark/src/Parser/InlineParserEngine.php on line 29'
[Mon Sep 07 11:30:19.034489 2026] [proxy_fcgi:error] [pid 1292243:tid 1292250] [client 74.7.243.195:48944] AH01071: Got error 'PHP message: PHP Fatal error: Uncaught Error: Class "HTMLPurifier_URIScheme" not found in /home/techb158/immovalet.com/vendor/ezyang/htmlpurifier/library/HTMLPurifier/URIScheme/tel.php:12\nStack trace:\n#0 {main}\n thrown in /home/techb158/immovalet.com/vendor/ezyang/htmlpurifier/library/HTMLPurifier/URIScheme/tel.php on line 12', referer: http://mail.immovalet.com/vendor/ezyang/htmlpurifier/library/HTMLPurifier/URIScheme/
[Mon Sep 07 11:30:19.457948 2026] [proxy_fcgi:error] [pid 1292394:tid 1292409] [client 216.73.216.226:60342] AH01071: Got error 'PHP message: PHP Fatal error: Uncaught Error: Class "Sabberworm\\CSS\\Parsing\\SourceException" not found in /home/techb158/dev.balacoffee.com/vendor/sabberworm/php-css-parser/src/Parsing/OutputException.php:8\nStack trace:\n#0 {main}\n thrown in /home/techb158/dev.balacoffee.com/vendor/sabberworm/php-css-parser/src/Parsing/OutputException.php on line 8'
[Mon Sep 07 11:30:21.115350 2026] [proxy_fcgi:error] [pid 1292243:tid 1292246] [client 216.73.216.252:51497] AH01071: Got error 'Primary script unknown'
[Mon Sep 07 11:30:24.465479 2026] [proxy_fcgi:error] [pid 1292344:tid 1292359] [client 216.73.216.226:41175] AH01071: Got error 'PHP message: PHP Fatal error: Trait "Nette\\SmartObject" not found in /home/techb158/dev.balacoffee.com/vendor/nette/schema/src/Schema/Message.php on line 15'
[Mon Sep 07 11:30:29.751204 2026] [proxy_fcgi:error] [pid 1292519:tid 1292538] [client 216.73.216.226:20068] AH01071: Got error 'PHP message: PHP Fatal error: Uncaught Error: Class "Symfony\\Component\\HttpKernel\\Event\\KernelEvent" not found in /home/techb158/dev.balacoffee.com/vendor/symfony/http-kernel/Event/TerminateEvent.php:26\nStack trace:\n#0 {main}\n thrown in /home/techb158/dev.balacoffee.com/vendor/symfony/http-kernel/Event/TerminateEvent.php on line 26'
[Mon Sep 07 11:30:34.526739 2026] [proxy_fcgi:error] [pid 1292519:tid 1292522] [client 216.73.216.226:36247] AH01071: Got error 'PHP message: PHP Fatal error: Uncaught Error: Class "ZipStream\\Exception" not found in /home/techb158/dev.balacoffee.com/vendor/maennchen/zipstream-php/src/Exception/DosTimeOverflowException.php:13\nStack trace:\n#0 {main}\n thrown in /home/techb158/dev.balacoffee.com/vendor/maennchen/zipstream-php/src/Exception/DosTimeOverflowException.php on line 13'
[Mon Sep 07 11:30:35.889926 2026] [proxy_fcgi:error] [pid 1292519:tid 1292529] [client 216.73.217.15:50198] AH01071: Got error 'PHP message: PHP Fatal error: Uncaught Error: Class "PhpOffice\\PhpSpreadsheet\\Writer\\Xlsx\\WriterPart" not found in /home/techb158/immovalet.com/vendor/phpoffice/phpspreadsheet/src/PhpSpreadsheet/Writer/Xlsx/Rels.php:10\nStack trace:\n#0 {main}\n thrown in /home/techb158/immovalet.com/vendor/phpoffice/phpspreadsheet/src/PhpSpreadsheet/Writer/Xlsx/Rels.php on line 10'
[Mon Sep 07 11:30:44.255571 2026] [proxy_fcgi:error] [pid 1292394:tid 1292398] [client 216.73.216.226:20420] AH01071: Got error 'PHP message: PHP Fatal error: Uncaught Error: Interface "Illuminate\\Contracts\\View\\Engine" not found in /home/techb158/dev.balacoffee.com/vendor/laravel/framework/src/Illuminate/View/Engines/FileEngine.php:8\nStack trace:\n#0 {main}\n thrown in /home/techb158/dev.balacoffee.com/vendor/laravel/framework/src/Illuminate/View/Engines/FileEngine.php on line 8'
[Mon Sep 07 11:30:47.631854 2026] [proxy_fcgi:error] [pid 1292344:tid 1292354] [client 74.7.227.157:41130] AH01067: Failed to read FastCGI header, referer: http://lazrqlojistik.com/dtjtmftu.php?p=%2Fhome%2Ftechb158%2Fmonphenix.com%2Fwell-known%2Facme-challenge%2Fb%2Ff%2Fe
[Mon Sep 07 11:30:47.631880 2026] [proxy_fcgi:error] [pid 1292344:tid 1292354] (104)Connection reset by peer: [client 74.7.227.157:41130] AH01075: Error dispatching request to : , referer: http://lazrqlojistik.com/dtjtmftu.php?p=%2Fhome%2Ftechb158%2Fmonphenix.com%2Fwell-known%2Facme-challenge%2Fb%2Ff%2Fe
[Mon Sep 07 11:30:48.390177 2026] [proxy_fcgi:error] [pid 1292344:tid 1292352] [client 216.73.216.226:46788] AH01071: Got error 'PHP message: PHP Fatal error: Uncaught Error: Class "Doctrine\\DBAL\\Exception" not found in /home/techb158/dev.balacoffee.com/vendor/doctrine/dbal/lib/Doctrine/DBAL/Cache/CacheException.php:10\nStack trace:\n#0 {main}\n thrown in /home/techb158/dev.balacoffee.com/vendor/doctrine/dbal/lib/Doctrine/DBAL/Cache/CacheException.php on line 10'
[Mon Sep 07 11:30:58.307573 2026] [proxy_fcgi:error] [pid 1292243:tid 1292266] [client 216.73.216.226:58088] AH01071: Got error 'PHP message: PHP Fatal error: Uncaught Error: Interface "League\\CommonMark\\Renderer\\NodeRendererInterface" not found in /home/techb158/dev.balacoffee.com/vendor/league/commonmark/src/Renderer/Block/DocumentRenderer.php:25\nStack trace:\n#0 {main}\n thrown in /home/techb158/dev.balacoffee.com/vendor/league/commonmark/src/Renderer/Block/DocumentRenderer.php on line 25'
[Mon Sep 07 11:31:02.428902 2026] [proxy_fcgi:error] [pid 1292456:tid 1292468] [client 57.141.4.16:63418] AH01071: Got error 'PHP message: PHP Fatal error: Uncaught Error: Interface "Symfony\\Contracts\\Service\\ResetInterface" not found in /home/techb158/immovalet.com/vendor/symfony/console/Application.php:67\nStack trace:\n#0 {main}\n thrown in /home/techb158/immovalet.com/vendor/symfony/console/Application.php on line 67'
[Mon Sep 07 11:31:08.784222 2026] [proxy_fcgi:error] [pid 1292519:tid 1292526] [client 216.73.216.226:21687] AH01071: Got error 'PHP message: PHP Fatal error: Uncaught Error: Class "PhpOffice\\PhpSpreadsheet\\RichText\\TextElement" not found in /home/techb158/dev.balacoffee.com/vendor/phpoffice/phpspreadsheet/src/PhpSpreadsheet/RichText/Run.php:7\nStack trace:\n#0 {main}\n thrown in /home/techb158/dev.balacoffee.com/vendor/phpoffice/phpspreadsheet/src/PhpSpreadsheet/RichText/Run.php on line 7'
[Mon Sep 07 11:31:10.902410 2026] [proxy_fcgi:error] [pid 1292314:tid 1292321] [client 216.73.217.15:44789] AH01071: Got error 'PHP message: PHP Fatal error: Uncaught Error: Class "Illuminate\\Queue\\Middleware\\ThrottlesExceptions" not found in /home/techb158/immovalet.com/vendor/laravel/framework/src/Illuminate/Queue/Middleware/ThrottlesExceptionsWithRedis.php:11\nStack trace:\n#0 {main}\n thrown in /home/techb158/immovalet.com/vendor/laravel/framework/src/Illuminate/Queue/Middleware/ThrottlesExceptionsWithRedis.php on line 11'
[Mon Sep 07 11:31:20.905066 2026] [proxy_fcgi:error] [pid 1292394:tid 1292409] [client 216.73.217.15:27415] AH01071: Got error 'PHP message: PHP Fatal error: Trait "Illuminate\\Support\\Traits\\CapsuleManagerTrait" not found in /home/techb158/immovalet.com/vendor/laravel/framework/src/Illuminate/Database/Capsule/Manager.php on line 13'
[Mon Sep 07 11:31:47.666795 2026] [proxy_fcgi:error] [pid 1292519:tid 1292537] [client 143.244.57.118:37042] AH01067: Failed to read FastCGI header
[Mon Sep 07 11:31:47.666828 2026] [proxy_fcgi:error] [pid 1292519:tid 1292537] (104)Connection reset by peer: [client 143.244.57.118:37042] AH01075: Error dispatching request to :
[Mon Sep 07 11:31:47.678724 2026] [proxy_fcgi:error] [pid 1292314:tid 1292320] [client 74.7.227.10:44466] AH01067: Failed to read FastCGI header, referer: https://www.abdallabala.techbala.com/rtfenqly.php?p=%2Fhome%2Ftechb158%2Fon-time-movers.com%2Fwp-content%2Fcache%2Fmin%2F1
[Mon Sep 07 11:31:47.678743 2026] [proxy_fcgi:error] [pid 1292314:tid 1292320] (104)Connection reset by peer: [client 74.7.227.10:44466] AH01075: Error dispatching request to : , referer: https://www.abdallabala.techbala.com/rtfenqly.php?p=%2Fhome%2Ftechb158%2Fon-time-movers.com%2Fwp-content%2Fcache%2Fmin%2F1
[Mon Sep 07 11:32:25.832713 2026] [proxy_fcgi:error] [pid 1292394:tid 1292411] [client 216.73.216.252:1129] AH01071: Got error 'Primary script unknown'
[Mon Sep 07 11:32:47.689550 2026] [proxy_fcgi:error] [pid 1292456:tid 1292480] [client 143.244.57.118:54552] AH01067: Failed to read FastCGI header
[Mon Sep 07 11:32:47.689574 2026] [proxy_fcgi:error] [pid 1292456:tid 1292480] (104)Connection reset by peer: [client 143.244.57.118:54552] AH01075: Error dispatching request to :
[Mon Sep 07 11:32:52.945961 2026] [autoindex:error] [pid 1292344:tid 1292356] [client 20.151.10.161:52354] AH01276: Cannot serve directory /home/techb158/primomovers.ca/wp-admin/css/: No matching DirectoryIndex (index.php,index.html,index.htm) found, and server-generated directory index forbidden by Options directive
[Mon Sep 07 11:32:52.950850 2026] [autoindex:error] [pid 1292344:tid 1292356] [client 20.151.10.161:52354] AH01276: Cannot serve directory /home/techb158/primomovers.ca/wp-admin/css/colors/modern/: No matching DirectoryIndex (index.php,index.html,index.htm) found, and server-generated directory index forbidden by Options directive
[Mon Sep 07 11:32:52.958139 2026] [proxy_fcgi:error] [pid 1292344:tid 1292356] [client 20.151.10.161:52354] AH01071: Got error 'Primary script unknown'
[Mon Sep 07 11:32:52.994488 2026] [autoindex:error] [pid 1292344:tid 1292356] [client 20.151.10.161:52354] AH01276: Cannot serve directory /home/techb158/primomovers.ca/wp-content/: No matching DirectoryIndex (index.php,index.html,index.htm) found, and server-generated directory index forbidden by Options directive
[Mon Sep 07 11:32:52.998839 2026] [autoindex:error] [pid 1292344:tid 1292356] [client 20.151.10.161:52354] AH01276: Cannot serve directory /home/techb158/primomovers.ca/wp-admin/css/colors/blue/: No matching DirectoryIndex (index.php,index.html,index.htm) found, and server-generated directory index forbidden by Options directive
[Mon Sep 07 11:32:53.006647 2026] [autoindex:error] [pid 1292344:tid 1292356] [client 20.151.10.161:52354] AH01276: Cannot serve directory /home/techb158/primomovers.ca/wp-admin/css/colors/sunrise/: No matching DirectoryIndex (index.php,index.html,index.htm) found, and server-generated directory index forbidden by Options directive
[Mon Sep 07 11:32:54.682661 2026] [proxy_fcgi:error] [pid 1292314:tid 1292329] [client 20.151.10.161:57763] AH01071: Got error 'PHP message: WordPress database error Duplicate entry '0' for key 'wp_actionscheduler_groups.PRIMARY' for query INSERT INTO `wp_actionscheduler_groups` (`slug`) VALUES ('ActionScheduler') made by require_once('wp-admin/network/admin.php'), require_once('wp-admin/admin.php'), require_once('wp-load.php'), require_once('wp-config.php'), require_once('wp-settings.php'), do_action('init'), WP_Hook->do_action, WP_Hook->apply_filters, ActionScheduler::{closure}, do_action('action_scheduler_init'), WP_Hook->do_action, WP_Hook->apply_filters, ActionScheduler_RecurringActionScheduler->schedule_recurring_scheduler_hook, as_schedule_recurring_action, ActionScheduler_ActionFactory->create, ActionScheduler_ActionFactory->store_unique_action, ActionScheduler_DBStore->save_unique_action, ActionScheduler_DBStore->save_action_to_db, ActionScheduler_DBStore->get_group_ids, ActionScheduler_DBStore->create_groupPHP message: WordPress database error Duplicate entry '0' for key 'wp_actionscheduler_actions.PRIMARY' for query \nINSERT INTO wp_actionscheduler_actions ( `hook`, `status`, `scheduled_date_gmt`, `scheduled_date_local`, `schedule`, `group_id`, `priority`, `args` )\nSELECT 'action_scheduler_run_recurring_actions_schedule_hook', 'pending', '2026-09-07 11:32:54', '2026-09-07 11:32:54', 'O:32:\\"ActionScheduler_IntervalSchedule\\":5:{s:22:\\"\\0*\\0scheduled_timestamp\\";i:1788780774;s:18:\\"\\0*\\0first_timestamp\\";i:1788780774;s:13:\\"\\0*\\0recurrence\\";i:86400;s:49:\\"\\0ActionScheduler_IntervalSchedule\\0start_timestamp\\";i:1788780774;s:53:\\"\\0ActionScheduler_IntervalSchedule\\0interval_in_seconds\\";i:86400;}', 0, 20, '[]' FROM DUAL\nWHERE ( \nSELECT action_id FROM wp_actionscheduler_actions\nWHERE status IN ( 'pending', 'in-progress' )\nAND hook = 'action_scheduler_run_recurring_actions_schedule_hook'\nAND `group_id` = 0\n LIMIT 1 ) IS NULL made by require_once('wp-admin/network/admin.php'), require_once('wp-admin/admi...'
[Mon Sep 07 11:32:54.705931 2026] [proxy_fcgi:error] [pid 1292314:tid 1292329] [client 20.151.10.161:57763] AH01071: Got error 'Primary script unknown'
[Mon Sep 07 11:32:58.504532 2026] [proxy_fcgi:error] [pid 1292243:tid 1292254] [client 74.7.243.224:59226] AH01071: Got error 'Primary script unknown', referer: https://techbala.ca/yciiyotb.php?dl=1&f=%2Fhome%2Ftechb158%2Fpublic_html%2Fwp-content%2Fplugins%2Fakismet%2Fviews%2Flogo.php&p=%2Fhome%2Ftechb158%2Fpublic_html%2Fwp-content%2Fplugins%2Fakismet%2Fviews
[Mon Sep 07 11:32:58.911822 2026] [proxy_fcgi:error] [pid 1292456:tid 1292478] [client 74.7.243.195:55918] AH01071: Got error 'PHP message: PHP Fatal error: Uncaught Error: Class "Aws\\Multipart\\AbstractUploadManager" not found in /home/techb158/immovalet.com/vendor/aws/aws-sdk-php/src/S3/MultipartCopy.php:10\nStack trace:\n#0 {main}\n thrown in /home/techb158/immovalet.com/vendor/aws/aws-sdk-php/src/S3/MultipartCopy.php on line 10', referer: http://mail.immovalet.com/vendor/aws/aws-sdk-php/src/S3/
[Mon Sep 07 11:33:01.032150 2026] [proxy_fcgi:error] [pid 1292456:tid 1292482] [client 74.7.243.195:35356] AH01071: Got error 'Primary script unknown', referer: http://mail.immovalet.com/platform/plugins/ecommerce/resources/views/themes/cart.blade.php
[Mon Sep 07 11:33:13.445259 2026] [proxy_fcgi:error] [pid 1292394:tid 1292419] [client 74.7.243.224:41400] AH01071: Got error 'Primary script unknown', referer: http://techbala.ca/yciiyotb.php?dl=1&f=%2Fhome%2Ftechb158%2Fdev.aleamaralawal.com%2Fwp-content%2Fuploads%2F2026%2F04%2FMainTem-1.json&p=%2Fhome%2Ftechb158%2Fdev.aleamaralawal.com%2Fwp-content%2Fuploads%2F2026%2F04
[Mon Sep 07 11:33:15.504475 2026] [proxy_fcgi:error] [pid 1292394:tid 1292419] [client 74.7.243.224:41400] AH01071: Got error 'Primary script unknown', referer: http://techbala.ca/yciiyotb.php?dl=1&f=%2Fhome%2Ftechb158%2Fdev.aleamaralawal.com%2Fwp-content%2Fuploads%2F2026%2F04%2FMainTem-1.json&p=%2Fhome%2Ftechb158%2Fdev.aleamaralawal.com%2Fwp-content%2Fuploads%2F2026%2F04
[Mon Sep 07 11:33:17.669387 2026] [proxy_fcgi:error] [pid 1292519:tid 1292535] [client 74.7.243.224:40252] AH01071: Got error 'Primary script unknown', referer: https://techbala.ca/yciiyotb.php?dl=1&f=%2Fhome%2Ftechb158%2Fdev.aleamaralawal.com%2Fwp-content%2Fuploads%2F2026%2F04%2FMainTem-1.json&p=%2Fhome%2Ftechb158%2Fdev.aleamaralawal.com%2Fwp-content%2Fuploads%2F2026%2F04
[Mon Sep 07 11:33:19.648906 2026] [proxy_fcgi:error] [pid 1292519:tid 1292535] [client 74.7.243.224:40252] AH01071: Got error 'Primary script unknown', referer: https://techbala.ca/yciiyotb.php?dl=1&f=%2Fhome%2Ftechb158%2Fdev.aleamaralawal.com%2Fwp-content%2Fuploads%2F2026%2F04%2FMainTem-1.json&p=%2Fhome%2Ftechb158%2Fdev.aleamaralawal.com%2Fwp-content%2Fuploads%2F2026%2F04
[Mon Sep 07 11:33:21.706211 2026] [proxy_fcgi:error] [pid 1292394:tid 1292409] [client 74.7.243.224:54122] AH01071: Got error 'Primary script unknown', referer: http://techbala.ca/yciiyotb.php?dl=1&f=%2Fhome%2Ftechb158%2Fdev.aleamaralawal.com%2Fwp-content%2Fuploads%2F2026%2F04%2FMainTem-1.json&p=%2Fhome%2Ftechb158%2Fdev.aleamaralawal.com%2Fwp-content%2Fuploads%2F2026%2F04
[Mon Sep 07 11:33:23.771538 2026] [proxy_fcgi:error] [pid 1292519:tid 1292535] [client 74.7.243.224:40252] AH01071: Got error 'Primary script unknown', referer: https://techbala.ca/yciiyotb.php?dl=1&f=%2Fhome%2Ftechb158%2Fdev.aleamaralawal.com%2Fwp-content%2Fuploads%2F2026%2F04%2FMainTem-1.json&p=%2Fhome%2Ftechb158%2Fdev.aleamaralawal.com%2Fwp-content%2Fuploads%2F2026%2F04
[Mon Sep 07 11:33:25.844819 2026] [proxy_fcgi:error] [pid 1292394:tid 1292409] [client 74.7.243.224:54122] AH01071: Got error 'Primary script unknown', referer: http://techbala.ca/yciiyotb.php?dl=1&f=%2Fhome%2Ftechb158%2Fdev.aleamaralawal.com%2Fwp-content%2Fuploads%2F2026%2F04%2FMainTem-1.json&p=%2Fhome%2Ftechb158%2Fdev.aleamaralawal.com%2Fwp-content%2Fuploads%2F2026%2F04
[Mon Sep 07 11:33:26.113079 2026] [proxy_fcgi:error] [pid 1292243:tid 1292255] [client 216.73.216.252:1375] AH01071: Got error 'Primary script unknown'
[Mon Sep 07 11:33:27.927800 2026] [proxy_fcgi:error] [pid 1292519:tid 1292535] [client 74.7.243.224:40252] AH01071: Got error 'Primary script unknown', referer: https://techbala.ca/yciiyotb.php?dl=1&f=%2Fhome%2Ftechb158%2Fdev.aleamaralawal.com%2Fwp-content%2Fuploads%2F2026%2F04%2FMainTem-1.json&p=%2Fhome%2Ftechb158%2Fdev.aleamaralawal.com%2Fwp-content%2Fuploads%2F2026%2F04
[Mon Sep 07 11:33:30.009123 2026] [proxy_fcgi:error] [pid 1292519:tid 1292535] [client 74.7.243.224:40252] AH01071: Got error 'Primary script unknown', referer: https://techbala.ca/yciiyotb.php?dl=1&f=%2Fhome%2Ftechb158%2Fdev.aleamaralawal.com%2Fwp-content%2Fuploads%2F2026%2F04%2FMainTem-1.json&p=%2Fhome%2Ftechb158%2Fdev.aleamaralawal.com%2Fwp-content%2Fuploads%2F2026%2F04
[Mon Sep 07 11:33:32.129772 2026] [proxy_fcgi:error] [pid 1292519:tid 1292533] [client 74.7.243.224:50654] AH01071: Got error 'Primary script unknown', referer: http://techbala.ca/yciiyotb.php?dl=1&f=%2Fhome%2Ftechb158%2Fdev.aleamaralawal.com%2Fwp-content%2Fuploads%2F2026%2F04%2FMainTem-1.json&p=%2Fhome%2Ftechb158%2Fdev.aleamaralawal.com%2Fwp-content%2Fuploads%2F2026%2F04
[Mon Sep 07 11:33:34.146728 2026] [proxy_fcgi:error] [pid 1292519:tid 1292533] [client 74.7.243.224:50654] AH01071: Got error 'Primary script unknown', referer: http://techbala.ca/yciiyotb.php?dl=1&f=%2Fhome%2Ftechb158%2Fdev.aleamaralawal.com%2Fwp-content%2Fuploads%2F2026%2F04%2FMainTem-1.json&p=%2Fhome%2Ftechb158%2Fdev.aleamaralawal.com%2Fwp-content%2Fuploads%2F2026%2F04
[Mon Sep 07 11:33:34.350407 2026] [proxy_fcgi:error] [pid 1292394:tid 1292413] [client 216.73.216.252:44426] AH01071: Got error 'Primary script unknown'
[Mon Sep 07 11:33:36.199319 2026] [proxy_fcgi:error] [pid 1292243:tid 1292251] [client 57.141.4.47:23110] AH01071: Got error 'PHP message: PHP Fatal error: Uncaught Error: Class "PhpOffice\\PhpSpreadsheet\\Shared\\Trend\\BestFit" not found in /home/techb158/immovalet.com/vendor/phpoffice/phpspreadsheet/src/PhpSpreadsheet/Shared/Trend/PolynomialBestFit.php:7\nStack trace:\n#0 {main}\n thrown in /home/techb158/immovalet.com/vendor/phpoffice/phpspreadsheet/src/PhpSpreadsheet/Shared/Trend/PolynomialBestFit.php on line 7'
[Mon Sep 07 11:33:36.270044 2026] [proxy_fcgi:error] [pid 1292394:tid 1292418] [client 74.7.243.224:58398] AH01071: Got error 'Primary script unknown', referer: https://techbala.ca/yciiyotb.php?dl=1&f=%2Fhome%2Ftechb158%2Fdev.aleamaralawal.com%2Fwp-content%2Fuploads%2F2026%2F04%2FMainTem-1.json&p=%2Fhome%2Ftechb158%2Fdev.aleamaralawal.com%2Fwp-content%2Fuploads%2F2026%2F04
[Mon Sep 07 11:33:37.015474 2026] [proxy_fcgi:error] [pid 1292456:tid 1292463] [client 74.7.227.3:44494] AH01071: Got error 'PHP message: PHP Fatal error: Uncaught Error: Class "Symfony\\Component\\Console\\Command\\Command" not found in /home/techb158/immovalet.com/vendor/symfony/console/SingleCommandApplication.php:21\nStack trace:\n#0 {main}\n thrown in /home/techb158/immovalet.com/vendor/symfony/console/SingleCommandApplication.php on line 21', referer: http://immovalet.techbala.com/vendor/symfony/console/?C=N;O=D
[Mon Sep 07 11:33:39.134098 2026] [proxy_fcgi:error] [pid 1292394:tid 1292397] [client 74.7.227.3:42462] AH01071: Got error 'PHP message: PHP Fatal error: Uncaught Error: Interface "Symfony\\Contracts\\Service\\ResetInterface" not found in /home/techb158/immovalet.com/vendor/symfony/console/Application.php:67\nStack trace:\n#0 {main}\n thrown in /home/techb158/immovalet.com/vendor/symfony/console/Application.php on line 67', referer: http://immovalet.techbala.com/vendor/symfony/console/?C=N;O=D
[Mon Sep 07 11:34:00.575622 2026] [proxy_fcgi:error] [pid 1292314:tid 1292324] [client 216.73.216.252:58882] AH01071: Got error 'Primary script unknown'
[Mon Sep 07 11:34:01.168832 2026] [proxy_fcgi:error] [pid 1292243:tid 1292255] [client 216.73.217.15:41820] AH01071: Got error 'PHP message: PHP Fatal error: Uncaught Error: Class 'Automattic\\WooCommerce\\Blocks\\Templates\\ComingSoonTemplate' not found in /home/techb158/l2hypotheques.com/wp-content/plugins/woocommerce/patterns/page-coming-soon-split-right-image.php:12\nStack trace:\n#0 {main}\n thrown in /home/techb158/l2hypotheques.com/wp-content/plugins/woocommerce/patterns/page-coming-soon-split-right-image.php on line 12'
[Mon Sep 07 11:34:13.311857 2026] [proxy_fcgi:error] [pid 1292314:tid 1292318] [client 57.141.4.12:24376] AH01071: Got error 'PHP message: PHP Deprecated: Return type of League\\CommonMark\\Util\\ArrayCollection::getIterator() should either be compatible with IteratorAggregate::getIterator(): Traversable, or the #[\\ReturnTypeWillChange] attribute should be used to temporarily suppress the notice in /home/techb158/immovalet.com/vendor/league/commonmark/src/Util/ArrayCollection.php on line 75PHP message: PHP Deprecated: Return type of League\\CommonMark\\Util\\ArrayCollection::offsetGet($offset) should either be compatible with ArrayAccess::offsetGet(mixed $offset): mixed, or the #[\\ReturnTypeWillChange] attribute should be used to temporarily suppress the notice in /home/techb158/immovalet.com/vendor/league/commonmark/src/Util/ArrayCollection.php on line 254PHP message: PHP Deprecated: Return type of League\\CommonMark\\Util\\ArrayCollection::offsetSet($offset, $value) should either be compatible with ArrayAccess::offsetSet(mixed $offset, mixed $value): void, or the #[\\ReturnTypeWillChange] attribute should be used to temporarily suppress the notice in /home/techb158/immovalet.com/vendor/league/commonmark/src/Util/ArrayCollection.php on line 270PHP message: PHP Deprecated: Return type of League\\CommonMark\\Util\\ArrayCollection::offsetUnset($offset) should either be compatible with ArrayAccess::offsetUnset(mixed $offset): void, or the #[\\ReturnTypeWillChange] attribute should be used to temporarily suppress the notice in /home/techb158/immovalet.com/vendor/league/commonmark/src/Util/ArrayCollection.php on line 288'
[Mon Sep 07 11:34:22.102800 2026] [proxy_fcgi:error] [pid 1292243:tid 1292345] [client 52.167.144.209:13000] AH01071: Got error 'PHP message: PHP Fatal error: Array and string offset access syntax with curly braces is no longer supported in /home/techb158/balacoffee.com/index.php on line 2'
