[Mon Sep 07 10:48:45.155383 2026] [proxy_fcgi:error] [pid 1292243:tid 1292251] [client 156.146.33.66:60206] AH01071: Got error 'PHP message: PHP Fatal error: Uncaught Error: Class 'WP\\McpSchema\\Server\\Resources\\DTO\\ResourceRequestParams' not found in /home/techb158/public_html/wp-content/plugins/seo-by-rank-math/vendor/wordpress/php-mcp-schema/src/Server/Resources/DTO/ReadResourceRequestParams.php:23\nStack trace:\n#0 {main}\n thrown in /home/techb158/public_html/wp-content/plugins/seo-by-rank-math/vendor/wordpress/php-mcp-schema/src/Server/Resources/DTO/ReadResourceRequestParams.php on line 23'
[Mon Sep 07 10:48:45.462707 2026] [proxy_fcgi:error] [pid 1292344:tid 1292353] [client 156.146.33.66:60208] AH01071: Got error 'PHP message: PHP Fatal error: Uncaught Error: Class 'WP\\McpSchema\\Common\\Protocol\\DTO\\Result' not found in /home/techb158/public_html/wp-content/plugins/seo-by-rank-math/vendor/wordpress/php-mcp-schema/src/Server/Resources/DTO/ReadResourceResult.php:21\nStack trace:\n#0 {main}\n thrown in /home/techb158/public_html/wp-content/plugins/seo-by-rank-math/vendor/wordpress/php-mcp-schema/src/Server/Resources/DTO/ReadResourceResult.php on line 21'
[Mon Sep 07 10:48:45.769815 2026] [proxy_fcgi:error] [pid 1292519:tid 1292542] [client 156.146.33.66:60220] AH01071: Got error 'PHP message: PHP Fatal error: Uncaught Error: Class 'WP\\McpSchema\\Common\\Protocol\\DTO\\BaseMetadata' not found in /home/techb158/public_html/wp-content/plugins/seo-by-rank-math/vendor/wordpress/php-mcp-schema/src/Server/Resources/DTO/Resource.php:22\nStack trace:\n#0 {main}\n thrown in /home/techb158/public_html/wp-content/plugins/seo-by-rank-math/vendor/wordpress/php-mcp-schema/src/Server/Resources/DTO/Resource.php on line 22'
[Mon Sep 07 10:48:45.864699 2026] [proxy_fcgi:error] [pid 1292243:tid 1292262] [client 216.73.216.32:21015] AH01071: Got error 'PHP message: PHP Fatal error: Uncaught Error: Interface 'WPForms\\Vendor\\Symfony\\Component\\CssSelector\\Parser\\ParserInterface' not found in /home/techb158/public_html/wp-content/plugins/wpforms-lite/vendor_prefixed/symfony/css-selector/Parser/Shortcut/EmptyStringParser.php:30\nStack trace:\n#0 {main}\n thrown in /home/techb158/public_html/wp-content/plugins/wpforms-lite/vendor_prefixed/symfony/css-selector/Parser/Shortcut/EmptyStringParser.php on line 30'
[Mon Sep 07 10:48:46.076394 2026] [proxy_fcgi:error] [pid 1292394:tid 1292409] [client 156.146.33.66:60230] AH01071: Got error 'PHP message: PHP Fatal error: Uncaught Error: Class 'WP\\McpSchema\\Common\\AbstractDataTransferObject' not found in /home/techb158/public_html/wp-content/plugins/seo-by-rank-math/vendor/wordpress/php-mcp-schema/src/Server/Resources/DTO/ResourceContents.php:20\nStack trace:\n#0 {main}\n thrown in /home/techb158/public_html/wp-content/plugins/seo-by-rank-math/vendor/wordpress/php-mcp-schema/src/Server/Resources/DTO/ResourceContents.php on line 20'
[Mon Sep 07 10:48:46.192330 2026] [proxy_fcgi:error] [pid 1292456:tid 1292472] [client 216.73.216.252:44462] AH01067: Failed to read FastCGI header
[Mon Sep 07 10:48:46.192378 2026] [proxy_fcgi:error] [pid 1292456:tid 1292472] (104)Connection reset by peer: [client 216.73.216.252:44462] AH01075: Error dispatching request to :
[Mon Sep 07 10:48:46.194626 2026] [proxy_fcgi:error] [pid 1292243:tid 1292315] [client 143.244.57.118:56134] AH01067: Failed to read FastCGI header
[Mon Sep 07 10:48:46.194652 2026] [proxy_fcgi:error] [pid 1292243:tid 1292315] (104)Connection reset by peer: [client 143.244.57.118:56134] AH01075: Error dispatching request to :
[Mon Sep 07 10:48:46.197103 2026] [proxy_fcgi:error] [pid 1292243:tid 1292315] [client 143.244.57.118:56134] AH01067: Failed to read FastCGI header
[Mon Sep 07 10:48:46.197120 2026] [proxy_fcgi:error] [pid 1292243:tid 1292315] (104)Connection reset by peer: [client 143.244.57.118:56134] AH01075: Error dispatching request to :
[Mon Sep 07 10:48:46.201373 2026] [proxy_fcgi:error] [pid 1292456:tid 1292472] [client 216.73.216.252:44462] AH01067: Failed to read FastCGI header
[Mon Sep 07 10:48:46.201391 2026] [proxy_fcgi:error] [pid 1292456:tid 1292472] (104)Connection reset by peer: [client 216.73.216.252:44462] AH01075: Error dispatching request to :
[Mon Sep 07 10:48:46.382751 2026] [proxy_fcgi:error] [pid 1292456:tid 1292458] [client 156.146.33.66:60244] AH01071: Got error 'PHP message: PHP Fatal error: Uncaught Error: Class 'WP\\McpSchema\\Server\\Resources\\DTO\\Resource' not found in /home/techb158/public_html/wp-content/plugins/seo-by-rank-math/vendor/wordpress/php-mcp-schema/src/Server/Resources/DTO/ResourceLink.php:24\nStack trace:\n#0 {main}\n thrown in /home/techb158/public_html/wp-content/plugins/seo-by-rank-math/vendor/wordpress/php-mcp-schema/src/Server/Resources/DTO/ResourceLink.php on line 24'
[Mon Sep 07 10:48:46.753053 2026] [proxy_fcgi:error] [pid 1292344:tid 1292363] [client 156.146.33.66:60258] AH01071: Got error 'PHP message: PHP Fatal error: Uncaught Error: Class 'WP\\McpSchema\\Common\\JsonRpc\\DTO\\JSONRPCNotification' not found in /home/techb158/public_html/wp-content/plugins/seo-by-rank-math/vendor/wordpress/php-mcp-schema/src/Server/Resources/DTO/ResourceListChangedNotification.php:22\nStack trace:\n#0 {main}\n thrown in /home/techb158/public_html/wp-content/plugins/seo-by-rank-math/vendor/wordpress/php-mcp-schema/src/Server/Resources/DTO/ResourceListChangedNotification.php on line 22'
[Mon Sep 07 10:48:47.059060 2026] [proxy_fcgi:error] [pid 1292243:tid 1292259] [client 156.146.33.66:60266] AH01071: Got error 'PHP message: PHP Fatal error: Uncaught Error: Class 'WP\\McpSchema\\Common\\JsonRpc\\DTO\\RequestParams' not found in /home/techb158/public_html/wp-content/plugins/seo-by-rank-math/vendor/wordpress/php-mcp-schema/src/Server/Resources/DTO/ResourceRequestParams.php:20\nStack trace:\n#0 {main}\n thrown in /home/techb158/public_html/wp-content/plugins/seo-by-rank-math/vendor/wordpress/php-mcp-schema/src/Server/Resources/DTO/ResourceRequestParams.php on line 20'
[Mon Sep 07 10:48:47.366105 2026] [proxy_fcgi:error] [pid 1292456:tid 1292465] [client 156.146.33.66:60274] AH01071: Got error 'PHP message: PHP Fatal error: Uncaught Error: Class 'WP\\McpSchema\\Common\\Protocol\\DTO\\BaseMetadata' not found in /home/techb158/public_html/wp-content/plugins/seo-by-rank-math/vendor/wordpress/php-mcp-schema/src/Server/Resources/DTO/ResourceTemplate.php:22\nStack trace:\n#0 {main}\n thrown in /home/techb158/public_html/wp-content/plugins/seo-by-rank-math/vendor/wordpress/php-mcp-schema/src/Server/Resources/DTO/ResourceTemplate.php on line 22'
[Mon Sep 07 10:48:47.370619 2026] [proxy_fcgi:error] [pid 1292314:tid 1292322] [client 216.73.216.32:48580] AH01071: Got error 'PHP message: PHP Fatal error: Uncaught Error: Class 'WPForms\\Admin\\Pages\\Page' not found in /home/techb158/l2hypotheques.com/wp-content/plugins/wpforms-lite/src/Admin/Pages/Duplicator.php:10\nStack trace:\n#0 {main}\n thrown in /home/techb158/l2hypotheques.com/wp-content/plugins/wpforms-lite/src/Admin/Pages/Duplicator.php on line 10'
[Mon Sep 07 10:48:47.673873 2026] [proxy_fcgi:error] [pid 1292243:tid 1292267] [client 156.146.33.66:60290] AH01071: Got error 'PHP message: PHP Fatal error: Uncaught Error: Class 'WP\\McpSchema\\Common\\JsonRpc\\DTO\\JSONRPCNotification' not found in /home/techb158/public_html/wp-content/plugins/seo-by-rank-math/vendor/wordpress/php-mcp-schema/src/Server/Resources/DTO/ResourceUpdatedNotification.php:21\nStack trace:\n#0 {main}\n thrown in /home/techb158/public_html/wp-content/plugins/seo-by-rank-math/vendor/wordpress/php-mcp-schema/src/Server/Resources/DTO/ResourceUpdatedNotification.php on line 21'
[Mon Sep 07 10:48:47.984709 2026] [proxy_fcgi:error] [pid 1292394:tid 1292404] [client 156.146.33.66:60302] AH01071: Got error 'PHP message: PHP Fatal error: Uncaught Error: Class 'WP\\McpSchema\\Common\\JsonRpc\\DTO\\NotificationParams' not found in /home/techb158/public_html/wp-content/plugins/seo-by-rank-math/vendor/wordpress/php-mcp-schema/src/Server/Resources/DTO/ResourceUpdatedNotificationParams.php:19\nStack trace:\n#0 {main}\n thrown in /home/techb158/public_html/wp-content/plugins/seo-by-rank-math/vendor/wordpress/php-mcp-schema/src/Server/Resources/DTO/ResourceUpdatedNotificationParams.php on line 19'
[Mon Sep 07 10:48:48.292858 2026] [proxy_fcgi:error] [pid 1292243:tid 1292254] [client 156.146.33.66:60308] AH01071: Got error 'PHP message: PHP Fatal error: Uncaught Error: Class 'WP\\McpSchema\\Common\\JsonRpc\\DTO\\JSONRPCRequest' not found in /home/techb158/public_html/wp-content/plugins/seo-by-rank-math/vendor/wordpress/php-mcp-schema/src/Server/Resources/DTO/SubscribeRequest.php:21\nStack trace:\n#0 {main}\n thrown in /home/techb158/public_html/wp-content/plugins/seo-by-rank-math/vendor/wordpress/php-mcp-schema/src/Server/Resources/DTO/SubscribeRequest.php on line 21'
[Mon Sep 07 10:48:48.598997 2026] [proxy_fcgi:error] [pid 1292456:tid 1292466] [client 156.146.33.66:60312] AH01071: Got error 'PHP message: PHP Fatal error: Uncaught Error: Class 'WP\\McpSchema\\Server\\Resources\\DTO\\ResourceRequestParams' not found in /home/techb158/public_html/wp-content/plugins/seo-by-rank-math/vendor/wordpress/php-mcp-schema/src/Server/Resources/DTO/SubscribeRequestParams.php:23\nStack trace:\n#0 {main}\n thrown in /home/techb158/public_html/wp-content/plugins/seo-by-rank-math/vendor/wordpress/php-mcp-schema/src/Server/Resources/DTO/SubscribeRequestParams.php on line 23'
[Mon Sep 07 10:48:48.904580 2026] [proxy_fcgi:error] [pid 1292519:tid 1292534] [client 156.146.33.66:60328] AH01071: Got error 'PHP message: PHP Fatal error: Uncaught Error: Class 'WP\\McpSchema\\Common\\JsonRpc\\DTO\\JSONRPCRequest' not found in /home/techb158/public_html/wp-content/plugins/seo-by-rank-math/vendor/wordpress/php-mcp-schema/src/Server/Resources/DTO/UnsubscribeRequest.php:21\nStack trace:\n#0 {main}\n thrown in /home/techb158/public_html/wp-content/plugins/seo-by-rank-math/vendor/wordpress/php-mcp-schema/src/Server/Resources/DTO/UnsubscribeRequest.php on line 21'
[Mon Sep 07 10:48:49.211160 2026] [proxy_fcgi:error] [pid 1292456:tid 1292477] [client 156.146.33.66:60340] AH01071: Got error 'PHP message: PHP Fatal error: Uncaught Error: Class 'WP\\McpSchema\\Server\\Resources\\DTO\\ResourceRequestParams' not found in /home/techb158/public_html/wp-content/plugins/seo-by-rank-math/vendor/wordpress/php-mcp-schema/src/Server/Resources/DTO/UnsubscribeRequestParams.php:23\nStack trace:\n#0 {main}\n thrown in /home/techb158/public_html/wp-content/plugins/seo-by-rank-math/vendor/wordpress/php-mcp-schema/src/Server/Resources/DTO/UnsubscribeRequestParams.php on line 23'
[Mon Sep 07 10:48:51.899424 2026] [proxy_fcgi:error] [pid 1292344:tid 1292362] [client 156.146.33.66:60350] AH01071: Got error 'PHP message: PHP Fatal error: Uncaught Error: Class 'WP\\McpSchema\\Common\\JsonRpc\\DTO\\JSONRPCRequest' not found in /home/techb158/public_html/wp-content/plugins/seo-by-rank-math/vendor/wordpress/php-mcp-schema/src/Server/Tools/DTO/CallToolRequest.php:21\nStack trace:\n#0 {main}\n thrown in /home/techb158/public_html/wp-content/plugins/seo-by-rank-math/vendor/wordpress/php-mcp-schema/src/Server/Tools/DTO/CallToolRequest.php on line 21'
[Mon Sep 07 10:48:52.204665 2026] [proxy_fcgi:error] [pid 1292344:tid 1292364] [client 156.146.33.66:39870] AH01071: Got error 'PHP message: PHP Fatal error: Uncaught Error: Class 'WP\\McpSchema\\Common\\Tasks\\DTO\\TaskAugmentedRequestParams' not found in /home/techb158/public_html/wp-content/plugins/seo-by-rank-math/vendor/wordpress/php-mcp-schema/src/Server/Tools/DTO/CallToolRequestParams.php:21\nStack trace:\n#0 {main}\n thrown in /home/techb158/public_html/wp-content/plugins/seo-by-rank-math/vendor/wordpress/php-mcp-schema/src/Server/Tools/DTO/CallToolRequestParams.php on line 21'
[Mon Sep 07 10:48:52.246517 2026] [proxy_fcgi:error] [pid 1292519:tid 1292529] [client 216.73.216.32:53923] AH01071: Got error 'PHP message: PHP Fatal error: Uncaught Error: Class 'Automattic\\WooCommerce\\StoreApi\\Exceptions\\StockAvailabilityException' not found in /home/techb158/l2hypotheques.com/wp-content/plugins/woocommerce/src/StoreApi/Exceptions/PartialOutOfStockException.php:9\nStack trace:\n#0 {main}\n thrown in /home/techb158/l2hypotheques.com/wp-content/plugins/woocommerce/src/StoreApi/Exceptions/PartialOutOfStockException.php on line 9'
[Mon Sep 07 10:48:52.519597 2026] [proxy_fcgi:error] [pid 1292456:tid 1292482] [client 156.146.33.66:39886] AH01071: Got error 'PHP message: PHP Fatal error: Uncaught Error: Class 'WP\\McpSchema\\Common\\Protocol\\DTO\\Result' not found in /home/techb158/public_html/wp-content/plugins/seo-by-rank-math/vendor/wordpress/php-mcp-schema/src/Server/Tools/DTO/CallToolResult.php:23\nStack trace:\n#0 {main}\n thrown in /home/techb158/public_html/wp-content/plugins/seo-by-rank-math/vendor/wordpress/php-mcp-schema/src/Server/Tools/DTO/CallToolResult.php on line 23'
[Mon Sep 07 10:48:52.826430 2026] [proxy_fcgi:error] [pid 1292243:tid 1292246] [client 156.146.33.66:39898] AH01071: Got error 'PHP message: PHP Fatal error: Uncaught Error: Class 'WP\\McpSchema\\Common\\Protocol\\DTO\\PaginatedRequest' not found in /home/techb158/public_html/wp-content/plugins/seo-by-rank-math/vendor/wordpress/php-mcp-schema/src/Server/Tools/DTO/ListToolsRequest.php:26\nStack trace:\n#0 {main}\n thrown in /home/techb158/public_html/wp-content/plugins/seo-by-rank-math/vendor/wordpress/php-mcp-schema/src/Server/Tools/DTO/ListToolsRequest.php on line 26'
[Mon Sep 07 10:48:53.131693 2026] [proxy_fcgi:error] [pid 1292394:tid 1292408] [client 156.146.33.66:39914] AH01071: Got error 'PHP message: PHP Fatal error: Uncaught Error: Class 'WP\\McpSchema\\Common\\Protocol\\DTO\\PaginatedResult' not found in /home/techb158/public_html/wp-content/plugins/seo-by-rank-math/vendor/wordpress/php-mcp-schema/src/Server/Tools/DTO/ListToolsResult.php:21\nStack trace:\n#0 {main}\n thrown in /home/techb158/public_html/wp-content/plugins/seo-by-rank-math/vendor/wordpress/php-mcp-schema/src/Server/Tools/DTO/ListToolsResult.php on line 21'
[Mon Sep 07 10:48:53.438200 2026] [proxy_fcgi:error] [pid 1292344:tid 1292371] [client 156.146.33.66:39926] AH01071: Got error 'PHP message: PHP Fatal error: Uncaught Error: Class 'WP\\McpSchema\\Common\\Protocol\\DTO\\BaseMetadata' not found in /home/techb158/public_html/wp-content/plugins/seo-by-rank-math/vendor/wordpress/php-mcp-schema/src/Server/Tools/DTO/Tool.php:21\nStack trace:\n#0 {main}\n thrown in /home/techb158/public_html/wp-content/plugins/seo-by-rank-math/vendor/wordpress/php-mcp-schema/src/Server/Tools/DTO/Tool.php on line 21'
[Mon Sep 07 10:48:53.746327 2026] [proxy_fcgi:error] [pid 1292519:tid 1292526] [client 156.146.33.66:39936] AH01071: Got error 'PHP message: PHP Fatal error: Uncaught Error: Class 'WP\\McpSchema\\Common\\AbstractDataTransferObject' not found in /home/techb158/public_html/wp-content/plugins/seo-by-rank-math/vendor/wordpress/php-mcp-schema/src/Server/Tools/DTO/ToolAnnotations.php:26\nStack trace:\n#0 {main}\n thrown in /home/techb158/public_html/wp-content/plugins/seo-by-rank-math/vendor/wordpress/php-mcp-schema/src/Server/Tools/DTO/ToolAnnotations.php on line 26'
[Mon Sep 07 10:48:54.055711 2026] [proxy_fcgi:error] [pid 1292243:tid 1292257] [client 156.146.33.66:39950] AH01071: Got error 'PHP message: PHP Fatal error: Uncaught Error: Class 'WP\\McpSchema\\Common\\AbstractDataTransferObject' not found in /home/techb158/public_html/wp-content/plugins/seo-by-rank-math/vendor/wordpress/php-mcp-schema/src/Server/Tools/DTO/ToolExecution.php:19\nStack trace:\n#0 {main}\n thrown in /home/techb158/public_html/wp-content/plugins/seo-by-rank-math/vendor/wordpress/php-mcp-schema/src/Server/Tools/DTO/ToolExecution.php on line 19'
[Mon Sep 07 10:48:54.366823 2026] [proxy_fcgi:error] [pid 1292394:tid 1292406] [client 156.146.33.66:39952] AH01071: Got error 'PHP message: PHP Fatal error: Uncaught Error: Class 'WP\\McpSchema\\Common\\AbstractDataTransferObject' not found in /home/techb158/public_html/wp-content/plugins/seo-by-rank-math/vendor/wordpress/php-mcp-schema/src/Server/Tools/DTO/ToolInputSchema.php:17\nStack trace:\n#0 {main}\n thrown in /home/techb158/public_html/wp-content/plugins/seo-by-rank-math/vendor/wordpress/php-mcp-schema/src/Server/Tools/DTO/ToolInputSchema.php on line 17'
[Mon Sep 07 10:48:54.673109 2026] [proxy_fcgi:error] [pid 1292456:tid 1292463] [client 156.146.33.66:39964] AH01071: Got error 'PHP message: PHP Fatal error: Uncaught Error: Class 'WP\\McpSchema\\Common\\JsonRpc\\DTO\\JSONRPCNotification' not found in /home/techb158/public_html/wp-content/plugins/seo-by-rank-math/vendor/wordpress/php-mcp-schema/src/Server/Tools/DTO/ToolListChangedNotification.php:22\nStack trace:\n#0 {main}\n thrown in /home/techb158/public_html/wp-content/plugins/seo-by-rank-math/vendor/wordpress/php-mcp-schema/src/Server/Tools/DTO/ToolListChangedNotification.php on line 22'
[Mon Sep 07 10:48:55.081367 2026] [proxy_fcgi:error] [pid 1292344:tid 1292369] [client 156.146.33.66:39970] AH01071: Got error 'PHP message: PHP Fatal error: Uncaught Error: Class 'WP\\McpSchema\\Common\\AbstractDataTransferObject' not found in /home/techb158/public_html/wp-content/plugins/seo-by-rank-math/vendor/wordpress/php-mcp-schema/src/Server/Tools/DTO/ToolOutputSchema.php:21\nStack trace:\n#0 {main}\n thrown in /home/techb158/public_html/wp-content/plugins/seo-by-rank-math/vendor/wordpress/php-mcp-schema/src/Server/Tools/DTO/ToolOutputSchema.php on line 21'
[Mon Sep 07 10:48:57.244073 2026] [proxy_fcgi:error] [pid 1292456:tid 1292464] [client 216.73.216.32:28814] AH01071: Got error 'PHP message: PHP Fatal error: Uncaught Error: Class 'Automattic\\WooCommerce\\Blocks\\Templates\\AbstractTemplatePart' not found in /home/techb158/l2hypotheques.com/wp-content/plugins/woocommerce/src/Blocks/Templates/SimpleProductAddToCartWithOptionsTemplate.php:11\nStack trace:\n#0 {main}\n thrown in /home/techb158/l2hypotheques.com/wp-content/plugins/woocommerce/src/Blocks/Templates/SimpleProductAddToCartWithOptionsTemplate.php on line 11'
[Mon Sep 07 10:48:57.586698 2026] [proxy_fcgi:error] [pid 1292394:tid 1292412] [client 216.73.216.58:4928] AH01071: Got error 'Primary script unknown'
[Mon Sep 07 10:48:59.952583 2026] [proxy_fcgi:error] [pid 1292519:tid 1292522] [client 216.73.216.58:2648] AH01071: Got error 'Primary script unknown'
[Mon Sep 07 10:49:01.319025 2026] [proxy_fcgi:error] [pid 1292519:tid 1292522] [client 216.73.216.58:2648] AH01071: Got error 'Primary script unknown'
[Mon Sep 07 10:49:02.245051 2026] [proxy_fcgi:error] [pid 1292519:tid 1292540] [client 156.146.33.66:39976] AH01071: Got error 'PHP message: PHP Fatal error: Uncaught Error: Class 'WPMedia_Base_MixpanelBase' not found in /home/techb158/public_html/wp-content/plugins/seo-by-rank-math/vendor/wp-media/wp-mixpanel/src/Classes/ConsumerStrategies/AbstractConsumer.php:6\nStack trace:\n#0 {main}\n thrown in /home/techb158/public_html/wp-content/plugins/seo-by-rank-math/vendor/wp-media/wp-mixpanel/src/Classes/ConsumerStrategies/AbstractConsumer.php on line 6'
[Mon Sep 07 10:49:02.551135 2026] [proxy_fcgi:error] [pid 1292243:tid 1292261] [client 156.146.33.66:49716] AH01071: Got error 'PHP message: PHP Fatal error: Uncaught Error: Class 'WPMedia_ConsumerStrategies_AbstractConsumer' not found in /home/techb158/public_html/wp-content/plugins/seo-by-rank-math/vendor/wp-media/wp-mixpanel/src/Classes/ConsumerStrategies/CurlConsumer.php:6\nStack trace:\n#0 {main}\n thrown in /home/techb158/public_html/wp-content/plugins/seo-by-rank-math/vendor/wp-media/wp-mixpanel/src/Classes/ConsumerStrategies/CurlConsumer.php on line 6'
[Mon Sep 07 10:49:02.859533 2026] [proxy_fcgi:error] [pid 1292394:tid 1292397] [client 156.146.33.66:49724] AH01071: Got error 'PHP message: PHP Fatal error: Uncaught Error: Class 'WPMedia_ConsumerStrategies_AbstractConsumer' not found in /home/techb158/public_html/wp-content/plugins/seo-by-rank-math/vendor/wp-media/wp-mixpanel/src/Classes/ConsumerStrategies/FileConsumer.php:6\nStack trace:\n#0 {main}\n thrown in /home/techb158/public_html/wp-content/plugins/seo-by-rank-math/vendor/wp-media/wp-mixpanel/src/Classes/ConsumerStrategies/FileConsumer.php on line 6'
[Mon Sep 07 10:49:03.187052 2026] [proxy_fcgi:error] [pid 1292456:tid 1292480] [client 156.146.33.66:49728] AH01071: Got error 'PHP message: PHP Fatal error: Uncaught Error: Class 'WPMedia_Base_MixpanelBase' not found in /home/techb158/public_html/wp-content/plugins/seo-by-rank-math/vendor/wp-media/wp-mixpanel/src/Classes/ConsumerStrategies/AbstractConsumer.php:6\nStack trace:\n#0 /home/techb158/public_html/wp-content/plugins/seo-by-rank-math/vendor/wp-media/wp-mixpanel/src/Classes/ConsumerStrategies/SocketConsumer.php(34): require_once()\n#1 {main}\n thrown in /home/techb158/public_html/wp-content/plugins/seo-by-rank-math/vendor/wp-media/wp-mixpanel/src/Classes/ConsumerStrategies/AbstractConsumer.php on line 6'
[Mon Sep 07 10:49:03.494655 2026] [proxy_fcgi:error] [pid 1292314:tid 1292326] [client 156.146.33.66:49742] AH01071: Got error 'PHP message: PHP Fatal error: Uncaught Error: Class 'WPMedia_Base_MixpanelBase' not found in /home/techb158/public_html/wp-content/plugins/seo-by-rank-math/vendor/wp-media/wp-mixpanel/src/Classes/Mixpanel.php:105\nStack trace:\n#0 {main}\n thrown in /home/techb158/public_html/wp-content/plugins/seo-by-rank-math/vendor/wp-media/wp-mixpanel/src/Classes/Mixpanel.php on line 105'
[Mon Sep 07 10:49:05.010135 2026] [proxy_fcgi:error] [pid 1292344:tid 1292368] [client 156.146.33.66:49752] AH01071: Got error 'PHP message: PHP Fatal error: Uncaught Error: Class 'WPMedia_Base_MixpanelBase' not found in /home/techb158/public_html/wp-content/plugins/seo-by-rank-math/vendor/wp-media/wp-mixpanel/src/Classes/Producers/MixpanelBaseProducer.php:10\nStack trace:\n#0 {main}\n thrown in /home/techb158/public_html/wp-content/plugins/seo-by-rank-math/vendor/wp-media/wp-mixpanel/src/Classes/Producers/MixpanelBaseProducer.php on line 10'
[Mon Sep 07 10:49:05.329131 2026] [proxy_fcgi:error] [pid 1292243:tid 1292256] [client 156.146.33.66:49760] AH01071: Got error 'PHP message: PHP Fatal error: Uncaught Error: Class 'WPMedia_Producers_MixpanelBaseProducer' not found in /home/techb158/public_html/wp-content/plugins/seo-by-rank-math/vendor/wp-media/wp-mixpanel/src/Classes/Producers/MixpanelEvents.php:6\nStack trace:\n#0 {main}\n thrown in /home/techb158/public_html/wp-content/plugins/seo-by-rank-math/vendor/wp-media/wp-mixpanel/src/Classes/Producers/MixpanelEvents.php on line 6'
[Mon Sep 07 10:49:05.636097 2026] [proxy_fcgi:error] [pid 1292394:tid 1292410] [client 156.146.33.66:49774] AH01071: Got error 'PHP message: PHP Fatal error: Uncaught Error: Class 'WPMedia_Producers_MixpanelBaseProducer' not found in /home/techb158/public_html/wp-content/plugins/seo-by-rank-math/vendor/wp-media/wp-mixpanel/src/Classes/Producers/MixpanelGroups.php:6\nStack trace:\n#0 {main}\n thrown in /home/techb158/public_html/wp-content/plugins/seo-by-rank-math/vendor/wp-media/wp-mixpanel/src/Classes/Producers/MixpanelGroups.php on line 6'
[Mon Sep 07 10:49:05.942650 2026] [proxy_fcgi:error] [pid 1292344:tid 1292351] [client 156.146.33.66:49776] AH01071: Got error 'PHP message: PHP Fatal error: Uncaught Error: Class 'WPMedia_Producers_MixpanelBaseProducer' not found in /home/techb158/public_html/wp-content/plugins/seo-by-rank-math/vendor/wp-media/wp-mixpanel/src/Classes/Producers/MixpanelPeople.php:6\nStack trace:\n#0 {main}\n thrown in /home/techb158/public_html/wp-content/plugins/seo-by-rank-math/vendor/wp-media/wp-mixpanel/src/Classes/Producers/MixpanelPeople.php on line 6'
[Mon Sep 07 10:49:06.061233 2026] [proxy_fcgi:error] [pid 1292519:tid 1292522] [client 216.73.216.58:2648] AH01071: Got error 'Primary script unknown'
[Mon Sep 07 10:49:06.562631 2026] [proxy_fcgi:error] [pid 1292519:tid 1292537] [client 156.146.33.66:49792] AH01071: Got error 'PHP message: PHP Fatal error: Uncaught Error: Class 'WPMedia\\Mixpanel\\Tracking' not found in /home/techb158/public_html/wp-content/plugins/seo-by-rank-math/vendor/wp-media/wp-mixpanel/src/TrackingPlugin.php:6\nStack trace:\n#0 {main}\n thrown in /home/techb158/public_html/wp-content/plugins/seo-by-rank-math/vendor/wp-media/wp-mixpanel/src/TrackingPlugin.php on line 6'
[Mon Sep 07 10:49:06.876692 2026] [proxy_fcgi:error] [pid 1292394:tid 1292400] [client 156.146.33.66:49800] AH01071: Got error 'PHP message: PHP Fatal error: Uncaught Error: Class 'WPMedia_ConsumerStrategies_AbstractConsumer' not found in /home/techb158/public_html/wp-content/plugins/seo-by-rank-math/vendor/wp-media/wp-mixpanel/src/WPConsumer.php:11\nStack trace:\n#0 {main}\n thrown in /home/techb158/public_html/wp-content/plugins/seo-by-rank-math/vendor/wp-media/wp-mixpanel/src/WPConsumer.php on line 11'
[Mon Sep 07 10:49:08.981446 2026] [proxy_fcgi:error] [pid 1292456:tid 1292476] [client 216.73.216.32:37996] AH01071: Got error 'PHP message: PHP Fatal error: Uncaught Error: Interface 'WPForms\\Vendor\\Symfony\\Component\\CssSelector\\Parser\\ParserInterface' not found in /home/techb158/public_html/wp-content/plugins/wpforms-lite/vendor_prefixed/symfony/css-selector/Parser/Shortcut/ElementParser.php:26\nStack trace:\n#0 {main}\n thrown in /home/techb158/public_html/wp-content/plugins/wpforms-lite/vendor_prefixed/symfony/css-selector/Parser/Shortcut/ElementParser.php on line 26'
[Mon Sep 07 10:49:11.659715 2026] [proxy_fcgi:error] [pid 1292344:tid 1292363] [client 216.73.216.58:24735] AH01071: Got error 'Primary script unknown'
[Mon Sep 07 10:49:13.098876 2026] [proxy_fcgi:error] [pid 1292314:tid 1292322] [client 156.146.33.66:49802] AH01071: Got error 'PHP message: PHP Warning: Use of undefined constant ABSPATH - assumed 'ABSPATH' (this will throw an Error in a future version of PHP) in /home/techb158/public_html/wp-content/plugins/soo-demo-importer/includes/class-content-importer.php on line 4PHP message: PHP Warning: require(ABSPATH/wp-admin/includes/class-wp-importer.php): failed to open stream: No such file or directory in /home/techb158/public_html/wp-content/plugins/soo-demo-importer/includes/class-content-importer.php on line 4PHP message: PHP Fatal error: require(): Failed opening required 'ABSPATH/wp-admin/includes/class-wp-importer.php' (include_path='.:/opt/cpanel/ea-php74/root/usr/share/pear') in /home/techb158/public_html/wp-content/plugins/soo-demo-importer/includes/class-content-importer.php on line 4'
[Mon Sep 07 10:49:13.405624 2026] [proxy_fcgi:error] [pid 1292344:tid 1292372] [client 156.146.33.66:49486] AH01071: Got error 'PHP message: PHP Fatal error: Uncaught Error: Class 'WP_Importer_Logger' not found in /home/techb158/public_html/wp-content/plugins/soo-demo-importer/includes/class-logger-cli.php:3\nStack trace:\n#0 {main}\n thrown in /home/techb158/public_html/wp-content/plugins/soo-demo-importer/includes/class-logger-cli.php on line 3'
[Mon Sep 07 10:49:13.713441 2026] [proxy_fcgi:error] [pid 1292243:tid 1292254] [client 156.146.33.66:49488] AH01071: Got error 'PHP message: PHP Fatal error: Uncaught Error: Class 'WP_Importer_Logger' not found in /home/techb158/public_html/wp-content/plugins/soo-demo-importer/includes/class-logger-serversentevents.php:3\nStack trace:\n#0 {main}\n thrown in /home/techb158/public_html/wp-content/plugins/soo-demo-importer/includes/class-logger-serversentevents.php on line 3'
[Mon Sep 07 10:49:13.802950 2026] [proxy_fcgi:error] [pid 1292519:tid 1292536] [client 74.7.227.3:48634] AH01071: Got error 'PHP message: PHP Fatal error: Uncaught Error: Class "Stripe\\ApiResource" not found in /home/techb158/immovalet.com/vendor/stripe/stripe-php/lib/TaxId.php:25\nStack trace:\n#0 {main}\n thrown in /home/techb158/immovalet.com/vendor/stripe/stripe-php/lib/TaxId.php on line 25', referer: http://immovalet.techbala.com/vendor/stripe/stripe-php/lib/
[Mon Sep 07 10:49:14.131992 2026] [proxy_fcgi:error] [pid 1292394:tid 1292398] [client 156.146.33.66:49490] AH01071: Got error 'PHP message: PHP Fatal error: Uncaught Error: Class 'WP_Importer' not found in /home/techb158/public_html/wp-content/plugins/soo-demo-importer/includes/class-wxr-importer.php:3\nStack trace:\n#0 {main}\n thrown in /home/techb158/public_html/wp-content/plugins/soo-demo-importer/includes/class-wxr-importer.php on line 3'
[Mon Sep 07 10:49:14.544600 2026] [proxy_fcgi:error] [pid 1292344:tid 1292359] [client 156.146.33.66:49498] AH01071: Got error 'PHP message: PHP Warning: Use of undefined constant ABSPATH - assumed 'ABSPATH' (this will throw an Error in a future version of PHP) in /home/techb158/public_html/wp-content/plugins/soo-demo-importer/includes/customizer-option.php on line 10PHP message: PHP Warning: require_once(ABSPATHwp-includes/class-wp-customize-setting.php): failed to open stream: No such file or directory in /home/techb158/public_html/wp-content/plugins/soo-demo-importer/includes/customizer-option.php on line 10PHP message: PHP Fatal error: require_once(): Failed opening required 'ABSPATHwp-includes/class-wp-customize-setting.php' (include_path='.:/opt/cpanel/ea-php74/root/usr/share/pear') in /home/techb158/public_html/wp-content/plugins/soo-demo-importer/includes/customizer-option.php on line 10'
[Mon Sep 07 10:49:15.321458 2026] [proxy_fcgi:error] [pid 1292314:tid 1292318] [client 216.73.216.58:31713] AH01071: Got error 'Primary script unknown'
[Mon Sep 07 10:49:15.961911 2026] [proxy_fcgi:error] [pid 1292456:tid 1292479] [client 74.7.227.3:45238] AH01071: Got error 'PHP message: PHP Fatal error: Uncaught Error: Class "Stripe\\ApiResource" not found in /home/techb158/immovalet.com/vendor/stripe/stripe-php/lib/Token.php:46\nStack trace:\n#0 {main}\n thrown in /home/techb158/immovalet.com/vendor/stripe/stripe-php/lib/Token.php on line 46', referer: http://immovalet.techbala.com/vendor/stripe/stripe-php/lib/
[Mon Sep 07 10:49:18.085744 2026] [proxy_fcgi:error] [pid 1292314:tid 1292338] [client 74.7.227.3:45250] AH01071: Got error 'PHP message: PHP Fatal error: Uncaught Error: Class "Stripe\\ApiResource" not found in /home/techb158/immovalet.com/vendor/stripe/stripe-php/lib/Quote.php:46\nStack trace:\n#0 {main}\n thrown in /home/techb158/immovalet.com/vendor/stripe/stripe-php/lib/Quote.php on line 46', referer: http://immovalet.techbala.com/vendor/stripe/stripe-php/lib/
[Mon Sep 07 10:49:19.010255 2026] [proxy_fcgi:error] [pid 1292314:tid 1292318] [client 216.73.216.58:31713] AH01071: Got error 'Primary script unknown'
[Mon Sep 07 10:49:20.377996 2026] [proxy_fcgi:error] [pid 1292314:tid 1292318] [client 216.73.216.58:31713] AH01071: Got error 'Primary script unknown'
[Mon Sep 07 10:49:20.495607 2026] [proxy_fcgi:error] [pid 1292456:tid 1292462] [client 216.73.216.32:44414] AH01071: Got error 'PHP message: PHP Fatal error: Uncaught Error: Interface "Botble\\SeoHelper\\Contracts\\Entities\\TitleContract" not found in /home/techb158/immovalet.com/platform/packages/seo-helper/src/Entities/Title.php:9\nStack trace:\n#0 {main}\n thrown in /home/techb158/immovalet.com/platform/packages/seo-helper/src/Entities/Title.php on line 9'
[Mon Sep 07 10:49:40.389506 2026] [proxy_fcgi:error] [pid 1292456:tid 1292461] [client 216.73.216.32:47708] AH01071: Got error 'PHP message: PHP Fatal error: Uncaught Error: Class "Illuminate\\View\\Component" not found in /home/techb158/immovalet.com/vendor/laravel/framework/src/Illuminate/View/AnonymousComponent.php:5\nStack trace:\n#0 {main}\n thrown in /home/techb158/immovalet.com/vendor/laravel/framework/src/Illuminate/View/AnonymousComponent.php on line 5'
[Mon Sep 07 10:49:42.489980 2026] [proxy_fcgi:error] [pid 1292394:tid 1292414] [client 74.7.227.3:45262] AH01071: Got error 'PHP message: PHP Fatal error: Uncaught Error: Class "HTMLPurifier_HTMLModule" not found in /home/techb158/immovalet.com/vendor/ezyang/htmlpurifier/library/HTMLPurifier/HTMLModule/NonXMLCommonAttributes.php:3\nStack trace:\n#0 {main}\n thrown in /home/techb158/immovalet.com/vendor/ezyang/htmlpurifier/library/HTMLPurifier/HTMLModule/NonXMLCommonAttributes.php on line 3', referer: http://immovalet.techbala.com/vendor/ezyang/htmlpurifier/library/HTMLPurifier/HTMLModule/
[Mon Sep 07 10:49:46.227428 2026] [proxy_fcgi:error] [pid 1292519:tid 1292529] [client 156.146.33.66:49512] AH01067: Failed to read FastCGI header
[Mon Sep 07 10:49:46.227470 2026] [proxy_fcgi:error] [pid 1292519:tid 1292529] (104)Connection reset by peer: [client 156.146.33.66:49512] AH01075: Error dispatching request to :
[Mon Sep 07 10:49:46.235642 2026] [proxy_fcgi:error] [pid 1292519:tid 1292529] [client 156.146.33.66:49512] AH01067: Failed to read FastCGI header
[Mon Sep 07 10:49:46.235679 2026] [proxy_fcgi:error] [pid 1292519:tid 1292529] (104)Connection reset by peer: [client 156.146.33.66:49512] AH01075: Error dispatching request to :
[Mon Sep 07 10:49:46.237408 2026] [proxy_fcgi:error] [pid 1292394:tid 1292410] [client 216.73.216.58:32217] AH01067: Failed to read FastCGI header
[Mon Sep 07 10:49:46.237437 2026] [proxy_fcgi:error] [pid 1292394:tid 1292410] (104)Connection reset by peer: [client 216.73.216.58:32217] AH01075: Error dispatching request to :
[Mon Sep 07 10:49:46.253090 2026] [proxy_fcgi:error] [pid 1292394:tid 1292410] [client 216.73.216.58:32217] AH01071: Got error 'Primary script unknown'
[Mon Sep 07 10:49:49.518650 2026] [access_compat:error] [pid 1292519:tid 1292539] [client 74.7.241.13:35520] AH01797: client denied by server configuration: /home/techb158/monphenix.ca/well-known/pki-validation/d/e/g/g/, referer: https://www.monphenixcs.techbala.com/well-known/pki-validation/d/e/
[Mon Sep 07 10:49:55.394859 2026] [proxy_fcgi:error] [pid 1292456:tid 1292479] [client 216.73.216.32:18019] AH01071: Got error 'PHP message: PHP Fatal error: Uncaught Error: Class "Illuminate\\Support\\Manager" not found in /home/techb158/immovalet.com/vendor/laravel/framework/src/Illuminate/Hashing/HashManager.php:8\nStack trace:\n#0 {main}\n thrown in /home/techb158/immovalet.com/vendor/laravel/framework/src/Illuminate/Hashing/HashManager.php on line 8'
[Mon Sep 07 10:50:06.866942 2026] [core:error] [pid 1292394:tid 1292412] [client 216.73.216.58:21142] AH10244: invalid URI path (/%sassets/images/submit-spin.svg)
[Mon Sep 07 10:50:06.867447 2026] [proxy_fcgi:error] [pid 1292394:tid 1292412] [client 216.73.216.58:21142] AH01071: Got error 'Primary script unknown'
[Mon Sep 07 10:50:10.542201 2026] [proxy_fcgi:error] [pid 1292344:tid 1292358] [client 216.73.216.58:4133] AH01071: Got error 'Primary script unknown'
[Mon Sep 07 10:50:13.552316 2026] [proxy_fcgi:error] [pid 1292344:tid 1292358] [client 216.73.216.58:4133] AH01071: Got error 'Primary script unknown'
[Mon Sep 07 10:50:25.425966 2026] [proxy_fcgi:error] [pid 1292344:tid 1292359] [client 216.73.216.32:5598] AH01071: Got error 'PHP message: PHP Fatal error: Trait "Illuminate\\Support\\InteractsWithTime" not found in /home/techb158/immovalet.com/vendor/laravel/framework/src/Illuminate/Session/CookieSessionHandler.php on line 10'
[Mon Sep 07 10:50:40.439314 2026] [proxy_fcgi:error] [pid 1292394:tid 1292407] [client 216.73.216.32:45259] AH01071: Got error 'PHP message: PHP Fatal error: Uncaught Error: Class "Botble\\Widget\\AbstractWidget" not found in /home/techb158/immovalet.com/platform/themes/shopwise/widgets/custom-menu/custom-menu.php:5\nStack trace:\n#0 {main}\n thrown in /home/techb158/immovalet.com/platform/themes/shopwise/widgets/custom-menu/custom-menu.php on line 5'
[Mon Sep 07 10:50:46.264826 2026] [proxy_fcgi:error] [pid 1292314:tid 1292340] [client 156.146.33.66:44286] AH01067: Failed to read FastCGI header
[Mon Sep 07 10:50:46.264856 2026] [proxy_fcgi:error] [pid 1292314:tid 1292340] (104)Connection reset by peer: [client 156.146.33.66:44286] AH01075: Error dispatching request to :
[Mon Sep 07 10:50:46.264912 2026] [proxy_fcgi:error] [pid 1292314:tid 1292334] [client 143.244.57.118:41712] AH01067: Failed to read FastCGI header
[Mon Sep 07 10:50:46.264956 2026] [proxy_fcgi:error] [pid 1292314:tid 1292334] (104)Connection reset by peer: [client 143.244.57.118:41712] AH01075: Error dispatching request to :
[Mon Sep 07 10:50:49.455534 2026] [proxy_fcgi:error] [pid 1292519:tid 1292523] [client 216.73.216.58:45809] AH01071: Got error 'Primary script unknown'
[Mon Sep 07 10:50:49.712627 2026] [proxy_fcgi:error] [pid 1292243:tid 1292260] [client 74.7.243.201:48238] AH01071: Got error 'PHP message: PHP Fatal error: Uncaught Error: Class "Botble\\Theme\\Http\\Controllers\\PublicController" not found in /home/techb158/immovalet.com/platform/themes/shopwise/src/Http/Controllers/ShopwiseController.php:24\nStack trace:\n#0 {main}\n thrown in /home/techb158/immovalet.com/platform/themes/shopwise/src/Http/Controllers/ShopwiseController.php on line 24', referer: http://www.immovalet.com/platform/themes/shopwise/src/Http/Controllers/
[Mon Sep 07 10:50:49.818628 2026] [proxy_fcgi:error] [pid 1292519:tid 1292523] [client 216.73.216.58:45809] AH01071: Got error 'Primary script unknown'
[Mon Sep 07 10:50:51.730575 2026] [proxy_fcgi:error] [pid 1292344:tid 1292367] [client 74.7.243.201:39280] AH01071: Got error 'PHP message: PHP Fatal error: Uncaught Error: Class "PhpOffice\\PhpSpreadsheet\\Style\\Supervisor" not found in /home/techb158/immovalet.com/vendor/phpoffice/phpspreadsheet/src/PhpSpreadsheet/Style/Borders.php:7\nStack trace:\n#0 {main}\n thrown in /home/techb158/immovalet.com/vendor/phpoffice/phpspreadsheet/src/PhpSpreadsheet/Style/Borders.php on line 7', referer: http://www.immovalet.com/vendor/phpoffice/phpspreadsheet/src/PhpSpreadsheet/Style/
[Mon Sep 07 10:50:55.688324 2026] [proxy_fcgi:error] [pid 1292314:tid 1292323] [client 216.73.216.252:16517] AH01071: Got error 'Primary script unknown'
[Mon Sep 07 10:50:57.935858 2026] [proxy_fcgi:error] [pid 1292519:tid 1292521] [client 74.7.243.201:34724] AH01071: Got error 'PHP message: PHP Fatal error: Uncaught Error: Class "PhpOffice\\PhpSpreadsheet\\Exception" not found in /home/techb158/immovalet.com/vendor/phpoffice/phpspreadsheet/src/PhpSpreadsheet/Chart/Exception.php:7\nStack trace:\n#0 {main}\n thrown in /home/techb158/immovalet.com/vendor/phpoffice/phpspreadsheet/src/PhpSpreadsheet/Chart/Exception.php on line 7', referer: http://www.immovalet.com/vendor/phpoffice/phpspreadsheet/src/PhpSpreadsheet/Chart/
[Mon Sep 07 10:51:03.154735 2026] [proxy_fcgi:error] [pid 1292314:tid 1292322] [client 216.73.216.58:26813] AH01071: Got error 'Primary script unknown'
[Mon Sep 07 10:51:04.173464 2026] [proxy_fcgi:error] [pid 1292519:tid 1292532] [client 74.7.243.201:34726] AH01071: Got error 'PHP message: PHP Fatal error: Uncaught Error: Class "PhpOffice\\PhpSpreadsheet\\Exception" not found in /home/techb158/immovalet.com/vendor/phpoffice/phpspreadsheet/src/PhpSpreadsheet/Reader/Exception.php:7\nStack trace:\n#0 {main}\n thrown in /home/techb158/immovalet.com/vendor/phpoffice/phpspreadsheet/src/PhpSpreadsheet/Reader/Exception.php on line 7', referer: http://www.immovalet.com/vendor/phpoffice/phpspreadsheet/src/PhpSpreadsheet/Reader/
[Mon Sep 07 10:51:10.823143 2026] [proxy_fcgi:error] [pid 1292519:tid 1292536] [client 57.141.4.26:20062] AH01071: Got error 'PHP message: PHP Fatal error: Uncaught Error: Interface "Botble\\SeoHelper\\Contracts\\SeoOpenGraphContract" not found in /home/techb158/immovalet.com/vendor/botble/seo-helper/src/SeoOpenGraph.php:9\nStack trace:\n#0 {main}\n thrown in /home/techb158/immovalet.com/vendor/botble/seo-helper/src/SeoOpenGraph.php on line 9'
[Mon Sep 07 10:51:16.634660 2026] [proxy_fcgi:error] [pid 1292456:tid 1292465] [client 74.7.243.201:57396] AH01071: Got error 'PHP message: PHP Fatal error: Uncaught Error: Class "Botble\\Base\\Http\\Controllers\\BaseController" not found in /home/techb158/immovalet.com/platform/plugins/ecommerce/src/Http/Controllers/ReportController.php:24\nStack trace:\n#0 {main}\n thrown in /home/techb158/immovalet.com/platform/plugins/ecommerce/src/Http/Controllers/ReportController.php on line 24', referer: http://www.immovalet.com/platform/plugins/ecommerce/src/Http/Controllers/
[Mon Sep 07 10:51:17.755794 2026] [proxy_fcgi:error] [pid 1292314:tid 1292318] [client 74.7.227.3:43844] AH01071: Got error 'Primary script unknown', referer: http://immovalet.techbala.com/vendor/botble/platform/table/resources/views/filter.blade.php
[Mon Sep 07 10:51:18.464049 2026] [proxy_fcgi:error] [pid 1292519:tid 1292530] [client 216.73.216.58:36110] AH01071: Got error 'Primary script unknown'
[Mon Sep 07 10:51:20.859054 2026] [proxy_fcgi:error] [pid 1292519:tid 1292523] [client 74.7.243.201:41622] AH01071: Got error 'PHP message: PHP Fatal error: Uncaught Error: Class "PhpOffice\\PhpSpreadsheet\\Chart\\Properties" not found in /home/techb158/immovalet.com/vendor/phpoffice/phpspreadsheet/src/PhpSpreadsheet/Chart/GridLines.php:11\nStack trace:\n#0 {main}\n thrown in /home/techb158/immovalet.com/vendor/phpoffice/phpspreadsheet/src/PhpSpreadsheet/Chart/GridLines.php on line 11', referer: http://www.immovalet.com/vendor/phpoffice/phpspreadsheet/src/PhpSpreadsheet/Chart/
[Mon Sep 07 10:51:22.930479 2026] [proxy_fcgi:error] [pid 1292394:tid 1292412] [client 74.7.243.201:41632] AH01071: Got error 'PHP message: PHP Fatal error: Uncaught Error: Class "Botble\\Base\\Http\\Controllers\\BaseController" not found in /home/techb158/immovalet.com/platform/core/dashboard/src/Http/Controllers/DashboardController.php:18\nStack trace:\n#0 {main}\n thrown in /home/techb158/immovalet.com/platform/core/dashboard/src/Http/Controllers/DashboardController.php on line 18', referer: http://www.immovalet.com/platform/core/dashboard/src/Http/Controllers/
[Mon Sep 07 10:51:23.198072 2026] [proxy_fcgi:error] [pid 1292519:tid 1292530] [client 216.73.216.58:36110] AH01071: Got error 'Primary script unknown'
[Mon Sep 07 10:51:24.655250 2026] [proxy_fcgi:error] [pid 1292519:tid 1292530] [client 216.73.216.58:36110] AH01071: Got error 'Primary script unknown'
[Mon Sep 07 10:51:25.001394 2026] [proxy_fcgi:error] [pid 1292394:tid 1292409] [client 74.7.243.201:53382] AH01071: Got error 'PHP message: PHP Fatal error: Uncaught Error: Class "PhpOffice\\PhpSpreadsheet\\Reader\\BaseReader" not found in /home/techb158/immovalet.com/vendor/phpoffice/phpspreadsheet/src/PhpSpreadsheet/Reader/Gnumeric.php:21\nStack trace:\n#0 {main}\n thrown in /home/techb158/immovalet.com/vendor/phpoffice/phpspreadsheet/src/PhpSpreadsheet/Reader/Gnumeric.php on line 21', referer: http://www.immovalet.com/vendor/phpoffice/phpspreadsheet/src/PhpSpreadsheet/Reader/
[Mon Sep 07 10:51:27.297190 2026] [proxy_fcgi:error] [pid 1292519:tid 1292521] [client 216.73.216.58:14443] AH01071: Got error 'Primary script unknown'
[Mon Sep 07 10:51:29.003198 2026] [proxy_fcgi:error] [pid 1292456:tid 1292476] [client 74.7.243.201:53388] AH01071: Got error 'PHP message: PHP Fatal error: Uncaught Error: Class "PhpOffice\\PhpSpreadsheet\\Exception" not found in /home/techb158/immovalet.com/vendor/phpoffice/phpspreadsheet/src/PhpSpreadsheet/Writer/Exception.php:7\nStack trace:\n#0 {main}\n thrown in /home/techb158/immovalet.com/vendor/phpoffice/phpspreadsheet/src/PhpSpreadsheet/Writer/Exception.php on line 7', referer: http://www.immovalet.com/vendor/phpoffice/phpspreadsheet/src/PhpSpreadsheet/Writer/
[Mon Sep 07 10:51:31.221052 2026] [proxy_fcgi:error] [pid 1292314:tid 1292332] [client 216.73.216.58:9578] AH01071: Got error 'Primary script unknown'
[Mon Sep 07 10:51:33.413914 2026] [proxy_fcgi:error] [pid 1292394:tid 1292416] [client 74.7.243.201:53402] AH01071: Got error 'PHP message: PHP Fatal error: Uncaught Error: Class "PhpOffice\\PhpSpreadsheet\\Style\\Supervisor" not found in /home/techb158/immovalet.com/vendor/phpoffice/phpspreadsheet/src/PhpSpreadsheet/Style/Protection.php:5\nStack trace:\n#0 {main}\n thrown in /home/techb158/immovalet.com/vendor/phpoffice/phpspreadsheet/src/PhpSpreadsheet/Style/Protection.php on line 5', referer: http://www.immovalet.com/vendor/phpoffice/phpspreadsheet/src/PhpSpreadsheet/Style/
[Mon Sep 07 10:51:33.587962 2026] [proxy_fcgi:error] [pid 1292314:tid 1292332] [client 216.73.216.58:9578] AH01071: Got error 'Primary script unknown'
[Mon Sep 07 10:51:36.938049 2026] [proxy_fcgi:error] [pid 1292243:tid 1292254] [client 216.73.216.226:36878] AH01071: Got error 'Primary script unknown'
[Mon Sep 07 10:51:39.801903 2026] [proxy_fcgi:error] [pid 1292243:tid 1292262] [client 216.73.216.58:35064] AH01071: Got error 'Primary script unknown'
[Mon Sep 07 10:51:42.747115 2026] [proxy_fcgi:error] [pid 1292344:tid 1292361] [client 74.7.243.201:44284] AH01071: Got error 'PHP message: PHP Fatal error: Uncaught Error: Interface "PhpOffice\\PhpSpreadsheet\\IComparable" not found in /home/techb158/immovalet.com/vendor/phpoffice/phpspreadsheet/src/PhpSpreadsheet/Style/Supervisor.php:9\nStack trace:\n#0 {main}\n thrown in /home/techb158/immovalet.com/vendor/phpoffice/phpspreadsheet/src/PhpSpreadsheet/Style/Supervisor.php on line 9', referer: http://www.immovalet.com/vendor/phpoffice/phpspreadsheet/src/PhpSpreadsheet/Style/
[Mon Sep 07 10:51:44.870592 2026] [proxy_fcgi:error] [pid 1292456:tid 1292462] [client 74.7.243.201:50004] AH01071: Got error 'PHP message: PHP Deprecated: Return type of PhpOffice\\PhpSpreadsheet\\Worksheet\\Iterator::valid() should either be compatible with Iterator::valid(): bool, or the #[\\ReturnTypeWillChange] attribute should be used to temporarily suppress the notice in /home/techb158/immovalet.com/vendor/phpoffice/phpspreadsheet/src/PhpSpreadsheet/Worksheet/Iterator.php on line 69', referer: http://www.immovalet.com/vendor/phpoffice/phpspreadsheet/src/PhpSpreadsheet/Worksheet/
[Mon Sep 07 10:51:46.299830 2026] [proxy_fcgi:error] [pid 1292394:tid 1292401] [client 74.7.227.177:55984] AH01067: Failed to read FastCGI header, referer: http://monphenix.com/fdzpuexo.php?p=%2Fhome%2Ftechb158%2Fimmovalet.com%2Fwell-known%2Facme-challenge%2Fa%2Fh
[Mon Sep 07 10:51:46.299849 2026] [proxy_fcgi:error] [pid 1292394:tid 1292401] (104)Connection reset by peer: [client 74.7.227.177:55984] AH01075: Error dispatching request to : , referer: http://monphenix.com/fdzpuexo.php?p=%2Fhome%2Ftechb158%2Fimmovalet.com%2Fwell-known%2Facme-challenge%2Fa%2Fh
[Mon Sep 07 10:51:46.302473 2026] [proxy_fcgi:error] [pid 1292519:tid 1292541] [client 143.244.57.118:52730] AH01067: Failed to read FastCGI header
[Mon Sep 07 10:51:46.302508 2026] [proxy_fcgi:error] [pid 1292519:tid 1292541] (104)Connection reset by peer: [client 143.244.57.118:52730] AH01075: Error dispatching request to :
[Mon Sep 07 10:51:46.314371 2026] [proxy_fcgi:error] [pid 1292519:tid 1292541] [client 143.244.57.118:52730] AH01067: Failed to read FastCGI header
[Mon Sep 07 10:51:46.314389 2026] [proxy_fcgi:error] [pid 1292519:tid 1292541] (104)Connection reset by peer: [client 143.244.57.118:52730] AH01075: Error dispatching request to :
[Mon Sep 07 10:51:47.641478 2026] [proxy_fcgi:error] [pid 1292519:tid 1292523] [client 57.141.4.10:22188] AH01071: Got error 'PHP message: PHP Fatal error: Uncaught Error: Class "PhpOffice\\PhpSpreadsheet\\Writer\\Xls\\BIFFwriter" not found in /home/techb158/immovalet.com/vendor/phpoffice/phpspreadsheet/src/PhpSpreadsheet/Writer/Xls/Workbook.php:48\nStack trace:\n#0 {main}\n thrown in /home/techb158/immovalet.com/vendor/phpoffice/phpspreadsheet/src/PhpSpreadsheet/Writer/Xls/Workbook.php on line 48'
[Mon Sep 07 10:51:49.490043 2026] [proxy_fcgi:error] [pid 1292344:tid 1292366] [client 216.73.216.58:36564] AH01071: Got error 'Primary script unknown'
[Mon Sep 07 10:52:13.855979 2026] [proxy_fcgi:error] [pid 1292243:tid 1292259] [client 156.146.33.66:52078] AH01071: Got error 'PHP message: PHP Fatal error: Uncaught Error: Call to undefined function wpforms() in /home/techb158/public_html/wp-content/plugins/wpforms-lite/includes/deprecated.php:148\nStack trace:\n#0 {main}\n thrown in /home/techb158/public_html/wp-content/plugins/wpforms-lite/includes/deprecated.php on line 148'
[Mon Sep 07 10:52:18.288877 2026] [proxy_fcgi:error] [pid 1292394:tid 1292407] [client 156.146.33.66:43286] AH01071: Got error 'PHP message: PHP Fatal error: Trait 'WPForms\\Forms\\Fields\\Traits\\MultiFieldMenu' not found in /home/techb158/public_html/wp-content/plugins/wpforms-lite/includes/fields/class-base.php on line 20'
[Mon Sep 07 10:52:18.785335 2026] [proxy_fcgi:error] [pid 1292394:tid 1292401] [client 156.146.33.66:43300] AH01071: Got error 'PHP message: PHP Fatal error: Uncaught Error: Class 'WPForms_Field' not found in /home/techb158/public_html/wp-content/plugins/wpforms-lite/includes/fields/class-email.php:10\nStack trace:\n#0 {main}\n thrown in /home/techb158/public_html/wp-content/plugins/wpforms-lite/includes/fields/class-email.php on line 10'
[Mon Sep 07 10:52:23.597392 2026] [proxy_fcgi:error] [pid 1292519:tid 1292523] [client 216.73.216.58:25920] AH01071: Got error 'Primary script unknown'
[Mon Sep 07 10:52:27.619404 2026] [proxy_fcgi:error] [pid 1292344:tid 1292359] [client 216.73.216.58:24303] AH01071: Got error 'Primary script unknown'
[Mon Sep 07 10:52:30.969584 2026] [proxy_fcgi:error] [pid 1292314:tid 1292328] [client 156.146.33.66:43316] AH01071: Got error 'PHP message: PHP Fatal error: Uncaught Error: Call to undefined function esc_url() in /home/techb158/public_html/wp-content/plugins/wpforms-lite/lite/templates/admin/entries/notice.php:15\nStack trace:\n#0 {main}\n thrown in /home/techb158/public_html/wp-content/plugins/wpforms-lite/lite/templates/admin/entries/notice.php on line 15'
[Mon Sep 07 10:52:32.360962 2026] [proxy_fcgi:error] [pid 1292314:tid 1292328] [client 156.146.33.66:43316] AH01071: Got error 'PHP message: PHP Fatal error: Uncaught Error: Call to undefined function wpforms_render() in /home/techb158/public_html/wp-content/plugins/wpforms-lite/lite/templates/admin/entries/overview/entry-list.php:22\nStack trace:\n#0 {main}\n thrown in /home/techb158/public_html/wp-content/plugins/wpforms-lite/lite/templates/admin/entries/overview/entry-list.php on line 22'
