[Mon Sep 07 11:14:06.107139 2026] [proxy_fcgi:error] [pid 1292344:tid 1292359] [client 156.146.33.66:57882] AH01071: Got error 'PHP message: PHP Fatal error: Uncaught Error: Call to a member function get_charset_collate() on null in /home/techb158/public_html/wp-admin/includes/schema.php:23\nStack trace:\n#0 {main}\n thrown in /home/techb158/public_html/wp-admin/includes/schema.php on line 23'
[Mon Sep 07 11:14:06.863447 2026] [proxy_fcgi:error] [pid 1292519:tid 1292533] [client 156.146.33.66:57892] AH01071: Got error 'PHP message: PHP Warning: Use of undefined constant WP_CONTENT_DIR - assumed 'WP_CONTENT_DIR' (this will throw an Error in a future version of PHP) in /home/techb158/public_html/wp-admin/includes/upgrade.php on line 12PHP message: PHP Warning: Use of undefined constant ABSPATH - assumed 'ABSPATH' (this will throw an Error in a future version of PHP) in /home/techb158/public_html/wp-admin/includes/upgrade.php on line 17PHP message: PHP Warning: require_once(ABSPATHwp-admin/includes/admin.php): failed to open stream: No such file or directory in /home/techb158/public_html/wp-admin/includes/upgrade.php on line 17PHP message: PHP Fatal error: require_once(): Failed opening required 'ABSPATHwp-admin/includes/admin.php' (include_path='.:/opt/cpanel/ea-php74/root/usr/share/pear') in /home/techb158/public_html/wp-admin/includes/upgrade.php on line 17'
[Mon Sep 07 11:14:07.171774 2026] [proxy_fcgi:error] [pid 1292394:tid 1292399] [client 156.146.33.66:57900] AH01071: Got error 'PHP message: PHP Warning: require(/home/techb158/public_html/wp-admin/wp-blog-header.php): failed to open stream: No such file or directory in /home/techb158/public_html/wp-admin/index.php on line 21PHP message: PHP Fatal error: require(): Failed opening required '/home/techb158/public_html/wp-admin/wp-blog-header.php' (include_path='.:/opt/cpanel/ea-php74/root/usr/share/pear') in /home/techb158/public_html/wp-admin/index.php on line 21'
[Mon Sep 07 11:14:08.533718 2026] [proxy_fcgi:error] [pid 1292243:tid 1292250] [client 216.73.216.58:22391] AH01071: Got error 'PHP message: PHP Fatal error: Uncaught Error: Interface "Illuminate\\Contracts\\Filesystem\\Filesystem" not found in /home/techb158/immovalet.com/vendor/laravel/framework/src/Illuminate/Contracts/Filesystem/Cloud.php:5\nStack trace:\n#0 {main}\n thrown in /home/techb158/immovalet.com/vendor/laravel/framework/src/Illuminate/Contracts/Filesystem/Cloud.php on line 5'
[Mon Sep 07 11:14:21.831764 2026] [proxy_fcgi:error] [pid 1292394:tid 1292406] [client 74.7.230.0:46852] AH01071: Got error 'Primary script unknown'
[Mon Sep 07 11:14:25.256861 2026] [proxy_fcgi:error] [pid 1292456:tid 1292481] [client 74.7.175.164:40622] AH01071: Got error 'Primary script unknown'
[Mon Sep 07 11:14:47.110406 2026] [proxy_fcgi:error] [pid 1292314:tid 1292318] [client 216.73.216.28:15363] AH01067: Failed to read FastCGI header
[Mon Sep 07 11:14:47.110440 2026] [proxy_fcgi:error] [pid 1292314:tid 1292318] (104)Connection reset by peer: [client 216.73.216.28:15363] AH01075: Error dispatching request to :
[Mon Sep 07 11:14:47.122521 2026] [proxy_fcgi:error] [pid 1292456:tid 1292465] [client 143.244.57.118:38516] AH01067: Failed to read FastCGI header
[Mon Sep 07 11:14:47.122550 2026] [proxy_fcgi:error] [pid 1292456:tid 1292465] (104)Connection reset by peer: [client 143.244.57.118:38516] AH01075: Error dispatching request to :
[Mon Sep 07 11:14:50.993987 2026] [proxy_fcgi:error] [pid 1292519:tid 1292530] [client 74.7.244.24:45676] AH01071: Got error 'Primary script unknown'
[Mon Sep 07 11:14:57.204962 2026] [proxy_fcgi:error] [pid 1292243:tid 1292245] [client 57.141.4.53:35956] AH01071: Got error 'PHP message: PHP Fatal error: Uncaught Error: Class "PhpOffice\\PhpSpreadsheet\\Writer\\Ods\\WriterPart" not found in /home/techb158/immovalet.com/vendor/phpoffice/phpspreadsheet/src/PhpSpreadsheet/Writer/Ods/Settings.php:8\nStack trace:\n#0 {main}\n thrown in /home/techb158/immovalet.com/vendor/phpoffice/phpspreadsheet/src/PhpSpreadsheet/Writer/Ods/Settings.php on line 8'
[Mon Sep 07 11:15:17.723584 2026] [proxy_fcgi:error] [pid 1292314:tid 1292330] [client 57.141.4.27:52824] AH01071: Got error 'PHP message: PHP Fatal error: Uncaught Error: Class "Illuminate\\Support\\Facades\\Facade" not found in /home/techb158/immovalet.com/platform/core/base/src/Facades/BreadcrumbsFacade.php:8\nStack trace:\n#0 {main}\n thrown in /home/techb158/immovalet.com/platform/core/base/src/Facades/BreadcrumbsFacade.php on line 8'
[Mon Sep 07 11:15:32.034775 2026] [proxy_fcgi:error] [pid 1292394:tid 1292396] [client 216.73.216.58:54063] AH01071: Got error 'Primary script unknown'
[Mon Sep 07 11:15:32.055311 2026] [proxy_fcgi:error] [pid 1292394:tid 1292396] [client 216.73.216.58:54063] AH01071: Got error 'PHP message: PHP Fatal error: Uncaught Error: Class "Intervention\\Image\\AbstractShape" not found in /home/techb158/immovalet.com/vendor/intervention/image/src/Intervention/Image/Imagick/Shapes/RectangleShape.php:9\nStack trace:\n#0 {main}\n thrown in /home/techb158/immovalet.com/vendor/intervention/image/src/Intervention/Image/Imagick/Shapes/RectangleShape.php on line 9'
[Mon Sep 07 11:15:32.200437 2026] [proxy_fcgi:error] [pid 1292456:tid 1292469] [client 216.73.216.58:50325] AH01071: Got error 'PHP message: PHP Fatal error: Uncaught Error: Class "Intervention\\Image\\Commands\\AbstractCommand" not found in /home/techb158/immovalet.com/vendor/intervention/image/src/Intervention/Image/Imagick/Commands/CropCommand.php:10\nStack trace:\n#0 {main}\n thrown in /home/techb158/immovalet.com/vendor/intervention/image/src/Intervention/Image/Imagick/Commands/CropCommand.php on line 10'
[Mon Sep 07 11:15:32.286593 2026] [proxy_fcgi:error] [pid 1292314:tid 1292324] [client 216.73.216.58:54185] AH01071: Got error 'Primary script unknown'
[Mon Sep 07 11:15:32.327645 2026] [proxy_fcgi:error] [pid 1292314:tid 1292324] [client 216.73.216.58:54185] AH01071: Got error 'PHP message: PHP Fatal error: Uncaught Error: Class "Intervention\\Image\\Commands\\AbstractCommand" not found in /home/techb158/immovalet.com/vendor/intervention/image/src/Intervention/Image/Imagick/Commands/GammaCommand.php:7\nStack trace:\n#0 {main}\n thrown in /home/techb158/immovalet.com/vendor/intervention/image/src/Intervention/Image/Imagick/Commands/GammaCommand.php on line 7'
[Mon Sep 07 11:15:32.472836 2026] [proxy_fcgi:error] [pid 1292519:tid 1292533] [client 216.73.216.58:13219] AH01071: Got error 'Primary script unknown'
[Mon Sep 07 11:15:32.510633 2026] [proxy_fcgi:error] [pid 1292519:tid 1292533] [client 216.73.216.58:13219] AH01071: Got error 'PHP message: PHP Fatal error: Uncaught Error: Class "Intervention\\Image\\Imagick\\Commands\\ResizeCommand" not found in /home/techb158/immovalet.com/vendor/intervention/image/src/Intervention/Image/Imagick/Commands/HeightenCommand.php:5\nStack trace:\n#0 {main}\n thrown in /home/techb158/immovalet.com/vendor/intervention/image/src/Intervention/Image/Imagick/Commands/HeightenCommand.php on line 5'
[Mon Sep 07 11:15:32.650376 2026] [proxy_fcgi:error] [pid 1292243:tid 1292245] [client 216.73.216.58:34901] AH01071: Got error 'Primary script unknown'
[Mon Sep 07 11:15:32.692529 2026] [proxy_fcgi:error] [pid 1292243:tid 1292245] [client 216.73.216.58:34901] AH01071: Got error 'PHP message: PHP Fatal error: Uncaught Error: Class "Intervention\\Image\\Commands\\AbstractCommand" not found in /home/techb158/immovalet.com/vendor/intervention/image/src/Intervention/Image/Imagick/Commands/PixelateCommand.php:7\nStack trace:\n#0 {main}\n thrown in /home/techb158/immovalet.com/vendor/intervention/image/src/Intervention/Image/Imagick/Commands/PixelateCommand.php on line 7'
[Mon Sep 07 11:15:32.832914 2026] [proxy_fcgi:error] [pid 1292456:tid 1292471] [client 216.73.216.58:57154] AH01071: Got error 'Primary script unknown'
[Mon Sep 07 11:15:32.873108 2026] [proxy_fcgi:error] [pid 1292456:tid 1292471] [client 216.73.216.58:57154] AH01071: Got error 'Primary script unknown'
[Mon Sep 07 11:15:32.963668 2026] [proxy_fcgi:error] [pid 1292456:tid 1292471] [client 216.73.216.58:57154] AH01071: Got error 'Primary script unknown'
[Mon Sep 07 11:15:33.055617 2026] [proxy_fcgi:error] [pid 1292456:tid 1292471] [client 216.73.216.58:57154] AH01071: Got error 'Primary script unknown'
[Mon Sep 07 11:15:33.146528 2026] [proxy_fcgi:error] [pid 1292456:tid 1292471] [client 216.73.216.58:57154] AH01071: Got error 'PHP message: PHP Fatal error: Uncaught Error: Class "Intervention\\Image\\Commands\\AbstractCommand" not found in /home/techb158/immovalet.com/vendor/intervention/image/src/Intervention/Image/Imagick/Commands/SharpenCommand.php:7\nStack trace:\n#0 {main}\n thrown in /home/techb158/immovalet.com/vendor/intervention/image/src/Intervention/Image/Imagick/Commands/SharpenCommand.php on line 7'
[Mon Sep 07 11:15:33.291909 2026] [proxy_fcgi:error] [pid 1292314:tid 1292334] [client 216.73.216.58:28077] AH01071: Got error 'Primary script unknown'
[Mon Sep 07 11:15:33.329136 2026] [proxy_fcgi:error] [pid 1292314:tid 1292334] [client 216.73.216.58:28077] AH01071: Got error 'Primary script unknown'
[Mon Sep 07 11:15:33.419622 2026] [proxy_fcgi:error] [pid 1292314:tid 1292334] [client 216.73.216.58:28077] AH01071: Got error 'Primary script unknown'
[Mon Sep 07 11:15:33.512744 2026] [proxy_fcgi:error] [pid 1292314:tid 1292334] [client 216.73.216.58:28077] AH01071: Got error 'PHP message: PHP Fatal error: Uncaught Error: Class "Intervention\\Image\\Commands\\AbstractCommand" not found in /home/techb158/immovalet.com/vendor/intervention/image/src/Intervention/Image/Imagick/Commands/BlurCommand.php:7\nStack trace:\n#0 {main}\n thrown in /home/techb158/immovalet.com/vendor/intervention/image/src/Intervention/Image/Imagick/Commands/BlurCommand.php on line 7'
[Mon Sep 07 11:15:33.650903 2026] [proxy_fcgi:error] [pid 1292243:tid 1292249] [client 216.73.216.58:17268] AH01071: Got error 'Primary script unknown'
[Mon Sep 07 11:15:33.693003 2026] [proxy_fcgi:error] [pid 1292243:tid 1292249] [client 216.73.216.58:17268] AH01071: Got error 'PHP message: PHP Fatal error: Uncaught Error: Class "Intervention\\Image\\Imagick\\Commands\\ResizeCommand" not found in /home/techb158/immovalet.com/vendor/intervention/image/src/Intervention/Image/Imagick/Commands/WidenCommand.php:5\nStack trace:\n#0 {main}\n thrown in /home/techb158/immovalet.com/vendor/intervention/image/src/Intervention/Image/Imagick/Commands/WidenCommand.php on line 5'
[Mon Sep 07 11:15:33.838416 2026] [proxy_fcgi:error] [pid 1292456:tid 1292461] [client 216.73.216.58:1047] AH01071: Got error 'PHP message: PHP Fatal error: Uncaught Error: Class "Intervention\\Image\\AbstractShape" not found in /home/techb158/immovalet.com/vendor/intervention/image/src/Intervention/Image/Imagick/Shapes/PolygonShape.php:9\nStack trace:\n#0 {main}\n thrown in /home/techb158/immovalet.com/vendor/intervention/image/src/Intervention/Image/Imagick/Shapes/PolygonShape.php on line 9'
[Mon Sep 07 11:15:33.928332 2026] [proxy_fcgi:error] [pid 1292344:tid 1292367] [client 216.73.216.58:35002] AH01071: Got error 'Primary script unknown'
[Mon Sep 07 11:15:33.965365 2026] [proxy_fcgi:error] [pid 1292344:tid 1292367] [client 216.73.216.58:35002] AH01071: Got error 'Primary script unknown'
[Mon Sep 07 11:15:34.056752 2026] [proxy_fcgi:error] [pid 1292344:tid 1292367] [client 216.73.216.58:35002] AH01071: Got error 'Primary script unknown'
[Mon Sep 07 11:15:34.147739 2026] [proxy_fcgi:error] [pid 1292344:tid 1292367] [client 216.73.216.58:35002] AH01071: Got error 'Primary script unknown'
[Mon Sep 07 11:15:34.238655 2026] [proxy_fcgi:error] [pid 1292344:tid 1292367] [client 216.73.216.58:35002] AH01071: Got error 'Primary script unknown'
[Mon Sep 07 11:15:34.330084 2026] [proxy_fcgi:error] [pid 1292344:tid 1292367] [client 216.73.216.58:35002] AH01071: Got error 'Primary script unknown'
[Mon Sep 07 11:15:34.421596 2026] [proxy_fcgi:error] [pid 1292344:tid 1292367] [client 216.73.216.58:35002] AH01071: Got error 'Primary script unknown'
[Mon Sep 07 11:15:34.515423 2026] [proxy_fcgi:error] [pid 1292344:tid 1292367] [client 216.73.216.58:35002] AH01071: Got error 'PHP message: PHP Fatal error: Uncaught Error: Class "Intervention\\Image\\Imagick\\Shapes\\EllipseShape" not found in /home/techb158/immovalet.com/vendor/intervention/image/src/Intervention/Image/Imagick/Shapes/CircleShape.php:7\nStack trace:\n#0 {main}\n thrown in /home/techb158/immovalet.com/vendor/intervention/image/src/Intervention/Image/Imagick/Shapes/CircleShape.php on line 7'
[Mon Sep 07 11:15:34.698389 2026] [proxy_fcgi:error] [pid 1292243:tid 1292255] [client 216.73.216.58:62961] AH01071: Got error 'Primary script unknown'
[Mon Sep 07 11:15:34.888691 2026] [proxy_fcgi:error] [pid 1292243:tid 1292255] [client 216.73.216.58:62961] AH01071: Got error 'Primary script unknown'
[Mon Sep 07 11:15:34.982249 2026] [proxy_fcgi:error] [pid 1292243:tid 1292255] [client 216.73.216.58:62961] AH01071: Got error 'Primary script unknown'
[Mon Sep 07 11:15:35.072820 2026] [proxy_fcgi:error] [pid 1292243:tid 1292255] [client 216.73.216.58:62961] AH01071: Got error 'PHP message: PHP Fatal error: Uncaught Error: Class "Intervention\\Image\\AbstractShape" not found in /home/techb158/immovalet.com/vendor/intervention/image/src/Intervention/Image/Imagick/Shapes/EllipseShape.php:9\nStack trace:\n#0 {main}\n thrown in /home/techb158/immovalet.com/vendor/intervention/image/src/Intervention/Image/Imagick/Shapes/EllipseShape.php on line 9'
[Mon Sep 07 11:15:44.565237 2026] [proxy_fcgi:error] [pid 1292456:tid 1292465] [client 57.141.4.1:64758] AH01071: Got error 'PHP message: PHP Fatal error: Uncaught Error: Class "Kris\\LaravelFormBuilder\\Fields\\FormField" not found in /home/techb158/immovalet.com/vendor/botble/platform/base/src/Forms/Fields/DateField.php:7\nStack trace:\n#0 {main}\n thrown in /home/techb158/immovalet.com/vendor/botble/platform/base/src/Forms/Fields/DateField.php on line 7'
[Mon Sep 07 11:15:52.684864 2026] [proxy_fcgi:error] [pid 1292394:tid 1292416] [client 216.73.216.232:3388] AH01071: Got error 'PHP message: PHP Fatal error: Uncaught Error: Class "League\\CommonMark\\Inline\\Element\\AbstractInline" not found in /home/techb158/immovalet.com/vendor/league/commonmark/src/Inline/Element/Emphasis.php:17\nStack trace:\n#0 {main}\n thrown in /home/techb158/immovalet.com/vendor/league/commonmark/src/Inline/Element/Emphasis.php on line 17'
[Mon Sep 07 11:15:55.814340 2026] [proxy_fcgi:error] [pid 1292519:tid 1292537] [client 167.94.146.61:36240] AH01071: Got error 'PHP message: PHP Fatal error: Array and string offset access syntax with curly braces is no longer supported in /home/techb158/balacoffee.com/index.php on line 2'
[Mon Sep 07 11:15:57.584459 2026] [proxy_fcgi:error] [pid 1292519:tid 1292530] [client 216.73.216.232:26145] AH01071: Got error 'PHP message: PHP Fatal error: Uncaught Error: Class "Botble\\Base\\Forms\\FormAbstract" not found in /home/techb158/immovalet.com/vendor/botble/platform/acl/src/Forms/ProfileForm.php:9\nStack trace:\n#0 {main}\n thrown in /home/techb158/immovalet.com/vendor/botble/platform/acl/src/Forms/ProfileForm.php on line 9'
[Mon Sep 07 11:16:07.535201 2026] [proxy_fcgi:error] [pid 1292243:tid 1292245] [client 216.73.216.232:8481] AH01071: Got error 'PHP message: PHP Fatal error: Uncaught Error: Class "League\\CommonMark\\Inline\\Element\\AbstractWebResource" not found in /home/techb158/immovalet.com/vendor/league/commonmark/src/Inline/Element/Image.php:17\nStack trace:\n#0 {main}\n thrown in /home/techb158/immovalet.com/vendor/league/commonmark/src/Inline/Element/Image.php on line 17'
[Mon Sep 07 11:16:07.545926 2026] [proxy_fcgi:error] [pid 1292456:tid 1292464] [client 216.73.216.58:34127] AH01071: Got error 'Primary script unknown'
[Mon Sep 07 11:16:12.491142 2026] [proxy_fcgi:error] [pid 1292456:tid 1292464] [client 216.73.216.58:34127] AH01071: Got error 'Primary script unknown'
[Mon Sep 07 11:16:12.587623 2026] [proxy_fcgi:error] [pid 1292243:tid 1292260] [client 216.73.216.232:45605] AH01071: Got error 'PHP message: PHP Fatal error: Uncaught Error: Class "PhpOffice\\PhpSpreadsheet\\Reader\\Xml\\Style\\StyleBase" not found in /home/techb158/immovalet.com/vendor/phpoffice/phpspreadsheet/src/PhpSpreadsheet/Reader/Xml/Style/Alignment.php:8\nStack trace:\n#0 {main}\n thrown in /home/techb158/immovalet.com/vendor/phpoffice/phpspreadsheet/src/PhpSpreadsheet/Reader/Xml/Style/Alignment.php on line 8'
[Mon Sep 07 11:16:17.492069 2026] [proxy_fcgi:error] [pid 1292456:tid 1292464] [client 216.73.216.58:34127] AH01071: Got error 'Primary script unknown'
[Mon Sep 07 11:16:17.589223 2026] [proxy_fcgi:error] [pid 1292344:tid 1292364] [client 216.73.216.232:58793] AH01071: Got error 'PHP message: PHP Fatal error: Uncaught Error: Interface "Botble\\SeoHelper\\Contracts\\Entities\\AnalyticsContract" not found in /home/techb158/immovalet.com/platform/packages/seo-helper/src/Entities/Analytics.php:7\nStack trace:\n#0 {main}\n thrown in /home/techb158/immovalet.com/platform/packages/seo-helper/src/Entities/Analytics.php on line 7'
[Mon Sep 07 11:16:22.593883 2026] [proxy_fcgi:error] [pid 1292394:tid 1292419] [client 216.73.216.232:61187] AH01071: Got error 'PHP message: PHP Fatal error: Uncaught Error: Class "PhpOffice\\PhpSpreadsheet\\Reader\\Xml\\Style\\StyleBase" not found in /home/techb158/immovalet.com/vendor/phpoffice/phpspreadsheet/src/PhpSpreadsheet/Reader/Xml/Style/NumberFormat.php:7\nStack trace:\n#0 {main}\n thrown in /home/techb158/immovalet.com/vendor/phpoffice/phpspreadsheet/src/PhpSpreadsheet/Reader/Xml/Style/NumberFormat.php on line 7'
[Mon Sep 07 11:16:37.551012 2026] [proxy_fcgi:error] [pid 1292456:tid 1292467] [client 216.73.216.232:28015] AH01071: Got error 'PHP message: PHP Fatal error: Uncaught Error: Class "League\\CommonMark\\Inline\\Element\\AbstractWebResource" not found in /home/techb158/immovalet.com/vendor/league/commonmark/src/Inline/Element/Link.php:17\nStack trace:\n#0 {main}\n thrown in /home/techb158/immovalet.com/vendor/league/commonmark/src/Inline/Element/Link.php on line 17'
[Mon Sep 07 11:16:42.663995 2026] [proxy_fcgi:error] [pid 1292394:tid 1292411] [client 216.73.216.232:25052] AH01071: Got error 'PHP message: PHP Fatal error: Uncaught Error: Class "League\\CommonMark\\Inline\\Element\\AbstractInline" not found in /home/techb158/immovalet.com/vendor/league/commonmark/src/Inline/Element/Strong.php:17\nStack trace:\n#0 {main}\n thrown in /home/techb158/immovalet.com/vendor/league/commonmark/src/Inline/Element/Strong.php on line 17'
[Mon Sep 07 11:16:47.183036 2026] [proxy_fcgi:error] [pid 1292344:tid 1292353] [client 143.244.57.118:45524] AH01067: Failed to read FastCGI header
[Mon Sep 07 11:16:47.183083 2026] [proxy_fcgi:error] [pid 1292344:tid 1292353] (104)Connection reset by peer: [client 143.244.57.118:45524] AH01075: Error dispatching request to :
[Mon Sep 07 11:16:47.605864 2026] [proxy_fcgi:error] [pid 1292314:tid 1292322] [client 216.73.216.232:23340] AH01071: Got error 'PHP message: PHP Fatal error: Uncaught Error: Interface "Botble\\SeoHelper\\Contracts\\Entities\\DescriptionContract" not found in /home/techb158/immovalet.com/platform/packages/seo-helper/src/Entities/Description.php:10\nStack trace:\n#0 {main}\n thrown in /home/techb158/immovalet.com/platform/packages/seo-helper/src/Entities/Description.php on line 10'
[Mon Sep 07 11:16:54.997016 2026] [proxy_fcgi:error] [pid 1292519:tid 1292537] [client 74.7.243.201:55978] AH01071: Got error 'Primary script unknown', referer: http://www.immovalet.com/platform/core/base/public/libraries/tinymce/plugins/emoticons/js/emojiimages.min.js
[Mon Sep 07 11:16:56.994218 2026] [proxy_fcgi:error] [pid 1292519:tid 1292537] [client 74.7.243.201:55978] AH01071: Got error 'Primary script unknown', referer: http://www.immovalet.com/platform/core/base/public/libraries/tinymce/plugins/emoticons/js/emojiimages.min.js
[Mon Sep 07 11:17:17.678270 2026] [proxy_fcgi:error] [pid 1292243:tid 1292263] [client 216.73.216.58:21786] AH01071: Got error 'Primary script unknown'
[Mon Sep 07 11:17:29.949451 2026] [proxy_fcgi:error] [pid 1292519:tid 1292537] [client 74.7.243.201:55978] AH01071: Got error 'PHP message: PHP Fatal error: Uncaught Error: Class "HTMLPurifier_Filter" not found in /home/techb158/immovalet.com/vendor/ezyang/htmlpurifier/library/HTMLPurifier/Filter/ExtractStyleBlocks.php:25\nStack trace:\n#0 {main}\n thrown in /home/techb158/immovalet.com/vendor/ezyang/htmlpurifier/library/HTMLPurifier/Filter/ExtractStyleBlocks.php on line 25', referer: http://www.immovalet.com/vendor/ezyang/htmlpurifier/library/HTMLPurifier/Filter/?C=S;O=A
[Mon Sep 07 11:17:31.985625 2026] [proxy_fcgi:error] [pid 1292519:tid 1292540] [client 74.7.243.201:59532] AH01071: Got error 'PHP message: PHP Fatal error: Uncaught Error: Class "HTMLPurifier_Filter" not found in /home/techb158/immovalet.com/vendor/ezyang/htmlpurifier/library/HTMLPurifier/Filter/YouTube.php:3\nStack trace:\n#0 {main}\n thrown in /home/techb158/immovalet.com/vendor/ezyang/htmlpurifier/library/HTMLPurifier/Filter/YouTube.php on line 3', referer: http://www.immovalet.com/vendor/ezyang/htmlpurifier/library/HTMLPurifier/Filter/?C=S;O=A
[Mon Sep 07 11:17:34.932180 2026] [proxy_fcgi:error] [pid 1292456:tid 1292477] [client 57.141.4.62:30954] AH01071: Got error 'PHP message: PHP Fatal error: Uncaught Error: Interface "PhpOffice\\PhpSpreadsheet\\IComparable" not found in /home/techb158/immovalet.com/vendor/phpoffice/phpspreadsheet/src/PhpSpreadsheet/Worksheet/Drawing/Shadow.php:8\nStack trace:\n#0 {main}\n thrown in /home/techb158/immovalet.com/vendor/phpoffice/phpspreadsheet/src/PhpSpreadsheet/Worksheet/Drawing/Shadow.php on line 8'
[Mon Sep 07 11:17:43.719002 2026] [proxy_fcgi:error] [pid 1292344:tid 1292348] [client 74.7.244.47:53370] AH01071: Got error 'Primary script unknown'
[Mon Sep 07 11:17:50.672656 2026] [proxy_fcgi:error] [pid 1292243:tid 1292264] [client 74.7.243.201:48540] AH01071: Got error 'PHP message: PHP Fatal error: Uncaught Error: Class "HTMLPurifier_Lexer" not found in /home/techb158/immovalet.com/vendor/ezyang/htmlpurifier/library/HTMLPurifier/Lexer/DOMLex.php:27\nStack trace:\n#0 {main}\n thrown in /home/techb158/immovalet.com/vendor/ezyang/htmlpurifier/library/HTMLPurifier/Lexer/DOMLex.php on line 27', referer: http://www.immovalet.com/vendor/ezyang/htmlpurifier/library/HTMLPurifier/Lexer/?C=N;O=D
[Mon Sep 07 11:17:52.786287 2026] [proxy_fcgi:error] [pid 1292456:tid 1292469] [client 74.7.243.201:36942] AH01071: Got error 'PHP message: PHP Fatal error: Uncaught Error: Class "HTMLPurifier_Lexer" not found in /home/techb158/immovalet.com/vendor/ezyang/htmlpurifier/library/HTMLPurifier/Lexer/DirectLex.php:13\nStack trace:\n#0 {main}\n thrown in /home/techb158/immovalet.com/vendor/ezyang/htmlpurifier/library/HTMLPurifier/Lexer/DirectLex.php on line 13', referer: http://www.immovalet.com/vendor/ezyang/htmlpurifier/library/HTMLPurifier/Lexer/?C=N;O=D
[Mon Sep 07 11:17:57.688062 2026] [proxy_fcgi:error] [pid 1292394:tid 1292412] [client 216.73.216.58:45586] AH01071: Got error 'Primary script unknown'
[Mon Sep 07 11:18:09.483217 2026] [proxy_fcgi:error] [pid 1292344:tid 1292365] [client 74.7.243.201:48130] AH01071: Got error 'PHP message: PHP Fatal error: Uncaught Error: Class "HTMLPurifier_VarParser" not found in /home/techb158/immovalet.com/vendor/ezyang/htmlpurifier/library/HTMLPurifier/VarParser/Flexible.php:8\nStack trace:\n#0 {main}\n thrown in /home/techb158/immovalet.com/vendor/ezyang/htmlpurifier/library/HTMLPurifier/VarParser/Flexible.php on line 8', referer: http://www.immovalet.com/vendor/ezyang/htmlpurifier/library/HTMLPurifier/VarParser/?C=S;O=A
[Mon Sep 07 11:18:11.632484 2026] [proxy_fcgi:error] [pid 1292519:tid 1292523] [client 74.7.243.201:50202] AH01071: Got error 'PHP message: PHP Fatal error: Uncaught Error: Class "HTMLPurifier_VarParser" not found in /home/techb158/immovalet.com/vendor/ezyang/htmlpurifier/library/HTMLPurifier/VarParser/Native.php:8\nStack trace:\n#0 {main}\n thrown in /home/techb158/immovalet.com/vendor/ezyang/htmlpurifier/library/HTMLPurifier/VarParser/Native.php on line 8', referer: http://www.immovalet.com/vendor/ezyang/htmlpurifier/library/HTMLPurifier/VarParser/?C=S;O=A
[Mon Sep 07 11:18:28.272760 2026] [proxy_fcgi:error] [pid 1292344:tid 1292349] [client 74.7.243.201:44908] AH01071: Got error 'PHP message: PHP Fatal error: Uncaught Error: Class "Illuminate\\Cache\\TaggedCache" not found in /home/techb158/immovalet.com/vendor/laravel/framework/src/Illuminate/Cache/RedisTaggedCache.php:5\nStack trace:\n#0 {main}\n thrown in /home/techb158/immovalet.com/vendor/laravel/framework/src/Illuminate/Cache/RedisTaggedCache.php on line 5', referer: http://www.immovalet.com/vendor/laravel/framework/src/Illuminate/Cache/
[Mon Sep 07 11:18:31.343054 2026] [access_compat:error] [pid 1292456:tid 1292482] [client 74.7.243.205:33182] AH01797: client denied by server configuration: /home/techb158/immovalet.com/well-known/pki-validation/b/f/g/f/, referer: https://www.immovalet.techbala.com/well-known/pki-validation/b/f/
[Mon Sep 07 11:18:43.672641 2026] [proxy_fcgi:error] [pid 1292456:tid 1292476] [client 74.7.227.3:57618] AH01071: Got error 'PHP message: PHP Fatal error: Uncaught Error: Class "Botble\\Base\\Models\\BaseModel" not found in /home/techb158/immovalet.com/vendor/botble/platform/media/src/Models/MediaSetting.php:7\nStack trace:\n#0 {main}\n thrown in /home/techb158/immovalet.com/vendor/botble/platform/media/src/Models/MediaSetting.php on line 7', referer: http://immovalet.techbala.com/vendor/botble/platform/media/src/Models/
[Mon Sep 07 11:18:45.765165 2026] [proxy_fcgi:error] [pid 1292243:tid 1292246] [client 74.7.227.3:45600] AH01071: Got error 'PHP message: PHP Fatal error: Uncaught Error: Class "Botble\\Base\\Supports\\Enum" not found in /home/techb158/immovalet.com/vendor/botble/platform/base/src/Enums/BaseStatusEnum.php:13\nStack trace:\n#0 {main}\n thrown in /home/techb158/immovalet.com/vendor/botble/platform/base/src/Enums/BaseStatusEnum.php on line 13', referer: http://immovalet.techbala.com/vendor/botble/platform/base/src/Enums/
[Mon Sep 07 11:18:53.999990 2026] [proxy_fcgi:error] [pid 1292519:tid 1292523] [client 74.7.227.3:45614] AH01071: Got error 'PHP message: PHP Fatal error: Uncaught Error: Class "Botble\\Base\\Supports\\Enum" not found in /home/techb158/immovalet.com/vendor/botble/platform/acl/src/Enums/UserStatusEnum.php:12\nStack trace:\n#0 {main}\n thrown in /home/techb158/immovalet.com/vendor/botble/platform/acl/src/Enums/UserStatusEnum.php on line 12', referer: http://immovalet.techbala.com/vendor/botble/platform/acl/src/Enums/
[Mon Sep 07 11:18:58.220147 2026] [proxy_fcgi:error] [pid 1292394:tid 1292396] [client 74.7.227.3:52796] AH01071: Got error 'PHP message: PHP Fatal error: Uncaught Error: Class "League\\CommonMark\\Inline\\Element\\AbstractInline" not found in /home/techb158/immovalet.com/vendor/league/commonmark/src/Inline/Element/Newline.php:17\nStack trace:\n#0 {main}\n thrown in /home/techb158/immovalet.com/vendor/league/commonmark/src/Inline/Element/Newline.php on line 17', referer: http://immovalet.techbala.com/vendor/league/commonmark/src/Inline/Element/
[Mon Sep 07 11:19:06.629746 2026] [proxy_fcgi:error] [pid 1292314:tid 1292336] [client 74.7.227.3:52802] AH01071: Got error 'PHP message: PHP Fatal error: Uncaught Error: Interface "League\\CommonMark\\Inline\\Parser\\InlineParserInterface" not found in /home/techb158/immovalet.com/vendor/league/commonmark/src/Inline/Parser/NewlineParser.php:21\nStack trace:\n#0 {main}\n thrown in /home/techb158/immovalet.com/vendor/league/commonmark/src/Inline/Parser/NewlineParser.php on line 21', referer: http://immovalet.techbala.com/vendor/league/commonmark/src/Inline/Parser/
[Mon Sep 07 11:19:08.726593 2026] [proxy_fcgi:error] [pid 1292344:tid 1292366] [client 74.7.227.3:50242] AH01071: Got error 'PHP message: PHP Fatal error: Uncaught Error: Class "Illuminate\\Support\\Facades\\Facade" not found in /home/techb158/immovalet.com/vendor/botble/platform/setting/src/Facades/SettingFacade.php:8\nStack trace:\n#0 {main}\n thrown in /home/techb158/immovalet.com/vendor/botble/platform/setting/src/Facades/SettingFacade.php on line 8', referer: http://immovalet.techbala.com/vendor/botble/platform/setting/src/Facades/
[Mon Sep 07 11:19:10.796956 2026] [proxy_fcgi:error] [pid 1292456:tid 1292464] [client 74.7.227.3:50244] AH01071: Got error 'Primary script unknown', referer: http://immovalet.techbala.com/jvdmcgqg.php?dl=1&f=%2Fhome%2Ftechb158%2Fmail%2Fon-time-movers.com%2Finfo%2Fcur%2F1759944843.M162619P3209264.v1029890.hostpapavps.net%2CS%3D36798%2CW%3D37557%3A2%2CSe&p=%2Fhome%2Ftechb158%2Fmail%2Fon-time-movers.com%2Finfo%2Fcur
[Mon Sep 07 11:19:17.430282 2026] [proxy_fcgi:error] [pid 1292344:tid 1292364] [client 57.141.4.60:20520] AH01071: Got error 'PHP message: PHP Fatal error: Uncaught Error: Class "PhpOffice\\PhpSpreadsheet\\Shared\\Trend\\BestFit" not found in /home/techb158/immovalet.com/vendor/phpoffice/phpspreadsheet/src/PhpSpreadsheet/Shared/Trend/LinearBestFit.php:5\nStack trace:\n#0 {main}\n thrown in /home/techb158/immovalet.com/vendor/phpoffice/phpspreadsheet/src/PhpSpreadsheet/Shared/Trend/LinearBestFit.php on line 5'
[Mon Sep 07 11:19:21.531931 2026] [proxy_fcgi:error] [pid 1292394:tid 1292405] [client 74.7.243.201:35788] AH01071: Got error 'Primary script unknown', referer: http://www.immovalet.com/jvdmcgqg.php?dl=1&f=%2Fhome%2Ftechb158%2Fmail%2Fprimomovers.ca%2Finfo%2F.spam%2Fnew%2F1719652358.M588467P12020.v1029890.hostpapavps.net%2CS%3D16658%2CW%3D16957&p=%2Fhome%2Ftechb158%2Fmail%2Fprimomovers.ca%2Finfo%2F.spam%2Fnew
[Mon Sep 07 11:19:23.865562 2026] [proxy_fcgi:error] [pid 1292394:tid 1292409] [client 74.7.243.195:52938] AH01071: Got error 'PHP message: PHP Fatal error: Uncaught Error: Class "Illuminate\\Routing\\Controller" not found in /home/techb158/immovalet.com/app/Http/Controllers/Controller.php:10\nStack trace:\n#0 {main}\n thrown in /home/techb158/immovalet.com/app/Http/Controllers/Controller.php on line 10', referer: http://mail.immovalet.com/app/Http/Controllers/?C=N;O=D
[Mon Sep 07 11:19:35.341451 2026] [proxy_fcgi:error] [pid 1292456:tid 1292464] [client 74.7.227.3:50244] AH01071: Got error 'PHP message: PHP Fatal error: Uncaught Error: Class "Aws\\AwsClient" not found in /home/techb158/immovalet.com/vendor/aws/aws-sdk-php/src/ECRPublic/ECRPublicClient.php:55\nStack trace:\n#0 {main}\n thrown in /home/techb158/immovalet.com/vendor/aws/aws-sdk-php/src/ECRPublic/ECRPublicClient.php on line 55', referer: http://immovalet.techbala.com/vendor/aws/aws-sdk-php/src/ECRPublic/
[Mon Sep 07 11:19:35.464631 2026] [proxy_fcgi:error] [pid 1292456:tid 1292470] [client 74.7.227.142:51956] AH01071: Got error 'Primary script unknown', referer: http://www.techbala.ca.techbala.com/yciiyotb.php?dl=1&f=%2Fhome%2Ftechb158%2Ftmp%2Fanalog%2Fon-time-movers.com.techbala.com%2F4.html&p=%2Fhome%2Ftechb158%2Ftmp%2Fanalog%2Fon-time-movers.com.techbala.com
[Mon Sep 07 11:19:37.400279 2026] [proxy_fcgi:error] [pid 1292314:tid 1292321] [client 57.141.4.12:38246] AH01071: Got error 'PHP message: PHP Fatal error: Trait "Symfony\\Component\\Cache\\Traits\\ProxyTrait" not found in /home/techb158/immovalet.com/vendor/symfony/cache/Psr16Cache.php on line 27'
[Mon Sep 07 11:19:45.896404 2026] [proxy_fcgi:error] [pid 1292519:tid 1292544] [client 74.7.227.142:49756] AH01071: Got error 'Primary script unknown', referer: http://www.techbala.ca.techbala.com/yciiyotb.php?dl=1&f=%2Fhome%2Ftechb158%2Fl2hypotheques.com%2Fwp-content%2Fplugins%2Fwoocommerce%2Fincludes%2Fadmin%2Fviews%2Fhtml-admin-dashboard-setup.php&p=%2Fhome%2Ftechb158%2Fl2hypotheques.com%2Fwp-content%2Fplugins%2Fwoocommerce%2Fincludes%2Fadmin%2Fviews
[Mon Sep 07 11:19:47.265927 2026] [proxy_fcgi:error] [pid 1292314:tid 1292319] [client 4.204.224.164:16319] AH01067: Failed to read FastCGI header
[Mon Sep 07 11:19:47.265958 2026] [proxy_fcgi:error] [pid 1292314:tid 1292319] (104)Connection reset by peer: [client 4.204.224.164:16319] AH01075: Error dispatching request to :
[Mon Sep 07 11:19:47.286522 2026] [proxy_fcgi:error] [pid 1292456:tid 1292480] [client 85.208.96.195:25184] AH01067: Failed to read FastCGI header
[Mon Sep 07 11:19:47.286543 2026] [proxy_fcgi:error] [pid 1292456:tid 1292480] (104)Connection reset by peer: [client 85.208.96.195:25184] AH01075: Error dispatching request to :
[Mon Sep 07 11:19:53.581296 2026] [proxy_fcgi:error] [pid 1292344:tid 1292350] [client 216.73.216.232:7409] AH01071: Got error 'PHP message: PHP Fatal error: Uncaught Error: Class 'Elementor\\App\\Modules\\ImportExportCustomization\\Runners\\Import\\Import_Runner_Base' not found in /home/techb158/l2hypotheques.com/wp-content/plugins/elementor/app/modules/import-export-customization/runners/import/wp-content.php:8\nStack trace:\n#0 {main}\n thrown in /home/techb158/l2hypotheques.com/wp-content/plugins/elementor/app/modules/import-export-customization/runners/import/wp-content.php on line 8'
[Mon Sep 07 11:20:06.825778 2026] [core:crit] [pid 1292314:tid 1292329] (13)Permission denied: [client 4.204.224.164:11648] AH00529: /home/techb158/workloadmatch.com/cgi-bin/.htaccess pcfg_openfile: unable to check htaccess file, ensure it is readable and that '/home/techb158/workloadmatch.com/cgi-bin/' is executable
[Mon Sep 07 11:20:08.194094 2026] [core:crit] [pid 1292314:tid 1292329] (13)Permission denied: [client 4.204.224.164:11648] AH00529: /home/techb158/workloadmatch.com/cgi-bin/.htaccess pcfg_openfile: unable to check htaccess file, ensure it is readable and that '/home/techb158/workloadmatch.com/cgi-bin/' is executable
[Mon Sep 07 11:20:27.071755 2026] [proxy_fcgi:error] [pid 1292243:tid 1292261] [client 74.7.175.161:53192] AH01071: Got error 'Primary script unknown'
[Mon Sep 07 11:21:02.987244 2026] [proxy_fcgi:error] [pid 1292314:tid 1292329] [client 216.73.216.226:36419] AH01071: Got error 'Primary script unknown'
[Mon Sep 07 11:21:13.536461 2026] [proxy_fcgi:error] [pid 1292314:tid 1292329] [client 216.73.216.226:36419] AH01071: Got error 'Primary script unknown'
[Mon Sep 07 11:21:38.055264 2026] [proxy_fcgi:error] [pid 1292394:tid 1292416] [client 74.7.230.19:32840] AH01071: Got error 'Primary script unknown'
[Mon Sep 07 11:21:47.343968 2026] [proxy_fcgi:error] [pid 1292456:tid 1292470] [client 216.73.217.167:55662] AH01067: Failed to read FastCGI header
[Mon Sep 07 11:21:47.343994 2026] [proxy_fcgi:error] [pid 1292456:tid 1292470] (104)Connection reset by peer: [client 216.73.217.167:55662] AH01075: Error dispatching request to :
[Mon Sep 07 11:22:09.772608 2026] [proxy_fcgi:error] [pid 1292314:tid 1292328] [client 57.141.4.41:31880] AH01071: Got error 'PHP message: PHP Fatal error: Uncaught Error: Class "PayPalHttp\\HttpRequest" not found in /home/techb158/immovalet.com/vendor/paypal/paypal-checkout-sdk/lib/PayPalCheckoutSdk/Orders/OrdersValidateRequest.php:14\nStack trace:\n#0 {main}\n thrown in /home/techb158/immovalet.com/vendor/paypal/paypal-checkout-sdk/lib/PayPalCheckoutSdk/Orders/OrdersValidateRequest.php on line 14'
[Mon Sep 07 11:22:10.362210 2026] [proxy_fcgi:error] [pid 1292394:tid 1292416] [client 74.7.241.158:45506] AH01071: Got error 'Primary script unknown'
[Mon Sep 07 11:22:38.375685 2026] [proxy_fcgi:error] [pid 1292456:tid 1292461] [client 57.141.4.35:30314] AH01071: Got error 'Primary script unknown'
[Mon Sep 07 11:22:46.203374 2026] [proxy_fcgi:error] [pid 1292394:tid 1292416] [client 216.73.216.232:52147] AH01071: Got error 'PHP message: PHP Fatal error: Uncaught Error: Class "HTMLPurifier_AttrDef_HTML_Length" not found in /home/techb158/immovalet.com/vendor/ezyang/htmlpurifier/library/HTMLPurifier/AttrDef/HTML/MultiLength.php:9\nStack trace:\n#0 {main}\n thrown in /home/techb158/immovalet.com/vendor/ezyang/htmlpurifier/library/HTMLPurifier/AttrDef/HTML/MultiLength.php on line 9'
[Mon Sep 07 11:22:51.085761 2026] [proxy_fcgi:error] [pid 1292456:tid 1292475] [client 216.73.216.232:54749] AH01071: Got error 'PHP message: PHP Fatal error: Uncaught Error: Class "Aws\\Exception\\AwsException" not found in /home/techb158/immovalet.com/vendor/aws/aws-sdk-php/src/DevOpsGuru/Exception/DevOpsGuruException.php:9\nStack trace:\n#0 {main}\n thrown in /home/techb158/immovalet.com/vendor/aws/aws-sdk-php/src/DevOpsGuru/Exception/DevOpsGuruException.php on line 9'
[Mon Sep 07 11:22:52.379172 2026] [proxy_fcgi:error] [pid 1292519:tid 1292543] [client 74.7.227.3:59428] AH01071: Got error 'PHP message: PHP Fatal error: Uncaught Error: Class "Doctrine\\DBAL\\Platforms\\Keywords\\KeywordList" not found in /home/techb158/immovalet.com/vendor/doctrine/dbal/src/Platforms/Keywords/DB2Keywords.php:8\nStack trace:\n#0 {main}\n thrown in /home/techb158/immovalet.com/vendor/doctrine/dbal/src/Platforms/Keywords/DB2Keywords.php on line 8', referer: http://immovalet.techbala.com/vendor/doctrine/dbal/src/Platforms/Keywords/
[Mon Sep 07 11:22:56.093911 2026] [proxy_fcgi:error] [pid 1292314:tid 1292332] [client 57.141.4.11:35502] AH01071: Got error 'PHP message: PHP Fatal error: Uncaught Error: Class "Aws\\Exception\\AwsException" not found in /home/techb158/immovalet.com/vendor/aws/aws-sdk-php/src/QuickSight/Exception/QuickSightException.php:9\nStack trace:\n#0 {main}\n thrown in /home/techb158/immovalet.com/vendor/aws/aws-sdk-php/src/QuickSight/Exception/QuickSightException.php on line 9'
[Mon Sep 07 11:23:01.015910 2026] [proxy_fcgi:error] [pid 1292456:tid 1292470] [client 216.73.216.232:12864] AH01071: Got error 'PHP message: PHP Fatal error: Uncaught Error: Class "HTMLPurifier_AttrDef" not found in /home/techb158/immovalet.com/vendor/ezyang/htmlpurifier/library/HTMLPurifier/AttrDef/HTML/Pixels.php:6\nStack trace:\n#0 {main}\n thrown in /home/techb158/immovalet.com/vendor/ezyang/htmlpurifier/library/HTMLPurifier/AttrDef/HTML/Pixels.php on line 6'
[Mon Sep 07 11:23:08.725181 2026] [proxy_fcgi:error] [pid 1292314:tid 1292338] [client 216.73.216.232:8598] AH01071: Got error 'PHP message: PHP Fatal error: Uncaught Error: Class "HTMLPurifier_AttrDef_HTML_Pixels" not found in /home/techb158/immovalet.com/vendor/ezyang/htmlpurifier/library/HTMLPurifier/AttrDef/HTML/Length.php:10\nStack trace:\n#0 {main}\n thrown in /home/techb158/immovalet.com/vendor/ezyang/htmlpurifier/library/HTMLPurifier/AttrDef/HTML/Length.php on line 10'
[Mon Sep 07 11:23:11.080514 2026] [proxy_fcgi:error] [pid 1292314:tid 1292324] [client 216.73.216.232:17385] AH01071: Got error 'PHP message: PHP Fatal error: Uncaught Error: Class "HTMLPurifier_AttrDef" not found in /home/techb158/immovalet.com/vendor/ezyang/htmlpurifier/library/HTMLPurifier/AttrDef/HTML/Bool.php:6\nStack trace:\n#0 {main}\n thrown in /home/techb158/immovalet.com/vendor/ezyang/htmlpurifier/library/HTMLPurifier/AttrDef/HTML/Bool.php on line 6'
[Mon Sep 07 11:23:16.084451 2026] [proxy_fcgi:error] [pid 1292519:tid 1292522] [client 216.73.216.232:22210] AH01071: Got error 'PHP message: PHP Fatal error: Uncaught Error: Class "Maatwebsite\\Excel\\Events\\Event" not found in /home/techb158/immovalet.com/vendor/maatwebsite/excel/src/Events/BeforeWriting.php:7\nStack trace:\n#0 {main}\n thrown in /home/techb158/immovalet.com/vendor/maatwebsite/excel/src/Events/BeforeWriting.php on line 7'
[Mon Sep 07 11:23:26.767256 2026] [proxy_fcgi:error] [pid 1292314:tid 1292323] [client 216.73.216.232:22306] AH01071: Got error 'PHP message: PHP Fatal error: Uncaught Error: Interface "Botble\\SeoHelper\\Contracts\\RenderableContract" not found in /home/techb158/immovalet.com/platform/packages/seo-helper/src/Contracts/Entities/TitleContract.php:7\nStack trace:\n#0 {main}\n thrown in /home/techb158/immovalet.com/platform/packages/seo-helper/src/Contracts/Entities/TitleContract.php on line 7'
[Mon Sep 07 11:23:32.064065 2026] [proxy_fcgi:error] [pid 1292519:tid 1292544] [client 34.22.45.161:0] AH01071: Got error 'Primary script unknown'
[Mon Sep 07 11:23:35.508688 2026] [proxy_fcgi:error] [pid 1292394:tid 1292419] [client 180.253.182.247:53815] AH01071: Got error 'Primary script unknown'
[Mon Sep 07 11:23:37.721518 2026] [proxy_fcgi:error] [pid 1292456:tid 1292478] [client 34.22.45.161:37902] AH01071: Got error 'Primary script unknown'
[Mon Sep 07 11:23:37.785583 2026] [proxy_fcgi:error] [pid 1292456:tid 1292478] [client 34.22.45.161:37902] AH01071: Got error 'Primary script unknown'
[Mon Sep 07 11:23:37.850917 2026] [proxy_fcgi:error] [pid 1292456:tid 1292478] [client 34.22.45.161:37902] AH01071: Got error 'Primary script unknown'
[Mon Sep 07 11:23:37.915012 2026] [proxy_fcgi:error] [pid 1292456:tid 1292478] [client 34.22.45.161:37902] AH01071: Got error 'Primary script unknown'
[Mon Sep 07 11:23:37.979154 2026] [proxy_fcgi:error] [pid 1292456:tid 1292478] [client 34.22.45.161:37902] AH01071: Got error 'Primary script unknown'
[Mon Sep 07 11:23:38.045185 2026] [proxy_fcgi:error] [pid 1292456:tid 1292478] [client 34.22.45.161:37902] AH01071: Got error 'Primary script unknown'
[Mon Sep 07 11:23:38.109617 2026] [proxy_fcgi:error] [pid 1292456:tid 1292478] [client 34.22.45.161:37902] AH01071: Got error 'Primary script unknown'
[Mon Sep 07 11:23:38.238528 2026] [proxy_fcgi:error] [pid 1292456:tid 1292478] [client 34.22.45.161:37902] AH01071: Got error 'Primary script unknown'
[Mon Sep 07 11:23:38.303033 2026] [proxy_fcgi:error] [pid 1292456:tid 1292478] [client 34.22.45.161:37902] AH01071: Got error 'Primary script unknown'
[Mon Sep 07 11:23:38.814624 2026] [proxy_fcgi:error] [pid 1292456:tid 1292478] [client 34.22.45.161:37902] AH01071: Got error 'Primary script unknown'
[Mon Sep 07 11:23:38.878667 2026] [proxy_fcgi:error] [pid 1292456:tid 1292478] [client 34.22.45.161:37902] AH01071: Got error 'Primary script unknown'
[Mon Sep 07 11:23:38.942775 2026] [proxy_fcgi:error] [pid 1292456:tid 1292478] [client 34.22.45.161:37902] AH01071: Got error 'Primary script unknown'
[Mon Sep 07 11:23:39.006824 2026] [proxy_fcgi:error] [pid 1292456:tid 1292478] [client 34.22.45.161:37902] AH01071: Got error 'Primary script unknown'
[Mon Sep 07 11:23:39.071059 2026] [proxy_fcgi:error] [pid 1292456:tid 1292478] [client 34.22.45.161:37902] AH01071: Got error 'Primary script unknown'
[Mon Sep 07 11:23:39.136060 2026] [proxy_fcgi:error] [pid 1292456:tid 1292478] [client 34.22.45.161:37902] AH01071: Got error 'Primary script unknown'
[Mon Sep 07 11:23:46.780661 2026] [proxy_fcgi:error] [pid 1292456:tid 1292474] [client 216.73.216.232:43792] AH01071: Got error 'PHP message: PHP Fatal error: Uncaught Error: Class "Illuminate\\Console\\GeneratorCommand" not found in /home/techb158/immovalet.com/vendor/laravel/framework/src/Illuminate/Database/Console/Seeds/SeederMakeCommand.php:7\nStack trace:\n#0 {main}\n thrown in /home/techb158/immovalet.com/vendor/laravel/framework/src/Illuminate/Database/Console/Seeds/SeederMakeCommand.php on line 7'
[Mon Sep 07 11:23:47.028729 2026] [proxy_fcgi:error] [pid 1292394:tid 1292398] [client 74.7.243.201:51138] AH01071: Got error 'PHP message: PHP Fatal error: Uncaught Error: Class "Botble\\Support\\Http\\Requests\\Request" not found in /home/techb158/immovalet.com/platform/plugins/payment/src/Http/Requests/PayPalPaymentCallbackRequest.php:7\nStack trace:\n#0 {main}\n thrown in /home/techb158/immovalet.com/platform/plugins/payment/src/Http/Requests/PayPalPaymentCallbackRequest.php on line 7', referer: http://www.immovalet.com/platform/plugins/payment/src/Http/Requests/
[Mon Sep 07 11:23:47.389795 2026] [proxy_fcgi:error] [pid 1292394:tid 1292415] [client 143.244.57.118:47420] AH01067: Failed to read FastCGI header
[Mon Sep 07 11:23:47.389823 2026] [proxy_fcgi:error] [pid 1292394:tid 1292415] (104)Connection reset by peer: [client 143.244.57.118:47420] AH01075: Error dispatching request to :
[Mon Sep 07 11:23:47.390012 2026] [proxy_fcgi:error] [pid 1292456:tid 1292477] [client 216.73.216.28:6456] AH01067: Failed to read FastCGI header
[Mon Sep 07 11:23:47.390032 2026] [proxy_fcgi:error] [pid 1292456:tid 1292477] (104)Connection reset by peer: [client 216.73.216.28:6456] AH01075: Error dispatching request to :
[Mon Sep 07 11:23:47.397539 2026] [proxy_fcgi:error] [pid 1292394:tid 1292418] [client 66.249.73.72:61374] AH01067: Failed to read FastCGI header, referer: https://www.techbala.com/?e=67220150894601
[Mon Sep 07 11:23:47.397554 2026] [proxy_fcgi:error] [pid 1292394:tid 1292418] (104)Connection reset by peer: [client 66.249.73.72:61374] AH01075: Error dispatching request to : , referer: https://www.techbala.com/?e=67220150894601
[Mon Sep 07 11:23:47.405056 2026] [proxy_fcgi:error] [pid 1292394:tid 1292415] [client 143.244.57.118:47420] AH01067: Failed to read FastCGI header
[Mon Sep 07 11:23:47.405073 2026] [proxy_fcgi:error] [pid 1292394:tid 1292415] (104)Connection reset by peer: [client 143.244.57.118:47420] AH01075: Error dispatching request to :
[Mon Sep 07 11:23:49.182151 2026] [proxy_fcgi:error] [pid 1292394:tid 1292412] [client 74.7.243.201:34148] AH01071: Got error 'PHP message: PHP Fatal error: Trait "Illuminate\\Support\\Traits\\ForwardsCalls" not found in /home/techb158/immovalet.com/vendor/laravel/framework/src/Illuminate/Pagination/AbstractCursorPaginator.php on line 21', referer: http://www.immovalet.com/vendor/laravel/framework/src/Illuminate/Pagination/
[Mon Sep 07 11:23:51.274365 2026] [proxy_fcgi:error] [pid 1292243:tid 1292263] [client 74.7.243.201:34156] AH01071: Got error 'PHP message: PHP Fatal error: Uncaught Error: Class "Botble\\Support\\Http\\Requests\\Request" not found in /home/techb158/immovalet.com/platform/plugins/ecommerce/src/Http/Requests/ProductUpdateOrderByRequest.php:7\nStack trace:\n#0 {main}\n thrown in /home/techb158/immovalet.com/platform/plugins/ecommerce/src/Http/Requests/ProductUpdateOrderByRequest.php on line 7', referer: http://www.immovalet.com/platform/plugins/ecommerce/src/Http/Requests/
[Mon Sep 07 11:23:53.353528 2026] [proxy_fcgi:error] [pid 1292394:tid 1292399] [client 74.7.243.201:36990] AH01071: Got error 'PHP message: PHP Fatal error: Uncaught Error: Class "Illuminate\\Pagination\\AbstractPaginator" not found in /home/techb158/immovalet.com/vendor/laravel/framework/src/Illuminate/Pagination/LengthAwarePaginator.php:15\nStack trace:\n#0 {main}\n thrown in /home/techb158/immovalet.com/vendor/laravel/framework/src/Illuminate/Pagination/LengthAwarePaginator.php on line 15', referer: http://www.immovalet.com/vendor/laravel/framework/src/Illuminate/Pagination/
[Mon Sep 07 11:23:59.945450 2026] [proxy_fcgi:error] [pid 1292344:tid 1292365] [client 74.7.243.201:37000] AH01071: Got error 'PHP message: PHP Fatal error: Uncaught Error: Class "Illuminate\\Support\\ServiceProvider" not found in /home/techb158/immovalet.com/vendor/barryvdh/laravel-dompdf/src/ServiceProvider.php:9\nStack trace:\n#0 {main}\n thrown in /home/techb158/immovalet.com/vendor/barryvdh/laravel-dompdf/src/ServiceProvider.php on line 9', referer: http://www.immovalet.com/vendor/barryvdh/laravel-dompdf/src/?C=D;O=A
[Mon Sep 07 11:24:02.124484 2026] [proxy_fcgi:error] [pid 1292456:tid 1292469] [client 74.7.243.201:37006] AH01071: Got error 'PHP message: PHP Fatal error: Uncaught Error: Class "Illuminate\\Support\\Facades\\Facade" not found in /home/techb158/immovalet.com/vendor/barryvdh/laravel-dompdf/src/Facade.php:6\nStack trace:\n#0 {main}\n thrown in /home/techb158/immovalet.com/vendor/barryvdh/laravel-dompdf/src/Facade.php on line 6', referer: http://www.immovalet.com/vendor/barryvdh/laravel-dompdf/src/?C=D;O=A
[Mon Sep 07 11:24:16.793576 2026] [proxy_fcgi:error] [pid 1292456:tid 1292479] [client 216.73.216.232:40258] AH01071: Got error 'PHP message: PHP Fatal error: Uncaught Error: Class "Illuminate\\Support\\ServiceProvider" not found in /home/techb158/immovalet.com/vendor/laravel/framework/src/Illuminate/Redis/RedisServiceProvider.php:9\nStack trace:\n#0 {main}\n thrown in /home/techb158/immovalet.com/vendor/laravel/framework/src/Illuminate/Redis/RedisServiceProvider.php on line 9'
[Mon Sep 07 11:24:41.800751 2026] [proxy_fcgi:error] [pid 1292314:tid 1292327] [client 216.73.216.232:19118] AH01071: Got error 'PHP message: PHP Fatal error: Uncaught Error: Class "Illuminate\\Support\\Facades\\Facade" not found in /home/techb158/immovalet.com/platform/packages/slug/src/Facades/SlugHelperFacade.php:8\nStack trace:\n#0 {main}\n thrown in /home/techb158/immovalet.com/platform/packages/slug/src/Facades/SlugHelperFacade.php on line 8'
[Mon Sep 07 11:25:03.019910 2026] [proxy_fcgi:error] [pid 1292394:tid 1292401] [client 216.73.216.252:8746] AH01071: Got error 'Primary script unknown'
[Mon Sep 07 11:25:03.037027 2026] [proxy_fcgi:error] [pid 1292456:tid 1292476] [client 216.73.216.252:10909] AH01071: Got error 'Primary script unknown'
[Mon Sep 07 11:25:03.060856 2026] [proxy_fcgi:error] [pid 1292344:tid 1292356] [client 216.73.216.252:46446] AH01071: Got error 'Primary script unknown'
[Mon Sep 07 11:25:03.073717 2026] [core:error] [pid 1292394:tid 1292401] [client 216.73.216.252:8746] AH10244: invalid URI path (//%22%3C%=Request.ServerVariables(/%22script_name/%22)%)
[Mon Sep 07 11:25:03.074155 2026] [proxy_fcgi:error] [pid 1292456:tid 1292476] [client 216.73.216.252:10909] AH01071: Got error 'Primary script unknown'
[Mon Sep 07 11:25:03.074177 2026] [proxy_fcgi:error] [pid 1292394:tid 1292401] [client 216.73.216.252:8746] AH01071: Got error 'Primary script unknown'
[Mon Sep 07 11:25:03.106272 2026] [proxy_fcgi:error] [pid 1292456:tid 1292476] [client 216.73.216.252:10909] AH01071: Got error 'Primary script unknown'
[Mon Sep 07 11:25:03.133802 2026] [proxy_fcgi:error] [pid 1292456:tid 1292476] [client 216.73.216.252:10909] AH01071: Got error 'Primary script unknown'
[Mon Sep 07 11:25:03.153053 2026] [proxy_fcgi:error] [pid 1292344:tid 1292356] [client 216.73.216.252:46446] AH01071: Got error 'Primary script unknown'
[Mon Sep 07 11:25:03.160577 2026] [proxy_fcgi:error] [pid 1292456:tid 1292476] [client 216.73.216.252:10909] AH01071: Got error 'Primary script unknown'
