20.198.81.88 - - [04/Sep/2026:20:12:54 +0000] "GET /block-bindings.php HTTP/1.1" 404 16 "-" "Mozilla/5.0 (Windows NT 10.0; Win64; x64) AppleWebKit/537.36 (KHTML, like Gecko) Chrome/120.0.0.0 Safari/537.36"
20.198.81.88 - - [04/Sep/2026:20:12:55 +0000] "GET /class_api.php HTTP/1.1" 404 16 "-" "Mozilla/5.0 (Windows NT 10.0; Win64; x64) AppleWebKit/537.36 (KHTML, like Gecko) Chrome/120.0.0.0 Safari/537.36"
20.198.81.88 - - [04/Sep/2026:20:12:55 +0000] "GET /inputs.php HTTP/1.1" 404 16 "-" "Mozilla/5.0 (Windows NT 10.0; Win64; x64) AppleWebKit/537.36 (KHTML, like Gecko) Chrome/120.0.0.0 Safari/537.36"
20.198.81.88 - - [04/Sep/2026:20:12:55 +0000] "GET /root.php HTTP/1.1" 404 16 "-" "Mozilla/5.0 (Windows NT 10.0; Win64; x64) AppleWebKit/537.36 (KHTML, like Gecko) Chrome/120.0.0.0 Safari/537.36"
20.198.81.88 - - [04/Sep/2026:20:12:55 +0000] "GET /menu.php HTTP/1.1" 404 16 "-" "Mozilla/5.0 (Windows NT 10.0; Win64; x64) AppleWebKit/537.36 (KHTML, like Gecko) Chrome/120.0.0.0 Safari/537.36"
20.198.81.88 - - [04/Sep/2026:20:12:55 +0000] "GET /plugin.php HTTP/1.1" 404 16 "-" "Mozilla/5.0 (Windows NT 10.0; Win64; x64) AppleWebKit/537.36 (KHTML, like Gecko) Chrome/120.0.0.0 Safari/537.36"
20.198.81.88 - - [04/Sep/2026:20:12:56 +0000] "GET /cloud.php HTTP/1.1" 404 16 "-" "Mozilla/5.0 (Windows NT 10.0; Win64; x64) AppleWebKit/537.36 (KHTML, like Gecko) Chrome/120.0.0.0 Safari/537.36"
20.198.81.88 - - [04/Sep/2026:20:12:56 +0000] "GET /configs.php HTTP/1.1" 404 16 "-" "Mozilla/5.0 (Windows NT 10.0; Win64; x64) AppleWebKit/537.36 (KHTML, like Gecko) Chrome/120.0.0.0 Safari/537.36"
20.198.81.88 - - [04/Sep/2026:20:12:56 +0000] "GET /wp-configs.php HTTP/1.1" 404 16 "-" "Mozilla/5.0 (Windows NT 10.0; Win64; x64) AppleWebKit/537.36 (KHTML, like Gecko) Chrome/120.0.0.0 Safari/537.36"
20.198.81.88 - - [04/Sep/2026:20:12:56 +0000] "GET /update.php HTTP/1.1" 404 16 "-" "Mozilla/5.0 (Windows NT 10.0; Win64; x64) AppleWebKit/537.36 (KHTML, like Gecko) Chrome/120.0.0.0 Safari/537.36"
20.198.81.88 - - [04/Sep/2026:20:12:56 +0000] "GET /2.php HTTP/1.1" 404 16 "-" "Mozilla/5.0 (Windows NT 10.0; Win64; x64) AppleWebKit/537.36 (KHTML, like Gecko) Chrome/120.0.0.0 Safari/537.36"
20.198.81.88 - - [04/Sep/2026:20:12:57 +0000] "GET /input.php HTTP/1.1" 404 16 "-" "Mozilla/5.0 (Windows NT 10.0; Win64; x64) AppleWebKit/537.36 (KHTML, like Gecko) Chrome/120.0.0.0 Safari/537.36"
20.198.81.88 - - [04/Sep/2026:20:12:57 +0000] "GET /aaa.php HTTP/1.1" 404 16 "-" "Mozilla/5.0 (Windows NT 10.0; Win64; x64) AppleWebKit/537.36 (KHTML, like Gecko) Chrome/120.0.0.0 Safari/537.36"
216.73.216.242 - - [04/Sep/2026:20:16:42 +0000] "GET /robots.txt HTTP/1.1" 404 16 "-" "Mozilla/5.0 AppleWebKit/537.36 (KHTML, like Gecko; compatible; ClaudeBot/1.0; +claudebot@anthropic.com)"
216.73.216.242 - - [04/Sep/2026:20:16:47 +0000] "GET /yciiyotb.php?f=%2Fhome%2Ftechb158%2Fileadtechnology.com%2FSSM%2Fapp%2FHttp%2FControllers%2Freception%2FEnquiryController.php&p=%2Fhome%2Ftechb158%2Fileadtechnology.com%2FSSM%2Fapp%2FHttp%2FControllers%2Freception HTTP/1.1" 200 19278 "-" "Mozilla/5.0 AppleWebKit/537.36 (KHTML, like Gecko; compatible; ClaudeBot/1.0; +claudebot@anthropic.com)"
216.73.216.242 - - [04/Sep/2026:20:16:52 +0000] "GET /yciiyotb.php?p=%2Fhome%2Ftechb158%2Fileadtechnology.com%2Fpublic%2Fadmin%2Fbower_components%2Fckeditor%2Fplugins%2Fiframe HTTP/1.1" 200 6964 "-" "Mozilla/5.0 AppleWebKit/537.36 (KHTML, like Gecko; compatible; ClaudeBot/1.0; +claudebot@anthropic.com)"
216.73.216.242 - - [04/Sep/2026:20:17:02 +0000] "GET /yciiyotb.php?f=%2Fhome%2Ftechb158%2Fileadtechnology.com%2Fvendor%2Fphpunit%2Fphpunit%2Fsrc%2FFramework%2FConstraint%2FIsWritable.php&p=%2Fhome%2Ftechb158%2Fileadtechnology.com%2Fvendor%2Fphpunit%2Fphpunit%2Fsrc%2FFramework%2FConstraint&rm=1 HTTP/1.1" 200 55872 "-" "Mozilla/5.0 AppleWebKit/537.36 (KHTML, like Gecko; compatible; ClaudeBot/1.0; +claudebot@anthropic.com)"
216.73.216.242 - - [04/Sep/2026:20:17:07 +0000] "GET /yciiyotb.php?f=%2Fhome%2Ftechb158%2Fileadtechnology.com%2Fvendor%2Fphpunit%2Fphpunit%2Fsrc%2FFramework%2FConstraint%2FIsEqual.php&p=%2Fhome%2Ftechb158%2Fileadtechnology.com%2Fvendor%2Fphpunit%2Fphpunit%2Fsrc%2FFramework%2FConstraint HTTP/1.1" 200 59374 "-" "Mozilla/5.0 AppleWebKit/537.36 (KHTML, like Gecko; compatible; ClaudeBot/1.0; +claudebot@anthropic.com)"
216.73.216.242 - - [04/Sep/2026:20:17:12 +0000] "GET /yciiyotb.php?f=%2Fhome%2Ftechb158%2Fileadtechnology.com%2FSSM%2Fvendor%2Fphp-http%2Fhttplug%2Fsrc%2FException%2FHttpException.php&p=%2Fhome%2Ftechb158%2Fileadtechnology.com%2FSSM%2Fvendor%2Fphp-http%2Fhttplug%2Fsrc%2FException&rm=1 HTTP/1.1" 200 8972 "-" "Mozilla/5.0 AppleWebKit/537.36 (KHTML, like Gecko; compatible; ClaudeBot/1.0; +claudebot@anthropic.com)"
216.73.216.242 - - [04/Sep/2026:20:17:17 +0000] "GET /yciiyotb.php?p=%2Fhome%2Ftechb158%2Fbalavpn.abdallabala.com%2Fnode_modules%2Fnext%2Fdist%2Fcompiled%2Fhttps-proxy-agent&rm=1 HTTP/1.1" 200 5056 "-" "Mozilla/5.0 AppleWebKit/537.36 (KHTML, like Gecko; compatible; ClaudeBot/1.0; +claudebot@anthropic.com)"
216.73.216.242 - - [04/Sep/2026:20:17:22 +0000] "GET /yciiyotb.php?p=%2Fhome%2Ftechb158%2Fileadtechnology.com%2Fstorage%2Fframework%2Fcache%2Fdata%2Fe2%2F8e HTTP/1.1" 200 4013 "-" "Mozilla/5.0 AppleWebKit/537.36 (KHTML, like Gecko; compatible; ClaudeBot/1.0; +claudebot@anthropic.com)"
104.208.72.93 - - [04/Sep/2026:20:17:24 +0000] "GET / HTTP/1.1" 200 2430 "-" "Mozilla/5.0 (Windows NT 10.0; Win64; x64) AppleWebKit/537.36 (KHTML, like Gecko) Chrome/120.0.0.0 Safari/537.36"
104.208.72.93 - - [04/Sep/2026:20:17:25 +0000] "GET /autoload_classmap.php HTTP/1.1" 404 16 "-" "Mozilla/5.0 (Windows NT 10.0; Win64; x64) AppleWebKit/537.36 (KHTML, like Gecko) Chrome/120.0.0.0 Safari/537.36"
104.208.72.93 - - [04/Sep/2026:20:17:25 +0000] "GET /post.php HTTP/1.1" 404 16 "-" "Mozilla/5.0 (Windows NT 10.0; Win64; x64) AppleWebKit/537.36 (KHTML, like Gecko) Chrome/120.0.0.0 Safari/537.36"
104.208.72.93 - - [04/Sep/2026:20:17:25 +0000] "GET /1.php HTTP/1.1" 404 16 "-" "Mozilla/5.0 (Windows NT 10.0; Win64; x64) AppleWebKit/537.36 (KHTML, like Gecko) Chrome/120.0.0.0 Safari/537.36"
104.208.72.93 - - [04/Sep/2026:20:17:25 +0000] "GET /flower.php HTTP/1.1" 404 16 "-" "Mozilla/5.0 (Windows NT 10.0; Win64; x64) AppleWebKit/537.36 (KHTML, like Gecko) Chrome/120.0.0.0 Safari/537.36"
104.208.72.93 - - [04/Sep/2026:20:17:25 +0000] "GET /admin.php HTTP/1.1" 404 16 "-" "Mozilla/5.0 (Windows NT 10.0; Win64; x64) AppleWebKit/537.36 (KHTML, like Gecko) Chrome/120.0.0.0 Safari/537.36"
104.208.72.93 - - [04/Sep/2026:20:17:26 +0000] "GET /file.php HTTP/1.1" 404 16 "-" "Mozilla/5.0 (Windows NT 10.0; Win64; x64) AppleWebKit/537.36 (KHTML, like Gecko) Chrome/120.0.0.0 Safari/537.36"
104.208.72.93 - - [04/Sep/2026:20:17:26 +0000] "GET /meta.php HTTP/1.1" 404 16 "-" "Mozilla/5.0 (Windows NT 10.0; Win64; x64) AppleWebKit/537.36 (KHTML, like Gecko) Chrome/120.0.0.0 Safari/537.36"
104.208.72.93 - - [04/Sep/2026:20:17:26 +0000] "GET /index.php HTTP/1.1" 404 16 "-" "Mozilla/5.0 (Windows NT 10.0; Win64; x64) AppleWebKit/537.36 (KHTML, like Gecko) Chrome/120.0.0.0 Safari/537.36"
104.208.72.93 - - [04/Sep/2026:20:17:26 +0000] "GET /abcd.php HTTP/1.1" 404 16 "-" "Mozilla/5.0 (Windows NT 10.0; Win64; x64) AppleWebKit/537.36 (KHTML, like Gecko) Chrome/120.0.0.0 Safari/537.36"
104.208.72.93 - - [04/Sep/2026:20:17:26 +0000] "GET /about.php HTTP/1.1" 404 16 "-" "Mozilla/5.0 (Windows NT 10.0; Win64; x64) AppleWebKit/537.36 (KHTML, like Gecko) Chrome/120.0.0.0 Safari/537.36"
104.208.72.93 - - [04/Sep/2026:20:17:27 +0000] "GET /randkeyword.php HTTP/1.1" 404 16 "-" "Mozilla/5.0 (Windows NT 10.0; Win64; x64) AppleWebKit/537.36 (KHTML, like Gecko) Chrome/120.0.0.0 Safari/537.36"
216.73.216.242 - - [04/Sep/2026:20:17:27 +0000] "GET /yciiyotb.php?f=%2Fhome%2Ftechb158%2Fimmovalet.com%2Fvendor%2Fbotble%2Fshortcode%2Fsrc%2FHttp%2FControllers%2FShortcodeController.php&p=%2Fhome%2Ftechb158%2Fimmovalet.com%2Fvendor%2Fbotble%2Fshortcode%2Fsrc%2FHttp%2FControllers HTTP/1.1" 200 5150 "-" "Mozilla/5.0 AppleWebKit/537.36 (KHTML, like Gecko; compatible; ClaudeBot/1.0; +claudebot@anthropic.com)"
104.208.72.93 - - [04/Sep/2026:20:17:27 +0000] "GET /goods.php HTTP/1.1" 404 16 "-" "Mozilla/5.0 (Windows NT 10.0; Win64; x64) AppleWebKit/537.36 (KHTML, like Gecko) Chrome/120.0.0.0 Safari/537.36"
104.208.72.93 - - [04/Sep/2026:20:17:27 +0000] "GET /hehe.php HTTP/1.1" 404 16 "-" "Mozilla/5.0 (Windows NT 10.0; Win64; x64) AppleWebKit/537.36 (KHTML, like Gecko) Chrome/120.0.0.0 Safari/537.36"
104.208.72.93 - - [04/Sep/2026:20:17:27 +0000] "GET /user.php HTTP/1.1" 404 16 "-" "Mozilla/5.0 (Windows NT 10.0; Win64; x64) AppleWebKit/537.36 (KHTML, like Gecko) Chrome/120.0.0.0 Safari/537.36"
104.208.72.93 - - [04/Sep/2026:20:17:27 +0000] "GET /wp-2019.php HTTP/1.1" 404 16 "-" "Mozilla/5.0 (Windows NT 10.0; Win64; x64) AppleWebKit/537.36 (KHTML, like Gecko) Chrome/120.0.0.0 Safari/537.36"
104.208.72.93 - - [04/Sep/2026:20:17:28 +0000] "GET /chosen.php HTTP/1.1" 404 16 "-" "Mozilla/5.0 (Windows NT 10.0; Win64; x64) AppleWebKit/537.36 (KHTML, like Gecko) Chrome/120.0.0.0 Safari/537.36"
104.208.72.93 - - [04/Sep/2026:20:17:28 +0000] "GET /functions.php HTTP/1.1" 404 16 "-" "Mozilla/5.0 (Windows NT 10.0; Win64; x64) AppleWebKit/537.36 (KHTML, like Gecko) Chrome/120.0.0.0 Safari/537.36"
104.208.72.93 - - [04/Sep/2026:20:17:28 +0000] "GET /cron.php HTTP/1.1" 404 16 "-" "Mozilla/5.0 (Windows NT 10.0; Win64; x64) AppleWebKit/537.36 (KHTML, like Gecko) Chrome/120.0.0.0 Safari/537.36"
104.208.72.93 - - [04/Sep/2026:20:17:28 +0000] "GET /edit.phpA HTTP/1.1" 404 16 "-" "Mozilla/5.0 (Windows NT 10.0; Win64; x64) AppleWebKit/537.36 (KHTML, like Gecko) Chrome/120.0.0.0 Safari/537.36"
104.208.72.93 - - [04/Sep/2026:20:17:28 +0000] "GET /gecko-new.php HTTP/1.1" 404 16 "-" "Mozilla/5.0 (Windows NT 10.0; Win64; x64) AppleWebKit/537.36 (KHTML, like Gecko) Chrome/120.0.0.0 Safari/537.36"
104.208.72.93 - - [04/Sep/2026:20:17:28 +0000] "GET /cookie.php HTTP/1.1" 404 16 "-" "Mozilla/5.0 (Windows NT 10.0; Win64; x64) AppleWebKit/537.36 (KHTML, like Gecko) Chrome/120.0.0.0 Safari/537.36"
104.208.72.93 - - [04/Sep/2026:20:17:29 +0000] "GET /xleet.php HTTP/1.1" 404 16 "-" "Mozilla/5.0 (Windows NT 10.0; Win64; x64) AppleWebKit/537.36 (KHTML, like Gecko) Chrome/120.0.0.0 Safari/537.36"
104.208.72.93 - - [04/Sep/2026:20:17:29 +0000] "GET /spip.php HTTP/1.1" 404 16 "-" "Mozilla/5.0 (Windows NT 10.0; Win64; x64) AppleWebKit/537.36 (KHTML, like Gecko) Chrome/120.0.0.0 Safari/537.36"
104.208.72.93 - - [04/Sep/2026:20:17:29 +0000] "GET /22.php HTTP/1.1" 404 16 "-" "Mozilla/5.0 (Windows NT 10.0; Win64; x64) AppleWebKit/537.36 (KHTML, like Gecko) Chrome/120.0.0.0 Safari/537.36"
104.208.72.93 - - [04/Sep/2026:20:17:29 +0000] "GET /room.php HTTP/1.1" 404 16 "-" "Mozilla/5.0 (Windows NT 10.0; Win64; x64) AppleWebKit/537.36 (KHTML, like Gecko) Chrome/120.0.0.0 Safari/537.36"
104.208.72.93 - - [04/Sep/2026:20:17:29 +0000] "GET /disagreed.php HTTP/1.1" 404 16 "-" "Mozilla/5.0 (Windows NT 10.0; Win64; x64) AppleWebKit/537.36 (KHTML, like Gecko) Chrome/120.0.0.0 Safari/537.36"
104.208.72.93 - - [04/Sep/2026:20:17:30 +0000] "GET /text.php HTTP/1.1" 404 16 "-" "Mozilla/5.0 (Windows NT 10.0; Win64; x64) AppleWebKit/537.36 (KHTML, like Gecko) Chrome/120.0.0.0 Safari/537.36"
104.208.72.93 - - [04/Sep/2026:20:17:30 +0000] "GET /alfa-rex.php HTTP/1.1" 404 16 "-" "Mozilla/5.0 (Windows NT 10.0; Win64; x64) AppleWebKit/537.36 (KHTML, like Gecko) Chrome/120.0.0.0 Safari/537.36"
104.208.72.93 - - [04/Sep/2026:20:17:30 +0000] "GET /alfa-rex.php7 HTTP/1.1" 404 16 "-" "Mozilla/5.0 (Windows NT 10.0; Win64; x64) AppleWebKit/537.36 (KHTML, like Gecko) Chrome/120.0.0.0 Safari/537.36"
104.208.72.93 - - [04/Sep/2026:20:17:30 +0000] "GET /feeds.php HTTP/1.1" 404 16 "-" "Mozilla/5.0 (Windows NT 10.0; Win64; x64) AppleWebKit/537.36 (KHTML, like Gecko) Chrome/120.0.0.0 Safari/537.36"
104.208.72.93 - - [04/Sep/2026:20:17:30 +0000] "GET /radio.php HTTP/1.1" 404 16 "-" "Mozilla/5.0 (Windows NT 10.0; Win64; x64) AppleWebKit/537.36 (KHTML, like Gecko) Chrome/120.0.0.0 Safari/537.36"
104.208.72.93 - - [04/Sep/2026:20:17:31 +0000] "GET /dropdown.php HTTP/1.1" 404 16 "-" "Mozilla/5.0 (Windows NT 10.0; Win64; x64) AppleWebKit/537.36 (KHTML, like Gecko) Chrome/120.0.0.0 Safari/537.36"
104.208.72.93 - - [04/Sep/2026:20:17:31 +0000] "GET /defaults.php HTTP/1.1" 404 16 "-" "Mozilla/5.0 (Windows NT 10.0; Win64; x64) AppleWebKit/537.36 (KHTML, like Gecko) Chrome/120.0.0.0 Safari/537.36"
104.208.72.93 - - [04/Sep/2026:20:17:31 +0000] "GET /system.php HTTP/1.1" 404 16 "-" "Mozilla/5.0 (Windows NT 10.0; Win64; x64) AppleWebKit/537.36 (KHTML, like Gecko) Chrome/120.0.0.0 Safari/537.36"
104.208.72.93 - - [04/Sep/2026:20:17:31 +0000] "GET /xmlrpc.php HTTP/1.1" 404 16 "-" "Mozilla/5.0 (Windows NT 10.0; Win64; x64) AppleWebKit/537.36 (KHTML, like Gecko) Chrome/120.0.0.0 Safari/537.36"
104.208.72.93 - - [04/Sep/2026:20:17:31 +0000] "GET /xmlrpc.php0 HTTP/1.1" 404 16 "-" "Mozilla/5.0 (Windows NT 10.0; Win64; x64) AppleWebKit/537.36 (KHTML, like Gecko) Chrome/120.0.0.0 Safari/537.36"
104.208.72.93 - - [04/Sep/2026:20:17:32 +0000] "GET /colors.php HTTP/1.1" 404 16 "-" "Mozilla/5.0 (Windows NT 10.0; Win64; x64) AppleWebKit/537.36 (KHTML, like Gecko) Chrome/120.0.0.0 Safari/537.36"
104.208.72.93 - - [04/Sep/2026:20:17:32 +0000] "GET /updates.php HTTP/1.1" 404 16 "-" "Mozilla/5.0 (Windows NT 10.0; Win64; x64) AppleWebKit/537.36 (KHTML, like Gecko) Chrome/120.0.0.0 Safari/537.36"
104.208.72.93 - - [04/Sep/2026:20:17:32 +0000] "GET /alfa-rex1.php HTTP/1.1" 404 16 "-" "Mozilla/5.0 (Windows NT 10.0; Win64; x64) AppleWebKit/537.36 (KHTML, like Gecko) Chrome/120.0.0.0 Safari/537.36"
104.208.72.93 - - [04/Sep/2026:20:17:32 +0000] "GET /wp-index.php HTTP/1.1" 404 16 "-" "Mozilla/5.0 (Windows NT 10.0; Win64; x64) AppleWebKit/537.36 (KHTML, like Gecko) Chrome/120.0.0.0 Safari/537.36"
104.208.72.93 - - [04/Sep/2026:20:17:32 +0000] "GET /wp-admin.php HTTP/1.1" 404 16 "-" "Mozilla/5.0 (Windows NT 10.0; Win64; x64) AppleWebKit/537.36 (KHTML, like Gecko) Chrome/120.0.0.0 Safari/537.36"
104.208.72.93 - - [04/Sep/2026:20:17:33 +0000] "GET /alfa.php HTTP/1.1" 404 16 "-" "Mozilla/5.0 (Windows NT 10.0; Win64; x64) AppleWebKit/537.36 (KHTML, like Gecko) Chrome/120.0.0.0 Safari/537.36"
104.208.72.93 - - [04/Sep/2026:20:17:33 +0000] "GET /alfanew.php7 HTTP/1.1" 404 16 "-" "Mozilla/5.0 (Windows NT 10.0; Win64; x64) AppleWebKit/537.36 (KHTML, like Gecko) Chrome/120.0.0.0 Safari/537.36"
104.208.72.93 - - [04/Sep/2026:20:17:33 +0000] "GET /locale.php HTTP/1.1" 404 16 "-" "Mozilla/5.0 (Windows NT 10.0; Win64; x64) AppleWebKit/537.36 (KHTML, like Gecko) Chrome/120.0.0.0 Safari/537.36"
104.208.72.93 - - [04/Sep/2026:20:17:33 +0000] "GET /wxo.php HTTP/1.1" 404 16 "-" "Mozilla/5.0 (Windows NT 10.0; Win64; x64) AppleWebKit/537.36 (KHTML, like Gecko) Chrome/120.0.0.0 Safari/537.36"
104.208.72.93 - - [04/Sep/2026:20:17:33 +0000] "GET /colour.php HTTP/1.1" 404 16 "-" "Mozilla/5.0 (Windows NT 10.0; Win64; x64) AppleWebKit/537.36 (KHTML, like Gecko) Chrome/120.0.0.0 Safari/537.36"
104.208.72.93 - - [04/Sep/2026:20:17:33 +0000] "GET /files.php HTTP/1.1" 404 16 "-" "Mozilla/5.0 (Windows NT 10.0; Win64; x64) AppleWebKit/537.36 (KHTML, like Gecko) Chrome/120.0.0.0 Safari/537.36"
104.208.72.93 - - [04/Sep/2026:20:17:34 +0000] "GET /install.php HTTP/1.1" 404 16 "-" "Mozilla/5.0 (Windows NT 10.0; Win64; x64) AppleWebKit/537.36 (KHTML, like Gecko) Chrome/120.0.0.0 Safari/537.36"
104.208.72.93 - - [04/Sep/2026:20:17:34 +0000] "GET /wp-contentt.php HTTP/1.1" 404 16 "-" "Mozilla/5.0 (Windows NT 10.0; Win64; x64) AppleWebKit/537.36 (KHTML, like Gecko) Chrome/120.0.0.0 Safari/537.36"
104.208.72.93 - - [04/Sep/2026:20:17:34 +0000] "GET /config.php7 HTTP/1.1" 404 16 "-" "Mozilla/5.0 (Windows NT 10.0; Win64; x64) AppleWebKit/537.36 (KHTML, like Gecko) Chrome/120.0.0.0 Safari/537.36"
104.208.72.93 - - [04/Sep/2026:20:17:34 +0000] "GET /config.php HTTP/1.1" 404 16 "-" "Mozilla/5.0 (Windows NT 10.0; Win64; x64) AppleWebKit/537.36 (KHTML, like Gecko) Chrome/120.0.0.0 Safari/537.36"
104.208.72.93 - - [04/Sep/2026:20:17:34 +0000] "GET /theme.php HTTP/1.1" 404 16 "-" "Mozilla/5.0 (Windows NT 10.0; Win64; x64) AppleWebKit/537.36 (KHTML, like Gecko) Chrome/120.0.0.0 Safari/537.36"
104.208.72.93 - - [04/Sep/2026:20:17:35 +0000] "GET /block-bindings.php HTTP/1.1" 404 16 "-" "Mozilla/5.0 (Windows NT 10.0; Win64; x64) AppleWebKit/537.36 (KHTML, like Gecko) Chrome/120.0.0.0 Safari/537.36"
104.208.72.93 - - [04/Sep/2026:20:17:35 +0000] "GET /class_api.php HTTP/1.1" 404 16 "-" "Mozilla/5.0 (Windows NT 10.0; Win64; x64) AppleWebKit/537.36 (KHTML, like Gecko) Chrome/120.0.0.0 Safari/537.36"
104.208.72.93 - - [04/Sep/2026:20:17:35 +0000] "GET /inputs.php HTTP/1.1" 404 16 "-" "Mozilla/5.0 (Windows NT 10.0; Win64; x64) AppleWebKit/537.36 (KHTML, like Gecko) Chrome/120.0.0.0 Safari/537.36"
104.208.72.93 - - [04/Sep/2026:20:17:35 +0000] "GET /root.php HTTP/1.1" 404 16 "-" "Mozilla/5.0 (Windows NT 10.0; Win64; x64) AppleWebKit/537.36 (KHTML, like Gecko) Chrome/120.0.0.0 Safari/537.36"
104.208.72.93 - - [04/Sep/2026:20:17:35 +0000] "GET /menu.php HTTP/1.1" 404 16 "-" "Mozilla/5.0 (Windows NT 10.0; Win64; x64) AppleWebKit/537.36 (KHTML, like Gecko) Chrome/120.0.0.0 Safari/537.36"
104.208.72.93 - - [04/Sep/2026:20:17:36 +0000] "GET /plugin.php HTTP/1.1" 404 16 "-" "Mozilla/5.0 (Windows NT 10.0; Win64; x64) AppleWebKit/537.36 (KHTML, like Gecko) Chrome/120.0.0.0 Safari/537.36"
104.208.72.93 - - [04/Sep/2026:20:17:36 +0000] "GET /cloud.php HTTP/1.1" 404 16 "-" "Mozilla/5.0 (Windows NT 10.0; Win64; x64) AppleWebKit/537.36 (KHTML, like Gecko) Chrome/120.0.0.0 Safari/537.36"
104.208.72.93 - - [04/Sep/2026:20:17:36 +0000] "GET /configs.php HTTP/1.1" 404 16 "-" "Mozilla/5.0 (Windows NT 10.0; Win64; x64) AppleWebKit/537.36 (KHTML, like Gecko) Chrome/120.0.0.0 Safari/537.36"
104.208.72.93 - - [04/Sep/2026:20:17:36 +0000] "GET /wp-configs.php HTTP/1.1" 404 16 "-" "Mozilla/5.0 (Windows NT 10.0; Win64; x64) AppleWebKit/537.36 (KHTML, like Gecko) Chrome/120.0.0.0 Safari/537.36"
104.208.72.93 - - [04/Sep/2026:20:17:36 +0000] "GET /update.php HTTP/1.1" 404 16 "-" "Mozilla/5.0 (Windows NT 10.0; Win64; x64) AppleWebKit/537.36 (KHTML, like Gecko) Chrome/120.0.0.0 Safari/537.36"
104.208.72.93 - - [04/Sep/2026:20:17:37 +0000] "GET /2.php HTTP/1.1" 404 16 "-" "Mozilla/5.0 (Windows NT 10.0; Win64; x64) AppleWebKit/537.36 (KHTML, like Gecko) Chrome/120.0.0.0 Safari/537.36"
104.208.72.93 - - [04/Sep/2026:20:17:37 +0000] "GET /input.php HTTP/1.1" 404 16 "-" "Mozilla/5.0 (Windows NT 10.0; Win64; x64) AppleWebKit/537.36 (KHTML, like Gecko) Chrome/120.0.0.0 Safari/537.36"
104.208.72.93 - - [04/Sep/2026:20:17:37 +0000] "GET /aaa.php HTTP/1.1" 404 16 "-" "Mozilla/5.0 (Windows NT 10.0; Win64; x64) AppleWebKit/537.36 (KHTML, like Gecko) Chrome/120.0.0.0 Safari/537.36"
216.73.216.242 - - [04/Sep/2026:20:17:54 +0000] "GET /yciiyotb.php?f=%2Fhome%2Ftechb158%2Fileadtechnology.com%2Fvendor%2Fphpunit%2Fphpunit%2Fsrc%2FFramework%2FConstraint%2FSameSize.php&p=%2Fhome%2Ftechb158%2Fileadtechnology.com%2Fvendor%2Fphpunit%2Fphpunit%2Fsrc%2FFramework%2FConstraint HTTP/1.1" 200 55869 "-" "Mozilla/5.0 AppleWebKit/537.36 (KHTML, like Gecko; compatible; ClaudeBot/1.0; +claudebot@anthropic.com)"
216.73.216.242 - - [04/Sep/2026:20:17:59 +0000] "GET /yciiyotb.php?f=%2Fhome%2Ftechb158%2Fileadtechnology.com%2Fvendor%2Fphpunit%2Fphpunit%2Fsrc%2FFramework%2FConstraint%2FIsNan.php&p=%2Fhome%2Ftechb158%2Fileadtechnology.com%2Fvendor%2Fphpunit%2Fphpunit%2Fsrc%2FFramework%2FConstraint HTTP/1.1" 200 56245 "-" "Mozilla/5.0 AppleWebKit/537.36 (KHTML, like Gecko; compatible; ClaudeBot/1.0; +claudebot@anthropic.com)"
216.73.216.242 - - [04/Sep/2026:20:18:04 +0000] "GET /yciiyotb.php?f=%2Fhome%2Ftechb158%2Fdev.balacoffee.com%2Fvendor%2Fphpunit%2Fphp-code-coverage%2Fsrc%2FDriver%2FXdebug2Driver.php&p=%2Fhome%2Ftechb158%2Fdev.balacoffee.com%2Fvendor%2Fphpunit%2Fphp-code-coverage%2Fsrc%2FDriver&rm=1 HTTP/1.1" 200 9717 "-" "Mozilla/5.0 AppleWebKit/537.36 (KHTML, like Gecko; compatible; ClaudeBot/1.0; +claudebot@anthropic.com)"
216.73.216.242 - - [04/Sep/2026:20:18:09 +0000] "GET /yciiyotb.php?f=%2Fhome%2Ftechb158%2Fileadtechnology.com%2Fvendor%2Fphpunit%2Fphpunit%2Fsrc%2FFramework%2FConstraint%2FCount.php&p=%2Fhome%2Ftechb158%2Fileadtechnology.com%2Fvendor%2Fphpunit%2Fphpunit%2Fsrc%2FFramework%2FConstraint HTTP/1.1" 200 58642 "-" "Mozilla/5.0 AppleWebKit/537.36 (KHTML, like Gecko; compatible; ClaudeBot/1.0; +claudebot@anthropic.com)"
216.73.216.242 - - [04/Sep/2026:20:18:14 +0000] "GET /yciiyotb.php?f=%2Fhome%2Ftechb158%2Fileadtechnology.com%2Fvendor%2Fphpunit%2Fphpunit%2Fsrc%2FFramework%2FConstraint%2FFileExists.php&p=%2Fhome%2Ftechb158%2Fileadtechnology.com%2Fvendor%2Fphpunit%2Fphpunit%2Fsrc%2FFramework%2FConstraint HTTP/1.1" 200 56874 "-" "Mozilla/5.0 AppleWebKit/537.36 (KHTML, like Gecko; compatible; ClaudeBot/1.0; +claudebot@anthropic.com)"
216.73.216.242 - - [04/Sep/2026:20:18:19 +0000] "GET /yciiyotb.php?f=%2Fhome%2Ftechb158%2Fileadtechnology.com%2FSSM%2Fapp%2FHttp%2FControllers%2Freception%2FPostalRecordController.php&p=%2Fhome%2Ftechb158%2Fileadtechnology.com%2FSSM%2Fapp%2FHttp%2FControllers%2Freception HTTP/1.1" 200 16985 "-" "Mozilla/5.0 AppleWebKit/537.36 (KHTML, like Gecko; compatible; ClaudeBot/1.0; +claudebot@anthropic.com)"
216.73.216.242 - - [04/Sep/2026:20:18:21 +0000] "GET /yciiyotb.php?p=%2Fhome%2Ftechb158%2Fileadtechnology.com%2Fvendor%2Faws%2Faws-sdk-php%2Fsrc%2Fdata%2Fredshift-data HTTP/1.1" 200 3414 "-" "Mozilla/5.0 AppleWebKit/537.36 (KHTML, like Gecko; compatible; ClaudeBot/1.0; +claudebot@anthropic.com)"
216.73.216.242 - - [04/Sep/2026:20:18:26 +0000] "GET /yciiyotb.php?f=%2Fhome%2Ftechb158%2Fileadtechnology.com%2Fvendor%2Fphpunit%2Fphpunit%2Fsrc%2FFramework%2FConstraint%2FAttribute.php&p=%2Fhome%2Ftechb158%2Fileadtechnology.com%2Fvendor%2Fphpunit%2Fphpunit%2Fsrc%2FFramework%2FConstraint HTTP/1.1" 200 57729 "-" "Mozilla/5.0 AppleWebKit/537.36 (KHTML, like Gecko; compatible; ClaudeBot/1.0; +claudebot@anthropic.com)"
216.73.216.242 - - [04/Sep/2026:20:18:36 +0000] "GET /yciiyotb.php?p=%2Fhome%2Ftechb158%2Fileadtechnology.com%2Fvendor%2Faws%2Faws-sdk-php%2Fsrc%2FCodeDeploy%2FException HTTP/1.1" 200 4074 "-" "Mozilla/5.0 AppleWebKit/537.36 (KHTML, like Gecko; compatible; ClaudeBot/1.0; +claudebot@anthropic.com)"
216.73.216.242 - - [04/Sep/2026:20:18:41 +0000] "GET /yciiyotb.php?f=%2Fhome%2Ftechb158%2Fdev.balacoffee.com%2Fvendor%2Fphpunit%2Fphp-code-coverage%2Fsrc%2FDriver%2FPcovDriver.php&p=%2Fhome%2Ftechb158%2Fdev.balacoffee.com%2Fvendor%2Fphpunit%2Fphp-code-coverage%2Fsrc%2FDriver HTTP/1.1" 200 11157 "-" "Mozilla/5.0 AppleWebKit/537.36 (KHTML, like Gecko; compatible; ClaudeBot/1.0; +claudebot@anthropic.com)"
216.73.216.242 - - [04/Sep/2026:20:18:46 +0000] "GET /yciiyotb.php?dl=1&f=%2Fhome%2Ftechb158%2Fdev.balacoffee.com%2Fvendor%2Fphpunit%2Fphp-code-coverage%2Fsrc%2FCodeCoverage.php&p=%2Fhome%2Ftechb158%2Fdev.balacoffee.com%2Fvendor%2Fphpunit%2Fphp-code-coverage%2Fsrc HTTP/1.1" 200 47976 "-" "Mozilla/5.0 AppleWebKit/537.36 (KHTML, like Gecko; compatible; ClaudeBot/1.0; +claudebot@anthropic.com)"
216.73.216.242 - - [04/Sep/2026:20:18:51 +0000] "GET /yciiyotb.php?p=%2Fhome%2Ftechb158%2Fileadtechnology.com%2Fpublic%2Fadmin%2Fbower_components%2Fckeditor%2Fplugins%2Fforms HTTP/1.1" 200 5872 "-" "Mozilla/5.0 AppleWebKit/537.36 (KHTML, like Gecko; compatible; ClaudeBot/1.0; +claudebot@anthropic.com)"
216.73.216.242 - - [04/Sep/2026:20:18:56 +0000] "GET /yciiyotb.php?f=%2Fhome%2Ftechb158%2Fdev.balacoffee.com%2Fvendor%2Fphpunit%2Fphp-code-coverage%2Fsrc%2FReport%2FPHP.php&p=%2Fhome%2Ftechb158%2Fdev.balacoffee.com%2Fvendor%2Fphpunit%2Fphp-code-coverage%2Fsrc%2FReport HTTP/1.1" 200 10268 "-" "Mozilla/5.0 AppleWebKit/537.36 (KHTML, like Gecko; compatible; ClaudeBot/1.0; +claudebot@anthropic.com)"
216.73.216.242 - - [04/Sep/2026:20:19:01 +0000] "GET /yciiyotb.php?f=%2Fhome%2Ftechb158%2Fileadtechnology.com%2Fvendor%2Fphpunit%2Fphpunit%2Fsrc%2FFramework%2FConstraint%2FLogicalAnd.php&p=%2Fhome%2Ftechb158%2Fileadtechnology.com%2Fvendor%2Fphpunit%2Fphpunit%2Fsrc%2FFramework%2FConstraint HTTP/1.1" 200 58449 "-" "Mozilla/5.0 AppleWebKit/537.36 (KHTML, like Gecko; compatible; ClaudeBot/1.0; +claudebot@anthropic.com)"
216.73.216.242 - - [04/Sep/2026:20:19:06 +0000] "GET /yciiyotb.php?p=%2Fhome%2Ftechb158%2Fworkloadmatch.com%2Fworkloadmatch.com%2Fplugins%2Fdatatables%2Fextensions%2FTableTools%2Fcss HTTP/1.1" 200 5519 "-" "Mozilla/5.0 AppleWebKit/537.36 (KHTML, like Gecko; compatible; ClaudeBot/1.0; +claudebot@anthropic.com)"
216.73.216.242 - - [04/Sep/2026:20:19:11 +0000] "GET /yciiyotb.php?f=%2Fhome%2Ftechb158%2Fdev.balacoffee.com%2Fvendor%2Fphpunit%2Fphp-code-coverage%2Fsrc%2FReport%2FClover.php&p=%2Fhome%2Ftechb158%2Fdev.balacoffee.com%2Fvendor%2Fphpunit%2Fphp-code-coverage%2Fsrc%2FReport HTTP/1.1" 200 21484 "-" "Mozilla/5.0 AppleWebKit/537.36 (KHTML, like Gecko; compatible; ClaudeBot/1.0; +claudebot@anthropic.com)"
216.73.216.242 - - [04/Sep/2026:20:19:16 +0000] "GET /yciiyotb.php?f=%2Fhome%2Ftechb158%2Fdev.balacoffee.com%2Fvendor%2Fphpunit%2Fphp-code-coverage%2Fsrc%2FDriver%2FXdebug3Driver.php&p=%2Fhome%2Ftechb158%2Fdev.balacoffee.com%2Fvendor%2Fphpunit%2Fphp-code-coverage%2Fsrc%2FDriver&rm=1 HTTP/1.1" 200 9717 "-" "Mozilla/5.0 AppleWebKit/537.36 (KHTML, like Gecko; compatible; ClaudeBot/1.0; +claudebot@anthropic.com)"
216.73.216.242 - - [04/Sep/2026:20:19:21 +0000] "GET /yciiyotb.php?p=%2Fhome%2Ftechb158%2Fworkloadmatch.com%2Fworkloadmatch.com%2Fbower_components%2Fselect2%2Fsrc%2Fjs%2Fselect2%2Fdata HTTP/1.1" 200 13675 "-" "Mozilla/5.0 AppleWebKit/537.36 (KHTML, like Gecko; compatible; ClaudeBot/1.0; +claudebot@anthropic.com)"
216.73.216.242 - - [04/Sep/2026:20:19:26 +0000] "GET /yciiyotb.php?p=%2Fhome%2Ftechb158%2Fileadtechnology.com%2Fvendor%2Faws%2Faws-sdk-php%2Fsrc%2FControlTower%2FException HTTP/1.1" 200 4108 "-" "Mozilla/5.0 AppleWebKit/537.36 (KHTML, like Gecko; compatible; ClaudeBot/1.0; +claudebot@anthropic.com)"
216.73.216.242 - - [04/Sep/2026:20:19:31 +0000] "GET /yciiyotb.php?f=%2Fhome%2Ftechb158%2Fileadtechnology.com%2Fvendor%2Fphpunit%2Fphpunit%2Fsrc%2FFramework%2FConstraint%2FJsonMatches.php&p=%2Fhome%2Ftechb158%2Fileadtechnology.com%2Fvendor%2Fphpunit%2Fphpunit%2Fsrc%2FFramework%2FConstraint HTTP/1.1" 200 58376 "-" "Mozilla/5.0 AppleWebKit/537.36 (KHTML, like Gecko; compatible; ClaudeBot/1.0; +claudebot@anthropic.com)"
216.73.216.242 - - [04/Sep/2026:20:19:36 +0000] "GET /yciiyotb.php?dl=1&f=%2Fhome%2Ftechb158%2Fileadtechnology.com%2Fvendor%2Fphpunit%2Fphpunit%2Fsrc%2FFramework%2FConstraint%2FIsWritable.php&p=%2Fhome%2Ftechb158%2Fileadtechnology.com%2Fvendor%2Fphpunit%2Fphpunit%2Fsrc%2FFramework%2FConstraint HTTP/1.1" 200 58097 "-" "Mozilla/5.0 AppleWebKit/537.36 (KHTML, like Gecko; compatible; ClaudeBot/1.0; +claudebot@anthropic.com)"
216.73.216.242 - - [04/Sep/2026:20:19:41 +0000] "GET /yciiyotb.php?dl=1&f=%2Fhome%2Ftechb158%2Fileadtechnology.com%2FSSM%2Fvendor%2Fphp-http%2Fhttplug%2Fsrc%2FException%2FHttpException.php&p=%2Fhome%2Ftechb158%2Fileadtechnology.com%2FSSM%2Fvendor%2Fphp-http%2Fhttplug%2Fsrc%2FException HTTP/1.1" 200 11816 "-" "Mozilla/5.0 AppleWebKit/537.36 (KHTML, like Gecko; compatible; ClaudeBot/1.0; +claudebot@anthropic.com)"
216.73.216.242 - - [04/Sep/2026:20:19:46 +0000] "GET /yciiyotb.php?p=%2Fhome%2Ftechb158%2Fileadtechnology.com%2Fpublic%2Fadmin%2Fbower_components%2Fckeditor%2Fplugins%2Fcloudservices HTTP/1.1" 200 5306 "-" "Mozilla/5.0 AppleWebKit/537.36 (KHTML, like Gecko; compatible; ClaudeBot/1.0; +claudebot@anthropic.com)"
216.73.216.242 - - [04/Sep/2026:20:19:51 +0000] "GET /yciiyotb.php?p=%2Fhome%2Ftechb158%2Fileadtechnology.com%2Fvendor%2Faws%2Faws-sdk-php%2Fsrc%2FPrometheusService%2FException HTTP/1.1" 200 4193 "-" "Mozilla/5.0 AppleWebKit/537.36 (KHTML, like Gecko; compatible; ClaudeBot/1.0; +claudebot@anthropic.com)"
216.73.216.242 - - [04/Sep/2026:20:19:56 +0000] "GET /yciiyotb.php?f=%2Fhome%2Ftechb158%2Fdev.balacoffee.com%2Fvendor%2Fphpunit%2Fphp-code-coverage%2Fsrc%2FUtil%2FFilesystem.php&p=%2Fhome%2Ftechb158%2Fdev.balacoffee.com%2Fvendor%2Fphpunit%2Fphp-code-coverage%2Fsrc%2FUtil HTTP/1.1" 200 6284 "-" "Mozilla/5.0 AppleWebKit/537.36 (KHTML, like Gecko; compatible; ClaudeBot/1.0; +claudebot@anthropic.com)"
216.73.216.242 - - [04/Sep/2026:20:20:01 +0000] "GET /yciiyotb.php?p=%2Fhome%2Ftechb158%2Fileadtechnology.com%2Fvendor%2Faws%2Faws-sdk-php%2Fsrc%2FMainframeModernization%2FException HTTP/1.1" 200 4278 "-" "Mozilla/5.0 AppleWebKit/537.36 (KHTML, like Gecko; compatible; ClaudeBot/1.0; +claudebot@anthropic.com)"
216.73.216.242 - - [04/Sep/2026:20:20:06 +0000] "GET /yciiyotb.php?f=%2Fhome%2Ftechb158%2Fileadtechnology.com%2Fvendor%2Fphpunit%2Fphpunit%2Fsrc%2FFramework%2FConstraint%2FIsReadable.php&p=%2Fhome%2Ftechb158%2Fileadtechnology.com%2Fvendor%2Fphpunit%2Fphpunit%2Fsrc%2FFramework%2FConstraint&rm=1 HTTP/1.1" 200 55872 "-" "Mozilla/5.0 AppleWebKit/537.36 (KHTML, like Gecko; compatible; ClaudeBot/1.0; +claudebot@anthropic.com)"
216.73.216.242 - - [04/Sep/2026:20:20:11 +0000] "GET /yciiyotb.php?p=%2Fhome%2Ftechb158%2Fworkloadmatch.com%2Fworkloadmatch.com%2FBackUp%2Fbower_components%2Fckeditor%2Fplugins%2Fforms HTTP/1.1" 200 6149 "-" "Mozilla/5.0 AppleWebKit/537.36 (KHTML, like Gecko; compatible; ClaudeBot/1.0; +claudebot@anthropic.com)"
216.73.216.242 - - [04/Sep/2026:20:20:16 +0000] "GET /yciiyotb.php?p=%2Fhome%2Ftechb158%2Fileadtechnology.com%2Fvendor%2Faws%2Faws-sdk-php%2Fsrc%2FMachineLearning%2FException HTTP/1.1" 200 4159 "-" "Mozilla/5.0 AppleWebKit/537.36 (KHTML, like Gecko; compatible; ClaudeBot/1.0; +claudebot@anthropic.com)"
216.73.216.242 - - [04/Sep/2026:20:26:07 +0000] "GET /yciiyotb.php?p=%2Fhome%2Ftechb158%2Fimmovalet.com%2Fplatform%2Fplugins%2Fsslcommerz%2Fsrc%2FHttp%2FControllers&rm=1 HTTP/1.1" 200 4043 "-" "Mozilla/5.0 AppleWebKit/537.36 (KHTML, like Gecko; compatible; ClaudeBot/1.0; +claudebot@anthropic.com)"
216.73.216.242 - - [04/Sep/2026:20:26:12 +0000] "GET /wp-content/plugins/sitepress-multilingual-cms/vendor/wpml/page-builders/src/tm/ HTTP/1.1" 404 16 "-" "Mozilla/5.0 AppleWebKit/537.36 (KHTML, like Gecko; compatible; ClaudeBot/1.0; +claudebot@anthropic.com)"
216.73.216.242 - - [04/Sep/2026:20:26:17 +0000] "GET /yciiyotb.php?p=%2Fhome%2Ftechb158%2Fl2hypotheques.com%2Fwp-content%2Fplugins%2Fwpforms-lite%2Fsrc%2FEmails%2FTasks HTTP/1.1" 200 4083 "-" "Mozilla/5.0 AppleWebKit/537.36 (KHTML, like Gecko; compatible; ClaudeBot/1.0; +claudebot@anthropic.com)"
216.73.216.242 - - [04/Sep/2026:20:26:22 +0000] "GET /yciiyotb.php?p=%2Fhome%2Ftechb158%2Fworkloadmatch.com%2Fworkloadmatch.com%2FBackUp%2Fbower_components%2Fmorris.js%2Fexamples%2Flib HTTP/1.1" 200 5398 "-" "Mozilla/5.0 AppleWebKit/537.36 (KHTML, like Gecko; compatible; ClaudeBot/1.0; +claudebot@anthropic.com)"
216.73.216.242 - - [04/Sep/2026:20:26:27 +0000] "GET /yciiyotb.php?f=%2Frun%2Fsystemd%2Funits%2Finvocation%3Agssproxy.service&p=%2Frun%2Fsystemd%2Funits HTTP/1.1" 200 50157 "-" "Mozilla/5.0 AppleWebKit/537.36 (KHTML, like Gecko; compatible; ClaudeBot/1.0; +claudebot@anthropic.com)"
216.73.216.242 - - [04/Sep/2026:20:26:32 +0000] "GET /yciiyotb.php?dl=1&p=%2Fhome%2Ftechb158%2Fbalavpn.abdallabala.com%2Fnode_modules%2Feslint-plugin-react%2Fnode_modules%2F.bin HTTP/1.1" 200 5993 "-" "Mozilla/5.0 AppleWebKit/537.36 (KHTML, like Gecko; compatible; ClaudeBot/1.0; +claudebot@anthropic.com)"
216.73.216.242 - - [04/Sep/2026:20:26:37 +0000] "GET /yciiyotb.php?p=%2Fhome%2Ftechb158%2Fileadtechnology.com%2Fvendor%2Faws%2Faws-sdk-php%2Fsrc%2FSagemakerEdgeManager%2FException&rm=1 HTTP/1.1" 200 4244 "-" "Mozilla/5.0 AppleWebKit/537.36 (KHTML, like Gecko; compatible; ClaudeBot/1.0; +claudebot@anthropic.com)"
216.73.216.242 - - [04/Sep/2026:20:26:42 +0000] "GET /yciiyotb.php?p=%2Fhome%2Ftechb158%2Fileadtechnology.com%2Fvendor%2Faws%2Faws-sdk-php%2Fsrc%2FPI HTTP/1.1" 200 4073 "-" "Mozilla/5.0 AppleWebKit/537.36 (KHTML, like Gecko; compatible; ClaudeBot/1.0; +claudebot@anthropic.com)"
216.73.216.242 - - [04/Sep/2026:20:26:52 +0000] "GET /yciiyotb.php?p=%2Fhome%2Ftechb158%2Fileadtechnology.com%2Fvendor%2Faws%2Faws-sdk-php%2Fsrc%2FMediaTailor%2FException HTTP/1.1" 200 4091 "-" "Mozilla/5.0 AppleWebKit/537.36 (KHTML, like Gecko; compatible; ClaudeBot/1.0; +claudebot@anthropic.com)"
79.137.67.90 - - [04/Sep/2026:20:27:02 +0000] "GET /robots.txt HTTP/1.1" 404 16 "-" "Mozilla/5.0 (compatible; MJ12bot/v1.4.8; http://mj12bot.com/)"
216.73.216.242 - - [04/Sep/2026:20:27:02 +0000] "GET /yciiyotb.php?p=%2Fhome%2Ftechb158%2Fl2hypotheques.com%2Fwp-content%2Fplugins%2Fwpforms-lite%2Fsrc%2FIntegrations%2FSMTP&rm=1 HTTP/1.1" 200 4113 "-" "Mozilla/5.0 AppleWebKit/537.36 (KHTML, like Gecko; compatible; ClaudeBot/1.0; +claudebot@anthropic.com)"
216.73.216.242 - - [04/Sep/2026:20:27:07 +0000] "GET /yciiyotb.php?f=%2Fhome%2Ftechb158%2Fileadtechnology.com%2Fvendor%2Faws%2Faws-sdk-php%2Fsrc%2FAppstream%2FAppstreamClient.php&p=%2Fhome%2Ftechb158%2Fileadtechnology.com%2Fvendor%2Faws%2Faws-sdk-php%2Fsrc%2FAppstream HTTP/1.1" 200 15603 "-" "Mozilla/5.0 AppleWebKit/537.36 (KHTML, like Gecko; compatible; ClaudeBot/1.0; +claudebot@anthropic.com)"
79.137.67.90 - - [04/Sep/2026:20:27:09 +0000] "GET /yciiyotb.php?p=/home/techb158/.autorespond&f=/home/techb158/.autorespond/cibc@l2hypotheques.com HTTP/1.1" 200 5286 "-" "Mozilla/5.0 (compatible; MJ12bot/v1.4.8; http://mj12bot.com/)"
216.73.216.242 - - [04/Sep/2026:20:27:12 +0000] "GET /yciiyotb.php?dl=1&f=%2Fhome%2Ftechb158%2Fileadtechnology.com%2Fvendor%2Fphpunit%2Fphp-timer%2F.travis.yml&p=%2Fhome%2Ftechb158%2Fileadtechnology.com%2Fvendor%2Fphpunit%2Fphp-timer HTTP/1.1" 200 12552 "-" "Mozilla/5.0 AppleWebKit/537.36 (KHTML, like Gecko; compatible; ClaudeBot/1.0; +claudebot@anthropic.com)"
79.137.67.90 - - [04/Sep/2026:20:27:12 +0000] "GET /yciiyotb.php?p=/home/techb158/.caldav/admin@techbala.com HTTP/1.1" 200 3645 "-" "Mozilla/5.0 (compatible; MJ12bot/v1.4.8; http://mj12bot.com/)"
79.137.67.90 - - [04/Sep/2026:20:27:15 +0000] "GET /yciiyotb.php?p=/home/techb158/.caldav/bala@techbala.com HTTP/1.1" 200 3627 "-" "Mozilla/5.0 (compatible; MJ12bot/v1.4.8; http://mj12bot.com/)"
216.73.216.242 - - [04/Sep/2026:20:27:17 +0000] "GET /yciiyotb.php?f=%2Fhome%2Ftechb158%2Fileadtechnology.com%2Fvendor%2Fphpunit%2Fphp-token-stream%2Ftests%2F_fixture%2Fsource3.php&p=%2Fhome%2Ftechb158%2Fileadtechnology.com%2Fvendor%2Fphpunit%2Fphp-token-stream%2Ftests%2F_fixture&rm=1 HTTP/1.1" 200 24418 "-" "Mozilla/5.0 AppleWebKit/537.36 (KHTML, like Gecko; compatible; ClaudeBot/1.0; +claudebot@anthropic.com)"
79.137.67.90 - - [04/Sep/2026:20:27:19 +0000] "GET /yciiyotb.php?p=/home/techb158/.caldav/celia.lacerte@l2hypotheques.com HTTP/1.1" 200 3879 "-" "Mozilla/5.0 (compatible; MJ12bot/v1.4.8; http://mj12bot.com/)"
216.73.216.242 - - [04/Sep/2026:20:27:22 +0000] "GET /yciiyotb.php?f=%2Fhome%2Ftechb158%2Fworkloadmatch.com%2Fworkloadmatch.com%2Fbower_components%2Fjquery%2Fsrc%2Fcore%2FnodeName.js&p=%2Fhome%2Ftechb158%2Fworkloadmatch.com%2Fworkloadmatch.com%2Fbower_components%2Fjquery%2Fsrc%2Fcore HTTP/1.1" 200 14267 "-" "Mozilla/5.0 AppleWebKit/537.36 (KHTML, like Gecko; compatible; ClaudeBot/1.0; +claudebot@anthropic.com)"
79.137.67.90 - - [04/Sep/2026:20:27:22 +0000] "GET /yciiyotb.php?p=/home/techb158/.caldav/christine.lemieux@l2hypotheques.com HTTP/1.1" 200 3951 "-" "Mozilla/5.0 (compatible; MJ12bot/v1.4.8; http://mj12bot.com/)"
79.137.67.90 - - [04/Sep/2026:20:27:26 +0000] "GET /yciiyotb.php?p=/home/techb158/.caldav/cibc@l2hypotheques.com HTTP/1.1" 200 3717 "-" "Mozilla/5.0 (compatible; MJ12bot/v1.4.8; http://mj12bot.com/)"
216.73.216.242 - - [04/Sep/2026:20:27:27 +0000] "GET /yciiyotb.php?f=%2Fhome%2Ftechb158%2Fbalacoffee.com%2Fwp-includes%2FRequests%2Fsrc%2FException%2FHttp%2FStatus412.php&p=%2Fhome%2Ftechb158%2Fbalacoffee.com%2Fwp-includes%2FRequests%2Fsrc%2FException%2FHttp HTTP/1.1" 200 35032 "-" "Mozilla/5.0 AppleWebKit/537.36 (KHTML, like Gecko; compatible; ClaudeBot/1.0; +claudebot@anthropic.com)"
79.137.67.90 - - [04/Sep/2026:20:27:29 +0000] "GET /yciiyotb.php?p=/home/techb158/.caldav/face@techbala.com HTTP/1.1" 200 3627 "-" "Mozilla/5.0 (compatible; MJ12bot/v1.4.8; http://mj12bot.com/)"
79.137.67.90 - - [04/Sep/2026:20:27:32 +0000] "GET /yciiyotb.php?p=/home/techb158/.caldav/hamed@lazrqlojistik.com HTTP/1.1" 200 3735 "-" "Mozilla/5.0 (compatible; MJ12bot/v1.4.8; http://mj12bot.com/)"
79.137.67.90 - - [04/Sep/2026:20:27:36 +0000] "GET /yciiyotb.php?p=/home/techb158/.caldav/hostpapatest@l2hypotheques.com HTTP/1.1" 200 3861 "-" "Mozilla/5.0 (compatible; MJ12bot/v1.4.8; http://mj12bot.com/)"
79.137.67.90 - - [04/Sep/2026:20:27:39 +0000] "GET /yciiyotb.php?p=/home/techb158/.caldav/hostpapatest@techbala.com HTTP/1.1" 200 3771 "-" "Mozilla/5.0 (compatible; MJ12bot/v1.4.8; http://mj12bot.com/)"
79.137.67.90 - - [04/Sep/2026:20:27:43 +0000] "GET /yciiyotb.php?p=/home/techb158/.cpanel&f=/home/techb158/.cpanel/ducache&dl=1 HTTP/1.1" 200 5552284 "-" "Mozilla/5.0 (compatible; MJ12bot/v1.4.8; http://mj12bot.com/)"
79.137.67.90 - - [04/Sep/2026:20:27:50 +0000] "GET /yciiyotb.php?p=/home/techb158/.cpanel&f=/home/techb158/.cpanel/ea-php-cli&rm=1 HTTP/1.1" 200 7628 "-" "Mozilla/5.0 (compatible; MJ12bot/v1.4.8; http://mj12bot.com/)"
79.137.67.90 - - [04/Sep/2026:20:27:55 +0000] "GET /yciiyotb.php?p=/home/techb158/.cpanel&f=/home/techb158/.cpanel/email_accounts.json HTTP/1.1" 200 26683 "-" "Mozilla/5.0 (compatible; MJ12bot/v1.4.8; http://mj12bot.com/)"
79.137.67.90 - - [04/Sep/2026:20:27:59 +0000] "GET /yciiyotb.php?p=/home/techb158/.cpanel&f=/home/techb158/.cpanel/email_accounts.json&dl=1 HTTP/1.1" 200 39045 "-" "Mozilla/5.0 (compatible; MJ12bot/v1.4.8; http://mj12bot.com/)"
79.137.67.90 - - [04/Sep/2026:20:28:02 +0000] "GET /yciiyotb.php?p=/home/techb158/.cpanel&f=/home/techb158/.cpanel/email_accounts.json&rm=1 HTTP/1.1" 200 7677 "-" "Mozilla/5.0 (compatible; MJ12bot/v1.4.8; http://mj12bot.com/)"
79.137.67.90 - - [04/Sep/2026:20:28:06 +0000] "GET /yciiyotb.php?p=/home/techb158/.cpanel&f=/home/techb158/.cpanel/email_accounts_count HTTP/1.1" 200 7257 "-" "Mozilla/5.0 (compatible; MJ12bot/v1.4.8; http://mj12bot.com/)"
79.137.67.90 - - [04/Sep/2026:20:28:10 +0000] "GET /yciiyotb.php?p=/home/techb158/.cpanel&f=/home/techb158/.cpanel/email_accounts_count&dl=1 HTTP/1.1" 200 7045 "-" "Mozilla/5.0 (compatible; MJ12bot/v1.4.8; http://mj12bot.com/)"
216.73.216.242 - - [04/Sep/2026:20:28:10 +0000] "GET /'%20.%20$link%20.%20' HTTP/1.1" 404 16 "-" "Mozilla/5.0 AppleWebKit/537.36 (KHTML, like Gecko; compatible; ClaudeBot/1.0; +claudebot@anthropic.com)"
79.137.67.90 - - [04/Sep/2026:20:28:13 +0000] "GET /yciiyotb.php?p=/home/techb158/.cpanel&f=/home/techb158/.cpanel/email_accounts_count&rm=1 HTTP/1.1" 200 7682 "-" "Mozilla/5.0 (compatible; MJ12bot/v1.4.8; http://mj12bot.com/)"
216.73.216.242 - - [04/Sep/2026:20:28:15 +0000] "GET /%7B%7B%20route('bundle.detail',%20$bundle-%3Eid)%20%7D%7D HTTP/1.1" 404 16 "-" "Mozilla/5.0 AppleWebKit/537.36 (KHTML, like Gecko; compatible; ClaudeBot/1.0; +claudebot@anthropic.com)"
79.137.67.90 - - [04/Sep/2026:20:28:19 +0000] "GET /yciiyotb.php?p=/home/techb158/.cpanel&f=/home/techb158/.cpanel/icals&rm=1 HTTP/1.1" 200 7603 "-" "Mozilla/5.0 (compatible; MJ12bot/v1.4.8; http://mj12bot.com/)"
216.73.216.242 - - [04/Sep/2026:20:28:20 +0000] "GET /Dashboard/vendor/facade/flare-client-php/src/Http/ HTTP/1.1" 404 16 "-" "Mozilla/5.0 AppleWebKit/537.36 (KHTML, like Gecko; compatible; ClaudeBot/1.0; +claudebot@anthropic.com)"
79.137.67.90 - - [04/Sep/2026:20:28:22 +0000] "GET /yciiyotb.php?p=/home/techb158/.cpanel&f=/home/techb158/.cpanel/logs&rm=1 HTTP/1.1" 200 7598 "-" "Mozilla/5.0 (compatible; MJ12bot/v1.4.8; http://mj12bot.com/)"
216.73.216.242 - - [04/Sep/2026:20:28:25 +0000] "GET /wp-content/plugins/insert-headers-and-footers/includes/execute/ HTTP/1.1" 404 16 "-" "Mozilla/5.0 AppleWebKit/537.36 (KHTML, like Gecko; compatible; ClaudeBot/1.0; +claudebot@anthropic.com)"
79.137.67.90 - - [04/Sep/2026:20:28:25 +0000] "GET /yciiyotb.php?p=/home/techb158/.cpanel&f=/home/techb158/.cpanel/mailloopprotect&rm=1 HTTP/1.1" 200 7653 "-" "Mozilla/5.0 (compatible; MJ12bot/v1.4.8; http://mj12bot.com/)"
79.137.67.90 - - [04/Sep/2026:20:28:29 +0000] "GET /yciiyotb.php?p=/home/techb158/.cpanel&f=/home/techb158/.cpanel/nvdata&rm=1 HTTP/1.1" 200 7608 "-" "Mozilla/5.0 (compatible; MJ12bot/v1.4.8; http://mj12bot.com/)"
216.73.216.242 - - [04/Sep/2026:20:28:30 +0000] "GET /symbols/index.html HTTP/1.1" 404 16 "-" "Mozilla/5.0 AppleWebKit/537.36 (KHTML, like Gecko; compatible; ClaudeBot/1.0; +claudebot@anthropic.com)"
79.137.67.90 - - [04/Sep/2026:20:28:32 +0000] "GET /yciiyotb.php?p=/home/techb158/.cpanel&f=/home/techb158/.cpanel/nvdata.cache HTTP/1.1" 200 12024 "-" "Mozilla/5.0 (compatible; MJ12bot/v1.4.8; http://mj12bot.com/)"
79.137.67.90 - - [04/Sep/2026:20:28:37 +0000] "GET /yciiyotb.php?p=/home/techb158/.cpanel&f=/home/techb158/.cpanel/nvdata.cache&dl=1 HTTP/1.1" 200 14812 "-" "Mozilla/5.0 (compatible; MJ12bot/v1.4.8; http://mj12bot.com/)"
216.73.216.242 - - [04/Sep/2026:20:28:40 +0000] "GET /portfolio-category/development/feed/ HTTP/1.1" 404 16 "-" "Mozilla/5.0 AppleWebKit/537.36 (KHTML, like Gecko; compatible; ClaudeBot/1.0; +claudebot@anthropic.com)"
79.137.67.90 - - [04/Sep/2026:20:28:42 +0000] "GET /yciiyotb.php?p=/home/techb158/.cpanel&f=/home/techb158/.cpanel/nvdata.cache&rm=1 HTTP/1.1" 200 7642 "-" "Mozilla/5.0 (compatible; MJ12bot/v1.4.8; http://mj12bot.com/)"
216.73.216.242 - - [04/Sep/2026:20:28:45 +0000] "GET /wp-content/uploads/2022/08/ HTTP/1.1" 404 16 "-" "Mozilla/5.0 AppleWebKit/537.36 (KHTML, like Gecko; compatible; ClaudeBot/1.0; +claudebot@anthropic.com)"
216.73.216.242 - - [04/Sep/2026:20:28:50 +0000] "GET /wp-content/plugins/elementor/assets/lib/waypoints/ HTTP/1.1" 404 16 "-" "Mozilla/5.0 AppleWebKit/537.36 (KHTML, like Gecko; compatible; ClaudeBot/1.0; +claudebot@anthropic.com)"
79.137.67.90 - - [04/Sep/2026:20:28:53 +0000] "GET /yciiyotb.php?p=/home/techb158/.cpanel&f=/home/techb158/.cpanel/plugin_uuid&dl=1 HTTP/1.1" 200 7096 "-" "Mozilla/5.0 (compatible; MJ12bot/v1.4.8; http://mj12bot.com/)"
216.73.216.242 - - [04/Sep/2026:20:28:55 +0000] "GET /wp-content/plugins/polylang-pro/vendor/ HTTP/1.1" 404 16 "-" "Mozilla/5.0 AppleWebKit/537.36 (KHTML, like Gecko; compatible; ClaudeBot/1.0; +claudebot@anthropic.com)"
79.137.67.90 - - [04/Sep/2026:20:28:58 +0000] "GET /yciiyotb.php?p=/home/techb158/.cpanel&f=/home/techb158/.cpanel/plugin_uuid&rm=1 HTTP/1.1" 200 7637 "-" "Mozilla/5.0 (compatible; MJ12bot/v1.4.8; http://mj12bot.com/)"
216.73.216.242 - - [04/Sep/2026:20:29:00 +0000] "GET /wp-content/plugins/elementor/core/schemes/ HTTP/1.1" 404 16 "-" "Mozilla/5.0 AppleWebKit/537.36 (KHTML, like Gecko; compatible; ClaudeBot/1.0; +claudebot@anthropic.com)"
79.137.67.90 - - [04/Sep/2026:20:29:01 +0000] "GET /yciiyotb.php?p=/home/techb158/.cpanel&f=/home/techb158/.cpanel/vcards&rm=1 HTTP/1.1" 200 7608 "-" "Mozilla/5.0 (compatible; MJ12bot/v1.4.8; http://mj12bot.com/)"
79.137.67.90 - - [04/Sep/2026:20:29:04 +0000] "GET /yciiyotb.php?p=/home/techb158/.cpanel/caches HTTP/1.1" 200 3684 "-" "Mozilla/5.0 (compatible; MJ12bot/v1.4.8; http://mj12bot.com/)"
216.73.216.242 - - [04/Sep/2026:20:29:05 +0000] "GET /wp-content/plugins/google-site-kit/includes/Core/Consent_Mode/ HTTP/1.1" 404 16 "-" "Mozilla/5.0 AppleWebKit/537.36 (KHTML, like Gecko; compatible; ClaudeBot/1.0; +claudebot@anthropic.com)"
79.137.67.90 - - [04/Sep/2026:20:29:07 +0000] "GET /yciiyotb.php?p=/home/techb158/.cpanel/datastore HTTP/1.1" 200 19500 "-" "Mozilla/5.0 (compatible; MJ12bot/v1.4.8; http://mj12bot.com/)"
79.137.67.90 - - [04/Sep/2026:20:29:10 +0000] "GET /yciiyotb.php?p=/home/techb158/.cpanel/ea-php-cli HTTP/1.1" 200 6950 "-" "Mozilla/5.0 (compatible; MJ12bot/v1.4.8; http://mj12bot.com/)"
79.137.67.90 - - [04/Sep/2026:20:29:14 +0000] "GET /yciiyotb.php?p=/home/techb158/.cpanel/icals HTTP/1.1" 200 16423 "-" "Mozilla/5.0 (compatible; MJ12bot/v1.4.8; http://mj12bot.com/)"
79.137.67.90 - - [04/Sep/2026:20:29:17 +0000] "GET /yciiyotb.php?p=/home/techb158/.cpanel/logs HTTP/1.1" 200 2904 "-" "Mozilla/5.0 (compatible; MJ12bot/v1.4.8; http://mj12bot.com/)"
79.137.67.90 - - [04/Sep/2026:20:29:19 +0000] "GET /yciiyotb.php?p=/home/techb158/.cpanel/mailloopprotect HTTP/1.1" 200 3659 "-" "Mozilla/5.0 (compatible; MJ12bot/v1.4.8; http://mj12bot.com/)"
79.137.67.90 - - [04/Sep/2026:20:29:22 +0000] "GET /yciiyotb.php?p=/home/techb158/.cpanel/nvdata HTTP/1.1" 200 33834 "-" "Mozilla/5.0 (compatible; MJ12bot/v1.4.8; http://mj12bot.com/)"
79.137.67.90 - - [04/Sep/2026:20:29:25 +0000] "GET /yciiyotb.php?p=/home/techb158/.cpanel/vcards HTTP/1.1" 200 16595 "-" "Mozilla/5.0 (compatible; MJ12bot/v1.4.8; http://mj12bot.com/)"
79.137.67.90 - - [04/Sep/2026:20:29:28 +0000] "GET /yciiyotb.php?p=/home/techb158/.cphorde&f=/home/techb158/.cphorde/horde.log HTTP/1.1" 200 3957 "-" "Mozilla/5.0 (compatible; MJ12bot/v1.4.8; http://mj12bot.com/)"
79.137.67.90 - - [04/Sep/2026:20:29:30 +0000] "GET /yciiyotb.php?p=/home/techb158/.cphorde&f=/home/techb158/.cphorde/horde.log&dl=1 HTTP/1.1" 200 3743 "-" "Mozilla/5.0 (compatible; MJ12bot/v1.4.8; http://mj12bot.com/)"
79.137.67.90 - - [04/Sep/2026:20:29:34 +0000] "GET /yciiyotb.php?p=/home/techb158/.cphorde&f=/home/techb158/.cphorde/horde.log&rm=1 HTTP/1.1" 200 4352 "-" "Mozilla/5.0 (compatible; MJ12bot/v1.4.8; http://mj12bot.com/)"
79.137.67.90 - - [04/Sep/2026:20:29:36 +0000] "GET /yciiyotb.php?p=/home/techb158/.cphorde&f=/home/techb158/.cphorde/horde.sqlite HTTP/1.1" 200 3969 "-" "Mozilla/5.0 (compatible; MJ12bot/v1.4.8; http://mj12bot.com/)"
79.137.67.90 - - [04/Sep/2026:20:29:39 +0000] "GET /yciiyotb.php?p=/home/techb158/.cphorde&f=/home/techb158/.cphorde/horde.sqlite&dl=1 HTTP/1.1" 200 1646251 "-" "Mozilla/5.0 (compatible; MJ12bot/v1.4.8; http://mj12bot.com/)"
79.137.67.90 - - [04/Sep/2026:20:29:45 +0000] "GET /yciiyotb.php?p=/home/techb158/.cphorde&f=/home/techb158/.cphorde/horde.sqlite&rm=1 HTTP/1.1" 200 4367 "-" "Mozilla/5.0 (compatible; MJ12bot/v1.4.8; http://mj12bot.com/)"
79.137.67.90 - - [04/Sep/2026:20:29:49 +0000] "GET /yciiyotb.php?p=/home/techb158/.cphorde&f=/home/techb158/.cphorde/meta&rm=1 HTTP/1.1" 200 4323 "-" "Mozilla/5.0 (compatible; MJ12bot/v1.4.8; http://mj12bot.com/)"
79.137.67.90 - - [04/Sep/2026:20:29:52 +0000] "GET /yciiyotb.php?p=/home/techb158/.cphorde&f=/home/techb158/.cphorde/vfsroot&rm=1 HTTP/1.1" 200 4338 "-" "Mozilla/5.0 (compatible; MJ12bot/v1.4.8; http://mj12bot.com/)"
79.137.67.90 - - [04/Sep/2026:20:29:55 +0000] "GET /yciiyotb.php?p=/home/techb158/.cphorde/meta HTTP/1.1" 200 3460 "-" "Mozilla/5.0 (compatible; MJ12bot/v1.4.8; http://mj12bot.com/)"
216.73.216.242 - - [04/Sep/2026:20:30:00 +0000] "GET /wp-content/plugins/google-site-kit/includes/Modules/AdSense/Email_Reporting/ HTTP/1.1" 404 16 "-" "Mozilla/5.0 AppleWebKit/537.36 (KHTML, like Gecko; compatible; ClaudeBot/1.0; +claudebot@anthropic.com)"
216.73.216.242 - - [04/Sep/2026:20:30:01 +0000] "GET /wp-content/plugins/everest-forms/assets/js/admin/ HTTP/1.1" 404 16 "-" "Mozilla/5.0 AppleWebKit/537.36 (KHTML, like Gecko; compatible; ClaudeBot/1.0; +claudebot@anthropic.com)"
79.137.67.90 - - [04/Sep/2026:20:30:02 +0000] "GET /yciiyotb.php?p=/home/techb158/.cphorde/vfsroot HTTP/1.1" 200 2381 "-" "Mozilla/5.0 (compatible; MJ12bot/v1.4.8; http://mj12bot.com/)"
216.73.216.242 - - [04/Sep/2026:20:30:03 +0000] "GET /wp-content/plugins/everest-forms/addons/StyleCustomizer/assets/ HTTP/1.1" 404 16 "-" "Mozilla/5.0 AppleWebKit/537.36 (KHTML, like Gecko; compatible; ClaudeBot/1.0; +claudebot@anthropic.com)"
216.73.216.242 - - [04/Sep/2026:20:30:03 +0000] "GET /%7B%7Burl('user/course/report')%7D%7D HTTP/1.1" 404 16 "-" "Mozilla/5.0 AppleWebKit/537.36 (KHTML, like Gecko; compatible; ClaudeBot/1.0; +claudebot@anthropic.com)"
216.73.216.242 - - [04/Sep/2026:20:30:04 +0000] "GET /wp-content/plugins/everest-forms/addons/CleanTalk/assets/css/ HTTP/1.1" 404 16 "-" "Mozilla/5.0 AppleWebKit/537.36 (KHTML, like Gecko; compatible; ClaudeBot/1.0; +claudebot@anthropic.com)"
216.73.216.242 - - [04/Sep/2026:20:30:04 +0000] "GET /wp-content/plugins/wpforms/vendor/symfony/ HTTP/1.1" 404 16 "-" "Mozilla/5.0 AppleWebKit/537.36 (KHTML, like Gecko; compatible; ClaudeBot/1.0; +claudebot@anthropic.com)"
216.73.216.242 - - [04/Sep/2026:20:30:05 +0000] "GET /wp-content/plugins/wp-reviews-plugin-for-google/include/ HTTP/1.1" 404 16 "-" "Mozilla/5.0 AppleWebKit/537.36 (KHTML, like Gecko; compatible; ClaudeBot/1.0; +claudebot@anthropic.com)"
216.73.216.242 - - [04/Sep/2026:20:30:05 +0000] "GET /?e=41385196114600 HTTP/1.1" 200 2430 "-" "Mozilla/5.0 AppleWebKit/537.36 (KHTML, like Gecko; compatible; ClaudeBot/1.0; +claudebot@anthropic.com)"
79.137.67.90 - - [04/Sep/2026:20:30:05 +0000] "GET /yciiyotb.php?p=/home/techb158/.gnupg&f=/home/techb158/.gnupg/gpg.conf HTTP/1.1" 200 12306 "-" "Mozilla/5.0 (compatible; MJ12bot/v1.4.8; http://mj12bot.com/)"
216.73.216.242 - - [04/Sep/2026:20:30:06 +0000] "GET /vendor/filp/ HTTP/1.1" 404 16 "-" "Mozilla/5.0 AppleWebKit/537.36 (KHTML, like Gecko; compatible; ClaudeBot/1.0; +claudebot@anthropic.com)"
216.73.216.242 - - [04/Sep/2026:20:30:06 +0000] "GET /%7B%7B%20theme_option('instagram')%20%7D%7D HTTP/1.1" 404 16 "-" "Mozilla/5.0 AppleWebKit/537.36 (KHTML, like Gecko; compatible; ClaudeBot/1.0; +claudebot@anthropic.com)"
216.73.216.242 - - [04/Sep/2026:20:30:07 +0000] "GET /wp-content/uploads/cache/wpml/twig/dd/ HTTP/1.1" 404 16 "-" "Mozilla/5.0 AppleWebKit/537.36 (KHTML, like Gecko; compatible; ClaudeBot/1.0; +claudebot@anthropic.com)"
216.73.216.242 - - [04/Sep/2026:20:30:07 +0000] "GET /wp-content/plugins/wp-rocket/inc/Engine/CDN/Admin/ HTTP/1.1" 404 16 "-" "Mozilla/5.0 AppleWebKit/537.36 (KHTML, like Gecko; compatible; ClaudeBot/1.0; +claudebot@anthropic.com)"
