51.75.119.165 - - [04/Sep/2026:17:09:44 +0000] "GET /yciiyotb.php?p=/home/techb158/balavpn.abdallabala.com/.git/objects/29&f=/home/techb158/balavpn.abdallabala.com/.git/objects/29/13a1d1cfd299296f397e5f57ecf2324b8e1b4a&rm=1 HTTP/1.1" 200 6215 "-" "Mozilla/5.0 (compatible; MJ12bot/v1.4.8; http://mj12bot.com/)"
51.75.119.165 - - [04/Sep/2026:17:09:45 +0000] "GET /yciiyotb.php?p=/home/techb158/balavpn.abdallabala.com/.git/objects/29&f=/home/techb158/balavpn.abdallabala.com/.git/objects/29/867088f40922545bf2104a9ea47c396da858f3 HTTP/1.1" 200 5704 "-" "Mozilla/5.0 (compatible; MJ12bot/v1.4.8; http://mj12bot.com/)"
51.75.119.165 - - [04/Sep/2026:17:09:47 +0000] "GET /yciiyotb.php?p=/home/techb158/balavpn.abdallabala.com/.git/objects/37&f=/home/techb158/balavpn.abdallabala.com/.git/objects/37/fab901c4fa0ac6ee73f3cdaf5a0ec8643867ff&dl=1 HTTP/1.1" 200 39324 "-" "Mozilla/5.0 (compatible; MJ12bot/v1.4.8; http://mj12bot.com/)"
51.75.119.165 - - [04/Sep/2026:17:09:48 +0000] "GET /yciiyotb.php?p=/home/techb158/balavpn.abdallabala.com/.git/objects/37&f=/home/techb158/balavpn.abdallabala.com/.git/objects/37/fab901c4fa0ac6ee73f3cdaf5a0ec8643867ff&rm=1 HTTP/1.1" 200 9793 "-" "Mozilla/5.0 (compatible; MJ12bot/v1.4.8; http://mj12bot.com/)"
51.75.119.165 - - [04/Sep/2026:17:09:50 +0000] "GET /yciiyotb.php?p=/home/techb158/balavpn.abdallabala.com/.git/objects/38&f=/home/techb158/balavpn.abdallabala.com/.git/objects/38/343088561119dd47bac13d4352075e11742881 HTTP/1.1" 200 5704 "-" "Mozilla/5.0 (compatible; MJ12bot/v1.4.8; http://mj12bot.com/)"
51.75.119.165 - - [04/Sep/2026:17:09:51 +0000] "GET /yciiyotb.php?p=/home/techb158/balavpn.abdallabala.com/.git/objects/38&f=/home/techb158/balavpn.abdallabala.com/.git/objects/38/343088561119dd47bac13d4352075e11742881&dl=1 HTTP/1.1" 200 5683 "-" "Mozilla/5.0 (compatible; MJ12bot/v1.4.8; http://mj12bot.com/)"
51.75.119.165 - - [04/Sep/2026:17:09:52 +0000] "GET /yciiyotb.php?p=/home/techb158/balavpn.abdallabala.com/.git/objects/38&f=/home/techb158/balavpn.abdallabala.com/.git/objects/38/343088561119dd47bac13d4352075e11742881&rm=1 HTTP/1.1" 200 6215 "-" "Mozilla/5.0 (compatible; MJ12bot/v1.4.8; http://mj12bot.com/)"
51.75.119.165 - - [04/Sep/2026:17:09:54 +0000] "GET /yciiyotb.php?p=/home/techb158/balavpn.abdallabala.com/.git/objects/38&f=/home/techb158/balavpn.abdallabala.com/.git/objects/38/8d29904fcaa051c9ecc031593174baed3f9618 HTTP/1.1" 200 5704 "-" "Mozilla/5.0 (compatible; MJ12bot/v1.4.8; http://mj12bot.com/)"
51.75.119.165 - - [04/Sep/2026:17:09:56 +0000] "GET /yciiyotb.php?p=/home/techb158/balavpn.abdallabala.com/.git/objects/38&f=/home/techb158/balavpn.abdallabala.com/.git/objects/38/8d29904fcaa051c9ecc031593174baed3f9618&dl=1 HTTP/1.1" 200 6292 "-" "Mozilla/5.0 (compatible; MJ12bot/v1.4.8; http://mj12bot.com/)"
51.75.119.165 - - [04/Sep/2026:17:09:57 +0000] "GET /yciiyotb.php?p=/home/techb158/balavpn.abdallabala.com/.git/objects/38&f=/home/techb158/balavpn.abdallabala.com/.git/objects/38/8d29904fcaa051c9ecc031593174baed3f9618&rm=1 HTTP/1.1" 200 6215 "-" "Mozilla/5.0 (compatible; MJ12bot/v1.4.8; http://mj12bot.com/)"
51.75.119.165 - - [04/Sep/2026:17:09:59 +0000] "GET /yciiyotb.php?p=/home/techb158/balavpn.abdallabala.com/.git/objects/38&f=/home/techb158/balavpn.abdallabala.com/.git/objects/38/dd7e556631d328ac1b4e5c0aec89d1cac7dbe9 HTTP/1.1" 200 5704 "-" "Mozilla/5.0 (compatible; MJ12bot/v1.4.8; http://mj12bot.com/)"
51.75.119.165 - - [04/Sep/2026:17:10:00 +0000] "GET /yciiyotb.php?p=/home/techb158/balavpn.abdallabala.com/.git/objects/38&f=/home/techb158/balavpn.abdallabala.com/.git/objects/38/dd7e556631d328ac1b4e5c0aec89d1cac7dbe9&dl=1 HTTP/1.1" 200 6263 "-" "Mozilla/5.0 (compatible; MJ12bot/v1.4.8; http://mj12bot.com/)"
51.75.119.165 - - [04/Sep/2026:17:10:01 +0000] "GET /yciiyotb.php?p=/home/techb158/balavpn.abdallabala.com/.git/objects/38&f=/home/techb158/balavpn.abdallabala.com/.git/objects/38/dd7e556631d328ac1b4e5c0aec89d1cac7dbe9&rm=1 HTTP/1.1" 200 6215 "-" "Mozilla/5.0 (compatible; MJ12bot/v1.4.8; http://mj12bot.com/)"
51.75.119.165 - - [04/Sep/2026:17:10:03 +0000] "GET /yciiyotb.php?p=/home/techb158/balavpn.abdallabala.com/.git/objects/39&f=/home/techb158/balavpn.abdallabala.com/.git/objects/39/2a551a47a6b664dfe31ea0f8a80ad09a205ba9 HTTP/1.1" 200 4807 "-" "Mozilla/5.0 (compatible; MJ12bot/v1.4.8; http://mj12bot.com/)"
51.75.119.165 - - [04/Sep/2026:17:10:04 +0000] "GET /yciiyotb.php?p=/home/techb158/balavpn.abdallabala.com/.git/objects/39&f=/home/techb158/balavpn.abdallabala.com/.git/objects/39/2a551a47a6b664dfe31ea0f8a80ad09a205ba9&dl=1 HTTP/1.1" 200 4646 "-" "Mozilla/5.0 (compatible; MJ12bot/v1.4.8; http://mj12bot.com/)"
51.75.119.165 - - [04/Sep/2026:17:10:06 +0000] "GET /yciiyotb.php?p=/home/techb158/balavpn.abdallabala.com/.git/objects/39&f=/home/techb158/balavpn.abdallabala.com/.git/objects/39/2a551a47a6b664dfe31ea0f8a80ad09a205ba9&rm=1 HTTP/1.1" 200 5319 "-" "Mozilla/5.0 (compatible; MJ12bot/v1.4.8; http://mj12bot.com/)"
51.75.119.165 - - [04/Sep/2026:17:10:07 +0000] "GET /yciiyotb.php?p=/home/techb158/balavpn.abdallabala.com/.git/objects/39&f=/home/techb158/balavpn.abdallabala.com/.git/objects/39/2db007920ff3193fcac6a1ff3ca848cf5b638b HTTP/1.1" 200 4807 "-" "Mozilla/5.0 (compatible; MJ12bot/v1.4.8; http://mj12bot.com/)"
51.75.119.165 - - [04/Sep/2026:17:10:08 +0000] "GET /yciiyotb.php?p=/home/techb158/balavpn.abdallabala.com/.git/objects/39&f=/home/techb158/balavpn.abdallabala.com/.git/objects/39/2db007920ff3193fcac6a1ff3ca848cf5b638b&dl=1 HTTP/1.1" 200 4676 "-" "Mozilla/5.0 (compatible; MJ12bot/v1.4.8; http://mj12bot.com/)"
51.75.119.165 - - [04/Sep/2026:17:10:10 +0000] "GET /yciiyotb.php?p=/home/techb158/balavpn.abdallabala.com/.git/objects/39&f=/home/techb158/balavpn.abdallabala.com/.git/objects/39/2db007920ff3193fcac6a1ff3ca848cf5b638b&rm=1 HTTP/1.1" 200 5319 "-" "Mozilla/5.0 (compatible; MJ12bot/v1.4.8; http://mj12bot.com/)"
51.75.119.165 - - [04/Sep/2026:17:10:11 +0000] "GET /yciiyotb.php?p=/home/techb158/balavpn.abdallabala.com/.git/objects/3a&f=/home/techb158/balavpn.abdallabala.com/.git/objects/3a/9888c8bdd6d296f104f8399acdd7acfadd6f4f HTTP/1.1" 200 4813 "-" "Mozilla/5.0 (compatible; MJ12bot/v1.4.8; http://mj12bot.com/)"
51.75.119.165 - - [04/Sep/2026:17:10:13 +0000] "GET /yciiyotb.php?p=/home/techb158/balavpn.abdallabala.com/.git/objects/3a&f=/home/techb158/balavpn.abdallabala.com/.git/objects/3a/9888c8bdd6d296f104f8399acdd7acfadd6f4f&dl=1 HTTP/1.1" 200 6099 "-" "Mozilla/5.0 (compatible; MJ12bot/v1.4.8; http://mj12bot.com/)"
51.75.119.165 - - [04/Sep/2026:17:10:14 +0000] "GET /yciiyotb.php?p=/home/techb158/balavpn.abdallabala.com/.git/objects/3a&f=/home/techb158/balavpn.abdallabala.com/.git/objects/3a/9888c8bdd6d296f104f8399acdd7acfadd6f4f&rm=1 HTTP/1.1" 200 5323 "-" "Mozilla/5.0 (compatible; MJ12bot/v1.4.8; http://mj12bot.com/)"
51.75.119.165 - - [04/Sep/2026:17:10:16 +0000] "GET /yciiyotb.php?p=/home/techb158/balavpn.abdallabala.com/.git/objects/3a&f=/home/techb158/balavpn.abdallabala.com/.git/objects/3a/e6a37cf3e316f7993589d55689986b12ec88a7 HTTP/1.1" 200 4813 "-" "Mozilla/5.0 (compatible; MJ12bot/v1.4.8; http://mj12bot.com/)"
51.75.119.165 - - [04/Sep/2026:17:10:17 +0000] "GET /yciiyotb.php?p=/home/techb158/balavpn.abdallabala.com/.git/objects/3a&f=/home/techb158/balavpn.abdallabala.com/.git/objects/3a/e6a37cf3e316f7993589d55689986b12ec88a7&dl=1 HTTP/1.1" 200 9780 "-" "Mozilla/5.0 (compatible; MJ12bot/v1.4.8; http://mj12bot.com/)"
51.75.119.165 - - [04/Sep/2026:17:10:19 +0000] "GET /yciiyotb.php?p=/home/techb158/balavpn.abdallabala.com/.git/objects/3a&f=/home/techb158/balavpn.abdallabala.com/.git/objects/3a/e6a37cf3e316f7993589d55689986b12ec88a7&rm=1 HTTP/1.1" 200 5323 "-" "Mozilla/5.0 (compatible; MJ12bot/v1.4.8; http://mj12bot.com/)"
51.75.119.165 - - [04/Sep/2026:17:10:20 +0000] "GET /yciiyotb.php?p=/home/techb158/balavpn.abdallabala.com/.git/objects/3b&f=/home/techb158/balavpn.abdallabala.com/.git/objects/3b/93a4b90f7ae86f2a3b5124a4ffbdd1c1335963 HTTP/1.1" 200 4811 "-" "Mozilla/5.0 (compatible; MJ12bot/v1.4.8; http://mj12bot.com/)"
51.75.119.165 - - [04/Sep/2026:17:10:22 +0000] "GET /yciiyotb.php?p=/home/techb158/balavpn.abdallabala.com/.git/objects/3b&f=/home/techb158/balavpn.abdallabala.com/.git/objects/3b/93a4b90f7ae86f2a3b5124a4ffbdd1c1335963&dl=1 HTTP/1.1" 200 5535 "-" "Mozilla/5.0 (compatible; MJ12bot/v1.4.8; http://mj12bot.com/)"
51.75.119.165 - - [04/Sep/2026:17:10:23 +0000] "GET /yciiyotb.php?p=/home/techb158/balavpn.abdallabala.com/.git/objects/3b&f=/home/techb158/balavpn.abdallabala.com/.git/objects/3b/93a4b90f7ae86f2a3b5124a4ffbdd1c1335963&rm=1 HTTP/1.1" 200 5322 "-" "Mozilla/5.0 (compatible; MJ12bot/v1.4.8; http://mj12bot.com/)"
51.75.119.165 - - [04/Sep/2026:17:10:25 +0000] "GET /yciiyotb.php?p=/home/techb158/balavpn.abdallabala.com/.git/objects/3b&f=/home/techb158/balavpn.abdallabala.com/.git/objects/3b/f6fbfcc76ccc669e98d4b6494db6a3eba5de93 HTTP/1.1" 200 4812 "-" "Mozilla/5.0 (compatible; MJ12bot/v1.4.8; http://mj12bot.com/)"
216.73.216.242 - - [04/Sep/2026:17:10:26 +0000] "GET /yciiyotb.php?p=%2Fhome%2Ftechb158%2Fileadtechnology.com%2FSSM%2F__MACOSX%2Fapp%2FHttp%2FRequests HTTP/1.1" 200 3690 "-" "Mozilla/5.0 AppleWebKit/537.36 (KHTML, like Gecko; compatible; ClaudeBot/1.0; +claudebot@anthropic.com)"
51.75.119.165 - - [04/Sep/2026:17:10:26 +0000] "GET /yciiyotb.php?p=/home/techb158/balavpn.abdallabala.com/.git/objects/3b&f=/home/techb158/balavpn.abdallabala.com/.git/objects/3b/f6fbfcc76ccc669e98d4b6494db6a3eba5de93&dl=1 HTTP/1.1" 200 6112 "-" "Mozilla/5.0 (compatible; MJ12bot/v1.4.8; http://mj12bot.com/)"
216.73.216.242 - - [04/Sep/2026:17:10:27 +0000] "GET /?e=88348112038202 HTTP/1.1" 200 2430 "-" "Mozilla/5.0 AppleWebKit/537.36 (KHTML, like Gecko; compatible; ClaudeBot/1.0; +claudebot@anthropic.com)"
216.73.216.242 - - [04/Sep/2026:17:10:27 +0000] "GET /yciiyotb.php?p=%2Fhome%2Ftechb158%2Fworkloadmatch.com%2Fworkloadmatch.com%2Fbower_components%2Fckeditor%2Fplugins%2Fautoembed HTTP/1.1" 200 4541 "-" "Mozilla/5.0 AppleWebKit/537.36 (KHTML, like Gecko; compatible; ClaudeBot/1.0; +claudebot@anthropic.com)"
216.73.216.242 - - [04/Sep/2026:17:10:28 +0000] "GET /?e=15125145749001 HTTP/1.1" 200 2430 "-" "Mozilla/5.0 AppleWebKit/537.36 (KHTML, like Gecko; compatible; ClaudeBot/1.0; +claudebot@anthropic.com)"
51.75.119.165 - - [04/Sep/2026:17:10:28 +0000] "GET /yciiyotb.php?p=/home/techb158/balavpn.abdallabala.com/.git/objects/3b&f=/home/techb158/balavpn.abdallabala.com/.git/objects/3b/f6fbfcc76ccc669e98d4b6494db6a3eba5de93&rm=1 HTTP/1.1" 200 5322 "-" "Mozilla/5.0 (compatible; MJ12bot/v1.4.8; http://mj12bot.com/)"
216.73.216.242 - - [04/Sep/2026:17:10:28 +0000] "GET /yciiyotb.php?p=%2Fhome%2Ftechb158%2Fileadtechnology.com%2Fvendor%2Fnikic%2Fphp-parser HTTP/1.1" 200 5991 "-" "Mozilla/5.0 AppleWebKit/537.36 (KHTML, like Gecko; compatible; ClaudeBot/1.0; +claudebot@anthropic.com)"
216.73.216.242 - - [04/Sep/2026:17:10:29 +0000] "GET /yciiyotb.php?p=%2Fhome%2Ftechb158%2Fileadtechnology.com%2FSSM%2Fvendor%2Fnexmo%2Fclient-core%2F.github%2Fworkflows HTTP/1.1" 200 3995 "-" "Mozilla/5.0 AppleWebKit/537.36 (KHTML, like Gecko; compatible; ClaudeBot/1.0; +claudebot@anthropic.com)"
51.75.119.165 - - [04/Sep/2026:17:10:29 +0000] "GET /yciiyotb.php?p=/home/techb158/balavpn.abdallabala.com/.git/objects/3c&f=/home/techb158/balavpn.abdallabala.com/.git/objects/3c/5da58c8b029e4f3f65eba5ac59239816a73cbc HTTP/1.1" 200 3916 "-" "Mozilla/5.0 (compatible; MJ12bot/v1.4.8; http://mj12bot.com/)"
51.75.119.165 - - [04/Sep/2026:17:10:31 +0000] "GET /yciiyotb.php?p=/home/techb158/balavpn.abdallabala.com/.git/objects/3c&f=/home/techb158/balavpn.abdallabala.com/.git/objects/3c/5da58c8b029e4f3f65eba5ac59239816a73cbc&dl=1 HTTP/1.1" 200 4514 "-" "Mozilla/5.0 (compatible; MJ12bot/v1.4.8; http://mj12bot.com/)"
216.73.216.242 - - [04/Sep/2026:17:10:31 +0000] "GET /javascripts/jquery.min.js HTTP/1.1" 404 16 "-" "Mozilla/5.0 AppleWebKit/537.36 (KHTML, like Gecko; compatible; ClaudeBot/1.0; +claudebot@anthropic.com)"
216.73.216.242 - - [04/Sep/2026:17:10:32 +0000] "GET /1.php/ HTTP/1.1" 404 16 "-" "Mozilla/5.0 AppleWebKit/537.36 (KHTML, like Gecko; compatible; ClaudeBot/1.0; +claudebot@anthropic.com)"
216.73.216.242 - - [04/Sep/2026:17:10:32 +0000] "GET /node_modules/postcss-minify-params/types/ HTTP/1.1" 404 16 "-" "Mozilla/5.0 AppleWebKit/537.36 (KHTML, like Gecko; compatible; ClaudeBot/1.0; +claudebot@anthropic.com)"
51.75.119.165 - - [04/Sep/2026:17:10:32 +0000] "GET /yciiyotb.php?p=/home/techb158/balavpn.abdallabala.com/.git/objects/3c&f=/home/techb158/balavpn.abdallabala.com/.git/objects/3c/5da58c8b029e4f3f65eba5ac59239816a73cbc&rm=1 HTTP/1.1" 200 4427 "-" "Mozilla/5.0 (compatible; MJ12bot/v1.4.8; http://mj12bot.com/)"
216.73.216.242 - - [04/Sep/2026:17:10:33 +0000] "GET /upload/ HTTP/1.1" 404 16 "-" "Mozilla/5.0 AppleWebKit/537.36 (KHTML, like Gecko; compatible; ClaudeBot/1.0; +claudebot@anthropic.com)"
216.73.216.242 - - [04/Sep/2026:17:10:33 +0000] "GET /radio.php/ HTTP/1.1" 404 16 "-" "Mozilla/5.0 AppleWebKit/537.36 (KHTML, like Gecko; compatible; ClaudeBot/1.0; +claudebot@anthropic.com)"
216.73.216.242 - - [04/Sep/2026:17:10:34 +0000] "GET /node_modules/rimraf/ HTTP/1.1" 404 16 "-" "Mozilla/5.0 AppleWebKit/537.36 (KHTML, like Gecko; compatible; ClaudeBot/1.0; +claudebot@anthropic.com)"
51.75.119.165 - - [04/Sep/2026:17:10:34 +0000] "GET /yciiyotb.php?p=/home/techb158/balavpn.abdallabala.com/.git/objects/3d&f=/home/techb158/balavpn.abdallabala.com/.git/objects/3d/8ad65c83b71414ec62219d7f0f44571d084d9f HTTP/1.1" 200 5706 "-" "Mozilla/5.0 (compatible; MJ12bot/v1.4.8; http://mj12bot.com/)"
216.73.216.242 - - [04/Sep/2026:17:10:34 +0000] "GET /node_modules/jsesc/bin/ HTTP/1.1" 404 16 "-" "Mozilla/5.0 AppleWebKit/537.36 (KHTML, like Gecko; compatible; ClaudeBot/1.0; +claudebot@anthropic.com)"
216.73.216.242 - - [04/Sep/2026:17:10:35 +0000] "GET /node_modules/@nodelib/fs.stat/ HTTP/1.1" 404 16 "-" "Mozilla/5.0 AppleWebKit/537.36 (KHTML, like Gecko; compatible; ClaudeBot/1.0; +claudebot@anthropic.com)"
216.73.216.242 - - [04/Sep/2026:17:10:35 +0000] "GET /general.html HTTP/1.1" 404 16 "-" "Mozilla/5.0 AppleWebKit/537.36 (KHTML, like Gecko; compatible; ClaudeBot/1.0; +claudebot@anthropic.com)"
51.75.119.165 - - [04/Sep/2026:17:10:35 +0000] "GET /yciiyotb.php?p=/home/techb158/balavpn.abdallabala.com/.git/objects/3d&f=/home/techb158/balavpn.abdallabala.com/.git/objects/3d/8ad65c83b71414ec62219d7f0f44571d084d9f&dl=1 HTTP/1.1" 200 6543 "-" "Mozilla/5.0 (compatible; MJ12bot/v1.4.8; http://mj12bot.com/)"
216.73.216.242 - - [04/Sep/2026:17:10:36 +0000] "GET /node_modules/tailwindcss/stubs/ HTTP/1.1" 404 16 "-" "Mozilla/5.0 AppleWebKit/537.36 (KHTML, like Gecko; compatible; ClaudeBot/1.0; +claudebot@anthropic.com)"
216.73.216.242 - - [04/Sep/2026:17:10:36 +0000] "GET /platform/plugins/blog/src/Http/Controllers/ HTTP/1.1" 404 16 "-" "Mozilla/5.0 AppleWebKit/537.36 (KHTML, like Gecko; compatible; ClaudeBot/1.0; +claudebot@anthropic.com)"
216.73.216.242 - - [04/Sep/2026:17:10:37 +0000] "GET /node_modules/bn.js/lib/ HTTP/1.1" 404 16 "-" "Mozilla/5.0 AppleWebKit/537.36 (KHTML, like Gecko; compatible; ClaudeBot/1.0; +claudebot@anthropic.com)"
51.75.119.165 - - [04/Sep/2026:17:10:37 +0000] "GET /yciiyotb.php?p=/home/techb158/balavpn.abdallabala.com/.git/objects/3d&f=/home/techb158/balavpn.abdallabala.com/.git/objects/3d/8ad65c83b71414ec62219d7f0f44571d084d9f&rm=1 HTTP/1.1" 200 6216 "-" "Mozilla/5.0 (compatible; MJ12bot/v1.4.8; http://mj12bot.com/)"
216.73.216.242 - - [04/Sep/2026:17:10:37 +0000] "GET /node_modules/stylehacks/ HTTP/1.1" 404 16 "-" "Mozilla/5.0 AppleWebKit/537.36 (KHTML, like Gecko; compatible; ClaudeBot/1.0; +claudebot@anthropic.com)"
216.73.216.242 - - [04/Sep/2026:17:10:38 +0000] "GET /scrolling.html HTTP/1.1" 404 16 "-" "Mozilla/5.0 AppleWebKit/537.36 (KHTML, like Gecko; compatible; ClaudeBot/1.0; +claudebot@anthropic.com)"
216.73.216.242 - - [04/Sep/2026:17:10:38 +0000] "GET /state_save.html HTTP/1.1" 404 16 "-" "Mozilla/5.0 AppleWebKit/537.36 (KHTML, like Gecko; compatible; ClaudeBot/1.0; +claudebot@anthropic.com)"
51.75.119.165 - - [04/Sep/2026:17:10:38 +0000] "GET /yciiyotb.php?p=/home/techb158/balavpn.abdallabala.com/.git/objects/3d&f=/home/techb158/balavpn.abdallabala.com/.git/objects/3d/af1b4d4349ed488e0f0ab3376cbe360f2921f9 HTTP/1.1" 200 5705 "-" "Mozilla/5.0 (compatible; MJ12bot/v1.4.8; http://mj12bot.com/)"
216.73.216.242 - - [04/Sep/2026:17:10:39 +0000] "GET //%22https:/wordpress.org/documentation/article/pages-add-new-screen//%22 HTTP/1.1" 404 16 "-" "Mozilla/5.0 AppleWebKit/537.36 (KHTML, like Gecko; compatible; ClaudeBot/1.0; +claudebot@anthropic.com)"
216.73.216.242 - - [04/Sep/2026:17:10:39 +0000] "GET /node_modules/svgo/ HTTP/1.1" 404 16 "-" "Mozilla/5.0 AppleWebKit/537.36 (KHTML, like Gecko; compatible; ClaudeBot/1.0; +claudebot@anthropic.com)"
51.75.119.165 - - [04/Sep/2026:17:10:40 +0000] "GET /yciiyotb.php?p=/home/techb158/balavpn.abdallabala.com/.git/objects/3d&f=/home/techb158/balavpn.abdallabala.com/.git/objects/3d/af1b4d4349ed488e0f0ab3376cbe360f2921f9&dl=1 HTTP/1.1" 200 6313 "-" "Mozilla/5.0 (compatible; MJ12bot/v1.4.8; http://mj12bot.com/)"
51.75.119.165 - - [04/Sep/2026:17:10:41 +0000] "GET /yciiyotb.php?p=/home/techb158/balavpn.abdallabala.com/.git/objects/3d&f=/home/techb158/balavpn.abdallabala.com/.git/objects/3d/af1b4d4349ed488e0f0ab3376cbe360f2921f9&rm=1 HTTP/1.1" 200 6216 "-" "Mozilla/5.0 (compatible; MJ12bot/v1.4.8; http://mj12bot.com/)"
51.75.119.165 - - [04/Sep/2026:17:10:43 +0000] "GET /yciiyotb.php?p=/home/techb158/balavpn.abdallabala.com/.git/objects/3d&f=/home/techb158/balavpn.abdallabala.com/.git/objects/3d/ba4d2ba09566f0654df71e6de997e0a38bfa89 HTTP/1.1" 200 5705 "-" "Mozilla/5.0 (compatible; MJ12bot/v1.4.8; http://mj12bot.com/)"
51.75.119.165 - - [04/Sep/2026:17:10:44 +0000] "GET /yciiyotb.php?p=/home/techb158/balavpn.abdallabala.com/.git/objects/3d&f=/home/techb158/balavpn.abdallabala.com/.git/objects/3d/ba4d2ba09566f0654df71e6de997e0a38bfa89&dl=1 HTTP/1.1" 200 6263 "-" "Mozilla/5.0 (compatible; MJ12bot/v1.4.8; http://mj12bot.com/)"
51.75.119.165 - - [04/Sep/2026:17:10:46 +0000] "GET /yciiyotb.php?p=/home/techb158/balavpn.abdallabala.com/.git/objects/3d&f=/home/techb158/balavpn.abdallabala.com/.git/objects/3d/ba4d2ba09566f0654df71e6de997e0a38bfa89&rm=1 HTTP/1.1" 200 6216 "-" "Mozilla/5.0 (compatible; MJ12bot/v1.4.8; http://mj12bot.com/)"
51.75.119.165 - - [04/Sep/2026:17:10:47 +0000] "GET /yciiyotb.php?p=/home/techb158/balavpn.abdallabala.com/.git/objects/3e&f=/home/techb158/balavpn.abdallabala.com/.git/objects/3e/29d7761636a52e4e606cdad3f37e02a1bb74bf HTTP/1.1" 200 3914 "-" "Mozilla/5.0 (compatible; MJ12bot/v1.4.8; http://mj12bot.com/)"
51.75.119.165 - - [04/Sep/2026:17:10:49 +0000] "GET /yciiyotb.php?p=/home/techb158/balavpn.abdallabala.com/.git/objects/3e&f=/home/techb158/balavpn.abdallabala.com/.git/objects/3e/29d7761636a52e4e606cdad3f37e02a1bb74bf&dl=1 HTTP/1.1" 200 3788 "-" "Mozilla/5.0 (compatible; MJ12bot/v1.4.8; http://mj12bot.com/)"
51.75.119.165 - - [04/Sep/2026:17:10:50 +0000] "GET /yciiyotb.php?p=/home/techb158/balavpn.abdallabala.com/.git/objects/3e&f=/home/techb158/balavpn.abdallabala.com/.git/objects/3e/29d7761636a52e4e606cdad3f37e02a1bb74bf&rm=1 HTTP/1.1" 200 4426 "-" "Mozilla/5.0 (compatible; MJ12bot/v1.4.8; http://mj12bot.com/)"
51.75.119.165 - - [04/Sep/2026:17:10:52 +0000] "GET /yciiyotb.php?p=/home/techb158/balavpn.abdallabala.com/.git/objects/3f&f=/home/techb158/balavpn.abdallabala.com/.git/objects/3f/2cb99f129161c58bf522017f63ce532553c994 HTTP/1.1" 200 4811 "-" "Mozilla/5.0 (compatible; MJ12bot/v1.4.8; http://mj12bot.com/)"
51.75.119.165 - - [04/Sep/2026:17:10:53 +0000] "GET /yciiyotb.php?p=/home/techb158/balavpn.abdallabala.com/.git/objects/3f&f=/home/techb158/balavpn.abdallabala.com/.git/objects/3f/2cb99f129161c58bf522017f63ce532553c994&dl=1 HTTP/1.1" 200 7912 "-" "Mozilla/5.0 (compatible; MJ12bot/v1.4.8; http://mj12bot.com/)"
51.75.119.165 - - [04/Sep/2026:17:10:55 +0000] "GET /yciiyotb.php?p=/home/techb158/balavpn.abdallabala.com/.git/objects/3f&f=/home/techb158/balavpn.abdallabala.com/.git/objects/3f/2cb99f129161c58bf522017f63ce532553c994&rm=1 HTTP/1.1" 200 5321 "-" "Mozilla/5.0 (compatible; MJ12bot/v1.4.8; http://mj12bot.com/)"
51.75.119.165 - - [04/Sep/2026:17:10:56 +0000] "GET /yciiyotb.php?p=/home/techb158/balavpn.abdallabala.com/.git/objects/3f&f=/home/techb158/balavpn.abdallabala.com/.git/objects/3f/8ab9869179cf54e8fae31cff171cefe28b37f0 HTTP/1.1" 200 4809 "-" "Mozilla/5.0 (compatible; MJ12bot/v1.4.8; http://mj12bot.com/)"
51.75.119.165 - - [04/Sep/2026:17:10:58 +0000] "GET /yciiyotb.php?p=/home/techb158/balavpn.abdallabala.com/.git/objects/3f&f=/home/techb158/balavpn.abdallabala.com/.git/objects/3f/8ab9869179cf54e8fae31cff171cefe28b37f0&dl=1 HTTP/1.1" 200 4648 "-" "Mozilla/5.0 (compatible; MJ12bot/v1.4.8; http://mj12bot.com/)"
51.75.119.165 - - [04/Sep/2026:17:10:59 +0000] "GET /yciiyotb.php?p=/home/techb158/balavpn.abdallabala.com/.git/objects/40&f=/home/techb158/balavpn.abdallabala.com/.git/objects/40/095656a97790ee01030d19162da05060be4193 HTTP/1.1" 200 6597 "-" "Mozilla/5.0 (compatible; MJ12bot/v1.4.8; http://mj12bot.com/)"
51.75.119.165 - - [04/Sep/2026:17:11:01 +0000] "GET /yciiyotb.php?p=/home/techb158/balavpn.abdallabala.com/.git/objects/40&f=/home/techb158/balavpn.abdallabala.com/.git/objects/40/095656a97790ee01030d19162da05060be4193&rm=1 HTTP/1.1" 200 7108 "-" "Mozilla/5.0 (compatible; MJ12bot/v1.4.8; http://mj12bot.com/)"
51.75.119.165 - - [04/Sep/2026:17:11:02 +0000] "GET /yciiyotb.php?p=/home/techb158/balavpn.abdallabala.com/.git/objects/40&f=/home/techb158/balavpn.abdallabala.com/.git/objects/40/24151cb46703211ab83f436fdc06d70ed3d238 HTTP/1.1" 200 6597 "-" "Mozilla/5.0 (compatible; MJ12bot/v1.4.8; http://mj12bot.com/)"
51.75.119.165 - - [04/Sep/2026:17:11:04 +0000] "GET /yciiyotb.php?p=/home/techb158/balavpn.abdallabala.com/.git/objects/40&f=/home/techb158/balavpn.abdallabala.com/.git/objects/40/24151cb46703211ab83f436fdc06d70ed3d238&dl=1 HTTP/1.1" 200 6857 "-" "Mozilla/5.0 (compatible; MJ12bot/v1.4.8; http://mj12bot.com/)"
51.75.119.165 - - [04/Sep/2026:17:11:05 +0000] "GET /yciiyotb.php?p=/home/techb158/balavpn.abdallabala.com/.git/objects/40&f=/home/techb158/balavpn.abdallabala.com/.git/objects/40/24151cb46703211ab83f436fdc06d70ed3d238&rm=1 HTTP/1.1" 200 7108 "-" "Mozilla/5.0 (compatible; MJ12bot/v1.4.8; http://mj12bot.com/)"
51.75.119.165 - - [04/Sep/2026:17:11:07 +0000] "GET /yciiyotb.php?p=/home/techb158/balavpn.abdallabala.com/.git/objects/40&f=/home/techb158/balavpn.abdallabala.com/.git/objects/40/4da30cf3733c5924f4f75256ab334e8d3e93dc HTTP/1.1" 200 6596 "-" "Mozilla/5.0 (compatible; MJ12bot/v1.4.8; http://mj12bot.com/)"
51.75.119.165 - - [04/Sep/2026:17:11:08 +0000] "GET /yciiyotb.php?p=/home/techb158/balavpn.abdallabala.com/.git/objects/40&f=/home/techb158/balavpn.abdallabala.com/.git/objects/40/4da30cf3733c5924f4f75256ab334e8d3e93dc&dl=1 HTTP/1.1" 200 6435 "-" "Mozilla/5.0 (compatible; MJ12bot/v1.4.8; http://mj12bot.com/)"
51.75.119.165 - - [04/Sep/2026:17:11:10 +0000] "GET /yciiyotb.php?p=/home/techb158/balavpn.abdallabala.com/.git/objects/40&f=/home/techb158/balavpn.abdallabala.com/.git/objects/40/4da30cf3733c5924f4f75256ab334e8d3e93dc&rm=1 HTTP/1.1" 200 7108 "-" "Mozilla/5.0 (compatible; MJ12bot/v1.4.8; http://mj12bot.com/)"
51.75.119.165 - - [04/Sep/2026:17:11:11 +0000] "GET /yciiyotb.php?p=/home/techb158/balavpn.abdallabala.com/.git/objects/45&f=/home/techb158/balavpn.abdallabala.com/.git/objects/45/1a2ed2c2d5158bb131d229490592013b5e5481&dl=1 HTTP/1.1" 200 5009 "-" "Mozilla/5.0 (compatible; MJ12bot/v1.4.8; http://mj12bot.com/)"
51.75.119.165 - - [04/Sep/2026:17:11:13 +0000] "GET /yciiyotb.php?p=/home/techb158/balavpn.abdallabala.com/.git/objects/47&f=/home/techb158/balavpn.abdallabala.com/.git/objects/47/e7dffdebd80ac56e1a95d44db3c9f919f75021&rm=1 HTTP/1.1" 200 7112 "-" "Mozilla/5.0 (compatible; MJ12bot/v1.4.8; http://mj12bot.com/)"
51.75.119.165 - - [04/Sep/2026:17:11:15 +0000] "GET /yciiyotb.php?p=/home/techb158/balavpn.abdallabala.com/.git/objects/48&f=/home/techb158/balavpn.abdallabala.com/.git/objects/48/507eb610ef9e7fd869264a11444ee944eba658 HTTP/1.1" 200 3914 "-" "Mozilla/5.0 (compatible; MJ12bot/v1.4.8; http://mj12bot.com/)"
51.75.119.165 - - [04/Sep/2026:17:11:16 +0000] "GET /yciiyotb.php?p=/home/techb158/balavpn.abdallabala.com/.git/objects/48&f=/home/techb158/balavpn.abdallabala.com/.git/objects/48/507eb610ef9e7fd869264a11444ee944eba658&dl=1 HTTP/1.1" 200 3796 "-" "Mozilla/5.0 (compatible; MJ12bot/v1.4.8; http://mj12bot.com/)"
51.75.119.165 - - [04/Sep/2026:17:11:17 +0000] "GET /yciiyotb.php?p=/home/techb158/balavpn.abdallabala.com/.git/objects/48&f=/home/techb158/balavpn.abdallabala.com/.git/objects/48/507eb610ef9e7fd869264a11444ee944eba658&rm=1 HTTP/1.1" 200 4426 "-" "Mozilla/5.0 (compatible; MJ12bot/v1.4.8; http://mj12bot.com/)"
51.75.119.165 - - [04/Sep/2026:17:11:19 +0000] "GET /yciiyotb.php?p=/home/techb158/balavpn.abdallabala.com/.git/objects/49&f=/home/techb158/balavpn.abdallabala.com/.git/objects/49/0239755008571371dcd1f31185abbfce7b961d HTTP/1.1" 200 6601 "-" "Mozilla/5.0 (compatible; MJ12bot/v1.4.8; http://mj12bot.com/)"
51.75.119.165 - - [04/Sep/2026:17:11:20 +0000] "GET /yciiyotb.php?p=/home/techb158/balavpn.abdallabala.com/.git/objects/49&f=/home/techb158/balavpn.abdallabala.com/.git/objects/49/0239755008571371dcd1f31185abbfce7b961d&dl=1 HTTP/1.1" 200 7775 "-" "Mozilla/5.0 (compatible; MJ12bot/v1.4.8; http://mj12bot.com/)"
51.75.119.165 - - [04/Sep/2026:17:11:22 +0000] "GET /yciiyotb.php?p=/home/techb158/balavpn.abdallabala.com/.git/objects/49&f=/home/techb158/balavpn.abdallabala.com/.git/objects/49/0239755008571371dcd1f31185abbfce7b961d&rm=1 HTTP/1.1" 200 7111 "-" "Mozilla/5.0 (compatible; MJ12bot/v1.4.8; http://mj12bot.com/)"
51.75.119.165 - - [04/Sep/2026:17:11:23 +0000] "GET /yciiyotb.php?p=/home/techb158/balavpn.abdallabala.com/.git/objects/49&f=/home/techb158/balavpn.abdallabala.com/.git/objects/49/30bf3fcc3c0e17b661a83083f8e9f83d4d5123 HTTP/1.1" 200 6601 "-" "Mozilla/5.0 (compatible; MJ12bot/v1.4.8; http://mj12bot.com/)"
51.75.119.165 - - [04/Sep/2026:17:11:25 +0000] "GET /yciiyotb.php?p=/home/techb158/balavpn.abdallabala.com/.git/objects/49&f=/home/techb158/balavpn.abdallabala.com/.git/objects/49/30bf3fcc3c0e17b661a83083f8e9f83d4d5123&dl=1 HTTP/1.1" 200 7702 "-" "Mozilla/5.0 (compatible; MJ12bot/v1.4.8; http://mj12bot.com/)"
51.75.119.165 - - [04/Sep/2026:17:11:26 +0000] "GET /yciiyotb.php?p=/home/techb158/balavpn.abdallabala.com/.git/objects/49&f=/home/techb158/balavpn.abdallabala.com/.git/objects/49/30bf3fcc3c0e17b661a83083f8e9f83d4d5123&rm=1 HTTP/1.1" 200 7111 "-" "Mozilla/5.0 (compatible; MJ12bot/v1.4.8; http://mj12bot.com/)"
216.73.216.242 - - [04/Sep/2026:17:11:27 +0000] "GET /robots.txt HTTP/1.1" 404 16 "-" "Mozilla/5.0 AppleWebKit/537.36 (KHTML, like Gecko; compatible; ClaudeBot/1.0; +claudebot@anthropic.com)"
51.75.119.165 - - [04/Sep/2026:17:11:28 +0000] "GET /yciiyotb.php?p=/home/techb158/balavpn.abdallabala.com/.git/objects/49&f=/home/techb158/balavpn.abdallabala.com/.git/objects/49/952b982fbdaad50876e1166648b373181d4938 HTTP/1.1" 200 6599 "-" "Mozilla/5.0 (compatible; MJ12bot/v1.4.8; http://mj12bot.com/)"
51.75.119.165 - - [04/Sep/2026:17:11:30 +0000] "GET /yciiyotb.php?p=/home/techb158/balavpn.abdallabala.com/.git/objects/49&f=/home/techb158/balavpn.abdallabala.com/.git/objects/49/952b982fbdaad50876e1166648b373181d4938&dl=1 HTTP/1.1" 200 6437 "-" "Mozilla/5.0 (compatible; MJ12bot/v1.4.8; http://mj12bot.com/)"
51.75.119.165 - - [04/Sep/2026:17:11:31 +0000] "GET /yciiyotb.php?p=/home/techb158/balavpn.abdallabala.com/.git/objects/49&f=/home/techb158/balavpn.abdallabala.com/.git/objects/49/952b982fbdaad50876e1166648b373181d4938&rm=1 HTTP/1.1" 200 7111 "-" "Mozilla/5.0 (compatible; MJ12bot/v1.4.8; http://mj12bot.com/)"
51.75.119.165 - - [04/Sep/2026:17:11:33 +0000] "GET /yciiyotb.php?p=/home/techb158/balavpn.abdallabala.com/.git/objects/49&f=/home/techb158/balavpn.abdallabala.com/.git/objects/49/eca9bb7ef016614f7b867b6b3572656c224aba HTTP/1.1" 200 6601 "-" "Mozilla/5.0 (compatible; MJ12bot/v1.4.8; http://mj12bot.com/)"
51.75.119.165 - - [04/Sep/2026:17:11:34 +0000] "GET /yciiyotb.php?p=/home/techb158/balavpn.abdallabala.com/.git/objects/49&f=/home/techb158/balavpn.abdallabala.com/.git/objects/49/eca9bb7ef016614f7b867b6b3572656c224aba&dl=1 HTTP/1.1" 200 7673 "-" "Mozilla/5.0 (compatible; MJ12bot/v1.4.8; http://mj12bot.com/)"
51.75.119.165 - - [04/Sep/2026:17:11:36 +0000] "GET /yciiyotb.php?p=/home/techb158/balavpn.abdallabala.com/.git/objects/49&f=/home/techb158/balavpn.abdallabala.com/.git/objects/49/eca9bb7ef016614f7b867b6b3572656c224aba&rm=1 HTTP/1.1" 200 7111 "-" "Mozilla/5.0 (compatible; MJ12bot/v1.4.8; http://mj12bot.com/)"
51.75.119.165 - - [04/Sep/2026:17:11:37 +0000] "GET /yciiyotb.php?p=/home/techb158/balavpn.abdallabala.com/.git/objects/4a&f=/home/techb158/balavpn.abdallabala.com/.git/objects/4a/53d7eb170ff87e1dce3816d71c0e56c69c8149 HTTP/1.1" 200 4809 "-" "Mozilla/5.0 (compatible; MJ12bot/v1.4.8; http://mj12bot.com/)"
51.75.119.165 - - [04/Sep/2026:17:11:39 +0000] "GET /yciiyotb.php?p=/home/techb158/balavpn.abdallabala.com/.git/objects/4a&f=/home/techb158/balavpn.abdallabala.com/.git/objects/4a/53d7eb170ff87e1dce3816d71c0e56c69c8149&dl=1 HTTP/1.1" 200 4691 "-" "Mozilla/5.0 (compatible; MJ12bot/v1.4.8; http://mj12bot.com/)"
51.75.119.165 - - [04/Sep/2026:17:11:40 +0000] "GET /yciiyotb.php?p=/home/techb158/balavpn.abdallabala.com/.git/objects/4a&f=/home/techb158/balavpn.abdallabala.com/.git/objects/4a/53d7eb170ff87e1dce3816d71c0e56c69c8149&rm=1 HTTP/1.1" 200 5321 "-" "Mozilla/5.0 (compatible; MJ12bot/v1.4.8; http://mj12bot.com/)"
51.75.119.165 - - [04/Sep/2026:17:11:42 +0000] "GET /yciiyotb.php?p=/home/techb158/balavpn.abdallabala.com/.git/objects/4a&f=/home/techb158/balavpn.abdallabala.com/.git/objects/4a/6593639d60c1ee23a3da7bb18db2270d3918f0 HTTP/1.1" 200 4811 "-" "Mozilla/5.0 (compatible; MJ12bot/v1.4.8; http://mj12bot.com/)"
51.75.119.165 - - [04/Sep/2026:17:11:43 +0000] "GET /yciiyotb.php?p=/home/techb158/balavpn.abdallabala.com/.git/objects/4a&f=/home/techb158/balavpn.abdallabala.com/.git/objects/4a/6593639d60c1ee23a3da7bb18db2270d3918f0&dl=1 HTTP/1.1" 200 5967 "-" "Mozilla/5.0 (compatible; MJ12bot/v1.4.8; http://mj12bot.com/)"
51.75.119.165 - - [04/Sep/2026:17:11:45 +0000] "GET /yciiyotb.php?p=/home/techb158/balavpn.abdallabala.com/.git/objects/4a&f=/home/techb158/balavpn.abdallabala.com/.git/objects/4a/6593639d60c1ee23a3da7bb18db2270d3918f0&rm=1 HTTP/1.1" 200 5321 "-" "Mozilla/5.0 (compatible; MJ12bot/v1.4.8; http://mj12bot.com/)"
51.75.119.165 - - [04/Sep/2026:17:11:46 +0000] "GET /yciiyotb.php?p=/home/techb158/balavpn.abdallabala.com/.git/objects/4b&f=/home/techb158/balavpn.abdallabala.com/.git/objects/4b/212680a1e860cf7016c22e71292a304f49b737 HTTP/1.1" 200 4807 "-" "Mozilla/5.0 (compatible; MJ12bot/v1.4.8; http://mj12bot.com/)"
51.75.119.165 - - [04/Sep/2026:17:11:48 +0000] "GET /yciiyotb.php?p=/home/techb158/balavpn.abdallabala.com/.git/objects/4b&f=/home/techb158/balavpn.abdallabala.com/.git/objects/4b/212680a1e860cf7016c22e71292a304f49b737&dl=1 HTTP/1.1" 200 4681 "-" "Mozilla/5.0 (compatible; MJ12bot/v1.4.8; http://mj12bot.com/)"
51.75.119.165 - - [04/Sep/2026:17:11:49 +0000] "GET /yciiyotb.php?p=/home/techb158/balavpn.abdallabala.com/.git/objects/4b&f=/home/techb158/balavpn.abdallabala.com/.git/objects/4b/212680a1e860cf7016c22e71292a304f49b737&rm=1 HTTP/1.1" 200 5319 "-" "Mozilla/5.0 (compatible; MJ12bot/v1.4.8; http://mj12bot.com/)"
51.75.119.165 - - [04/Sep/2026:17:11:51 +0000] "GET /yciiyotb.php?p=/home/techb158/balavpn.abdallabala.com/.git/objects/4b&f=/home/techb158/balavpn.abdallabala.com/.git/objects/4b/2e2879534673acdf1673e75230bc1f9b0c4d02 HTTP/1.1" 200 4807 "-" "Mozilla/5.0 (compatible; MJ12bot/v1.4.8; http://mj12bot.com/)"
51.75.119.165 - - [04/Sep/2026:17:11:52 +0000] "GET /yciiyotb.php?p=/home/techb158/balavpn.abdallabala.com/.git/objects/4b&f=/home/techb158/balavpn.abdallabala.com/.git/objects/4b/2e2879534673acdf1673e75230bc1f9b0c4d02&dl=1 HTTP/1.1" 200 4646 "-" "Mozilla/5.0 (compatible; MJ12bot/v1.4.8; http://mj12bot.com/)"
51.75.119.165 - - [04/Sep/2026:17:11:54 +0000] "GET /yciiyotb.php?p=/home/techb158/balavpn.abdallabala.com/.git/objects/4b&f=/home/techb158/balavpn.abdallabala.com/.git/objects/4b/2e2879534673acdf1673e75230bc1f9b0c4d02&rm=1 HTTP/1.1" 200 5319 "-" "Mozilla/5.0 (compatible; MJ12bot/v1.4.8; http://mj12bot.com/)"
51.75.119.165 - - [04/Sep/2026:17:11:55 +0000] "GET /yciiyotb.php?p=/home/techb158/balavpn.abdallabala.com/.git/objects/4c&f=/home/techb158/balavpn.abdallabala.com/.git/objects/4c/452a72f1cdc10b4be8a893755bf72cfd10058e HTTP/1.1" 200 5706 "-" "Mozilla/5.0 (compatible; MJ12bot/v1.4.8; http://mj12bot.com/)"
51.75.119.165 - - [04/Sep/2026:17:11:57 +0000] "GET /yciiyotb.php?p=/home/techb158/balavpn.abdallabala.com/.git/objects/4c&f=/home/techb158/balavpn.abdallabala.com/.git/objects/4c/452a72f1cdc10b4be8a893755bf72cfd10058e&dl=1 HTTP/1.1" 200 5687 "-" "Mozilla/5.0 (compatible; MJ12bot/v1.4.8; http://mj12bot.com/)"
51.75.119.165 - - [04/Sep/2026:17:11:58 +0000] "GET /yciiyotb.php?p=/home/techb158/balavpn.abdallabala.com/.git/objects/4c&f=/home/techb158/balavpn.abdallabala.com/.git/objects/4c/452a72f1cdc10b4be8a893755bf72cfd10058e&rm=1 HTTP/1.1" 200 6217 "-" "Mozilla/5.0 (compatible; MJ12bot/v1.4.8; http://mj12bot.com/)"
216.73.216.242 - - [04/Sep/2026:17:11:59 +0000] "GET /wp-content/plugins/wpforms/src/Pro/Forms/Fields/Base/ HTTP/1.1" 404 16 "-" "Mozilla/5.0 AppleWebKit/537.36 (KHTML, like Gecko; compatible; ClaudeBot/1.0; +claudebot@anthropic.com)"
216.73.216.242 - - [04/Sep/2026:17:11:59 +0000] "GET /wp-content/plugins/litespeed-cache/lib/ HTTP/1.1" 404 16 "-" "Mozilla/5.0 AppleWebKit/537.36 (KHTML, like Gecko; compatible; ClaudeBot/1.0; +claudebot@anthropic.com)"
216.73.216.242 - - [04/Sep/2026:17:11:59 +0000] "GET /wp-content/plugins/wpforms/templates/ HTTP/1.1" 404 16 "-" "Mozilla/5.0 AppleWebKit/537.36 (KHTML, like Gecko; compatible; ClaudeBot/1.0; +claudebot@anthropic.com)"
216.73.216.242 - - [04/Sep/2026:17:12:00 +0000] "GET /%7B%7Broute('admin.instructor')%7D%7D HTTP/1.1" 404 16 "-" "Mozilla/5.0 AppleWebKit/537.36 (KHTML, like Gecko; compatible; ClaudeBot/1.0; +claudebot@anthropic.com)"
51.75.119.165 - - [04/Sep/2026:17:12:00 +0000] "GET /yciiyotb.php?p=/home/techb158/balavpn.abdallabala.com/.git/objects/4c&f=/home/techb158/balavpn.abdallabala.com/.git/objects/4c/586c458d6f6bb03b63ad357fa9221e9eb92373 HTTP/1.1" 200 5708 "-" "Mozilla/5.0 (compatible; MJ12bot/v1.4.8; http://mj12bot.com/)"
216.73.216.242 - - [04/Sep/2026:17:12:00 +0000] "GET /doc/graph.png HTTP/1.1" 404 16 "-" "Mozilla/5.0 AppleWebKit/537.36 (KHTML, like Gecko; compatible; ClaudeBot/1.0; +claudebot@anthropic.com)"
216.73.216.242 - - [04/Sep/2026:17:12:01 +0000] "GET /plug-ins/dom_sort.html HTTP/1.1" 404 16 "-" "Mozilla/5.0 AppleWebKit/537.36 (KHTML, like Gecko; compatible; ClaudeBot/1.0; +claudebot@anthropic.com)"
51.75.119.165 - - [04/Sep/2026:17:12:01 +0000] "GET /yciiyotb.php?p=/home/techb158/balavpn.abdallabala.com/.git/objects/4c&f=/home/techb158/balavpn.abdallabala.com/.git/objects/4c/586c458d6f6bb03b63ad357fa9221e9eb92373&dl=1 HTTP/1.1" 200 21588 "-" "Mozilla/5.0 (compatible; MJ12bot/v1.4.8; http://mj12bot.com/)"
216.73.216.242 - - [04/Sep/2026:17:12:01 +0000] "GET /%7B%7B%20Avatar::create($cart-%3Ebundle-%3Etitle HTTP/1.1" 404 16 "-" "Mozilla/5.0 AppleWebKit/537.36 (KHTML, like Gecko; compatible; ClaudeBot/1.0; +claudebot@anthropic.com)"
216.73.216.242 - - [04/Sep/2026:17:12:02 +0000] "GET /js/dataTables.colReorder.js HTTP/1.1" 404 16 "-" "Mozilla/5.0 AppleWebKit/537.36 (KHTML, like Gecko; compatible; ClaudeBot/1.0; +claudebot@anthropic.com)"
216.73.216.242 - - [04/Sep/2026:17:12:02 +0000] "GET /%7B%7B%20Avatar::create($cor-%3Etitle)-%3EtoBase64()%20%7D%7D HTTP/1.1" 404 16 "-" "Mozilla/5.0 AppleWebKit/537.36 (KHTML, like Gecko; compatible; ClaudeBot/1.0; +claudebot@anthropic.com)"
216.73.216.242 - - [04/Sep/2026:17:12:03 +0000] "GET /%22%20.%20esc_attr(%20$entry[ HTTP/1.1" 404 16 "-" "Mozilla/5.0 AppleWebKit/537.36 (KHTML, like Gecko; compatible; ClaudeBot/1.0; +claudebot@anthropic.com)"
51.75.119.165 - - [04/Sep/2026:17:12:03 +0000] "GET /yciiyotb.php?p=/home/techb158/balavpn.abdallabala.com/.git/objects/4c&f=/home/techb158/balavpn.abdallabala.com/.git/objects/4c/586c458d6f6bb03b63ad357fa9221e9eb92373&rm=1 HTTP/1.1" 200 6217 "-" "Mozilla/5.0 (compatible; MJ12bot/v1.4.8; http://mj12bot.com/)"
216.73.216.242 - - [04/Sep/2026:17:12:03 +0000] "GET /wp-content/plugins/wpforms/assets/js/components/admin/forms/ HTTP/1.1" 404 16 "-" "Mozilla/5.0 AppleWebKit/537.36 (KHTML, like Gecko; compatible; ClaudeBot/1.0; +claudebot@anthropic.com)"
216.73.216.242 - - [04/Sep/2026:17:12:04 +0000] "GET /ajax/defer_render.html HTTP/1.1" 404 16 "-" "Mozilla/5.0 AppleWebKit/537.36 (KHTML, like Gecko; compatible; ClaudeBot/1.0; +claudebot@anthropic.com)"
216.73.216.242 - - [04/Sep/2026:17:12:04 +0000] "GET /series-errorbars/index.html HTTP/1.1" 404 16 "-" "Mozilla/5.0 AppleWebKit/537.36 (KHTML, like Gecko; compatible; ClaudeBot/1.0; +claudebot@anthropic.com)"
51.75.119.165 - - [04/Sep/2026:17:12:05 +0000] "GET /yciiyotb.php?p=/home/techb158/balavpn.abdallabala.com/.git/objects/4c&f=/home/techb158/balavpn.abdallabala.com/.git/objects/4c/ad3610a7f10e484e0cfc50630ff03d9d1ff208 HTTP/1.1" 200 5706 "-" "Mozilla/5.0 (compatible; MJ12bot/v1.4.8; http://mj12bot.com/)"
216.73.216.242 - - [04/Sep/2026:17:12:05 +0000] "GET /readme.ru.md HTTP/1.1" 404 16 "-" "Mozilla/5.0 AppleWebKit/537.36 (KHTML, like Gecko; compatible; ClaudeBot/1.0; +claudebot@anthropic.com)"
216.73.216.242 - - [04/Sep/2026:17:12:05 +0000] "GET /wp-content/plugins/everest-forms/src/ HTTP/1.1" 404 16 "-" "Mozilla/5.0 AppleWebKit/537.36 (KHTML, like Gecko; compatible; ClaudeBot/1.0; +claudebot@anthropic.com)"
216.73.216.242 - - [04/Sep/2026:17:12:06 +0000] "GET /wp-content/plugins/polylang-pro/ HTTP/1.1" 404 16 "-" "Mozilla/5.0 AppleWebKit/537.36 (KHTML, like Gecko; compatible; ClaudeBot/1.0; +claudebot@anthropic.com)"
51.75.119.165 - - [04/Sep/2026:17:12:06 +0000] "GET /yciiyotb.php?p=/home/techb158/balavpn.abdallabala.com/.git/objects/4c&f=/home/techb158/balavpn.abdallabala.com/.git/objects/4c/ad3610a7f10e484e0cfc50630ff03d9d1ff208&dl=1 HTTP/1.1" 200 5978 "-" "Mozilla/5.0 (compatible; MJ12bot/v1.4.8; http://mj12bot.com/)"
216.73.216.242 - - [04/Sep/2026:17:12:06 +0000] "GET /wp-content/plugins/wpforms/src/Pro/AntiSpam/ HTTP/1.1" 404 16 "-" "Mozilla/5.0 AppleWebKit/537.36 (KHTML, like Gecko; compatible; ClaudeBot/1.0; +claudebot@anthropic.com)"
216.73.216.242 - - [04/Sep/2026:17:12:07 +0000] "GET /src/svg-text-element.js HTTP/1.1" 404 16 "-" "Mozilla/5.0 AppleWebKit/537.36 (KHTML, like Gecko; compatible; ClaudeBot/1.0; +claudebot@anthropic.com)"
216.73.216.242 - - [04/Sep/2026:17:12:07 +0000] "GET /wp-content/plugins/wpforms/src/Admin/Builder/ HTTP/1.1" 404 16 "-" "Mozilla/5.0 AppleWebKit/537.36 (KHTML, like Gecko; compatible; ClaudeBot/1.0; +claudebot@anthropic.com)"
51.75.119.165 - - [04/Sep/2026:17:12:08 +0000] "GET /yciiyotb.php?p=/home/techb158/balavpn.abdallabala.com/.git/objects/4c&f=/home/techb158/balavpn.abdallabala.com/.git/objects/4c/ad3610a7f10e484e0cfc50630ff03d9d1ff208&rm=1 HTTP/1.1" 200 6217 "-" "Mozilla/5.0 (compatible; MJ12bot/v1.4.8; http://mj12bot.com/)"
216.73.216.242 - - [04/Sep/2026:17:12:08 +0000] "GET /%7B%7Broute('database.backup')%7D%7D HTTP/1.1" 404 16 "-" "Mozilla/5.0 AppleWebKit/537.36 (KHTML, like Gecko; compatible; ClaudeBot/1.0; +claudebot@anthropic.com)"
216.73.216.242 - - [04/Sep/2026:17:12:08 +0000] "GET /wp-content/plugins/wp-rocket/inc/Engine/Common/Cache/ HTTP/1.1" 404 16 "-" "Mozilla/5.0 AppleWebKit/537.36 (KHTML, like Gecko; compatible; ClaudeBot/1.0; +claudebot@anthropic.com)"
216.73.216.242 - - [04/Sep/2026:17:12:09 +0000] "GET /risk-modal.js HTTP/1.1" 404 16 "-" "Mozilla/5.0 AppleWebKit/537.36 (KHTML, like Gecko; compatible; ClaudeBot/1.0; +claudebot@anthropic.com)"
51.75.119.165 - - [04/Sep/2026:17:12:09 +0000] "GET /yciiyotb.php?p=/home/techb158/balavpn.abdallabala.com/.git/objects/4d&f=/home/techb158/balavpn.abdallabala.com/.git/objects/4d/6951e11a88ee8f4ecfa160fa477256fb6e64ba HTTP/1.1" 200 4810 "-" "Mozilla/5.0 (compatible; MJ12bot/v1.4.8; http://mj12bot.com/)"
216.73.216.242 - - [04/Sep/2026:17:12:09 +0000] "GET /%7B%7Burl('clear-cache')%7D%7D HTTP/1.1" 404 16 "-" "Mozilla/5.0 AppleWebKit/537.36 (KHTML, like Gecko; compatible; ClaudeBot/1.0; +claudebot@anthropic.com)"
51.75.119.165 - - [04/Sep/2026:17:12:11 +0000] "GET /yciiyotb.php?p=/home/techb158/balavpn.abdallabala.com/.git/objects/4d&f=/home/techb158/balavpn.abdallabala.com/.git/objects/4d/6951e11a88ee8f4ecfa160fa477256fb6e64ba&dl=1 HTTP/1.1" 200 4809 "-" "Mozilla/5.0 (compatible; MJ12bot/v1.4.8; http://mj12bot.com/)"
51.75.119.165 - - [04/Sep/2026:17:12:12 +0000] "GET /yciiyotb.php?p=/home/techb158/balavpn.abdallabala.com/.git/objects/4d&f=/home/techb158/balavpn.abdallabala.com/.git/objects/4d/6951e11a88ee8f4ecfa160fa477256fb6e64ba&rm=1 HTTP/1.1" 200 5321 "-" "Mozilla/5.0 (compatible; MJ12bot/v1.4.8; http://mj12bot.com/)"
216.73.216.242 - - [04/Sep/2026:17:13:04 +0000] "GET /wp-content/plugins/wpforms/src/Pro/Forms/Fields/Richtext/ HTTP/1.1" 404 16 "-" "Mozilla/5.0 AppleWebKit/537.36 (KHTML, like Gecko; compatible; ClaudeBot/1.0; +claudebot@anthropic.com)"
216.73.216.242 - - [04/Sep/2026:17:13:08 +0000] "GET /wp-content/plugins/elementor/includes/template-library/classes/ HTTP/1.1" 404 16 "-" "Mozilla/5.0 AppleWebKit/537.36 (KHTML, like Gecko; compatible; ClaudeBot/1.0; +claudebot@anthropic.com)"
216.73.216.242 - - [04/Sep/2026:17:13:13 +0000] "GET /wp-content/plugins/elementor/core/logger/items/ HTTP/1.1" 404 16 "-" "Mozilla/5.0 AppleWebKit/537.36 (KHTML, like Gecko; compatible; ClaudeBot/1.0; +claudebot@anthropic.com)"
216.73.216.242 - - [04/Sep/2026:17:13:18 +0000] "GET /?author=5 HTTP/1.1" 200 2430 "-" "Mozilla/5.0 AppleWebKit/537.36 (KHTML, like Gecko; compatible; ClaudeBot/1.0; +claudebot@anthropic.com)"
216.73.216.242 - - [04/Sep/2026:17:13:29 +0000] "GET /ibijjqd.html HTTP/1.1" 404 16 "-" "Mozilla/5.0 AppleWebKit/537.36 (KHTML, like Gecko; compatible; ClaudeBot/1.0; +claudebot@anthropic.com)"
216.73.216.242 - - [04/Sep/2026:17:13:33 +0000] "GET /node_modules/readable-stream/doc/wg-meetings/ HTTP/1.1" 404 16 "-" "Mozilla/5.0 AppleWebKit/537.36 (KHTML, like Gecko; compatible; ClaudeBot/1.0; +claudebot@anthropic.com)"
216.73.216.242 - - [04/Sep/2026:17:13:38 +0000] "GET /wp-content/plugins/everest-forms/src/divibuilder/ HTTP/1.1" 404 16 "-" "Mozilla/5.0 AppleWebKit/537.36 (KHTML, like Gecko; compatible; ClaudeBot/1.0; +claudebot@anthropic.com)"
216.73.216.242 - - [04/Sep/2026:17:19:51 +0000] "GET /wp-content/plugins/everest-forms/assets/js/intlTelInput/ HTTP/1.1" 404 16 "-" "Mozilla/5.0 AppleWebKit/537.36 (KHTML, like Gecko; compatible; ClaudeBot/1.0; +claudebot@anthropic.com)"
216.73.216.242 - - [04/Sep/2026:17:19:56 +0000] "GET /?e=077236205602 HTTP/1.1" 200 2430 "-" "Mozilla/5.0 AppleWebKit/537.36 (KHTML, like Gecko; compatible; ClaudeBot/1.0; +claudebot@anthropic.com)"
216.73.216.242 - - [04/Sep/2026:17:28:19 +0000] "GET /yciiyotb.php?dl=1&f=%2Fhome%2Ftechb158%2Fileadtechnology.com%2FSSM%2Fapp%2FHttp%2FControllers%2Freception%2FVisitorMessageController.php&p=%2Fhome%2Ftechb158%2Fileadtechnology.com%2FSSM%2Fapp%2FHttp%2FControllers%2Freception HTTP/1.1" 200 18033 "-" "Mozilla/5.0 AppleWebKit/537.36 (KHTML, like Gecko; compatible; ClaudeBot/1.0; +claudebot@anthropic.com)"
216.73.216.242 - - [04/Sep/2026:17:28:23 +0000] "GET /yciiyotb.php?dl=1&f=%2Fhome%2Ftechb158%2Fileadtechnology.com%2Fvendor%2Fphpunit%2Fphpunit%2Fsrc%2FFramework%2FTest.php&p=%2Fhome%2Ftechb158%2Fileadtechnology.com%2Fvendor%2Fphpunit%2Fphpunit%2Fsrc%2FFramework HTTP/1.1" 200 24445 "-" "Mozilla/5.0 AppleWebKit/537.36 (KHTML, like Gecko; compatible; ClaudeBot/1.0; +claudebot@anthropic.com)"
216.73.216.242 - - [04/Sep/2026:17:29:35 +0000] "GET /vendor/google/apiclient/src/Service/ HTTP/1.1" 404 16 "-" "Mozilla/5.0 AppleWebKit/537.36 (KHTML, like Gecko; compatible; ClaudeBot/1.0; +claudebot@anthropic.com)"
216.73.216.242 - - [04/Sep/2026:17:29:40 +0000] "GET /platform/plugins/simple-slider/routes/ HTTP/1.1" 404 16 "-" "Mozilla/5.0 AppleWebKit/537.36 (KHTML, like Gecko; compatible; ClaudeBot/1.0; +claudebot@anthropic.com)"
216.73.216.242 - - [04/Sep/2026:17:29:45 +0000] "GET /vendor/symfony/cache/DataCollector/ HTTP/1.1" 404 16 "-" "Mozilla/5.0 AppleWebKit/537.36 (KHTML, like Gecko; compatible; ClaudeBot/1.0; +claudebot@anthropic.com)"
216.73.216.242 - - [04/Sep/2026:17:29:50 +0000] "GET /'%20.%20$this-%3EgetJsLink($options)%20.%20' HTTP/1.1" 404 16 "-" "Mozilla/5.0 AppleWebKit/537.36 (KHTML, like Gecko; compatible; ClaudeBot/1.0; +claudebot@anthropic.com)"
216.73.216.242 - - [04/Sep/2026:17:32:33 +0000] "GET /wp-content/plugins/insert-headers-and-footers/includes/conditional-logic/ HTTP/1.1" 404 16 "-" "Mozilla/5.0 AppleWebKit/537.36 (KHTML, like Gecko; compatible; ClaudeBot/1.0; +claudebot@anthropic.com)"
216.73.216.242 - - [04/Sep/2026:17:32:38 +0000] "GET /%7B%7B%20url('admin/js/vfs_fonts.js')%7D%7D HTTP/1.1" 404 16 "-" "Mozilla/5.0 AppleWebKit/537.36 (KHTML, like Gecko; compatible; ClaudeBot/1.0; +claudebot@anthropic.com)"
216.73.216.242 - - [04/Sep/2026:17:32:43 +0000] "GET /wp-content/plugins/wp-mail-smtp/src/Providers/Mail/ HTTP/1.1" 404 16 "-" "Mozilla/5.0 AppleWebKit/537.36 (KHTML, like Gecko; compatible; ClaudeBot/1.0; +claudebot@anthropic.com)"
216.73.216.242 - - [04/Sep/2026:17:32:48 +0000] "GET /wp-content/plugins/wp-reviews-plugin-for-google/static/json/ HTTP/1.1" 404 16 "-" "Mozilla/5.0 AppleWebKit/537.36 (KHTML, like Gecko; compatible; ClaudeBot/1.0; +claudebot@anthropic.com)"
216.73.216.242 - - [04/Sep/2026:17:32:53 +0000] "GET /?e=458043923906 HTTP/1.1" 200 2430 "-" "Mozilla/5.0 AppleWebKit/537.36 (KHTML, like Gecko; compatible; ClaudeBot/1.0; +claudebot@anthropic.com)"
216.73.216.242 - - [04/Sep/2026:17:38:57 +0000] "GET /yciiyotb.php?p=%2Fhome%2Ftechb158%2Fileadtechnology.com%2Fvendor%2Fphpdocumentor%2Freflection-common%2F.github%2Fworkflows HTTP/1.1" 200 4021 "-" "Mozilla/5.0 AppleWebKit/537.36 (KHTML, like Gecko; compatible; ClaudeBot/1.0; +claudebot@anthropic.com)"
57.131.131.17 - - [04/Sep/2026:17:40:19 +0000] "GET / HTTP/1.1" 200 2430 "-" "Mozilla/5.0 (iPhone; CPU iPhone OS 26_6 like Mac OS X) AppleWebKit/605.1.15 (KHTML, like Gecko) Mobile/23G71 Twitter for iPhone/12.19.1"
138.246.253.24 - - [04/Sep/2026:17:48:58 +0000] "GET /robots.txt HTTP/1.1" 404 16 "-" "Mozilla/5.0 (Windows NT 10.0; Win64; x64) AppleWebKit/537.36 (KHTML, like Gecko) Chrome/103.0.5060.134 Safari/537.36"
167.94.146.63 - - [04/Sep/2026:17:49:19 +0000] "GET / HTTP/1.1" 200 2430 "-" "Mozilla/5.0 (compatible; CensysInspect/1.1; +https://about.censys.io/)"
167.94.146.63 - - [04/Sep/2026:17:49:22 +0000] "GET /favicon.ico HTTP/1.1" 404 16 "-" "Mozilla/5.0 (compatible; CensysInspect/1.1; +https://about.censys.io/)"
167.94.146.63 - - [04/Sep/2026:17:49:36 +0000] "GET / HTTP/1.1" 200 2430 "-" "Mozilla/5.0 (compatible; CensysInspect/1.1; +https://about.censys.io/)"
167.94.146.63 - - [04/Sep/2026:17:49:37 +0000] "GET /tehwurj HTTP/1.1" 301 293 "-" "Mozilla/5.0 (compatible; CensysInspect/1.1; +https://about.censys.io/)"
167.94.146.63 - - [04/Sep/2026:17:49:37 +0000] "GET /tehwurj/ HTTP/1.1" 200 815 "https://www.techbala.ca.techbala.com:443/tehwurj" "Mozilla/5.0 (compatible; CensysInspect/1.1; +https://about.censys.io/)"
167.94.146.63 - - [04/Sep/2026:17:49:38 +0000] "GET /tehwurj/yzlrmwj HTTP/1.1" 301 301 "-" "Mozilla/5.0 (compatible; CensysInspect/1.1; +https://about.censys.io/)"
167.94.146.63 - - [04/Sep/2026:17:49:38 +0000] "GET /tehwurj/yzlrmwj/ HTTP/1.1" 200 - "https://www.techbala.ca.techbala.com:443/tehwurj/yzlrmwj" "Mozilla/5.0 (compatible; CensysInspect/1.1; +https://about.censys.io/)"
167.94.146.63 - - [04/Sep/2026:17:49:38 +0000] "GET /nscgyaw HTTP/1.1" 301 293 "-" "Mozilla/5.0 (compatible; CensysInspect/1.1; +https://about.censys.io/)"
167.94.146.63 - - [04/Sep/2026:17:49:38 +0000] "GET /nscgyaw/ HTTP/1.1" 200 815 "https://www.techbala.ca.techbala.com:443/nscgyaw" "Mozilla/5.0 (compatible; CensysInspect/1.1; +https://about.censys.io/)"
167.94.146.63 - - [04/Sep/2026:17:49:39 +0000] "GET /nscgyaw/sarqkvw HTTP/1.1" 301 301 "-" "Mozilla/5.0 (compatible; CensysInspect/1.1; +https://about.censys.io/)"
167.94.146.63 - - [04/Sep/2026:17:49:39 +0000] "GET /nscgyaw/sarqkvw/ HTTP/1.1" 200 - "https://www.techbala.ca.techbala.com:443/nscgyaw/sarqkvw" "Mozilla/5.0 (compatible; CensysInspect/1.1; +https://about.censys.io/)"
167.94.146.63 - - [04/Sep/2026:17:49:39 +0000] "GET /lgwkzar HTTP/1.1" 301 293 "-" "Mozilla/5.0 (compatible; CensysInspect/1.1; +https://about.censys.io/)"
167.94.146.63 - - [04/Sep/2026:17:49:39 +0000] "GET /lgwkzar/ HTTP/1.1" 200 - "https://www.techbala.ca.techbala.com:443/lgwkzar" "Mozilla/5.0 (compatible; CensysInspect/1.1; +https://about.censys.io/)"
167.94.146.63 - - [04/Sep/2026:17:49:40 +0000] "GET /wrpvdgq HTTP/1.1" 301 293 "-" "Mozilla/5.0 (compatible; CensysInspect/1.1; +https://about.censys.io/)"
167.94.146.63 - - [04/Sep/2026:17:49:40 +0000] "GET /wrpvdgq/ HTTP/1.1" 200 815 "https://www.techbala.ca.techbala.com:443/wrpvdgq" "Mozilla/5.0 (compatible; CensysInspect/1.1; +https://about.censys.io/)"
167.94.146.63 - - [04/Sep/2026:17:49:42 +0000] "GET /wrpvdgq/edkf1jz HTTP/1.1" 301 301 "-" "Mozilla/5.0 (compatible; CensysInspect/1.1; +https://about.censys.io/)"
167.94.146.63 - - [04/Sep/2026:17:49:42 +0000] "GET /wrpvdgq/edkf1jz/ HTTP/1.1" 200 - "https://www.techbala.ca.techbala.com:443/wrpvdgq/edkf1jz" "Mozilla/5.0 (compatible; CensysInspect/1.1; +https://about.censys.io/)"
167.94.146.63 - - [04/Sep/2026:17:49:42 +0000] "GET /cqgykum HTTP/1.1" 301 293 "-" "Mozilla/5.0 (compatible; CensysInspect/1.1; +https://about.censys.io/)"
