20.151.10.161 - - [04/Sep/2026:12:05:15 +0000] "GET /133.php HTTP/1.1" 404 5750 "-" "-"
20.151.10.161 - - [04/Sep/2026:12:05:15 +0000] "GET /indo.php HTTP/1.1" 404 5750 "-" "-"
20.151.10.161 - - [04/Sep/2026:12:05:15 +0000] "GET /wp-content/uploads/ HTTP/1.1" 404 5750 "-" "-"
20.151.10.161 - - [04/Sep/2026:12:05:15 +0000] "GET /w.php HTTP/1.1" 404 5750 "-" "-"
20.151.10.161 - - [04/Sep/2026:12:05:15 +0000] "GET /wp_blog_footer.php HTTP/1.1" 404 5750 "-" "-"
20.151.10.161 - - [04/Sep/2026:12:05:15 +0000] "GET /robot.php HTTP/1.1" 404 5750 "-" "-"
20.151.10.161 - - [04/Sep/2026:12:05:16 +0000] "GET /sss.php?p= HTTP/1.1" 404 5750 "-" "-"
20.151.10.161 - - [04/Sep/2026:12:05:16 +0000] "GET /gulu.php HTTP/1.1" 404 5750 "-" "-"
20.151.10.161 - - [04/Sep/2026:12:05:16 +0000] "GET /replace.php HTTP/1.1" 404 5750 "-" "-"
20.151.10.161 - - [04/Sep/2026:12:05:16 +0000] "GET /reviall.php HTTP/1.1" 404 5750 "-" "-"
20.151.10.161 - - [04/Sep/2026:12:05:16 +0000] "GET /44.php HTTP/1.1" 404 5750 "-" "-"
20.151.10.161 - - [04/Sep/2026:12:05:16 +0000] "GET /ded.php HTTP/1.1" 404 5750 "-" "-"
20.151.10.161 - - [04/Sep/2026:12:05:16 +0000] "GET /BDKR28Wo.php HTTP/1.1" 404 5750 "-" "-"
20.151.10.161 - - [04/Sep/2026:12:05:16 +0000] "GET /nxc.php HTTP/1.1" 404 5750 "-" "-"
20.151.10.161 - - [04/Sep/2026:12:05:16 +0000] "GET /or.php HTTP/1.1" 404 5750 "-" "-"
20.151.10.161 - - [04/Sep/2026:12:05:16 +0000] "GET /das.php HTTP/1.1" 404 5750 "-" "-"
20.151.10.161 - - [04/Sep/2026:12:05:16 +0000] "GET /.well-known/nam.php HTTP/1.1" 404 5750 "-" "-"
20.151.10.161 - - [04/Sep/2026:12:05:16 +0000] "GET /1d9e308d1fb8cd.php HTTP/1.1" 404 5750 "-" "-"
20.151.10.161 - - [04/Sep/2026:12:05:16 +0000] "GET /cvx.php HTTP/1.1" 404 5750 "-" "-"
20.151.10.161 - - [04/Sep/2026:12:05:16 +0000] "GET /vo8lvekd4hhiu6meydu56piCdefault.php HTTP/1.1" 404 5750 "-" "-"
20.151.10.161 - - [04/Sep/2026:12:05:16 +0000] "GET /406.php HTTP/1.1" 404 5750 "-" "-"
20.151.10.161 - - [04/Sep/2026:12:05:16 +0000] "GET /bypass2.php HTTP/1.1" 404 5750 "-" "-"
20.151.10.161 - - [04/Sep/2026:12:05:16 +0000] "GET /t.php HTTP/1.1" 404 5750 "-" "-"
20.151.10.161 - - [04/Sep/2026:12:05:16 +0000] "GET /r57.php HTTP/1.1" 404 5750 "-" "-"
20.151.10.161 - - [04/Sep/2026:12:05:16 +0000] "GET /ffile.php HTTP/1.1" 404 5750 "-" "-"
20.151.10.161 - - [04/Sep/2026:12:05:16 +0000] "GET /xex.php HTTP/1.1" 404 5750 "-" "-"
20.151.10.161 - - [04/Sep/2026:12:05:16 +0000] "GET /user-new.php HTTP/1.1" 404 5750 "-" "-"
20.151.10.161 - - [04/Sep/2026:12:05:16 +0000] "GET /flash-kiss.php HTTP/1.1" 404 5750 "-" "-"
20.151.10.161 - - [04/Sep/2026:12:05:16 +0000] "GET /k2.php HTTP/1.1" 404 5750 "-" "-"
20.151.10.161 - - [04/Sep/2026:12:05:16 +0000] "GET /ftde.php HTTP/1.1" 404 5750 "-" "-"
20.151.10.161 - - [04/Sep/2026:12:05:16 +0000] "GET /wp-blog.php HTTP/1.1" 404 5750 "-" "-"
20.151.10.161 - - [04/Sep/2026:12:05:16 +0000] "GET /CAE-2.5.php HTTP/1.1" 404 5750 "-" "-"
20.151.10.161 - - [04/Sep/2026:12:05:16 +0000] "GET /ass.php HTTP/1.1" 404 5750 "-" "-"
74.7.242.21 - - [04/Sep/2026:12:05:18 +0000] "GET /3D%22https:/unionaffairesplus.heeded.co?=&mid=3D566&ns_url=3D2562 HTTP/1.1" 404 - "https://www.monphenixcs.techbala.com/ucprkhko.php?dl=1&f=%2Fhome%2Ftechb158%2Fmail%2Fl2hypotheques.com%2Flaurie.lacroix%2F.BNI%2Fcur%2F1776886145.M39525P556324.v1029890.hostpapavps.net%2CS%3D126635%2CW%3D129587%3A2%2CS&p=%2Fhome%2Ftechb158%2Fmail%2Fl2hypotheques.com%2Flaurie.lacroix%2F.BNI%2Fcur" "Mozilla/5.0 AppleWebKit/537.36 (KHTML, like Gecko; compatible; GPTBot/1.4; +https://openai.com/gptbot)"
74.7.243.214 - - [04/Sep/2026:12:05:19 +0000] "GET /ucprkhko.php?p=%2Fhome%2Ftechb158%2Fileadtechnology.com%2Fvendor%2Fphpunit%2Fphp-token-stream%2Fsrc HTTP/1.1" 200 4028 "https://monphenix.ca/ucprkhko.php?p=%2Fhome%2Ftechb158%2Fileadtechnology.com%2Fvendor%2Fphpunit%2Fphp-token-stream" "Mozilla/5.0 AppleWebKit/537.36 (KHTML, like Gecko; compatible; GPTBot/1.4; +https://openai.com/gptbot)"
74.7.243.214 - - [04/Sep/2026:12:05:21 +0000] "GET /ucprkhko.php?p=%2Fhome%2Ftechb158%2Fbalacoffee.com%2Fwordpress%2Fwp-includes%2Fblocks%2Fterms-query HTTP/1.1" 200 3644 "https://monphenix.ca/ucprkhko.php?p=%2Fhome%2Ftechb158%2Fbalacoffee.com%2Fwordpress%2Fwp-includes%2Fblocks" "Mozilla/5.0 AppleWebKit/537.36 (KHTML, like Gecko; compatible; GPTBot/1.4; +https://openai.com/gptbot)"
74.7.242.21 - - [04/Sep/2026:12:05:21 +0000] "GET /3D%22https:/unionaffairesplus.heeded.co?=&mid=3D399&ns_url=3D2562 HTTP/1.1" 404 - "https://www.monphenixcs.techbala.com/ucprkhko.php?dl=1&f=%2Fhome%2Ftechb158%2Fmail%2Fl2hypotheques.com%2Flaurie.lacroix%2F.BNI%2Fcur%2F1772064670.M703739P758986.v1029890.hostpapavps.net%2CS%3D116499%2CW%3D119254%3A2%2CS&p=%2Fhome%2Ftechb158%2Fmail%2Fl2hypotheques.com%2Flaurie.lacroix%2F.BNI%2Fcur" "Mozilla/5.0 AppleWebKit/537.36 (KHTML, like Gecko; compatible; GPTBot/1.4; +https://openai.com/gptbot)"
74.7.243.214 - - [04/Sep/2026:12:05:23 +0000] "GET /ucprkhko.php?p=%2Fhome%2Ftechb158%2Fbalacoffee.com%2Fwordpress%2Fwp-includes%2Fblocks%2Fterm-count HTTP/1.1" 200 7249 "https://monphenix.ca/ucprkhko.php?p=%2Fhome%2Ftechb158%2Fbalacoffee.com%2Fwordpress%2Fwp-includes%2Fblocks" "Mozilla/5.0 AppleWebKit/537.36 (KHTML, like Gecko; compatible; GPTBot/1.4; +https://openai.com/gptbot)"
74.7.242.21 - - [04/Sep/2026:12:05:27 +0000] "GET /3D%22https:/unionaffairesplus.heeded.co?=&mid=3D527&ns_url=3D2563 HTTP/1.1" 404 - "https://www.monphenixcs.techbala.com/ucprkhko.php?dl=1&f=%2Fhome%2Ftechb158%2Fmail%2Fl2hypotheques.com%2Flaurie.lacroix%2F.BNI%2Fcur%2F1775682211.M262565P3333878.v1029890.hostpapavps.net%2CS%3D124960%2CW%3D127886%3A2%2CS&p=%2Fhome%2Ftechb158%2Fmail%2Fl2hypotheques.com%2Flaurie.lacroix%2F.BNI%2Fcur" "Mozilla/5.0 AppleWebKit/537.36 (KHTML, like Gecko; compatible; GPTBot/1.4; +https://openai.com/gptbot)"
74.7.242.21 - - [04/Sep/2026:12:05:28 +0000] "GET /3D%22https:/unionaffairesplus.heeded.co?=&mid=3D566&ns_url=3D2563 HTTP/1.1" 404 - "https://www.monphenixcs.techbala.com/ucprkhko.php?dl=1&f=%2Fhome%2Ftechb158%2Fmail%2Fl2hypotheques.com%2Flaurie.lacroix%2F.BNI%2Fcur%2F1776886145.M39525P556324.v1029890.hostpapavps.net%2CS%3D126635%2CW%3D129587%3A2%2CS&p=%2Fhome%2Ftechb158%2Fmail%2Fl2hypotheques.com%2Flaurie.lacroix%2F.BNI%2Fcur" "Mozilla/5.0 AppleWebKit/537.36 (KHTML, like Gecko; compatible; GPTBot/1.4; +https://openai.com/gptbot)"
74.7.228.61 - - [04/Sep/2026:12:05:28 +0000] "GET /robots.txt HTTP/1.1" 404 - "-" "Mozilla/5.0 (Macintosh; Intel Mac OS X 10_15_7) AppleWebKit/537.36 (KHTML, like Gecko) Chrome/131.0.0.0 Safari/537.36; compatible; OAI-SearchBot/1.4; robots.txt; +https://openai.com/searchbot"
74.7.243.214 - - [04/Sep/2026:12:05:30 +0000] "GET /ucprkhko.php?f=%2Fhome%2Ftechb158%2Fileadtechnology.com%2FSSM%2Fvendor%2Fezyang%2Fhtmlpurifier%2Flibrary%2FHTMLPurifier%2FAttrTransform%2FNofollow.php&p=%2Fhome%2Ftechb158%2Fileadtechnology.com%2FSSM%2Fvendor%2Fezyang%2Fhtmlpurifier%2Flibrary%2FHTMLPurifier%2FAttrTransform&rm=1 HTTP/1.1" 200 30494 "https://monphenix.ca/ucprkhko.php?p=%2Fhome%2Ftechb158%2Fileadtechnology.com%2FSSM%2Fvendor%2Fezyang%2Fhtmlpurifier%2Flibrary%2FHTMLPurifier%2FAttrTransform" "Mozilla/5.0 AppleWebKit/537.36 (KHTML, like Gecko; compatible; GPTBot/1.4; +https://openai.com/gptbot)"
74.7.242.21 - - [04/Sep/2026:12:05:32 +0000] "GET /3D%22https:/unionaffairesplus.heeded.co?=&mid=3D566&ns_url=3D2565 HTTP/1.1" 404 - "https://www.monphenixcs.techbala.com/ucprkhko.php?dl=1&f=%2Fhome%2Ftechb158%2Fmail%2Fl2hypotheques.com%2Flaurie.lacroix%2F.BNI%2Fcur%2F1776886145.M39525P556324.v1029890.hostpapavps.net%2CS%3D126635%2CW%3D129587%3A2%2CS&p=%2Fhome%2Ftechb158%2Fmail%2Fl2hypotheques.com%2Flaurie.lacroix%2F.BNI%2Fcur" "Mozilla/5.0 AppleWebKit/537.36 (KHTML, like Gecko; compatible; GPTBot/1.4; +https://openai.com/gptbot)"
74.7.242.21 - - [04/Sep/2026:12:05:34 +0000] "GET /3D%22https:/unionaffairesplus.heeded.co?=&mid=3D399&ns_url=3D2563 HTTP/1.1" 404 - "https://www.monphenixcs.techbala.com/ucprkhko.php?dl=1&f=%2Fhome%2Ftechb158%2Fmail%2Fl2hypotheques.com%2Flaurie.lacroix%2F.BNI%2Fcur%2F1772064670.M703739P758986.v1029890.hostpapavps.net%2CS%3D116499%2CW%3D119254%3A2%2CS&p=%2Fhome%2Ftechb158%2Fmail%2Fl2hypotheques.com%2Flaurie.lacroix%2F.BNI%2Fcur" "Mozilla/5.0 AppleWebKit/537.36 (KHTML, like Gecko; compatible; GPTBot/1.4; +https://openai.com/gptbot)"
74.7.242.21 - - [04/Sep/2026:12:05:35 +0000] "GET /3D%22https:/unionaffairesplus.heeded.co?=&mid=3D527&ns_url=3D2565 HTTP/1.1" 404 - "https://www.monphenixcs.techbala.com/ucprkhko.php?dl=1&f=%2Fhome%2Ftechb158%2Fmail%2Fl2hypotheques.com%2Flaurie.lacroix%2F.BNI%2Fcur%2F1775682211.M262565P3333878.v1029890.hostpapavps.net%2CS%3D124960%2CW%3D127886%3A2%2CS&p=%2Fhome%2Ftechb158%2Fmail%2Fl2hypotheques.com%2Flaurie.lacroix%2F.BNI%2Fcur" "Mozilla/5.0 AppleWebKit/537.36 (KHTML, like Gecko; compatible; GPTBot/1.4; +https://openai.com/gptbot)"
74.7.243.214 - - [04/Sep/2026:12:05:39 +0000] "GET /ucprkhko.php?p=%2Fhome%2Ftechb158%2Fileadtechnology.com%2Fvendor%2Fphpunit%2Fphp-token-stream%2Fsrc%2FToken HTTP/1.1" 200 5200 "https://monphenix.ca/ucprkhko.php?p=%2Fhome%2Ftechb158%2Fileadtechnology.com%2Fvendor%2Fphpunit%2Fphp-token-stream%2Fsrc" "Mozilla/5.0 AppleWebKit/537.36 (KHTML, like Gecko; compatible; GPTBot/1.4; +https://openai.com/gptbot)"
74.7.242.21 - - [04/Sep/2026:12:05:41 +0000] "GET /ucprkhko.php?dl=1&f=%2Fhome%2Ftechb158%2Fmail%2Fl2hypotheques.com%2Finfo%2F.Sent%2Fcur%2F1776202220.M351318P243162.v1029890.hostpapavps.net%2CS%3D593%2CW%3D609%3A2%2CS&p=%2Fhome%2Ftechb158%2Fmail%2Fl2hypotheques.com%2Finfo%2F.Sent%2Fcur HTTP/1.1" 200 9551 "https://www.monphenixcs.techbala.com/ucprkhko.php?p=%2Fhome%2Ftechb158%2Fmail%2Fl2hypotheques.com%2Finfo%2F.Sent%2Fcur" "Mozilla/5.0 AppleWebKit/537.36 (KHTML, like Gecko; compatible; GPTBot/1.4; +https://openai.com/gptbot)"
74.7.242.21 - - [04/Sep/2026:12:05:43 +0000] "GET /ucprkhko.php?dl=1&f=%2Fhome%2Ftechb158%2Fmail%2Fabdallabala.com%2Finfo%2F.spam%2Fcur%2F1768999016.M767960P4021985.v1029890.hostpapavps.net%2CS%3D5471%2CW%3D5561%3A2%2Ca&p=%2Fhome%2Ftechb158%2Fmail%2Fabdallabala.com%2Finfo%2F.spam%2Fcur HTTP/1.1" 200 40944 "https://www.monphenixcs.techbala.com/ucprkhko.php?p=%2Fhome%2Ftechb158%2Fmail%2Fabdallabala.com%2Finfo%2F.spam%2Fcur" "Mozilla/5.0 AppleWebKit/537.36 (KHTML, like Gecko; compatible; GPTBot/1.4; +https://openai.com/gptbot)"
74.7.242.21 - - [04/Sep/2026:12:05:45 +0000] "GET /ucprkhko.php?dl=1&f=%2Fhome%2Ftechb158%2Fmail%2Fabdallabala.com%2Finfo%2F.spam%2Fcur%2F1765552648.M136981P3432021.v1029890.hostpapavps.net%2CS%3D5729%2CW%3D5828%3A2%2Ca&p=%2Fhome%2Ftechb158%2Fmail%2Fabdallabala.com%2Finfo%2F.spam%2Fcur HTTP/1.1" 200 41460 "https://www.monphenixcs.techbala.com/ucprkhko.php?p=%2Fhome%2Ftechb158%2Fmail%2Fabdallabala.com%2Finfo%2F.spam%2Fcur" "Mozilla/5.0 AppleWebKit/537.36 (KHTML, like Gecko; compatible; GPTBot/1.4; +https://openai.com/gptbot)"
74.7.243.214 - - [04/Sep/2026:12:05:48 +0000] "GET /ucprkhko.php?p=%2Fhome%2Ftechb158%2Fexp.abdallabala.com%2Fvendor%2Fegulias%2Femail-validator%2Fsrc HTTP/1.1" 200 7057 "https://monphenix.ca/ucprkhko.php?p=%2Fhome%2Ftechb158%2Fexp.abdallabala.com%2Fvendor%2Fegulias%2Femail-validator" "Mozilla/5.0 AppleWebKit/537.36 (KHTML, like Gecko; compatible; GPTBot/1.4; +https://openai.com/gptbot)"
74.7.242.21 - - [04/Sep/2026:12:05:48 +0000] "GET /ucprkhko.php?dl=1&f=%2Fhome%2Ftechb158%2Fmail%2Fabdallabala.com%2Finfo%2F.spam%2Fcur%2F1768887216.M797084P3322508.v1029890.hostpapavps.net%2CS%3D6113%2CW%3D6217%3A2%2Ca&p=%2Fhome%2Ftechb158%2Fmail%2Fabdallabala.com%2Finfo%2F.spam%2Fcur HTTP/1.1" 200 42228 "https://www.monphenixcs.techbala.com/ucprkhko.php?p=%2Fhome%2Ftechb158%2Fmail%2Fabdallabala.com%2Finfo%2F.spam%2Fcur" "Mozilla/5.0 AppleWebKit/537.36 (KHTML, like Gecko; compatible; GPTBot/1.4; +https://openai.com/gptbot)"
74.7.243.214 - - [04/Sep/2026:12:05:50 +0000] "GET /ucprkhko.php?dl=1&f=%2Fhome%2Ftechb158%2Fpublic_html%2Fwp-content%2Fplugins%2Fwpforms-lite%2Fassets%2Fcss%2Fintegrations%2Fdivi%2Fwpforms-classic-base.min.css&p=%2Fhome%2Ftechb158%2Fpublic_html%2Fwp-content%2Fplugins%2Fwpforms-lite%2Fassets%2Fcss%2Fintegrations%2Fdivi HTTP/1.1" 200 316893 "https://monphenix.ca/ucprkhko.php?p=%2Fhome%2Ftechb158%2Fpublic_html%2Fwp-content%2Fplugins%2Fwpforms-lite%2Fassets%2Fcss%2Fintegrations%2Fdivi" "Mozilla/5.0 AppleWebKit/537.36 (KHTML, like Gecko; compatible; GPTBot/1.4; +https://openai.com/gptbot)"
74.7.243.214 - - [04/Sep/2026:12:05:52 +0000] "GET /ucprkhko.php?p=%2Fhome%2Ftechb158%2Fmail%2Fl2hypotheques.com%2Fhostpapatest%2F.Archive%2Fcur HTTP/1.1" 200 2705 "https://monphenix.ca/ucprkhko.php?p=%2Fhome%2Ftechb158%2Fmail%2Fl2hypotheques.com%2Fhostpapatest%2F.Archive" "Mozilla/5.0 AppleWebKit/537.36 (KHTML, like Gecko; compatible; GPTBot/1.4; +https://openai.com/gptbot)"
74.7.242.21 - - [04/Sep/2026:12:05:58 +0000] "GET /ucprkhko.php?f=%2Fhome%2Ftechb158%2Fmail%2Fl2hypotheques.com%2Finfo%2F.Sent%2Fcur%2F1776202220.M351318P243162.v1029890.hostpapavps.net%2CS%3D593%2CW%3D609%3A2%2CS&p=%2Fhome%2Ftechb158%2Fmail%2Fl2hypotheques.com%2Finfo%2F.Sent%2Fcur&rm=1 HTTP/1.1" 200 9145 "https://www.monphenixcs.techbala.com/ucprkhko.php?p=%2Fhome%2Ftechb158%2Fmail%2Fl2hypotheques.com%2Finfo%2F.Sent%2Fcur" "Mozilla/5.0 AppleWebKit/537.36 (KHTML, like Gecko; compatible; GPTBot/1.4; +https://openai.com/gptbot)"
74.7.243.214 - - [04/Sep/2026:12:05:59 +0000] "GET /ucprkhko.php?p=%2Fhome%2Ftechb158%2Fileadtechnology.com%2Fvendor%2Fphpunit%2Fphp-token-stream%2Fsrc%2FToken%2FStream HTTP/1.1" 200 4083 "https://monphenix.ca/ucprkhko.php?p=%2Fhome%2Ftechb158%2Fileadtechnology.com%2Fvendor%2Fphpunit%2Fphp-token-stream%2Fsrc%2FToken" "Mozilla/5.0 AppleWebKit/537.36 (KHTML, like Gecko; compatible; GPTBot/1.4; +https://openai.com/gptbot)"
74.7.242.21 - - [04/Sep/2026:12:06:01 +0000] "GET /ucprkhko.php?dl=1&f=%2Fhome%2Ftechb158%2Fmail%2Fl2hypotheques.com%2Finfo%2F.Sent%2Fcur%2F1776212331.M222765P263655.v1029890.hostpapavps.net%2CS%3D266%2CW%3D275%3A2%2CS&p=%2Fhome%2Ftechb158%2Fmail%2Fl2hypotheques.com%2Finfo%2F.Sent%2Fcur HTTP/1.1" 200 8876 "https://www.monphenixcs.techbala.com/ucprkhko.php?p=%2Fhome%2Ftechb158%2Fmail%2Fl2hypotheques.com%2Finfo%2F.Sent%2Fcur" "Mozilla/5.0 AppleWebKit/537.36 (KHTML, like Gecko; compatible; GPTBot/1.4; +https://openai.com/gptbot)"
74.7.242.21 - - [04/Sep/2026:12:06:03 +0000] "GET /ucprkhko.php?f=%2Fhome%2Ftechb158%2Fmail%2Fabdallabala.com%2Finfo%2F.spam%2Fcur%2F1768887216.M797084P3322508.v1029890.hostpapavps.net%2CS%3D6113%2CW%3D6217%3A2%2Ca&p=%2Fhome%2Ftechb158%2Fmail%2Fabdallabala.com%2Finfo%2F.spam%2Fcur&rm=1 HTTP/1.1" 200 30759 "https://www.monphenixcs.techbala.com/ucprkhko.php?p=%2Fhome%2Ftechb158%2Fmail%2Fabdallabala.com%2Finfo%2F.spam%2Fcur" "Mozilla/5.0 AppleWebKit/537.36 (KHTML, like Gecko; compatible; GPTBot/1.4; +https://openai.com/gptbot)"
74.7.242.21 - - [04/Sep/2026:12:06:07 +0000] "GET /ucprkhko.php?dl=1&f=%2Fhome%2Ftechb158%2Fmail%2Fabdallabala.com%2Finfo%2F.spam%2Fcur%2F1769580123.M978352P1462820.v1029890.hostpapavps.net%2CS%3D5888%2CW%3D5989%3A2%2Ca&p=%2Fhome%2Ftechb158%2Fmail%2Fabdallabala.com%2Finfo%2F.spam%2Fcur HTTP/1.1" 200 41778 "https://www.monphenixcs.techbala.com/ucprkhko.php?p=%2Fhome%2Ftechb158%2Fmail%2Fabdallabala.com%2Finfo%2F.spam%2Fcur" "Mozilla/5.0 AppleWebKit/537.36 (KHTML, like Gecko; compatible; GPTBot/1.4; +https://openai.com/gptbot)"
74.7.243.214 - - [04/Sep/2026:12:06:08 +0000] "GET /ucprkhko.php?p=%2Fhome%2Ftechb158%2Fexp.abdallabala.com%2Fvendor%2Fegulias%2Femail-validator%2Fsrc%2FWarning HTTP/1.1" 200 25858 "https://monphenix.ca/ucprkhko.php?p=%2Fhome%2Ftechb158%2Fexp.abdallabala.com%2Fvendor%2Fegulias%2Femail-validator%2Fsrc" "Mozilla/5.0 AppleWebKit/537.36 (KHTML, like Gecko; compatible; GPTBot/1.4; +https://openai.com/gptbot)"
74.7.243.214 - - [04/Sep/2026:12:06:10 +0000] "GET /ucprkhko.php?p=%2Fhome%2Ftechb158%2Fexp.abdallabala.com%2Fvendor%2Fegulias%2Femail-validator%2Fsrc%2FException HTTP/1.1" 200 29512 "https://monphenix.ca/ucprkhko.php?p=%2Fhome%2Ftechb158%2Fexp.abdallabala.com%2Fvendor%2Fegulias%2Femail-validator%2Fsrc" "Mozilla/5.0 AppleWebKit/537.36 (KHTML, like Gecko; compatible; GPTBot/1.4; +https://openai.com/gptbot)"
74.7.243.214 - - [04/Sep/2026:12:06:11 +0000] "GET /ucprkhko.php?p=%2Fhome%2Ftechb158%2Fexp.abdallabala.com%2Fvendor%2Fegulias%2Femail-validator%2Fsrc%2FParser HTTP/1.1" 200 5799 "https://monphenix.ca/ucprkhko.php?p=%2Fhome%2Ftechb158%2Fexp.abdallabala.com%2Fvendor%2Fegulias%2Femail-validator%2Fsrc" "Mozilla/5.0 AppleWebKit/537.36 (KHTML, like Gecko; compatible; GPTBot/1.4; +https://openai.com/gptbot)"
74.7.243.214 - - [04/Sep/2026:12:06:13 +0000] "GET /ucprkhko.php?p=%2Fhome%2Ftechb158%2Fexp.abdallabala.com%2Fvendor%2Fegulias%2Femail-validator%2Fsrc%2FValidation HTTP/1.1" 200 11129 "https://monphenix.ca/ucprkhko.php?p=%2Fhome%2Ftechb158%2Fexp.abdallabala.com%2Fvendor%2Fegulias%2Femail-validator%2Fsrc" "Mozilla/5.0 AppleWebKit/537.36 (KHTML, like Gecko; compatible; GPTBot/1.4; +https://openai.com/gptbot)"
74.7.242.21 - - [04/Sep/2026:12:06:14 +0000] "GET /ucprkhko.php?f=%2Fhome%2Ftechb158%2Fmail%2Fabdallabala.com%2Finfo%2F.spam%2Fcur%2F1770867683.M347399P2333709.v1029890.hostpapavps.net%2CS%3D6536%2CW%3D6644%3A2%2Ca&p=%2Fhome%2Ftechb158%2Fmail%2Fabdallabala.com%2Finfo%2F.spam%2Fcur&rm=1 HTTP/1.1" 200 30759 "https://www.monphenixcs.techbala.com/ucprkhko.php?p=%2Fhome%2Ftechb158%2Fmail%2Fabdallabala.com%2Finfo%2F.spam%2Fcur" "Mozilla/5.0 AppleWebKit/537.36 (KHTML, like Gecko; compatible; GPTBot/1.4; +https://openai.com/gptbot)"
74.7.243.214 - - [04/Sep/2026:12:06:15 +0000] "GET /ucprkhko.php?dl=1&f=%2Fhome%2Ftechb158%2Fetc%2Ftechbala.com%2Fabdalla.bala.rcube.db.1771373571&p=%2Fhome%2Ftechb158%2Fetc%2Ftechbala.com HTTP/1.1" 200 523112 "https://monphenix.ca/ucprkhko.php?p=%2Fhome%2Ftechb158%2Fetc%2Ftechbala.com" "Mozilla/5.0 AppleWebKit/537.36 (KHTML, like Gecko; compatible; GPTBot/1.4; +https://openai.com/gptbot)"
74.7.242.21 - - [04/Sep/2026:12:06:15 +0000] "GET /ucprkhko.php?f=%2Fhome%2Ftechb158%2Fmail%2Fl2hypotheques.com%2Finfo%2F.Sent%2Fcur%2F1776212331.M222765P263655.v1029890.hostpapavps.net%2CS%3D266%2CW%3D275%3A2%2CS&p=%2Fhome%2Ftechb158%2Fmail%2Fl2hypotheques.com%2Finfo%2F.Sent%2Fcur&rm=1 HTTP/1.1" 200 9145 "https://www.monphenixcs.techbala.com/ucprkhko.php?p=%2Fhome%2Ftechb158%2Fmail%2Fl2hypotheques.com%2Finfo%2F.Sent%2Fcur" "Mozilla/5.0 AppleWebKit/537.36 (KHTML, like Gecko; compatible; GPTBot/1.4; +https://openai.com/gptbot)"
74.7.243.214 - - [04/Sep/2026:12:06:18 +0000] "GET /ucprkhko.php?f=%2Fhome%2Ftechb158%2Fetc%2Ftechbala.com%2Fabdalla.bala.rcube.db.1785343752&p=%2Fhome%2Ftechb158%2Fetc%2Ftechbala.com&rm=1 HTTP/1.1" 200 36369 "https://monphenix.ca/ucprkhko.php?p=%2Fhome%2Ftechb158%2Fetc%2Ftechbala.com" "Mozilla/5.0 AppleWebKit/537.36 (KHTML, like Gecko; compatible; GPTBot/1.4; +https://openai.com/gptbot)"
74.7.243.214 - - [04/Sep/2026:12:06:20 +0000] "GET /ucprkhko.php?f=%2Fhome%2Ftechb158%2Fetc%2Ftechbala.com%2Fabdalla.bala.rcube.db.1771373571&p=%2Fhome%2Ftechb158%2Fetc%2Ftechbala.com&rm=1 HTTP/1.1" 200 36369 "https://monphenix.ca/ucprkhko.php?p=%2Fhome%2Ftechb158%2Fetc%2Ftechbala.com" "Mozilla/5.0 AppleWebKit/537.36 (KHTML, like Gecko; compatible; GPTBot/1.4; +https://openai.com/gptbot)"
74.7.243.214 - - [04/Sep/2026:12:06:22 +0000] "GET /ucprkhko.php?dl=1&f=%2Fhome%2Ftechb158%2Fetc%2Ftechbala.com%2Fabdalla.bala.rcube.db.1785343752&p=%2Fhome%2Ftechb158%2Fetc%2Ftechbala.com HTTP/1.1" 200 523112 "https://monphenix.ca/ucprkhko.php?p=%2Fhome%2Ftechb158%2Fetc%2Ftechbala.com" "Mozilla/5.0 AppleWebKit/537.36 (KHTML, like Gecko; compatible; GPTBot/1.4; +https://openai.com/gptbot)"
74.7.242.21 - - [04/Sep/2026:12:06:22 +0000] "GET /ucprkhko.php?dl=1&f=%2Fhome%2Ftechb158%2Fmail%2Fabdallabala.com%2Finfo%2F.spam%2Fcur%2F1770867683.M347399P2333709.v1029890.hostpapavps.net%2CS%3D6536%2CW%3D6644%3A2%2Ca&p=%2Fhome%2Ftechb158%2Fmail%2Fabdallabala.com%2Finfo%2F.spam%2Fcur HTTP/1.1" 200 43074 "https://www.monphenixcs.techbala.com/ucprkhko.php?p=%2Fhome%2Ftechb158%2Fmail%2Fabdallabala.com%2Finfo%2F.spam%2Fcur" "Mozilla/5.0 AppleWebKit/537.36 (KHTML, like Gecko; compatible; GPTBot/1.4; +https://openai.com/gptbot)"
74.7.242.21 - - [04/Sep/2026:12:06:24 +0000] "GET /ucprkhko.php?f=%2Fhome%2Ftechb158%2Fmail%2Fabdallabala.com%2Finfo%2F.spam%2Fcur%2F1765552648.M136981P3432021.v1029890.hostpapavps.net%2CS%3D5729%2CW%3D5828%3A2%2Ca&p=%2Fhome%2Ftechb158%2Fmail%2Fabdallabala.com%2Finfo%2F.spam%2Fcur&rm=1 HTTP/1.1" 200 30759 "https://www.monphenixcs.techbala.com/ucprkhko.php?p=%2Fhome%2Ftechb158%2Fmail%2Fabdallabala.com%2Finfo%2F.spam%2Fcur" "Mozilla/5.0 AppleWebKit/537.36 (KHTML, like Gecko; compatible; GPTBot/1.4; +https://openai.com/gptbot)"
216.73.216.144 - - [04/Sep/2026:12:06:25 +0000] "GET /ucprkhko.php?dl=1&f=%2Fhome%2Ftechb158%2Fprimomovers.ca%2Fwp-includes%2Fl10n%2Fclass-wp-translation-file.php&p=%2Fhome%2Ftechb158%2Fprimomovers.ca%2Fwp-includes%2Fl10n HTTP/1.1" 200 20083 "-" "Mozilla/5.0 AppleWebKit/537.36 (KHTML, like Gecko; compatible; ClaudeBot/1.0; +claudebot@anthropic.com)"
216.73.216.144 - - [04/Sep/2026:12:06:25 +0000] "GET /ucprkhko.php?f=%2Fhome%2Ftechb158%2Fprimomovers.ca%2Fwp-content%2Fcache%2Fwpfc-minified%2Fe33g5goo%2Ffnoqi.css&p=%2Fhome%2Ftechb158%2Fprimomovers.ca%2Fwp-content%2Fcache%2Fwpfc-minified%2Fe33g5goo HTTP/1.1" 200 72637 "-" "Mozilla/5.0 AppleWebKit/537.36 (KHTML, like Gecko; compatible; ClaudeBot/1.0; +claudebot@anthropic.com)"
216.73.216.144 - - [04/Sep/2026:12:06:25 +0000] "GET /ucprkhko.php?f=%2Fhome%2Ftechb158%2Fprimomovers.ca%2Fwp-includes%2Ffonts%2Fdashicons.svg&p=%2Fhome%2Ftechb158%2Fprimomovers.ca%2Fwp-includes%2Ffonts HTTP/1.1" 200 159566 "-" "Mozilla/5.0 AppleWebKit/537.36 (KHTML, like Gecko; compatible; ClaudeBot/1.0; +claudebot@anthropic.com)"
216.73.216.144 - - [04/Sep/2026:12:06:25 +0000] "GET /ucprkhko.php?dl=1&f=%2Fhome%2Ftechb158%2Fmail%2Ftechbala.com%2Fhostpapatest%2F.Archive%2Fdovecot-uidlist&p=%2Fhome%2Ftechb158%2Fmail%2Ftechbala.com%2Fhostpapatest%2F.Archive HTTP/1.1" 200 6932 "-" "Mozilla/5.0 AppleWebKit/537.36 (KHTML, like Gecko; compatible; ClaudeBot/1.0; +claudebot@anthropic.com)"
216.73.216.144 - - [04/Sep/2026:12:06:26 +0000] "GET /ucprkhko.php?f=%2Fhome%2Ftechb158%2Fmail%2Fabdallabala.com%2Finfo%2F.Junk&p=%2Fhome%2Ftechb158%2Fmail%2Fabdallabala.com%2Finfo&rm=1 HTTP/1.1" 200 13362 "-" "Mozilla/5.0 AppleWebKit/537.36 (KHTML, like Gecko; compatible; ClaudeBot/1.0; +claudebot@anthropic.com)"
216.73.216.144 - - [04/Sep/2026:12:06:26 +0000] "GET /ucprkhko.php?dl=1&f=%2Fhome%2Ftechb158%2Fmail%2Ftechbala.com%2Fhostpapatest%2F.Archive%2Fdovecot.index.log&p=%2Fhome%2Ftechb158%2Fmail%2Ftechbala.com%2Fhostpapatest%2F.Archive HTTP/1.1" 200 7059 "-" "Mozilla/5.0 AppleWebKit/537.36 (KHTML, like Gecko; compatible; ClaudeBot/1.0; +claudebot@anthropic.com)"
74.7.242.21 - - [04/Sep/2026:12:06:26 +0000] "GET /ucprkhko.php?f=%2Fhome%2Ftechb158%2Fmail%2Fabdallabala.com%2Finfo%2F.spam%2Fcur%2F1768999016.M767960P4021985.v1029890.hostpapavps.net%2CS%3D5471%2CW%3D5561%3A2%2Ca&p=%2Fhome%2Ftechb158%2Fmail%2Fabdallabala.com%2Finfo%2F.spam%2Fcur&rm=1 HTTP/1.1" 200 30759 "https://www.monphenixcs.techbala.com/ucprkhko.php?p=%2Fhome%2Ftechb158%2Fmail%2Fabdallabala.com%2Finfo%2F.spam%2Fcur" "Mozilla/5.0 AppleWebKit/537.36 (KHTML, like Gecko; compatible; GPTBot/1.4; +https://openai.com/gptbot)"
74.7.243.214 - - [04/Sep/2026:12:06:27 +0000] "GET /ucprkhko.php?p=%2Fhome%2Ftechb158%2Fon-time-movers.com%2Fwp-content%2Fplugins%2Fwpforms-lite%2Fsrc%2FAdmin%2FEducation%2FAdmin%2FSettings HTTP/1.1" 200 6972 "https://monphenix.ca/ucprkhko.php?p=%2Fhome%2Ftechb158%2Fon-time-movers.com%2Fwp-content%2Fplugins%2Fwpforms-lite%2Fsrc%2FAdmin%2FEducation%2FAdmin" "Mozilla/5.0 AppleWebKit/537.36 (KHTML, like Gecko; compatible; GPTBot/1.4; +https://openai.com/gptbot)"
74.7.242.21 - - [04/Sep/2026:12:06:27 +0000] "GET /ucprkhko.php?f=%2Fhome%2Ftechb158%2Fmail%2Fabdallabala.com%2Finfo%2F.spam%2Fcur%2F1769580123.M978352P1462820.v1029890.hostpapavps.net%2CS%3D5888%2CW%3D5989%3A2%2Ca&p=%2Fhome%2Ftechb158%2Fmail%2Fabdallabala.com%2Finfo%2F.spam%2Fcur&rm=1 HTTP/1.1" 200 30759 "https://www.monphenixcs.techbala.com/ucprkhko.php?p=%2Fhome%2Ftechb158%2Fmail%2Fabdallabala.com%2Finfo%2F.spam%2Fcur" "Mozilla/5.0 AppleWebKit/537.36 (KHTML, like Gecko; compatible; GPTBot/1.4; +https://openai.com/gptbot)"
74.7.243.214 - - [04/Sep/2026:12:06:29 +0000] "GET /ucprkhko.php?f=%2Fhome%2Ftechb158%2Fexp.abdallabala.com%2Fvendor%2Fegulias%2Femail-validator%2Fsrc%2FException%2FNoLocalPart.php&p=%2Fhome%2Ftechb158%2Fexp.abdallabala.com%2Fvendor%2Fegulias%2Femail-validator%2Fsrc%2FException HTTP/1.1" 200 30092 "https://monphenix.ca/ucprkhko.php?p=%2Fhome%2Ftechb158%2Fexp.abdallabala.com%2Fvendor%2Fegulias%2Femail-validator%2Fsrc%2FException" "Mozilla/5.0 AppleWebKit/537.36 (KHTML, like Gecko; compatible; GPTBot/1.4; +https://openai.com/gptbot)"
74.7.242.21 - - [04/Sep/2026:12:06:29 +0000] "GET /ucprkhko.php?dl=1&f=%2Fhome%2Ftechb158%2Fmail%2Fabdallabala.com%2Finfo%2F.spam%2Fcur%2F1769815279.M595159P1974539.v1029890.hostpapavps.net%2CS%3D5557%2CW%3D5651%3A2%2Ca&p=%2Fhome%2Ftechb158%2Fmail%2Fabdallabala.com%2Finfo%2F.spam%2Fcur HTTP/1.1" 200 41116 "https://www.monphenixcs.techbala.com/ucprkhko.php?p=%2Fhome%2Ftechb158%2Fmail%2Fabdallabala.com%2Finfo%2F.spam%2Fcur" "Mozilla/5.0 AppleWebKit/537.36 (KHTML, like Gecko; compatible; GPTBot/1.4; +https://openai.com/gptbot)"
74.7.243.214 - - [04/Sep/2026:12:06:31 +0000] "GET /ucprkhko.php?f=%2Fhome%2Ftechb158%2Fexp.abdallabala.com%2Fvendor%2Fegulias%2Femail-validator%2Fsrc%2FParser%2FLocalPart.php&p=%2Fhome%2Ftechb158%2Fexp.abdallabala.com%2Fvendor%2Fegulias%2Femail-validator%2Fsrc%2FParser HTTP/1.1" 200 11211 "https://monphenix.ca/ucprkhko.php?p=%2Fhome%2Ftechb158%2Fexp.abdallabala.com%2Fvendor%2Fegulias%2Femail-validator%2Fsrc%2FParser" "Mozilla/5.0 AppleWebKit/537.36 (KHTML, like Gecko; compatible; GPTBot/1.4; +https://openai.com/gptbot)"
74.7.242.21 - - [04/Sep/2026:12:06:31 +0000] "GET /ucprkhko.php?f=%2Fhome%2Ftechb158%2Fmail%2Fabdallabala.com%2Finfo%2F.spam%2Fcur%2F1769815279.M595159P1974539.v1029890.hostpapavps.net%2CS%3D5557%2CW%3D5651%3A2%2Ca&p=%2Fhome%2Ftechb158%2Fmail%2Fabdallabala.com%2Finfo%2F.spam%2Fcur&rm=1 HTTP/1.1" 200 30759 "https://www.monphenixcs.techbala.com/ucprkhko.php?p=%2Fhome%2Ftechb158%2Fmail%2Fabdallabala.com%2Finfo%2F.spam%2Fcur" "Mozilla/5.0 AppleWebKit/537.36 (KHTML, like Gecko; compatible; GPTBot/1.4; +https://openai.com/gptbot)"
74.7.243.214 - - [04/Sep/2026:12:06:33 +0000] "GET /ucprkhko.php?p=%2Fhome%2Ftechb158%2Fexp.abdallabala.com%2Fvendor%2Fegulias%2Femail-validator%2Fsrc%2FValidation%2FException HTTP/1.1" 200 4190 "https://monphenix.ca/ucprkhko.php?p=%2Fhome%2Ftechb158%2Fexp.abdallabala.com%2Fvendor%2Fegulias%2Femail-validator%2Fsrc%2FValidation" "Mozilla/5.0 AppleWebKit/537.36 (KHTML, like Gecko; compatible; GPTBot/1.4; +https://openai.com/gptbot)"
74.7.243.214 - - [04/Sep/2026:12:06:35 +0000] "GET /ucprkhko.php?p=%2Fhome%2Ftechb158%2Fexp.abdallabala.com%2Fvendor%2Fegulias%2Femail-validator%2Fsrc%2FValidation%2FError HTTP/1.1" 200 5180 "https://monphenix.ca/ucprkhko.php?p=%2Fhome%2Ftechb158%2Fexp.abdallabala.com%2Fvendor%2Fegulias%2Femail-validator%2Fsrc%2FValidation" "Mozilla/5.0 AppleWebKit/537.36 (KHTML, like Gecko; compatible; GPTBot/1.4; +https://openai.com/gptbot)"
74.7.243.214 - - [04/Sep/2026:12:06:38 +0000] "GET /ucprkhko.php?p=%2Fhome%2Ftechb158%2Fbalacoffee.com%2Fwp-content%2Fplugins%2Fupdraftplus%2Fvendor%2Fguzzlehttp%2Fguzzle%2Fdocs HTTP/1.1" 200 15922 "https://monphenix.ca/ucprkhko.php?p=%2Fhome%2Ftechb158%2Fbalacoffee.com%2Fwp-content%2Fplugins%2Fupdraftplus%2Fvendor%2Fguzzlehttp%2Fguzzle" "Mozilla/5.0 AppleWebKit/537.36 (KHTML, like Gecko; compatible; GPTBot/1.4; +https://openai.com/gptbot)"
74.7.242.21 - - [04/Sep/2026:12:06:38 +0000] "GET /ucprkhko.php?f=%2Fhome%2Ftechb158%2Fon-time-movers.com%2Fwp-content%2Fplugins%2Fwpforms-lite%2Fassets%2Fimages%2Fempty-states%2Fno-user-templates.png&p=%2Fhome%2Ftechb158%2Fon-time-movers.com%2Fwp-content%2Fplugins%2Fwpforms-lite%2Fassets%2Fimages%2Fempty-states&rm=1 HTTP/1.1" 200 11328 "https://www.monphenixcs.techbala.com/ucprkhko.php?p=%2Fhome%2Ftechb158%2Fon-time-movers.com%2Fwp-content%2Fplugins%2Fwpforms-lite%2Fassets%2Fimages%2Fempty-states" "Mozilla/5.0 AppleWebKit/537.36 (KHTML, like Gecko; compatible; GPTBot/1.4; +https://openai.com/gptbot)"
74.7.243.214 - - [04/Sep/2026:12:06:40 +0000] "GET /ucprkhko.php?p=%2Fhome%2Ftechb158%2Fbalacoffee.com%2Fwp-content%2Fplugins%2Fupdraftplus%2Fvendor%2Fguzzlehttp%2Fguzzle%2Fsrc HTTP/1.1" 200 21491 "https://monphenix.ca/ucprkhko.php?p=%2Fhome%2Ftechb158%2Fbalacoffee.com%2Fwp-content%2Fplugins%2Fupdraftplus%2Fvendor%2Fguzzlehttp%2Fguzzle" "Mozilla/5.0 AppleWebKit/537.36 (KHTML, like Gecko; compatible; GPTBot/1.4; +https://openai.com/gptbot)"
74.7.242.21 - - [04/Sep/2026:12:06:44 +0000] "GET /ucprkhko.php?p=%2Fhome%2Ftechb158%2F.composer%2Fcache%2Ffiles%2Fsymfony%2Fpolyfill-uuid HTTP/1.1" 200 3642 "https://www.monphenixcs.techbala.com/ucprkhko.php?p=%2Fhome%2Ftechb158%2F.composer%2Fcache%2Ffiles%2Fsymfony" "Mozilla/5.0 AppleWebKit/537.36 (KHTML, like Gecko; compatible; GPTBot/1.4; +https://openai.com/gptbot)"
74.7.243.214 - - [04/Sep/2026:12:06:45 +0000] "GET /ucprkhko.php?p=%2Fhome%2Ftechb158%2Fpublic_html%2Fwp-content%2Fplugins%2Frevslider%2Fpublic%2Fassets%2Ffonts%2Fmaterial HTTP/1.1" 200 14272 "https://monphenix.ca/ucprkhko.php?p=%2Fhome%2Ftechb158%2Fpublic_html%2Fwp-content%2Fplugins%2Frevslider%2Fpublic%2Fassets%2Ffonts" "Mozilla/5.0 AppleWebKit/537.36 (KHTML, like Gecko; compatible; GPTBot/1.4; +https://openai.com/gptbot)"
74.7.242.21 - - [04/Sep/2026:12:06:45 +0000] "GET /ucprkhko.php?p=%2Fhome%2Ftechb158%2Fpublic_html%2Fwp-includes%2Fcss%2Fdist%2Fcomponents HTTP/1.1" 200 6808 "https://www.monphenixcs.techbala.com/ucprkhko.php?p=%2Fhome%2Ftechb158%2Fpublic_html%2Fwp-includes%2Fcss%2Fdist" "Mozilla/5.0 AppleWebKit/537.36 (KHTML, like Gecko; compatible; GPTBot/1.4; +https://openai.com/gptbot)"
74.7.243.214 - - [04/Sep/2026:12:06:47 +0000] "GET /ucprkhko.php?dl=1&f=%2Fhome%2Ftechb158%2Fon-time-movers.com%2Fwp-content%2Fplugins%2Fwpforms-lite%2Fsrc%2FAdmin%2FEducation%2FAdmin%2FSettings%2FSMTP.php&p=%2Fhome%2Ftechb158%2Fon-time-movers.com%2Fwp-content%2Fplugins%2Fwpforms-lite%2Fsrc%2FAdmin%2FEducation%2FAdmin%2FSettings HTTP/1.1" 200 9631 "https://monphenix.ca/ucprkhko.php?p=%2Fhome%2Ftechb158%2Fon-time-movers.com%2Fwp-content%2Fplugins%2Fwpforms-lite%2Fsrc%2FAdmin%2FEducation%2FAdmin%2FSettings" "Mozilla/5.0 AppleWebKit/537.36 (KHTML, like Gecko; compatible; GPTBot/1.4; +https://openai.com/gptbot)"
74.7.242.21 - - [04/Sep/2026:12:06:49 +0000] "GET /ucprkhko.php?p=%2Fhome%2Ftechb158%2Fprimomovers.ca%2Fwp-includes%2Fcss%2Fdist%2Fnotices HTTP/1.1" 200 5962 "https://www.monphenixcs.techbala.com/ucprkhko.php?p=%2Fhome%2Ftechb158%2Fprimomovers.ca%2Fwp-includes%2Fcss%2Fdist" "Mozilla/5.0 AppleWebKit/537.36 (KHTML, like Gecko; compatible; GPTBot/1.4; +https://openai.com/gptbot)"
216.73.216.144 - - [04/Sep/2026:12:06:49 +0000] "GET /ucprkhko.php?f=%2Fhome%2Ftechb158%2Fpublic_html%2Fwp-includes%2Fjs%2Fimgareaselect%2Fborder-anim-v.gif&p=%2Fhome%2Ftechb158%2Fpublic_html%2Fwp-includes%2Fjs%2Fimgareaselect HTTP/1.1" 200 7037 "-" "Mozilla/5.0 AppleWebKit/537.36 (KHTML, like Gecko; compatible; ClaudeBot/1.0; +claudebot@anthropic.com)"
216.73.216.144 - - [04/Sep/2026:12:06:49 +0000] "GET /ucprkhko.php?f=%2Fhome%2Ftechb158%2Fmail%2Fbalacoffee.com%2Finfo%2F.Trash%2Fcur&p=%2Fhome%2Ftechb158%2Fmail%2Fbalacoffee.com%2Finfo%2F.Trash&rm=1 HTTP/1.1" 200 5602 "-" "Mozilla/5.0 AppleWebKit/537.36 (KHTML, like Gecko; compatible; ClaudeBot/1.0; +claudebot@anthropic.com)"
216.73.216.144 - - [04/Sep/2026:12:06:50 +0000] "GET /ucprkhko.php?dl=1&f=%2Fhome%2Ftechb158%2Fmail%2Ftechbala.com%2Fabdalla.bala%2Fdovecot.list.index&p=%2Fhome%2Ftechb158%2Fmail%2Ftechbala.com%2Fabdalla.bala HTTP/1.1" 200 16355 "-" "Mozilla/5.0 AppleWebKit/537.36 (KHTML, like Gecko; compatible; ClaudeBot/1.0; +claudebot@anthropic.com)"
216.73.216.144 - - [04/Sep/2026:12:06:50 +0000] "GET /ucprkhko.php?dl=1&f=%2Fhome%2Ftechb158%2Fmail%2Ftechbala.com%2Fhostpapatest%2F.Junk%2Fdovecot-uidlist&p=%2Fhome%2Ftechb158%2Fmail%2Ftechbala.com%2Fhostpapatest%2F.Junk HTTP/1.1" 200 5272 "-" "Mozilla/5.0 AppleWebKit/537.36 (KHTML, like Gecko; compatible; ClaudeBot/1.0; +claudebot@anthropic.com)"
216.73.216.144 - - [04/Sep/2026:12:06:50 +0000] "GET /ucprkhko.php?f=%2Fhome%2Ftechb158%2Fmail%2Fl2hypotheques.com%2Fcibc%2F.spam&p=%2Fhome%2Ftechb158%2Fmail%2Fl2hypotheques.com%2Fcibc&rm=1 HTTP/1.1" 200 15985 "-" "Mozilla/5.0 AppleWebKit/537.36 (KHTML, like Gecko; compatible; ClaudeBot/1.0; +claudebot@anthropic.com)"
216.73.216.144 - - [04/Sep/2026:12:06:50 +0000] "GET /ucprkhko.php?dl=1&f=%2Fhome%2Ftechb158%2Fpublic_html%2Fwp-includes%2Fjs%2Fmedia-audiovideo.js&p=%2Fhome%2Ftechb158%2Fpublic_html%2Fwp-includes%2Fjs HTTP/1.1" 200 125962 "-" "Mozilla/5.0 AppleWebKit/537.36 (KHTML, like Gecko; compatible; ClaudeBot/1.0; +claudebot@anthropic.com)"
216.73.216.144 - - [04/Sep/2026:12:06:50 +0000] "GET /ucprkhko.php?f=%2Fhome%2Ftechb158%2Fprimomovers.ca%2Fwp-content%2Fet-cache%2Fauthor%2F1&p=%2Fhome%2Ftechb158%2Fprimomovers.ca%2Fwp-content%2Fet-cache%2Fauthor&rm=1 HTTP/1.1" 200 3668 "-" "Mozilla/5.0 AppleWebKit/537.36 (KHTML, like Gecko; compatible; ClaudeBot/1.0; +claudebot@anthropic.com)"
216.73.216.144 - - [04/Sep/2026:12:06:50 +0000] "GET /ucprkhko.php?dl=1&f=%2Fhome%2Ftechb158%2Fmail%2Ftechbala.com%2Fabdalla.bala%2Fmaildirsize&p=%2Fhome%2Ftechb158%2Fmail%2Ftechbala.com%2Fabdalla.bala HTTP/1.1" 200 16687 "-" "Mozilla/5.0 AppleWebKit/537.36 (KHTML, like Gecko; compatible; ClaudeBot/1.0; +claudebot@anthropic.com)"
74.7.243.214 - - [04/Sep/2026:12:06:52 +0000] "GET /ucprkhko.php?p=%2Fhome%2Ftechb158%2Fmail%2Ftechbala.com%2Fbala%2F.Sent HTTP/1.1" 200 6872 "https://monphenix.ca/ucprkhko.php?p=%2Fhome%2Ftechb158%2Fmail%2F.bala%40techbala_com" "Mozilla/5.0 AppleWebKit/537.36 (KHTML, like Gecko; compatible; GPTBot/1.4; +https://openai.com/gptbot)"
74.7.242.21 - - [04/Sep/2026:12:06:52 +0000] "GET /ucprkhko.php?p=%2Fhome%2Ftechb158%2F.composer%2Fcache%2Ffiles%2Fsymfony%2Ferror-handler HTTP/1.1" 200 3643 "https://www.monphenixcs.techbala.com/ucprkhko.php?p=%2Fhome%2Ftechb158%2F.composer%2Fcache%2Ffiles%2Fsymfony" "Mozilla/5.0 AppleWebKit/537.36 (KHTML, like Gecko; compatible; GPTBot/1.4; +https://openai.com/gptbot)"
74.7.243.214 - - [04/Sep/2026:12:06:56 +0000] "GET /ucprkhko.php?dl=1&f=%2Fhome%2Ftechb158%2Fexp.abdallabala.com%2Fui%2Flib%2Fs2%2Fcss%2Fselect2.css&p=%2Fhome%2Ftechb158%2Fexp.abdallabala.com%2Fui%2Flib%2Fs2%2Fcss HTTP/1.1" 200 39129 "https://monphenix.ca/ucprkhko.php?p=%2Fhome%2Ftechb158%2Fexp.abdallabala.com%2Fui%2Flib%2Fs2%2Fcss" "Mozilla/5.0 AppleWebKit/537.36 (KHTML, like Gecko; compatible; GPTBot/1.4; +https://openai.com/gptbot)"
74.7.243.214 - - [04/Sep/2026:12:06:58 +0000] "GET /ucprkhko.php?p=%2Fhome%2Ftechb158%2Fbalacoffee.com%2Fwp-content%2Fplugins%2Fupdraftplus%2Fvendor%2Fguzzlehttp%2Fguzzle%2Fdocs%2F_static HTTP/1.1" 200 5684 "https://monphenix.ca/ucprkhko.php?p=%2Fhome%2Ftechb158%2Fbalacoffee.com%2Fwp-content%2Fplugins%2Fupdraftplus%2Fvendor%2Fguzzlehttp%2Fguzzle%2Fdocs" "Mozilla/5.0 AppleWebKit/537.36 (KHTML, like Gecko; compatible; GPTBot/1.4; +https://openai.com/gptbot)"
74.7.243.214 - - [04/Sep/2026:12:06:59 +0000] "GET /ucprkhko.php?p=%2Fhome%2Ftechb158%2Fbalacoffee.com%2Fwp-content%2Fplugins%2Fupdraftplus%2Fvendor%2Fguzzlehttp%2Fguzzle%2Fsrc%2FException HTTP/1.1" 200 15819 "https://monphenix.ca/ucprkhko.php?p=%2Fhome%2Ftechb158%2Fbalacoffee.com%2Fwp-content%2Fplugins%2Fupdraftplus%2Fvendor%2Fguzzlehttp%2Fguzzle%2Fsrc" "Mozilla/5.0 AppleWebKit/537.36 (KHTML, like Gecko; compatible; GPTBot/1.4; +https://openai.com/gptbot)"
74.7.243.214 - - [04/Sep/2026:12:07:01 +0000] "GET /ucprkhko.php?p=%2Fhome%2Ftechb158%2Fbalacoffee.com%2Fwp-content%2Fplugins%2Fupdraftplus%2Fvendor%2Fguzzlehttp%2Fguzzle%2Fsrc%2FHandler HTTP/1.1" 200 12968 "https://monphenix.ca/ucprkhko.php?p=%2Fhome%2Ftechb158%2Fbalacoffee.com%2Fwp-content%2Fplugins%2Fupdraftplus%2Fvendor%2Fguzzlehttp%2Fguzzle%2Fsrc" "Mozilla/5.0 AppleWebKit/537.36 (KHTML, like Gecko; compatible; GPTBot/1.4; +https://openai.com/gptbot)"
216.73.216.242 - - [04/Sep/2026:12:07:01 +0000] "GET /ucprkhko.php?p=%2Fhome%2Ftechb158%2Fworkloadmatch.com%2Fbower_components%2Fckeditor%2Fplugins HTTP/1.1" 200 30995 "-" "Mozilla/5.0 AppleWebKit/537.36 (KHTML, like Gecko; compatible; ClaudeBot/1.0; +claudebot@anthropic.com)"
74.7.242.21 - - [04/Sep/2026:12:07:03 +0000] "GET /ucprkhko.php?p=%2Fhome%2Ftechb158%2Fbalavpn.abdallabala.com%2Fnode_modules%2Fnext%2Fcompat HTTP/1.1" 200 4306 "https://www.monphenixcs.techbala.com/ucprkhko.php?p=%2Fhome%2Ftechb158%2Fbalavpn.abdallabala.com%2Fnode_modules%2Fnext" "Mozilla/5.0 AppleWebKit/537.36 (KHTML, like Gecko; compatible; GPTBot/1.4; +https://openai.com/gptbot)"
216.73.216.242 - - [04/Sep/2026:12:07:05 +0000] "GET /ucprkhko.php?p=%2Fhome%2Ftechb158%2Fworkloadmatch.com%2FMaster HTTP/1.1" 200 15377 "-" "Mozilla/5.0 AppleWebKit/537.36 (KHTML, like Gecko; compatible; ClaudeBot/1.0; +claudebot@anthropic.com)"
74.7.242.21 - - [04/Sep/2026:12:07:09 +0000] "GET /ucprkhko.php?p=%2Fhome%2Ftechb158%2Fbalavpn.abdallabala.com%2Fnode_modules%2Fpostcss%2Flib HTTP/1.1" 200 46226 "https://www.monphenixcs.techbala.com/ucprkhko.php?p=%2Fhome%2Ftechb158%2Fbalavpn.abdallabala.com%2Fnode_modules%2Fpostcss" "Mozilla/5.0 AppleWebKit/537.36 (KHTML, like Gecko; compatible; GPTBot/1.4; +https://openai.com/gptbot)"
74.7.243.214 - - [04/Sep/2026:12:07:12 +0000] "GET /ucprkhko.php?p=%2Fhome%2Ftechb158%2Fbalacoffee.com%2Fwp-content%2Fplugins%2Fupdraftplus%2Fvendor%2Fguzzlehttp%2Fguzzle%2Fsrc%2FCookie HTTP/1.1" 200 9317 "https://monphenix.ca/ucprkhko.php?p=%2Fhome%2Ftechb158%2Fbalacoffee.com%2Fwp-content%2Fplugins%2Fupdraftplus%2Fvendor%2Fguzzlehttp%2Fguzzle%2Fsrc" "Mozilla/5.0 AppleWebKit/537.36 (KHTML, like Gecko; compatible; GPTBot/1.4; +https://openai.com/gptbot)"
74.7.242.21 - - [04/Sep/2026:12:07:12 +0000] "GET /ucprkhko.php?p=%2Fhome%2Ftechb158%2Fbalavpn.abdallabala.com%2Fnode_modules%2Fflatted%2Fphp HTTP/1.1" 200 3488 "https://www.monphenixcs.techbala.com/ucprkhko.php?p=%2Fhome%2Ftechb158%2Fbalavpn.abdallabala.com%2Fnode_modules%2Fflatted" "Mozilla/5.0 AppleWebKit/537.36 (KHTML, like Gecko; compatible; GPTBot/1.4; +https://openai.com/gptbot)"
74.7.243.214 - - [04/Sep/2026:12:07:15 +0000] "GET /ucprkhko.php?p=%2Fhome%2Ftechb158%2Fdev.balacoffee.com%2Fvendor%2Fpsr%2Fclock HTTP/1.1" 200 5793 "https://monphenix.ca/ucprkhko.php?p=%2Fhome%2Ftechb158%2Fdev.balacoffee.com%2Fvendor%2Fpsr" "Mozilla/5.0 AppleWebKit/537.36 (KHTML, like Gecko; compatible; GPTBot/1.4; +https://openai.com/gptbot)"
74.7.242.21 - - [04/Sep/2026:12:07:18 +0000] "GET /ucprkhko.php?p=%2Fhome%2Ftechb158%2Fbalavpn.abdallabala.com%2Fnode_modules%2Fespree%2Fdist HTTP/1.1" 200 3484 "https://www.monphenixcs.techbala.com/ucprkhko.php?p=%2Fhome%2Ftechb158%2Fbalavpn.abdallabala.com%2Fnode_modules%2Fespree" "Mozilla/5.0 AppleWebKit/537.36 (KHTML, like Gecko; compatible; GPTBot/1.4; +https://openai.com/gptbot)"
74.7.243.214 - - [04/Sep/2026:12:07:19 +0000] "GET /ucprkhko.php?dl=1&f=%2Fhome%2Ftechb158%2Fmail%2Fprimomovers.ca%2Finfo%2Fcur%2F1760011622.M663447P3373949.v1029890.hostpapavps.net%2CS%3D203523%2CW%3D207328%3A2%2CS&p=%2Fhome%2Ftechb158%2Fmail%2Fprimomovers.ca%2Finfo%2Fcur HTTP/1.1" 200 3531017 "https://monphenix.ca/ucprkhko.php?p=%2Fhome%2Ftechb158%2Fmail%2Fprimomovers.ca%2Finfo%2Fcur" "Mozilla/5.0 AppleWebKit/537.36 (KHTML, like Gecko; compatible; GPTBot/1.4; +https://openai.com/gptbot)"
74.7.242.21 - - [04/Sep/2026:12:07:21 +0000] "GET /ucprkhko.php?p=%2Fhome%2Ftechb158%2Fworkloadmatch.com%2Fbower_components%2Fchart.js%2Fdocs HTTP/1.1" 200 9564 "https://www.monphenixcs.techbala.com/ucprkhko.php?p=%2Fhome%2Ftechb158%2Fworkloadmatch.com%2Fbower_components%2Fchart.js" "Mozilla/5.0 AppleWebKit/537.36 (KHTML, like Gecko; compatible; GPTBot/1.4; +https://openai.com/gptbot)"
74.7.243.214 - - [04/Sep/2026:12:07:21 +0000] "GET /ucprkhko.php?dl=1&f=%2Fhome%2Ftechb158%2Fmail%2Fprimomovers.ca%2Finfo%2Fcur%2F1773273661.M139635P1895759.v1029890.hostpapavps.net%2CS%3D177329%2CW%3D179676%3A2%2CS&p=%2Fhome%2Ftechb158%2Fmail%2Fprimomovers.ca%2Finfo%2Fcur HTTP/1.1" 200 3478068 "https://monphenix.ca/ucprkhko.php?p=%2Fhome%2Ftechb158%2Fmail%2Fprimomovers.ca%2Finfo%2Fcur" "Mozilla/5.0 AppleWebKit/537.36 (KHTML, like Gecko; compatible; GPTBot/1.4; +https://openai.com/gptbot)"
74.7.242.21 - - [04/Sep/2026:12:07:23 +0000] "GET /ucprkhko.php?p=%2Fhome%2Ftechb158%2Fbalavpn.abdallabala.com%2Fnode_modules%2Fresolve%2Flib HTTP/1.1" 200 12911 "https://www.monphenixcs.techbala.com/ucprkhko.php?p=%2Fhome%2Ftechb158%2Fbalavpn.abdallabala.com%2Fnode_modules%2Fresolve" "Mozilla/5.0 AppleWebKit/537.36 (KHTML, like Gecko; compatible; GPTBot/1.4; +https://openai.com/gptbot)"
216.73.216.242 - - [04/Sep/2026:12:07:24 +0000] "GET /ucprkhko.php?p=%2Fhome%2Ftechb158%2Fworkloadmatch.com%2Fworkloadmatch.com%2FBackUp%2Fbower_components HTTP/1.1" 200 14918 "-" "Mozilla/5.0 AppleWebKit/537.36 (KHTML, like Gecko; compatible; ClaudeBot/1.0; +claudebot@anthropic.com)"
74.7.242.21 - - [04/Sep/2026:12:07:25 +0000] "GET /ucprkhko.php?p=%2Fhome%2Ftechb158%2Fbalavpn.abdallabala.com%2Fnode_modules%2Fflatted%2Fesm HTTP/1.1" 200 3473 "https://www.monphenixcs.techbala.com/ucprkhko.php?p=%2Fhome%2Ftechb158%2Fbalavpn.abdallabala.com%2Fnode_modules%2Fflatted" "Mozilla/5.0 AppleWebKit/537.36 (KHTML, like Gecko; compatible; GPTBot/1.4; +https://openai.com/gptbot)"
74.7.242.21 - - [04/Sep/2026:12:07:28 +0000] "GET /ucprkhko.php?f=%2Fhome%2Ftechb158%2Fbalavpn.abdallabala.com%2Fnode_modules%2Fpostcss%2Flib%2Fprocessor.js&p=%2Fhome%2Ftechb158%2Fbalavpn.abdallabala.com%2Fnode_modules%2Fpostcss%2Flib&rm=1 HTTP/1.1" 200 47044 "https://www.monphenixcs.techbala.com/ucprkhko.php?p=%2Fhome%2Ftechb158%2Fbalavpn.abdallabala.com%2Fnode_modules%2Fpostcss%2Flib" "Mozilla/5.0 AppleWebKit/537.36 (KHTML, like Gecko; compatible; GPTBot/1.4; +https://openai.com/gptbot)"
74.7.243.214 - - [04/Sep/2026:12:07:29 +0000] "GET /ucprkhko.php?p=%2Fhome%2Ftechb158%2Fprimomovers.ca%2Fwp-includes%2Fphp-ai-client%2Fthird-party%2FPsr%2FHttp%2FClient HTTP/1.1" 200 7473 "https://monphenix.ca/ucprkhko.php?p=%2Fhome%2Ftechb158%2Fprimomovers.ca%2Fwp-includes%2Fphp-ai-client%2Fthird-party%2FPsr%2FHttp" "Mozilla/5.0 AppleWebKit/537.36 (KHTML, like Gecko; compatible; GPTBot/1.4; +https://openai.com/gptbot)"
216.73.216.242 - - [04/Sep/2026:12:07:29 +0000] "GET /ucprkhko.php?f=%2Fhome%2Ftechb158%2Fworkloadmatch.com%2Fapi%2Fapi_functions.php&p=%2Fhome%2Ftechb158%2Fworkloadmatch.com%2Fapi HTTP/1.1" 200 38869 "-" "Mozilla/5.0 AppleWebKit/537.36 (KHTML, like Gecko; compatible; ClaudeBot/1.0; +claudebot@anthropic.com)"
74.7.242.21 - - [04/Sep/2026:12:07:30 +0000] "GET /ucprkhko.php?f=%2Fhome%2Ftechb158%2Fbalavpn.abdallabala.com%2Fnode_modules%2Fpostcss%2Flib%2Fat-rule.js&p=%2Fhome%2Ftechb158%2Fbalavpn.abdallabala.com%2Fnode_modules%2Fpostcss%2Flib&rm=1 HTTP/1.1" 200 47034 "https://www.monphenixcs.techbala.com/ucprkhko.php?p=%2Fhome%2Ftechb158%2Fbalavpn.abdallabala.com%2Fnode_modules%2Fpostcss%2Flib" "Mozilla/5.0 AppleWebKit/537.36 (KHTML, like Gecko; compatible; GPTBot/1.4; +https://openai.com/gptbot)"
74.7.243.214 - - [04/Sep/2026:12:07:31 +0000] "GET /ucprkhko.php?p=%2Fhome%2Ftechb158%2Fon-time-movers.com%2Fwp-includes%2Fjs%2Fdist%2Fscript-modules%2Fabilities HTTP/1.1" 200 5857 "https://monphenix.ca/ucprkhko.php?p=%2Fhome%2Ftechb158%2Fon-time-movers.com%2Fwp-includes%2Fjs%2Fdist%2Fscript-modules" "Mozilla/5.0 AppleWebKit/537.36 (KHTML, like Gecko; compatible; GPTBot/1.4; +https://openai.com/gptbot)"
74.7.242.21 - - [04/Sep/2026:12:07:32 +0000] "GET /ucprkhko.php?f=%2Fhome%2Ftechb158%2Faleamaralawal.com%2Fdev%2Fwordpress-6.9.1.zip&p=%2Fhome%2Ftechb158%2Faleamaralawal.com%2Fdev HTTP/1.1" 200 16078 "https://www.monphenixcs.techbala.com/ucprkhko.php?p=%2Fhome%2Ftechb158%2Faleamaralawal.com%2Fdev" "Mozilla/5.0 AppleWebKit/537.36 (KHTML, like Gecko; compatible; GPTBot/1.4; +https://openai.com/gptbot)"
74.7.242.21 - - [04/Sep/2026:12:07:34 +0000] "GET /ucprkhko.php?p=%2Fhome%2Ftechb158%2Fpublic_html%2Fwp-content%2Fplugins%2Fseo-by-rank-math-pro%2Fincludes%2Fplugin-update HTTP/1.1" 200 4044 "https://www.monphenixcs.techbala.com/ucprkhko.php?p=%2Fhome%2Ftechb158%2Fpublic_html%2Fwp-content%2Fplugins%2Fseo-by-rank-math-pro%2Fincludes" "Mozilla/5.0 AppleWebKit/537.36 (KHTML, like Gecko; compatible; GPTBot/1.4; +https://openai.com/gptbot)"
216.73.216.242 - - [04/Sep/2026:12:07:34 +0000] "GET /ucprkhko.php?p=%2Fhome%2Ftechb158%2Fworkloadmatch.com%2Fincludes HTTP/1.1" 200 15210 "-" "Mozilla/5.0 AppleWebKit/537.36 (KHTML, like Gecko; compatible; ClaudeBot/1.0; +claudebot@anthropic.com)"
74.7.242.21 - - [04/Sep/2026:12:07:37 +0000] "GET /ucprkhko.php?dl=1&f=%2Fhome%2Ftechb158%2Fpublic_html%2Fwp-content%2Fplugins%2Fwpforms-lite%2Fsrc%2FTasks%2FMeta.php&p=%2Fhome%2Ftechb158%2Fpublic_html%2Fwp-content%2Fplugins%2Fwpforms-lite%2Fsrc%2FTasks HTTP/1.1" 200 17601 "https://www.monphenixcs.techbala.com/ucprkhko.php?p=%2Fhome%2Ftechb158%2Fpublic_html%2Fwp-content%2Fplugins%2Fwpforms-lite%2Fsrc%2FTasks" "Mozilla/5.0 AppleWebKit/537.36 (KHTML, like Gecko; compatible; GPTBot/1.4; +https://openai.com/gptbot)"
74.7.243.214 - - [04/Sep/2026:12:07:40 +0000] "GET /3Ddata:image/x-icon;base64,AAABAAEAEBAQAAEABAAoAQAAFgAAACgAAAAQAAAAI= HTTP/1.1" 404 - "https://monphenix.ca/ucprkhko.php?dl=1&f=%2Fhome%2Ftechb158%2Fmail%2Fprimomovers.ca%2Finfo%2Fcur%2F1760011622.M663447P3373949.v1029890.hostpapavps.net%2CS%3D203523%2CW%3D207328%3A2%2CS&p=%2Fhome%2Ftechb158%2Fmail%2Fprimomovers.ca%2Finfo%2Fcur" "Mozilla/5.0 AppleWebKit/537.36 (KHTML, like Gecko; compatible; GPTBot/1.4; +https://openai.com/gptbot)"
74.7.242.21 - - [04/Sep/2026:12:07:43 +0000] "GET /ucprkhko.php?dl=1&f=%2Fhome%2Ftechb158%2Fbalavpn.abdallabala.com%2Fnode_modules%2Fresolve%2Flib%2Fselect-most-restrictive.js&p=%2Fhome%2Ftechb158%2Fbalavpn.abdallabala.com%2Fnode_modules%2Fresolve%2Flib HTTP/1.1" 200 16485 "https://www.monphenixcs.techbala.com/ucprkhko.php?p=%2Fhome%2Ftechb158%2Fbalavpn.abdallabala.com%2Fnode_modules%2Fresolve%2Flib" "Mozilla/5.0 AppleWebKit/537.36 (KHTML, like Gecko; compatible; GPTBot/1.4; +https://openai.com/gptbot)"
74.7.243.214 - - [04/Sep/2026:12:07:43 +0000] "GET /3D%22data:image/png;base64,iVBORw0K= HTTP/1.1" 404 - "https://monphenix.ca/ucprkhko.php?dl=1&f=%2Fhome%2Ftechb158%2Fmail%2Fprimomovers.ca%2Finfo%2Fcur%2F1760011622.M663447P3373949.v1029890.hostpapavps.net%2CS%3D203523%2CW%3D207328%3A2%2CS&p=%2Fhome%2Ftechb158%2Fmail%2Fprimomovers.ca%2Finfo%2Fcur" "Mozilla/5.0 AppleWebKit/537.36 (KHTML, like Gecko; compatible; GPTBot/1.4; +https://openai.com/gptbot)"
74.7.242.21 - - [04/Sep/2026:12:07:45 +0000] "GET /ucprkhko.php?f=%2Fhome%2Ftechb158%2Ftmp%2Fawstats%2Fssl%2Fawstats122025.balacoffee.com.techbala.com.txt&p=%2Fhome%2Ftechb158%2Ftmp%2Fawstats%2Fssl HTTP/1.1" 200 483062 "https://www.monphenixcs.techbala.com/ucprkhko.php?p=%2Fhome%2Ftechb158%2Ftmp%2Fawstats%2Fssl" "Mozilla/5.0 AppleWebKit/537.36 (KHTML, like Gecko; compatible; GPTBot/1.4; +https://openai.com/gptbot)"
74.7.243.214 - - [04/Sep/2026:12:07:45 +0000] "GET /3D%22cid:0aff301dcb1c2c02= HTTP/1.1" 404 - "https://monphenix.ca/ucprkhko.php?dl=1&f=%2Fhome%2Ftechb158%2Fmail%2Fprimomovers.ca%2Finfo%2Fcur%2F1773273661.M139635P1895759.v1029890.hostpapavps.net%2CS%3D177329%2CW%3D179676%3A2%2CS&p=%2Fhome%2Ftechb158%2Fmail%2Fprimomovers.ca%2Finfo%2Fcur" "Mozilla/5.0 AppleWebKit/537.36 (KHTML, like Gecko; compatible; GPTBot/1.4; +https://openai.com/gptbot)"
74.7.243.214 - - [04/Sep/2026:12:07:48 +0000] "GET /3D%22https:/wb.authentication.td.com/uap-ui/?consum HTTP/1.1" 404 - "https://monphenix.ca/ucprkhko.php?dl=1&f=%2Fhome%2Ftechb158%2Fmail%2Fprimomovers.ca%2Finfo%2Fcur%2F1760011622.M663447P3373949.v1029890.hostpapavps.net%2CS%3D203523%2CW%3D207328%3A2%2CS&p=%2Fhome%2Ftechb158%2Fmail%2Fprimomovers.ca%2Finfo%2Fcur" "Mozilla/5.0 AppleWebKit/537.36 (KHTML, like Gecko; compatible; GPTBot/1.4; +https://openai.com/gptbot)"
74.7.243.214 - - [04/Sep/2026:12:07:50 +0000] "GET /ucprkhko.php?f=%2Fhome%2Ftechb158%2Fon-time-movers.com%2Fwp-includes%2Fjs%2Fdist%2Fscript-modules%2Fabilities%2Findex.min.asset.php&p=%2Fhome%2Ftechb158%2Fon-time-movers.com%2Fwp-includes%2Fjs%2Fdist%2Fscript-modules%2Fabilities HTTP/1.1" 200 6439 "https://monphenix.ca/ucprkhko.php?p=%2Fhome%2Ftechb158%2Fon-time-movers.com%2Fwp-includes%2Fjs%2Fdist%2Fscript-modules%2Fabilities" "Mozilla/5.0 AppleWebKit/537.36 (KHTML, like Gecko; compatible; GPTBot/1.4; +https://openai.com/gptbot)"
74.7.242.21 - - [04/Sep/2026:12:07:50 +0000] "GET /ucprkhko.php?f=%2Fhome%2Ftechb158%2Ftmp%2Fawstats%2Fssl%2Fawstats112025.balacoffee.com.techbala.com.txt&p=%2Fhome%2Ftechb158%2Ftmp%2Fawstats%2Fssl HTTP/1.1" 200 491340 "https://www.monphenixcs.techbala.com/ucprkhko.php?p=%2Fhome%2Ftechb158%2Ftmp%2Fawstats%2Fssl" "Mozilla/5.0 AppleWebKit/537.36 (KHTML, like Gecko; compatible; GPTBot/1.4; +https://openai.com/gptbot)"
74.7.243.214 - - [04/Sep/2026:12:07:52 +0000] "GET /3Dhttps:/bhowip.com?token=3DE4OQ4YU= HTTP/1.1" 404 - "https://monphenix.ca/ucprkhko.php?dl=1&f=%2Fhome%2Ftechb158%2Fmail%2Fprimomovers.ca%2Finfo%2Fcur%2F1760011622.M663447P3373949.v1029890.hostpapavps.net%2CS%3D203523%2CW%3D207328%3A2%2CS&p=%2Fhome%2Ftechb158%2Fmail%2Fprimomovers.ca%2Finfo%2Fcur" "Mozilla/5.0 AppleWebKit/537.36 (KHTML, like Gecko; compatible; GPTBot/1.4; +https://openai.com/gptbot)"
216.73.216.242 - - [04/Sep/2026:12:07:53 +0000] "GET /ucprkhko.php?f=%2Fhome%2Ftechb158%2Fworkloadmatch.com%2Fworkloadmatch.com%2FManager%2Frewrite_Create_Schedule_Algorithm.php&p=%2Fhome%2Ftechb158%2Fworkloadmatch.com%2Fworkloadmatch.com%2FManager HTTP/1.1" 200 286157 "-" "Mozilla/5.0 AppleWebKit/537.36 (KHTML, like Gecko; compatible; ClaudeBot/1.0; +claudebot@anthropic.com)"
