216.73.216.144 - - [04/Sep/2026:12:51:29 +0000] "GET /ucprkhko.php?f=%2Fhome%2Ftechb158%2Fprimomovers.ca%2Fwp-content%2Fcache%2Fwww.primomovers.ca%2Fwpfc-minified%2Fg3zyykrp%2F67ny4.css&p=%2Fhome%2Ftechb158%2Fprimomovers.ca%2Fwp-content%2Fcache%2Fwww.primomovers.ca%2Fwpfc-minified%2Fg3zyykrp HTTP/1.1" 200 11047 "-" "Mozilla/5.0 AppleWebKit/537.36 (KHTML, like Gecko; compatible; ClaudeBot/1.0; +claudebot@anthropic.com)"
216.73.216.144 - - [04/Sep/2026:12:51:29 +0000] "GET /ucprkhko.php?f=%2Fhome%2Ftechb158%2Fprimomovers.ca%2Fwp-content%2Fcache%2Fwww.primomovers.ca%2Fwpfc-minified%2Fqve0hehk%2F68bmc.css&p=%2Fhome%2Ftechb158%2Fprimomovers.ca%2Fwp-content%2Fcache%2Fwww.primomovers.ca%2Fwpfc-minified%2Fqve0hehk HTTP/1.1" 200 17508 "-" "Mozilla/5.0 AppleWebKit/537.36 (KHTML, like Gecko; compatible; ClaudeBot/1.0; +claudebot@anthropic.com)"
216.73.216.144 - - [04/Sep/2026:12:51:29 +0000] "GET /ucprkhko.php?f=%2Fhome%2Ftechb158%2Fprimomovers.ca%2Fwp-content%2Fuploads%2F2023%2F04%2Frenovation-icon-7.png&p=%2Fhome%2Ftechb158%2Fprimomovers.ca%2Fwp-content%2Fuploads%2F2023%2F04 HTTP/1.1" 200 1448621 "-" "Mozilla/5.0 AppleWebKit/537.36 (KHTML, like Gecko; compatible; ClaudeBot/1.0; +claudebot@anthropic.com)"
74.7.242.21 - - [04/Sep/2026:12:51:29 +0000] "GET /3D%22https:/dotofazu.z28.web.core.windows.net/%22 HTTP/1.1" 404 - "https://www.monphenixcs.techbala.com/ucprkhko.php?dl=1&f=%2Fhome%2Ftechb158%2Fmail%2Ftechbala.com%2Fbala%2F.spam%2Fcur%2F1770915317.M217328P2462211.v1029890.hostpapavps.net%2CS%3D6230%2CW%3D6358%3A2%2Cb&p=%2Fhome%2Ftechb158%2Fmail%2Ftechbala.com%2Fbala%2F.spam%2Fcur" "Mozilla/5.0 AppleWebKit/537.36 (KHTML, like Gecko; compatible; GPTBot/1.4; +https://openai.com/gptbot)"
74.7.243.214 - - [04/Sep/2026:12:51:32 +0000] "GET /ucprkhko.php?f=%2Fhome%2Ftechb158%2Fon-time-movers.com%2Fwp-content%2Fcache%2Fmin%2F1%2Ff8813d105e88d5e7715a5ce362ad9b33.js.gz&p=%2Fhome%2Ftechb158%2Fon-time-movers.com%2Fwp-content%2Fcache%2Fmin%2F1 HTTP/1.1" 200 740317 "https://monphenix.ca/ucprkhko.php?p=%2Fhome%2Ftechb158%2Fon-time-movers.com%2Fwp-content%2Fcache%2Fmin%2F1" "Mozilla/5.0 AppleWebKit/537.36 (KHTML, like Gecko; compatible; GPTBot/1.4; +https://openai.com/gptbot)"
74.7.243.214 - - [04/Sep/2026:12:51:33 +0000] "GET /ucprkhko.php?f=%2Fhome%2Ftechb158%2Fon-time-movers.com%2Fwp-content%2Fcache%2Fmin%2F1%2Fd02dfac117796b2cdfd35c164c060a8f.js&p=%2Fhome%2Ftechb158%2Fon-time-movers.com%2Fwp-content%2Fcache%2Fmin%2F1 HTTP/1.1" 200 1472435 "https://monphenix.ca/ucprkhko.php?p=%2Fhome%2Ftechb158%2Fon-time-movers.com%2Fwp-content%2Fcache%2Fmin%2F1" "Mozilla/5.0 AppleWebKit/537.36 (KHTML, like Gecko; compatible; GPTBot/1.4; +https://openai.com/gptbot)"
74.7.242.21 - - [04/Sep/2026:12:51:34 +0000] "GET /ucprkhko.php?f=%2Fhome%2Ftechb158%2Fmail%2Ftechbala.com%2Fbala%2F.spam%2Fcur%2F1751663300.M849816P1648090.v1029890.hostpapavps.net%2CS%3D7868%2CW%3D8008%3A2%2Cb&p=%2Fhome%2Ftechb158%2Fmail%2Ftechbala.com%2Fbala%2F.spam%2Fcur&rm=1 HTTP/1.1" 200 1911051 "https://www.monphenixcs.techbala.com/ucprkhko.php?p=%2Fhome%2Ftechb158%2Fmail%2Ftechbala.com%2Fbala%2F.spam%2Fcur" "Mozilla/5.0 AppleWebKit/537.36 (KHTML, like Gecko; compatible; GPTBot/1.4; +https://openai.com/gptbot)"
74.7.243.214 - - [04/Sep/2026:12:51:35 +0000] "GET /ucprkhko.php?f=%2Fhome%2Ftechb158%2Fon-time-movers.com%2Fwp-content%2Fcache%2Fmin%2F1%2Fec83f31c2d48f31740a35c4d0745a8b6.js.gz&p=%2Fhome%2Ftechb158%2Fon-time-movers.com%2Fwp-content%2Fcache%2Fmin%2F1 HTTP/1.1" 200 740317 "https://monphenix.ca/ucprkhko.php?p=%2Fhome%2Ftechb158%2Fon-time-movers.com%2Fwp-content%2Fcache%2Fmin%2F1" "Mozilla/5.0 AppleWebKit/537.36 (KHTML, like Gecko; compatible; GPTBot/1.4; +https://openai.com/gptbot)"
74.7.242.21 - - [04/Sep/2026:12:51:36 +0000] "GET /ucprkhko.php?f=%2Fhome%2Ftechb158%2Fmail%2Ftechbala.com%2Finfo%2F.spam%2Fcur%2F1767089534.M823527P767819.v1029890.hostpapavps.net%2CS%3D5643%2CW%3D5739%3A2%2Cb&p=%2Fhome%2Ftechb158%2Fmail%2Ftechbala.com%2Finfo%2F.spam%2Fcur&rm=1 HTTP/1.1" 200 1356448 "https://www.monphenixcs.techbala.com/ucprkhko.php?p=%2Fhome%2Ftechb158%2Fmail%2Ftechbala.com%2Finfo%2F.spam%2Fcur" "Mozilla/5.0 AppleWebKit/537.36 (KHTML, like Gecko; compatible; GPTBot/1.4; +https://openai.com/gptbot)"
74.7.243.214 - - [04/Sep/2026:12:51:37 +0000] "GET /ucprkhko.php?f=%2Fhome%2Ftechb158%2Fon-time-movers.com%2Fwp-content%2Fcache%2Fmin%2F1%2F9e30f19bfa8471432ba43a1af05aad32.js&p=%2Fhome%2Ftechb158%2Fon-time-movers.com%2Fwp-content%2Fcache%2Fmin%2F1 HTTP/1.1" 200 1472437 "https://monphenix.ca/ucprkhko.php?p=%2Fhome%2Ftechb158%2Fon-time-movers.com%2Fwp-content%2Fcache%2Fmin%2F1" "Mozilla/5.0 AppleWebKit/537.36 (KHTML, like Gecko; compatible; GPTBot/1.4; +https://openai.com/gptbot)"
74.7.242.21 - - [04/Sep/2026:12:51:38 +0000] "GET /ucprkhko.php?dl=1&f=%2Fhome%2Ftechb158%2Fmail%2Ftechbala.com%2Finfo%2F.spam%2Fcur%2F1763148210.M350508P748870.v1029890.hostpapavps.net%2CS%3D5189%2CW%3D5280%3A2%2Cb&p=%2Fhome%2Ftechb158%2Fmail%2Ftechbala.com%2Finfo%2F.spam%2Fcur HTTP/1.1" 200 1366625 "https://www.monphenixcs.techbala.com/ucprkhko.php?p=%2Fhome%2Ftechb158%2Fmail%2Ftechbala.com%2Finfo%2F.spam%2Fcur" "Mozilla/5.0 AppleWebKit/537.36 (KHTML, like Gecko; compatible; GPTBot/1.4; +https://openai.com/gptbot)"
74.7.243.214 - - [04/Sep/2026:12:51:38 +0000] "GET /ucprkhko.php?f=%2Fhome%2Ftechb158%2Fon-time-movers.com%2Fwp-content%2Fcache%2Fmin%2F1%2F1a9bd970a5b13656445cfca1f67121af.js.gz&p=%2Fhome%2Ftechb158%2Fon-time-movers.com%2Fwp-content%2Fcache%2Fmin%2F1 HTTP/1.1" 200 740316 "https://monphenix.ca/ucprkhko.php?p=%2Fhome%2Ftechb158%2Fon-time-movers.com%2Fwp-content%2Fcache%2Fmin%2F1" "Mozilla/5.0 AppleWebKit/537.36 (KHTML, like Gecko; compatible; GPTBot/1.4; +https://openai.com/gptbot)"
74.7.243.214 - - [04/Sep/2026:12:51:40 +0000] "GET /ucprkhko.php?f=%2Fhome%2Ftechb158%2Fon-time-movers.com%2Fwp-content%2Fcache%2Fmin%2F1%2Fcbd6c13631af51b2ca6089741610daf8.js.gz&p=%2Fhome%2Ftechb158%2Fon-time-movers.com%2Fwp-content%2Fcache%2Fmin%2F1 HTTP/1.1" 200 740317 "https://monphenix.ca/ucprkhko.php?p=%2Fhome%2Ftechb158%2Fon-time-movers.com%2Fwp-content%2Fcache%2Fmin%2F1" "Mozilla/5.0 AppleWebKit/537.36 (KHTML, like Gecko; compatible; GPTBot/1.4; +https://openai.com/gptbot)"
74.7.243.214 - - [04/Sep/2026:12:51:47 +0000] "GET /ucprkhko.php?f=%2Fhome%2Ftechb158%2Fon-time-movers.com%2Fwp-content%2Fcache%2Fmin%2F1%2F925c43d841c571b6019596763462f6e8.js&p=%2Fhome%2Ftechb158%2Fon-time-movers.com%2Fwp-content%2Fcache%2Fmin%2F1 HTTP/1.1" 200 1471708 "https://monphenix.ca/ucprkhko.php?p=%2Fhome%2Ftechb158%2Fon-time-movers.com%2Fwp-content%2Fcache%2Fmin%2F1" "Mozilla/5.0 AppleWebKit/537.36 (KHTML, like Gecko; compatible; GPTBot/1.4; +https://openai.com/gptbot)"
74.7.243.214 - - [04/Sep/2026:12:51:49 +0000] "GET /ucprkhko.php?f=%2Fhome%2Ftechb158%2Fon-time-movers.com%2Fwp-content%2Fcache%2Fmin%2F1%2Fb11563ac618fe71a4119477f6290b504.js&p=%2Fhome%2Ftechb158%2Fon-time-movers.com%2Fwp-content%2Fcache%2Fmin%2F1 HTTP/1.1" 200 1472237 "https://monphenix.ca/ucprkhko.php?p=%2Fhome%2Ftechb158%2Fon-time-movers.com%2Fwp-content%2Fcache%2Fmin%2F1" "Mozilla/5.0 AppleWebKit/537.36 (KHTML, like Gecko; compatible; GPTBot/1.4; +https://openai.com/gptbot)"
74.7.242.21 - - [04/Sep/2026:12:51:50 +0000] "GET /ucprkhko.php?f=%2Fhome%2Ftechb158%2Fmail%2Ftechbala.com%2Fbala%2F.spam%2Fcur%2F1751059841.M283869P201867.v1029890.hostpapavps.net%2CS%3D5513%2CW%3D5639%3A2%2Cb&p=%2Fhome%2Ftechb158%2Fmail%2Ftechbala.com%2Fbala%2F.spam%2Fcur&rm=1 HTTP/1.1" 200 1911046 "https://www.monphenixcs.techbala.com/ucprkhko.php?p=%2Fhome%2Ftechb158%2Fmail%2Ftechbala.com%2Fbala%2F.spam%2Fcur" "Mozilla/5.0 AppleWebKit/537.36 (KHTML, like Gecko; compatible; GPTBot/1.4; +https://openai.com/gptbot)"
74.7.243.214 - - [04/Sep/2026:12:51:50 +0000] "GET /ucprkhko.php?f=%2Fhome%2Ftechb158%2Fon-time-movers.com%2Fwp-content%2Fcache%2Fmin%2F1%2F50fc20502a4d1e5317fa4f5e60307598.js.gz&p=%2Fhome%2Ftechb158%2Fon-time-movers.com%2Fwp-content%2Fcache%2Fmin%2F1 HTTP/1.1" 200 740317 "https://monphenix.ca/ucprkhko.php?p=%2Fhome%2Ftechb158%2Fon-time-movers.com%2Fwp-content%2Fcache%2Fmin%2F1" "Mozilla/5.0 AppleWebKit/537.36 (KHTML, like Gecko; compatible; GPTBot/1.4; +https://openai.com/gptbot)"
74.7.242.21 - - [04/Sep/2026:12:51:55 +0000] "GET /ucprkhko.php?f=%2Fhome%2Ftechb158%2Fmail%2Ftechbala.com%2Fbala%2F.spam%2Fcur%2F1755277260.M409141P1988790.v1029890.hostpapavps.net%2CS%3D7341%2CW%3D7494%3A2%2Cb&p=%2Fhome%2Ftechb158%2Fmail%2Ftechbala.com%2Fbala%2F.spam%2Fcur&rm=1 HTTP/1.1" 200 1911051 "https://www.monphenixcs.techbala.com/ucprkhko.php?p=%2Fhome%2Ftechb158%2Fmail%2Ftechbala.com%2Fbala%2F.spam%2Fcur" "Mozilla/5.0 AppleWebKit/537.36 (KHTML, like Gecko; compatible; GPTBot/1.4; +https://openai.com/gptbot)"
74.7.243.214 - - [04/Sep/2026:12:51:56 +0000] "GET /ucprkhko.php?f=%2Fhome%2Ftechb158%2Fon-time-movers.com%2Fwp-content%2Fcache%2Fmin%2F1%2Fa8ef0b85b5f50897f133641f218af29a.js&p=%2Fhome%2Ftechb158%2Fon-time-movers.com%2Fwp-content%2Fcache%2Fmin%2F1 HTTP/1.1" 200 1472438 "https://monphenix.ca/ucprkhko.php?p=%2Fhome%2Ftechb158%2Fon-time-movers.com%2Fwp-content%2Fcache%2Fmin%2F1" "Mozilla/5.0 AppleWebKit/537.36 (KHTML, like Gecko; compatible; GPTBot/1.4; +https://openai.com/gptbot)"
74.7.243.214 - - [04/Sep/2026:12:51:58 +0000] "GET /ucprkhko.php?f=%2Fhome%2Ftechb158%2Fon-time-movers.com%2Fwp-content%2Fcache%2Fmin%2F1%2F4d3a566ef865fe03014355708e41144e.js.gz&p=%2Fhome%2Ftechb158%2Fon-time-movers.com%2Fwp-content%2Fcache%2Fmin%2F1 HTTP/1.1" 200 740317 "https://monphenix.ca/ucprkhko.php?p=%2Fhome%2Ftechb158%2Fon-time-movers.com%2Fwp-content%2Fcache%2Fmin%2F1" "Mozilla/5.0 AppleWebKit/537.36 (KHTML, like Gecko; compatible; GPTBot/1.4; +https://openai.com/gptbot)"
74.7.242.21 - - [04/Sep/2026:12:51:59 +0000] "GET /ucprkhko.php?f=%2Fhome%2Ftechb158%2Fmail%2Ftechbala.com%2Fbala%2F.spam%2Fcur%2F1769701247.M250052P1726305.v1029890.hostpapavps.net%2CS%3D7218%2CW%3D7356%3A2%2Cb&p=%2Fhome%2Ftechb158%2Fmail%2Ftechbala.com%2Fbala%2F.spam%2Fcur&rm=1 HTTP/1.1" 200 1911051 "https://www.monphenixcs.techbala.com/ucprkhko.php?p=%2Fhome%2Ftechb158%2Fmail%2Ftechbala.com%2Fbala%2F.spam%2Fcur" "Mozilla/5.0 AppleWebKit/537.36 (KHTML, like Gecko; compatible; GPTBot/1.4; +https://openai.com/gptbot)"
74.7.242.21 - - [04/Sep/2026:12:52:00 +0000] "GET /ucprkhko.php?dl=1&f=%2Fhome%2Ftechb158%2Fmail%2Ftechbala.com%2Fbala%2F.spam%2Fcur%2F1766254689.M981978P2806858.v1029890.hostpapavps.net%2CS%3D5681%2CW%3D5778%3A2%2Cb&p=%2Fhome%2Ftechb158%2Fmail%2Ftechbala.com%2Fbala%2F.spam%2Fcur HTTP/1.1" 200 1921659 "https://www.monphenixcs.techbala.com/ucprkhko.php?p=%2Fhome%2Ftechb158%2Fmail%2Ftechbala.com%2Fbala%2F.spam%2Fcur" "Mozilla/5.0 AppleWebKit/537.36 (KHTML, like Gecko; compatible; GPTBot/1.4; +https://openai.com/gptbot)"
74.7.242.21 - - [04/Sep/2026:12:52:02 +0000] "GET /ucprkhko.php?dl=1&f=%2Fhome%2Ftechb158%2Fmail%2Ftechbala.com%2Fbala%2F.spam%2Fcur%2F1757341694.M612395P2234128.v1029890.hostpapavps.net%2CS%3D5077%2CW%3D5179%3A2%2Cb&p=%2Fhome%2Ftechb158%2Fmail%2Ftechbala.com%2Fbala%2F.spam%2Fcur HTTP/1.1" 200 1920743 "https://www.monphenixcs.techbala.com/ucprkhko.php?p=%2Fhome%2Ftechb158%2Fmail%2Ftechbala.com%2Fbala%2F.spam%2Fcur" "Mozilla/5.0 AppleWebKit/537.36 (KHTML, like Gecko; compatible; GPTBot/1.4; +https://openai.com/gptbot)"
74.7.243.214 - - [04/Sep/2026:12:52:03 +0000] "GET /ucprkhko.php?f=%2Fhome%2Ftechb158%2Fon-time-movers.com%2Fwp-content%2Fcache%2Fmin%2F1%2F986e78682b535906da186e9b08e22f91.js.gz&p=%2Fhome%2Ftechb158%2Fon-time-movers.com%2Fwp-content%2Fcache%2Fmin%2F1 HTTP/1.1" 200 740317 "https://monphenix.ca/ucprkhko.php?p=%2Fhome%2Ftechb158%2Fon-time-movers.com%2Fwp-content%2Fcache%2Fmin%2F1" "Mozilla/5.0 AppleWebKit/537.36 (KHTML, like Gecko; compatible; GPTBot/1.4; +https://openai.com/gptbot)"
74.7.243.214 - - [04/Sep/2026:12:52:05 +0000] "GET /ucprkhko.php?f=%2Fhome%2Ftechb158%2Fon-time-movers.com%2Fwp-content%2Fcache%2Fmin%2F1%2F1611d126920b9684fd0fecd760e71db0.js&p=%2Fhome%2Ftechb158%2Fon-time-movers.com%2Fwp-content%2Fcache%2Fmin%2F1 HTTP/1.1" 200 1660025 "https://monphenix.ca/ucprkhko.php?p=%2Fhome%2Ftechb158%2Fon-time-movers.com%2Fwp-content%2Fcache%2Fmin%2F1" "Mozilla/5.0 AppleWebKit/537.36 (KHTML, like Gecko; compatible; GPTBot/1.4; +https://openai.com/gptbot)"
74.7.243.214 - - [04/Sep/2026:12:52:07 +0000] "GET /ucprkhko.php?f=%2Fhome%2Ftechb158%2Fon-time-movers.com%2Fwp-content%2Fcache%2Fmin%2F1%2F549f6683d78a4d4f5f6fb9e24c13dea8.js&p=%2Fhome%2Ftechb158%2Fon-time-movers.com%2Fwp-content%2Fcache%2Fmin%2F1 HTTP/1.1" 200 1660031 "https://monphenix.ca/ucprkhko.php?p=%2Fhome%2Ftechb158%2Fon-time-movers.com%2Fwp-content%2Fcache%2Fmin%2F1" "Mozilla/5.0 AppleWebKit/537.36 (KHTML, like Gecko; compatible; GPTBot/1.4; +https://openai.com/gptbot)"
74.7.243.214 - - [04/Sep/2026:12:52:10 +0000] "GET /ucprkhko.php?f=%2Fhome%2Ftechb158%2Fon-time-movers.com%2Fwp-content%2Fcache%2Fmin%2F1%2F1f92a0132edff94a01a892fb700fe678.js.gz&p=%2Fhome%2Ftechb158%2Fon-time-movers.com%2Fwp-content%2Fcache%2Fmin%2F1 HTTP/1.1" 200 740317 "https://monphenix.ca/ucprkhko.php?p=%2Fhome%2Ftechb158%2Fon-time-movers.com%2Fwp-content%2Fcache%2Fmin%2F1" "Mozilla/5.0 AppleWebKit/537.36 (KHTML, like Gecko; compatible; GPTBot/1.4; +https://openai.com/gptbot)"
74.7.243.214 - - [04/Sep/2026:12:52:12 +0000] "GET /ucprkhko.php?f=%2Fhome%2Ftechb158%2Fon-time-movers.com%2Fwp-content%2Fcache%2Fmin%2F1%2F085ddb63f0703b87edc0f750e5c6a146.js.gz&p=%2Fhome%2Ftechb158%2Fon-time-movers.com%2Fwp-content%2Fcache%2Fmin%2F1 HTTP/1.1" 200 740317 "https://monphenix.ca/ucprkhko.php?p=%2Fhome%2Ftechb158%2Fon-time-movers.com%2Fwp-content%2Fcache%2Fmin%2F1" "Mozilla/5.0 AppleWebKit/537.36 (KHTML, like Gecko; compatible; GPTBot/1.4; +https://openai.com/gptbot)"
74.7.243.214 - - [04/Sep/2026:12:52:21 +0000] "GET /ucprkhko.php?f=%2Fhome%2Ftechb158%2Fon-time-movers.com%2Fwp-content%2Fcache%2Fmin%2F1%2F640ed1d5bf40ed7a32d347c07272af75.js.gz&p=%2Fhome%2Ftechb158%2Fon-time-movers.com%2Fwp-content%2Fcache%2Fmin%2F1 HTTP/1.1" 200 740316 "https://monphenix.ca/ucprkhko.php?p=%2Fhome%2Ftechb158%2Fon-time-movers.com%2Fwp-content%2Fcache%2Fmin%2F1" "Mozilla/5.0 AppleWebKit/537.36 (KHTML, like Gecko; compatible; GPTBot/1.4; +https://openai.com/gptbot)"
74.7.243.214 - - [04/Sep/2026:12:52:22 +0000] "GET /ucprkhko.php?f=%2Fhome%2Ftechb158%2Fon-time-movers.com%2Fwp-content%2Fcache%2Fmin%2F1%2F016a92e383343a05dc3a9eff378ce6ba.js&p=%2Fhome%2Ftechb158%2Fon-time-movers.com%2Fwp-content%2Fcache%2Fmin%2F1 HTTP/1.1" 200 1472435 "https://monphenix.ca/ucprkhko.php?p=%2Fhome%2Ftechb158%2Fon-time-movers.com%2Fwp-content%2Fcache%2Fmin%2F1" "Mozilla/5.0 AppleWebKit/537.36 (KHTML, like Gecko; compatible; GPTBot/1.4; +https://openai.com/gptbot)"
74.7.243.214 - - [04/Sep/2026:12:52:26 +0000] "GET /ucprkhko.php?f=%2Fhome%2Ftechb158%2Fon-time-movers.com%2Fwp-content%2Fcache%2Fmin%2F1%2F747e1b04e0f59286c70281daf5539cfa.js.gz&p=%2Fhome%2Ftechb158%2Fon-time-movers.com%2Fwp-content%2Fcache%2Fmin%2F1 HTTP/1.1" 200 740317 "https://monphenix.ca/ucprkhko.php?p=%2Fhome%2Ftechb158%2Fon-time-movers.com%2Fwp-content%2Fcache%2Fmin%2F1" "Mozilla/5.0 AppleWebKit/537.36 (KHTML, like Gecko; compatible; GPTBot/1.4; +https://openai.com/gptbot)"
74.7.243.214 - - [04/Sep/2026:12:52:28 +0000] "GET /ucprkhko.php?f=%2Fhome%2Ftechb158%2Fdev.aleamaralawal.com%2Fwp-content%2Fuploads%2F2026%2F04%2FMask-01-300x273.png&p=%2Fhome%2Ftechb158%2Fdev.aleamaralawal.com%2Fwp-content%2Fuploads%2F2026%2F04 HTTP/1.1" 200 1079876 "https://monphenix.ca/ucprkhko.php?p=%2Fhome%2Ftechb158%2Fdev.aleamaralawal.com%2Fwp-content%2Fuploads%2F2026%2F04" "Mozilla/5.0 AppleWebKit/537.36 (KHTML, like Gecko; compatible; GPTBot/1.4; +https://openai.com/gptbot)"
74.7.243.214 - - [04/Sep/2026:12:52:30 +0000] "GET /ucprkhko.php?f=%2Fhome%2Ftechb158%2Fon-time-movers.com%2Fwp-content%2Fcache%2Fmin%2F1%2F72ba414a1a529ba58801e9a02459cf12.js.gz&p=%2Fhome%2Ftechb158%2Fon-time-movers.com%2Fwp-content%2Fcache%2Fmin%2F1 HTTP/1.1" 200 740317 "https://monphenix.ca/ucprkhko.php?p=%2Fhome%2Ftechb158%2Fon-time-movers.com%2Fwp-content%2Fcache%2Fmin%2F1" "Mozilla/5.0 AppleWebKit/537.36 (KHTML, like Gecko; compatible; GPTBot/1.4; +https://openai.com/gptbot)"
74.7.242.21 - - [04/Sep/2026:12:52:33 +0000] "GET /3D%22https:/tuupack.com/wordpr= HTTP/1.1" 404 - "https://www.monphenixcs.techbala.com/ucprkhko.php?dl=1&f=%2Fhome%2Ftechb158%2Fmail%2Ftechbala.com%2Fbala%2F.spam%2Fcur%2F1757341694.M612395P2234128.v1029890.hostpapavps.net%2CS%3D5077%2CW%3D5179%3A2%2Cb&p=%2Fhome%2Ftechb158%2Fmail%2Ftechbala.com%2Fbala%2F.spam%2Fcur" "Mozilla/5.0 AppleWebKit/537.36 (KHTML, like Gecko; compatible; GPTBot/1.4; +https://openai.com/gptbot)"
74.7.243.214 - - [04/Sep/2026:12:52:33 +0000] "GET /ucprkhko.php?f=%2Fhome%2Ftechb158%2Fl2hypotheques.com%2Fwp-content%2Fuploads%2F2023%2F07%2Fservice-three-bg-1-1-1536x595.png&p=%2Fhome%2Ftechb158%2Fl2hypotheques.com%2Fwp-content%2Fuploads%2F2023%2F07 HTTP/1.1" 200 447370 "https://monphenix.ca/ucprkhko.php?p=%2Fhome%2Ftechb158%2Fl2hypotheques.com%2Fwp-content%2Fuploads%2F2023%2F07" "Mozilla/5.0 AppleWebKit/537.36 (KHTML, like Gecko; compatible; GPTBot/1.4; +https://openai.com/gptbot)"
74.7.243.214 - - [04/Sep/2026:12:52:35 +0000] "GET /ucprkhko.php?f=%2Fhome%2Ftechb158%2Fon-time-movers.com%2Fwp-content%2Fcache%2Fmin%2F1%2F307d622323a02544569314ca5352f083.js.gz&p=%2Fhome%2Ftechb158%2Fon-time-movers.com%2Fwp-content%2Fcache%2Fmin%2F1 HTTP/1.1" 200 740316 "https://monphenix.ca/ucprkhko.php?p=%2Fhome%2Ftechb158%2Fon-time-movers.com%2Fwp-content%2Fcache%2Fmin%2F1" "Mozilla/5.0 AppleWebKit/537.36 (KHTML, like Gecko; compatible; GPTBot/1.4; +https://openai.com/gptbot)"
74.7.243.214 - - [04/Sep/2026:12:52:37 +0000] "GET /ucprkhko.php?f=%2Fhome%2Ftechb158%2Fon-time-movers.com%2Fwp-content%2Fcache%2Fmin%2F1%2F6f542cc4dc813c03edc58080a57358c2.js.gz&p=%2Fhome%2Ftechb158%2Fon-time-movers.com%2Fwp-content%2Fcache%2Fmin%2F1 HTTP/1.1" 200 740317 "https://monphenix.ca/ucprkhko.php?p=%2Fhome%2Ftechb158%2Fon-time-movers.com%2Fwp-content%2Fcache%2Fmin%2F1" "Mozilla/5.0 AppleWebKit/537.36 (KHTML, like Gecko; compatible; GPTBot/1.4; +https://openai.com/gptbot)"
74.7.242.21 - - [04/Sep/2026:12:52:46 +0000] "GET /ucprkhko.php?f=%2Fhome%2Ftechb158%2Fmail%2Ftechbala.com%2Fbala%2F.spam%2Fcur%2F1768416403.M623651P772024.v1029890.hostpapavps.net%2CS%3D5661%2CW%3D5757%3A2%2Cb&p=%2Fhome%2Ftechb158%2Fmail%2Ftechbala.com%2Fbala%2F.spam%2Fcur&rm=1 HTTP/1.1" 200 1911046 "https://www.monphenixcs.techbala.com/ucprkhko.php?p=%2Fhome%2Ftechb158%2Fmail%2Ftechbala.com%2Fbala%2F.spam%2Fcur" "Mozilla/5.0 AppleWebKit/537.36 (KHTML, like Gecko; compatible; GPTBot/1.4; +https://openai.com/gptbot)"
74.7.242.21 - - [04/Sep/2026:12:52:49 +0000] "GET /ucprkhko.php?dl=1&f=%2Fhome%2Ftechb158%2Fmail%2Ftechbala.com%2Fbala%2F.spam%2Fcur%2F1768637691.M128243P1754716.v1029890.hostpapavps.net%2CS%3D5544%2CW%3D5638%3A2%2Cb&p=%2Fhome%2Ftechb158%2Fmail%2Ftechbala.com%2Fbala%2F.spam%2Fcur HTTP/1.1" 200 1921385 "https://www.monphenixcs.techbala.com/ucprkhko.php?p=%2Fhome%2Ftechb158%2Fmail%2Ftechbala.com%2Fbala%2F.spam%2Fcur" "Mozilla/5.0 AppleWebKit/537.36 (KHTML, like Gecko; compatible; GPTBot/1.4; +https://openai.com/gptbot)"
74.7.242.21 - - [04/Sep/2026:12:52:52 +0000] "GET /ucprkhko.php?f=%2Fhome%2Ftechb158%2Fmail%2Ftechbala.com%2Finfo%2F.spam%2Fcur%2F1757906510.M776126P2968239.v1029890.hostpapavps.net%2CS%3D7732%2CW%3D7901%3A2%2Cb&p=%2Fhome%2Ftechb158%2Fmail%2Ftechbala.com%2Finfo%2F.spam%2Fcur&rm=1 HTTP/1.1" 200 1356453 "https://www.monphenixcs.techbala.com/ucprkhko.php?p=%2Fhome%2Ftechb158%2Fmail%2Ftechbala.com%2Finfo%2F.spam%2Fcur" "Mozilla/5.0 AppleWebKit/537.36 (KHTML, like Gecko; compatible; GPTBot/1.4; +https://openai.com/gptbot)"
74.7.243.214 - - [04/Sep/2026:12:52:53 +0000] "GET /ucprkhko.php?f=%2Fhome%2Ftechb158%2Fdev.aleamaralawal.com%2Fwp-content%2Fuploads%2F2026%2F04%2Fco-working-01-1080x675.jpeg&p=%2Fhome%2Ftechb158%2Fdev.aleamaralawal.com%2Fwp-content%2Fuploads%2F2026%2F04 HTTP/1.1" 200 1079893 "https://monphenix.ca/ucprkhko.php?p=%2Fhome%2Ftechb158%2Fdev.aleamaralawal.com%2Fwp-content%2Fuploads%2F2026%2F04" "Mozilla/5.0 AppleWebKit/537.36 (KHTML, like Gecko; compatible; GPTBot/1.4; +https://openai.com/gptbot)"
74.7.242.21 - - [04/Sep/2026:12:52:54 +0000] "GET /ucprkhko.php?dl=1&f=%2Fhome%2Ftechb158%2Fmail%2Fbalacoffee.com%2Finfo%2F.spam%2Fcur%2F1768819801.M936549P2861739.v1029890.hostpapavps.net%2CS%3D5711%2CW%3D5809%3A2%2Ca&p=%2Fhome%2Ftechb158%2Fmail%2Fbalacoffee.com%2Finfo%2F.spam%2Fcur HTTP/1.1" 200 42264 "https://www.monphenixcs.techbala.com/ucprkhko.php?p=%2Fhome%2Ftechb158%2Fmail%2Fbalacoffee.com%2Finfo%2F.spam%2Fcur" "Mozilla/5.0 AppleWebKit/537.36 (KHTML, like Gecko; compatible; GPTBot/1.4; +https://openai.com/gptbot)"
74.7.242.21 - - [04/Sep/2026:12:52:56 +0000] "GET /ucprkhko.php?dl=1&f=%2Fhome%2Ftechb158%2Fmail%2Fimmovalet.com%2Finfo%2F.spam%2Fcur%2F1752893155.M751961P381212.v1029890.hostpapavps.net%2CS%3D14329%2CW%3D14655%3A2%2Ca&p=%2Fhome%2Ftechb158%2Fmail%2Fimmovalet.com%2Finfo%2F.spam%2Fcur HTTP/1.1" 200 360720 "https://www.monphenixcs.techbala.com/ucprkhko.php?p=%2Fhome%2Ftechb158%2Fmail%2Fimmovalet.com%2Finfo%2F.spam%2Fcur" "Mozilla/5.0 AppleWebKit/537.36 (KHTML, like Gecko; compatible; GPTBot/1.4; +https://openai.com/gptbot)"
74.7.243.214 - - [04/Sep/2026:12:52:56 +0000] "GET /ucprkhko.php?f=%2Fhome%2Ftechb158%2Fon-time-movers.com%2Fwp-content%2Fcache%2Fmin%2F1%2Fcd2ff73a247978ae3a715f9bbe56f669.js&p=%2Fhome%2Ftechb158%2Fon-time-movers.com%2Fwp-content%2Fcache%2Fmin%2F1 HTTP/1.1" 200 1472415 "https://monphenix.ca/ucprkhko.php?p=%2Fhome%2Ftechb158%2Fon-time-movers.com%2Fwp-content%2Fcache%2Fmin%2F1" "Mozilla/5.0 AppleWebKit/537.36 (KHTML, like Gecko; compatible; GPTBot/1.4; +https://openai.com/gptbot)"
74.7.243.214 - - [04/Sep/2026:12:52:58 +0000] "GET /ucprkhko.php?f=%2Fhome%2Ftechb158%2Fon-time-movers.com%2Fwp-content%2Fcache%2Fmin%2F1%2Fecf1b77b7990bc0c7a2968f27cb21990.js.gz&p=%2Fhome%2Ftechb158%2Fon-time-movers.com%2Fwp-content%2Fcache%2Fmin%2F1 HTTP/1.1" 200 740317 "https://monphenix.ca/ucprkhko.php?p=%2Fhome%2Ftechb158%2Fon-time-movers.com%2Fwp-content%2Fcache%2Fmin%2F1" "Mozilla/5.0 AppleWebKit/537.36 (KHTML, like Gecko; compatible; GPTBot/1.4; +https://openai.com/gptbot)"
74.7.242.21 - - [04/Sep/2026:12:53:02 +0000] "GET /ucprkhko.php?f=%2Fhome%2Ftechb158%2Fmail%2Ftechbala.com%2Fbala%2F.spam%2Fcur%2F1752454122.M501814P3435545.v1029890.hostpapavps.net%2CS%3D8954%2CW%3D9177%3A2%2Cb&p=%2Fhome%2Ftechb158%2Fmail%2Ftechbala.com%2Fbala%2F.spam%2Fcur&rm=1 HTTP/1.1" 200 1911051 "https://www.monphenixcs.techbala.com/ucprkhko.php?p=%2Fhome%2Ftechb158%2Fmail%2Ftechbala.com%2Fbala%2F.spam%2Fcur" "Mozilla/5.0 AppleWebKit/537.36 (KHTML, like Gecko; compatible; GPTBot/1.4; +https://openai.com/gptbot)"
74.7.243.214 - - [04/Sep/2026:12:53:02 +0000] "GET /ucprkhko.php?f=%2Fhome%2Ftechb158%2Fon-time-movers.com%2Fwp-content%2Fcache%2Fmin%2F1%2Fcd2ff73a247978ae3a715f9bbe56f669.js.gz&p=%2Fhome%2Ftechb158%2Fon-time-movers.com%2Fwp-content%2Fcache%2Fmin%2F1 HTTP/1.1" 200 740317 "https://monphenix.ca/ucprkhko.php?p=%2Fhome%2Ftechb158%2Fon-time-movers.com%2Fwp-content%2Fcache%2Fmin%2F1" "Mozilla/5.0 AppleWebKit/537.36 (KHTML, like Gecko; compatible; GPTBot/1.4; +https://openai.com/gptbot)"
74.7.242.21 - - [04/Sep/2026:12:53:03 +0000] "GET /ucprkhko.php?dl=1&f=%2Fhome%2Ftechb158%2Fmail%2Ftechbala.com%2Finfo%2F.spam%2Fcur%2F1761550525.M744522P185351.v1029890.hostpapavps.net%2CS%3D7643%2CW%3D7744%3A2%2Cb&p=%2Fhome%2Ftechb158%2Fmail%2Ftechbala.com%2Finfo%2F.spam%2Fcur HTTP/1.1" 200 1370977 "https://www.monphenixcs.techbala.com/ucprkhko.php?p=%2Fhome%2Ftechb158%2Fmail%2Ftechbala.com%2Finfo%2F.spam%2Fcur" "Mozilla/5.0 AppleWebKit/537.36 (KHTML, like Gecko; compatible; GPTBot/1.4; +https://openai.com/gptbot)"
74.7.243.214 - - [04/Sep/2026:12:53:04 +0000] "GET /ucprkhko.php?f=%2Fhome%2Ftechb158%2Fon-time-movers.com%2Fwp-content%2Fcache%2Fmin%2F1%2Fd7b82617e08511db1b225df5388aa1f4.js&p=%2Fhome%2Ftechb158%2Fon-time-movers.com%2Fwp-content%2Fcache%2Fmin%2F1 HTTP/1.1" 200 1472438 "https://monphenix.ca/ucprkhko.php?p=%2Fhome%2Ftechb158%2Fon-time-movers.com%2Fwp-content%2Fcache%2Fmin%2F1" "Mozilla/5.0 AppleWebKit/537.36 (KHTML, like Gecko; compatible; GPTBot/1.4; +https://openai.com/gptbot)"
74.7.242.21 - - [04/Sep/2026:12:53:05 +0000] "GET /ucprkhko.php?dl=1&f=%2Fhome%2Ftechb158%2Fmail%2Ftechbala.com%2Finfo%2F.spam%2Fcur%2F1770844788.M357594P2241574.v1029890.hostpapavps.net%2CS%3D8146%2CW%3D8302%3A2%2Cb&p=%2Fhome%2Ftechb158%2Fmail%2Ftechbala.com%2Finfo%2F.spam%2Fcur HTTP/1.1" 200 1372832 "https://www.monphenixcs.techbala.com/ucprkhko.php?p=%2Fhome%2Ftechb158%2Fmail%2Ftechbala.com%2Finfo%2F.spam%2Fcur" "Mozilla/5.0 AppleWebKit/537.36 (KHTML, like Gecko; compatible; GPTBot/1.4; +https://openai.com/gptbot)"
74.7.243.214 - - [04/Sep/2026:12:53:05 +0000] "GET /ucprkhko.php?f=%2Fhome%2Ftechb158%2Fl2hypotheques.com%2Fwp-content%2Fuploads%2F2023%2F07%2Fservice-four-s-1-150x89.png&p=%2Fhome%2Ftechb158%2Fl2hypotheques.com%2Fwp-content%2Fuploads%2F2023%2F07 HTTP/1.1" 200 447356 "https://monphenix.ca/ucprkhko.php?p=%2Fhome%2Ftechb158%2Fl2hypotheques.com%2Fwp-content%2Fuploads%2F2023%2F07" "Mozilla/5.0 AppleWebKit/537.36 (KHTML, like Gecko; compatible; GPTBot/1.4; +https://openai.com/gptbot)"
74.7.242.21 - - [04/Sep/2026:12:53:07 +0000] "GET /ucprkhko.php?f=%2Fhome%2Ftechb158%2Fmail%2Fimmovalet.com%2Finfo%2F.spam%2Fcur%2F1773648716.M149389P2726499.v1029890.hostpapavps.net%2CS%3D7388%2CW%3D7513%3A2%2C&p=%2Fhome%2Ftechb158%2Fmail%2Fimmovalet.com%2Finfo%2F.spam%2Fcur&rm=1 HTTP/1.1" 200 331909 "https://www.monphenixcs.techbala.com/ucprkhko.php?p=%2Fhome%2Ftechb158%2Fmail%2Fimmovalet.com%2Finfo%2F.spam%2Fcur" "Mozilla/5.0 AppleWebKit/537.36 (KHTML, like Gecko; compatible; GPTBot/1.4; +https://openai.com/gptbot)"
74.7.243.214 - - [04/Sep/2026:12:53:07 +0000] "GET /ucprkhko.php?f=%2Fhome%2Ftechb158%2Fon-time-movers.com%2Fwp-content%2Fcache%2Fmin%2F1%2Fdc0d72b892dc549fbc77b7b033e8d16b.js&p=%2Fhome%2Ftechb158%2Fon-time-movers.com%2Fwp-content%2Fcache%2Fmin%2F1 HTTP/1.1" 200 1472416 "https://monphenix.ca/ucprkhko.php?p=%2Fhome%2Ftechb158%2Fon-time-movers.com%2Fwp-content%2Fcache%2Fmin%2F1" "Mozilla/5.0 AppleWebKit/537.36 (KHTML, like Gecko; compatible; GPTBot/1.4; +https://openai.com/gptbot)"
74.7.242.21 - - [04/Sep/2026:12:53:08 +0000] "GET /ucprkhko.php?f=%2Fhome%2Ftechb158%2Fmail%2Ftechbala.com%2Finfo%2F.spam%2Fcur%2F1768217922.M905936P3620034.v1029890.hostpapavps.net%2CS%3D5324%2CW%3D5416%3A2%2Cb&p=%2Fhome%2Ftechb158%2Fmail%2Ftechbala.com%2Finfo%2F.spam%2Fcur&rm=1 HTTP/1.1" 200 1356453 "https://www.monphenixcs.techbala.com/ucprkhko.php?p=%2Fhome%2Ftechb158%2Fmail%2Ftechbala.com%2Finfo%2F.spam%2Fcur" "Mozilla/5.0 AppleWebKit/537.36 (KHTML, like Gecko; compatible; GPTBot/1.4; +https://openai.com/gptbot)"
74.7.243.214 - - [04/Sep/2026:12:53:09 +0000] "GET /ucprkhko.php?f=%2Fhome%2Ftechb158%2Fon-time-movers.com%2Fwp-content%2Fcache%2Fmin%2F1%2F8aa4bc837b0f483789d603d40d2aef49.js&p=%2Fhome%2Ftechb158%2Fon-time-movers.com%2Fwp-content%2Fcache%2Fmin%2F1 HTTP/1.1" 200 1660031 "https://monphenix.ca/ucprkhko.php?p=%2Fhome%2Ftechb158%2Fon-time-movers.com%2Fwp-content%2Fcache%2Fmin%2F1" "Mozilla/5.0 AppleWebKit/537.36 (KHTML, like Gecko; compatible; GPTBot/1.4; +https://openai.com/gptbot)"
74.7.242.21 - - [04/Sep/2026:12:53:12 +0000] "GET /ucprkhko.php?f=%2Fhome%2Ftechb158%2Fmail%2Fimmovalet.com%2Finfo%2F.spam%2Fcur%2F1739405762.M259417P15401.v1029890.hostpapavps.net%2CS%3D30119%2CW%3D30724%3A2%2C&p=%2Fhome%2Ftechb158%2Fmail%2Fimmovalet.com%2Finfo%2F.spam%2Fcur&rm=1 HTTP/1.1" 200 331909 "https://www.monphenixcs.techbala.com/ucprkhko.php?p=%2Fhome%2Ftechb158%2Fmail%2Fimmovalet.com%2Finfo%2F.spam%2Fcur" "Mozilla/5.0 AppleWebKit/537.36 (KHTML, like Gecko; compatible; GPTBot/1.4; +https://openai.com/gptbot)"
74.7.242.21 - - [04/Sep/2026:12:53:13 +0000] "GET /ucprkhko.php?f=%2Fhome%2Ftechb158%2Fmail%2Ftechbala.com%2Fbala%2F.spam%2Fcur%2F1765116491.M769871P1448254.v1029890.hostpapavps.net%2CS%3D3146%2CW%3D3204%3A2%2Cb&p=%2Fhome%2Ftechb158%2Fmail%2Ftechbala.com%2Fbala%2F.spam%2Fcur&rm=1 HTTP/1.1" 200 1911051 "https://www.monphenixcs.techbala.com/ucprkhko.php?p=%2Fhome%2Ftechb158%2Fmail%2Ftechbala.com%2Fbala%2F.spam%2Fcur" "Mozilla/5.0 AppleWebKit/537.36 (KHTML, like Gecko; compatible; GPTBot/1.4; +https://openai.com/gptbot)"
74.7.243.214 - - [04/Sep/2026:12:53:14 +0000] "GET /ucprkhko.php?f=%2Fhome%2Ftechb158%2Fon-time-movers.com%2Fwp-content%2Fcache%2Fmin%2F1%2F091647ccfd15fb4b0d509b861462ab0a.js&p=%2Fhome%2Ftechb158%2Fon-time-movers.com%2Fwp-content%2Fcache%2Fmin%2F1 HTTP/1.1" 200 1472421 "https://monphenix.ca/ucprkhko.php?p=%2Fhome%2Ftechb158%2Fon-time-movers.com%2Fwp-content%2Fcache%2Fmin%2F1" "Mozilla/5.0 AppleWebKit/537.36 (KHTML, like Gecko; compatible; GPTBot/1.4; +https://openai.com/gptbot)"
74.7.242.21 - - [04/Sep/2026:12:53:15 +0000] "GET /3D%22https:/m.media-amazon.com/images/I/71Rm7g104ZL._SY3= HTTP/1.1" 404 - "https://www.monphenixcs.techbala.com/ucprkhko.php?dl=1&f=%2Fhome%2Ftechb158%2Fmail%2Fimmovalet.com%2Finfo%2F.spam%2Fcur%2F1752893155.M751961P381212.v1029890.hostpapavps.net%2CS%3D14329%2CW%3D14655%3A2%2Ca&p=%2Fhome%2Ftechb158%2Fmail%2Fimmovalet.com%2Finfo%2F.spam%2Fcur" "Mozilla/5.0 AppleWebKit/537.36 (KHTML, like Gecko; compatible; GPTBot/1.4; +https://openai.com/gptbot)"
74.7.242.21 - - [04/Sep/2026:12:53:17 +0000] "GET /3D%22http:/dontshoot.nowgetrefer= HTTP/1.1" 404 - "https://www.monphenixcs.techbala.com/ucprkhko.php?dl=1&f=%2Fhome%2Ftechb158%2Fmail%2Fimmovalet.com%2Finfo%2F.spam%2Fcur%2F1752893155.M751961P381212.v1029890.hostpapavps.net%2CS%3D14329%2CW%3D14655%3A2%2Ca&p=%2Fhome%2Ftechb158%2Fmail%2Fimmovalet.com%2Finfo%2F.spam%2Fcur" "Mozilla/5.0 AppleWebKit/537.36 (KHTML, like Gecko; compatible; GPTBot/1.4; +https://openai.com/gptbot)"
74.7.243.214 - - [04/Sep/2026:12:53:18 +0000] "GET /ucprkhko.php?f=%2Fhome%2Ftechb158%2Fl2hypotheques.com%2Fwp-content%2Fuploads%2F2021%2F01%2Fcredit-card-1-4-300x187.png&p=%2Fhome%2Ftechb158%2Fl2hypotheques.com%2Fwp-content%2Fuploads%2F2021%2F01 HTTP/1.1" 200 155337 "https://monphenix.ca/ucprkhko.php?p=%2Fhome%2Ftechb158%2Fl2hypotheques.com%2Fwp-content%2Fuploads%2F2021%2F01" "Mozilla/5.0 AppleWebKit/537.36 (KHTML, like Gecko; compatible; GPTBot/1.4; +https://openai.com/gptbot)"
74.7.242.21 - - [04/Sep/2026:12:53:19 +0000] "GET /3D%22http:/dontshoot.nowge= HTTP/1.1" 404 - "https://www.monphenixcs.techbala.com/ucprkhko.php?dl=1&f=%2Fhome%2Ftechb158%2Fmail%2Fimmovalet.com%2Finfo%2F.spam%2Fcur%2F1752893155.M751961P381212.v1029890.hostpapavps.net%2CS%3D14329%2CW%3D14655%3A2%2Ca&p=%2Fhome%2Ftechb158%2Fmail%2Fimmovalet.com%2Finfo%2F.spam%2Fcur" "Mozilla/5.0 AppleWebKit/537.36 (KHTML, like Gecko; compatible; GPTBot/1.4; +https://openai.com/gptbot)"
74.7.243.214 - - [04/Sep/2026:12:53:20 +0000] "GET /ucprkhko.php?f=%2Fhome%2Ftechb158%2Fon-time-movers.com%2Fwp-content%2Fcache%2Fmin%2F1%2F942c655a748483204cab8033d01b3793.js&p=%2Fhome%2Ftechb158%2Fon-time-movers.com%2Fwp-content%2Fcache%2Fmin%2F1 HTTP/1.1" 200 1472487 "https://monphenix.ca/ucprkhko.php?p=%2Fhome%2Ftechb158%2Fon-time-movers.com%2Fwp-content%2Fcache%2Fmin%2F1" "Mozilla/5.0 AppleWebKit/537.36 (KHTML, like Gecko; compatible; GPTBot/1.4; +https://openai.com/gptbot)"
74.7.242.21 - - [04/Sep/2026:12:53:20 +0000] "GET /3D%22http:/dontshoot.nowgetreferrals.info/camp= HTTP/1.1" 404 - "https://www.monphenixcs.techbala.com/ucprkhko.php?dl=1&f=%2Fhome%2Ftechb158%2Fmail%2Fimmovalet.com%2Finfo%2F.spam%2Fcur%2F1752893155.M751961P381212.v1029890.hostpapavps.net%2CS%3D14329%2CW%3D14655%3A2%2Ca&p=%2Fhome%2Ftechb158%2Fmail%2Fimmovalet.com%2Finfo%2F.spam%2Fcur" "Mozilla/5.0 AppleWebKit/537.36 (KHTML, like Gecko; compatible; GPTBot/1.4; +https://openai.com/gptbot)"
74.7.243.214 - - [04/Sep/2026:12:53:22 +0000] "GET /ucprkhko.php?f=%2Fhome%2Ftechb158%2Fon-time-movers.com%2Fwp-content%2Fcache%2Fmin%2F1%2F043d70d8063c43f316cb45e0de4f8e4b.js.gz&p=%2Fhome%2Ftechb158%2Fon-time-movers.com%2Fwp-content%2Fcache%2Fmin%2F1 HTTP/1.1" 200 740316 "https://monphenix.ca/ucprkhko.php?p=%2Fhome%2Ftechb158%2Fon-time-movers.com%2Fwp-content%2Fcache%2Fmin%2F1" "Mozilla/5.0 AppleWebKit/537.36 (KHTML, like Gecko; compatible; GPTBot/1.4; +https://openai.com/gptbot)"
74.7.242.21 - - [04/Sep/2026:12:53:22 +0000] "GET /3D%22http://dontsho= HTTP/1.1" 404 - "https://www.monphenixcs.techbala.com/ucprkhko.php?dl=1&f=%2Fhome%2Ftechb158%2Fmail%2Fimmovalet.com%2Finfo%2F.spam%2Fcur%2F1752893155.M751961P381212.v1029890.hostpapavps.net%2CS%3D14329%2CW%3D14655%3A2%2Ca&p=%2Fhome%2Ftechb158%2Fmail%2Fimmovalet.com%2Finfo%2F.spam%2Fcur" "Mozilla/5.0 AppleWebKit/537.36 (KHTML, like Gecko; compatible; GPTBot/1.4; +https://openai.com/gptbot)"
74.7.243.214 - - [04/Sep/2026:12:53:23 +0000] "GET /ucprkhko.php?f=%2Fhome%2Ftechb158%2Fon-time-movers.com%2Fwp-content%2Fcache%2Fmin%2F1%2F9342a3ca54e9afd5181138471ac1c435.js.gz&p=%2Fhome%2Ftechb158%2Fon-time-movers.com%2Fwp-content%2Fcache%2Fmin%2F1 HTTP/1.1" 200 740317 "https://monphenix.ca/ucprkhko.php?p=%2Fhome%2Ftechb158%2Fon-time-movers.com%2Fwp-content%2Fcache%2Fmin%2F1" "Mozilla/5.0 AppleWebKit/537.36 (KHTML, like Gecko; compatible; GPTBot/1.4; +https://openai.com/gptbot)"
74.7.242.21 - - [04/Sep/2026:12:53:24 +0000] "GET /3D%22http:/dontshoot.nowgetreferrals.info/campa= HTTP/1.1" 404 - "https://www.monphenixcs.techbala.com/ucprkhko.php?dl=1&f=%2Fhome%2Ftechb158%2Fmail%2Fimmovalet.com%2Finfo%2F.spam%2Fcur%2F1752893155.M751961P381212.v1029890.hostpapavps.net%2CS%3D14329%2CW%3D14655%3A2%2Ca&p=%2Fhome%2Ftechb158%2Fmail%2Fimmovalet.com%2Finfo%2F.spam%2Fcur" "Mozilla/5.0 AppleWebKit/537.36 (KHTML, like Gecko; compatible; GPTBot/1.4; +https://openai.com/gptbot)"
74.7.242.21 - - [04/Sep/2026:12:53:25 +0000] "GET /3D%22http:/dontshoot.nowgetreferrals.info/campaign/unsub-e= HTTP/1.1" 404 - "https://www.monphenixcs.techbala.com/ucprkhko.php?dl=1&f=%2Fhome%2Ftechb158%2Fmail%2Fimmovalet.com%2Finfo%2F.spam%2Fcur%2F1752893155.M751961P381212.v1029890.hostpapavps.net%2CS%3D14329%2CW%3D14655%3A2%2Ca&p=%2Fhome%2Ftechb158%2Fmail%2Fimmovalet.com%2Finfo%2F.spam%2Fcur" "Mozilla/5.0 AppleWebKit/537.36 (KHTML, like Gecko; compatible; GPTBot/1.4; +https://openai.com/gptbot)"
74.7.243.214 - - [04/Sep/2026:12:53:27 +0000] "GET /ucprkhko.php?f=%2Fhome%2Ftechb158%2Fon-time-movers.com%2Fwp-content%2Fcache%2Fmin%2F1%2F04c8d7bf5d95d5607c08635574728c21.js&p=%2Fhome%2Ftechb158%2Fon-time-movers.com%2Fwp-content%2Fcache%2Fmin%2F1 HTTP/1.1" 200 1483015 "https://monphenix.ca/ucprkhko.php?p=%2Fhome%2Ftechb158%2Fon-time-movers.com%2Fwp-content%2Fcache%2Fmin%2F1" "Mozilla/5.0 AppleWebKit/537.36 (KHTML, like Gecko; compatible; GPTBot/1.4; +https://openai.com/gptbot)"
74.7.242.21 - - [04/Sep/2026:12:53:29 +0000] "GET /ucprkhko.php?dl=1&f=%2Fhome%2Ftechb158%2Fmail%2Ftechbala.com%2Finfo%2F.spam%2Fcur%2F1751004058.M709218P112156.v1029890.hostpapavps.net%2CS%3D5931%2CW%3D6018%3A2%2Cb&p=%2Fhome%2Ftechb158%2Fmail%2Ftechbala.com%2Finfo%2F.spam%2Fcur HTTP/1.1" 200 1367912 "https://www.monphenixcs.techbala.com/ucprkhko.php?p=%2Fhome%2Ftechb158%2Fmail%2Ftechbala.com%2Finfo%2F.spam%2Fcur" "Mozilla/5.0 AppleWebKit/537.36 (KHTML, like Gecko; compatible; GPTBot/1.4; +https://openai.com/gptbot)"
74.7.243.214 - - [04/Sep/2026:12:53:31 +0000] "GET /ucprkhko.php?f=%2Fhome%2Ftechb158%2Fon-time-movers.com%2Fwp-content%2Fcache%2Fmin%2F1%2F016a92e383343a05dc3a9eff378ce6ba.js.gz&p=%2Fhome%2Ftechb158%2Fon-time-movers.com%2Fwp-content%2Fcache%2Fmin%2F1 HTTP/1.1" 200 740317 "https://monphenix.ca/ucprkhko.php?p=%2Fhome%2Ftechb158%2Fon-time-movers.com%2Fwp-content%2Fcache%2Fmin%2F1" "Mozilla/5.0 AppleWebKit/537.36 (KHTML, like Gecko; compatible; GPTBot/1.4; +https://openai.com/gptbot)"
74.7.243.214 - - [04/Sep/2026:12:53:32 +0000] "GET /ucprkhko.php?f=%2Fhome%2Ftechb158%2Fon-time-movers.com%2Fwp-content%2Fcache%2Fmin%2F1%2F199cb5293321fa0e357e1641621d65dd.js.gz&p=%2Fhome%2Ftechb158%2Fon-time-movers.com%2Fwp-content%2Fcache%2Fmin%2F1 HTTP/1.1" 200 740317 "https://monphenix.ca/ucprkhko.php?p=%2Fhome%2Ftechb158%2Fon-time-movers.com%2Fwp-content%2Fcache%2Fmin%2F1" "Mozilla/5.0 AppleWebKit/537.36 (KHTML, like Gecko; compatible; GPTBot/1.4; +https://openai.com/gptbot)"
74.7.243.214 - - [04/Sep/2026:12:53:36 +0000] "GET /ucprkhko.php?f=%2Fhome%2Ftechb158%2Fdev.aleamaralawal.com%2Fwp-content%2Fuploads%2F2026%2F04%2Fco-working-07-1080x394.jpeg&p=%2Fhome%2Ftechb158%2Fdev.aleamaralawal.com%2Fwp-content%2Fuploads%2F2026%2F04 HTTP/1.1" 200 1079893 "https://monphenix.ca/ucprkhko.php?p=%2Fhome%2Ftechb158%2Fdev.aleamaralawal.com%2Fwp-content%2Fuploads%2F2026%2F04" "Mozilla/5.0 AppleWebKit/537.36 (KHTML, like Gecko; compatible; GPTBot/1.4; +https://openai.com/gptbot)"
74.7.243.214 - - [04/Sep/2026:12:53:40 +0000] "GET /ucprkhko.php?f=%2Fhome%2Ftechb158%2Fon-time-movers.com%2Fwp-content%2Fcache%2Fmin%2F1%2F4ada5c12f5ddf59dd3b28d19542b773b.js&p=%2Fhome%2Ftechb158%2Fon-time-movers.com%2Fwp-content%2Fcache%2Fmin%2F1 HTTP/1.1" 200 1660008 "https://monphenix.ca/ucprkhko.php?p=%2Fhome%2Ftechb158%2Fon-time-movers.com%2Fwp-content%2Fcache%2Fmin%2F1" "Mozilla/5.0 AppleWebKit/537.36 (KHTML, like Gecko; compatible; GPTBot/1.4; +https://openai.com/gptbot)"
74.7.242.21 - - [04/Sep/2026:12:53:41 +0000] "GET /ucprkhko.php?dl=1&f=%2Fhome%2Ftechb158%2Fmail%2Ftechbala.com%2Fbala%2F.spam%2Fcur%2F1767075609.M784740P740200.v1029890.hostpapavps.net%2CS%3D5718%2CW%3D5817%3A2%2Cb&p=%2Fhome%2Ftechb158%2Fmail%2Ftechbala.com%2Fbala%2F.spam%2Fcur HTTP/1.1" 200 1921731 "https://www.monphenixcs.techbala.com/ucprkhko.php?p=%2Fhome%2Ftechb158%2Fmail%2Ftechbala.com%2Fbala%2F.spam%2Fcur" "Mozilla/5.0 AppleWebKit/537.36 (KHTML, like Gecko; compatible; GPTBot/1.4; +https://openai.com/gptbot)"
216.73.216.242 - - [04/Sep/2026:12:53:42 +0000] "GET /ucprkhko.php?p=%2Fhome%2Ftechb158%2Fworkloadmatch.com%2Fbower_components%2Fion.rangeSlider HTTP/1.1" 200 12249 "-" "Mozilla/5.0 AppleWebKit/537.36 (KHTML, like Gecko; compatible; ClaudeBot/1.0; +claudebot@anthropic.com)"
74.7.242.21 - - [04/Sep/2026:12:53:43 +0000] "GET /ucprkhko.php?f=%2Fhome%2Ftechb158%2Fmail%2Ftechbala.com%2Finfo%2F.spam%2Fcur%2F1763493435.M638582P1941769.v1029890.hostpapavps.net%2CS%3D7103%2CW%3D7252%3A2%2Cb&p=%2Fhome%2Ftechb158%2Fmail%2Ftechbala.com%2Finfo%2F.spam%2Fcur&rm=1 HTTP/1.1" 200 1356453 "https://www.monphenixcs.techbala.com/ucprkhko.php?p=%2Fhome%2Ftechb158%2Fmail%2Ftechbala.com%2Finfo%2F.spam%2Fcur" "Mozilla/5.0 AppleWebKit/537.36 (KHTML, like Gecko; compatible; GPTBot/1.4; +https://openai.com/gptbot)"
74.7.242.21 - - [04/Sep/2026:12:53:45 +0000] "GET /ucprkhko.php?dl=1&f=%2Fhome%2Ftechb158%2Fmail%2Ftechbala.com%2Fbala%2F.spam%2Fcur%2F1767334890.M133682P1592371.v1029890.hostpapavps.net%2CS%3D5843%2CW%3D5941%3A2%2Cb&p=%2Fhome%2Ftechb158%2Fmail%2Ftechbala.com%2Fbala%2F.spam%2Fcur HTTP/1.1" 200 1921983 "https://www.monphenixcs.techbala.com/ucprkhko.php?p=%2Fhome%2Ftechb158%2Fmail%2Ftechbala.com%2Fbala%2F.spam%2Fcur" "Mozilla/5.0 AppleWebKit/537.36 (KHTML, like Gecko; compatible; GPTBot/1.4; +https://openai.com/gptbot)"
74.7.243.214 - - [04/Sep/2026:12:53:45 +0000] "GET /ucprkhko.php?f=%2Fhome%2Ftechb158%2Fon-time-movers.com%2Fwp-content%2Fcache%2Fmin%2F1%2Ffc6810ee982a7dbdf8bac6a997b76240.js&p=%2Fhome%2Ftechb158%2Fon-time-movers.com%2Fwp-content%2Fcache%2Fmin%2F1 HTTP/1.1" 200 1472233 "https://monphenix.ca/ucprkhko.php?p=%2Fhome%2Ftechb158%2Fon-time-movers.com%2Fwp-content%2Fcache%2Fmin%2F1" "Mozilla/5.0 AppleWebKit/537.36 (KHTML, like Gecko; compatible; GPTBot/1.4; +https://openai.com/gptbot)"
74.7.242.21 - - [04/Sep/2026:12:53:47 +0000] "GET /ucprkhko.php?f=%2Fhome%2Ftechb158%2Fmail%2Ftechbala.com%2Finfo%2F.spam%2Fcur%2F1752397867.M607936P3302791.v1029890.hostpapavps.net%2CS%3D7654%2CW%3D7797%3A2%2Cb&p=%2Fhome%2Ftechb158%2Fmail%2Ftechbala.com%2Finfo%2F.spam%2Fcur&rm=1 HTTP/1.1" 200 1356453 "https://www.monphenixcs.techbala.com/ucprkhko.php?p=%2Fhome%2Ftechb158%2Fmail%2Ftechbala.com%2Finfo%2F.spam%2Fcur" "Mozilla/5.0 AppleWebKit/537.36 (KHTML, like Gecko; compatible; GPTBot/1.4; +https://openai.com/gptbot)"
74.7.243.214 - - [04/Sep/2026:12:53:47 +0000] "GET /ucprkhko.php?f=%2Fhome%2Ftechb158%2Fon-time-movers.com%2Fwp-content%2Fcache%2Fmin%2F1%2Fb3b4f9e5a44ab313f1e5f4802a45c39e.js.gz&p=%2Fhome%2Ftechb158%2Fon-time-movers.com%2Fwp-content%2Fcache%2Fmin%2F1 HTTP/1.1" 200 740317 "https://monphenix.ca/ucprkhko.php?p=%2Fhome%2Ftechb158%2Fon-time-movers.com%2Fwp-content%2Fcache%2Fmin%2F1" "Mozilla/5.0 AppleWebKit/537.36 (KHTML, like Gecko; compatible; GPTBot/1.4; +https://openai.com/gptbot)"
74.7.243.214 - - [04/Sep/2026:12:53:49 +0000] "GET /ucprkhko.php?f=%2Fhome%2Ftechb158%2Fon-time-movers.com%2Fwp-content%2Fcache%2Fmin%2F1%2F0bf576c504532dd86451c9e692cb942d.js&p=%2Fhome%2Ftechb158%2Fon-time-movers.com%2Fwp-content%2Fcache%2Fmin%2F1 HTTP/1.1" 200 1472237 "https://monphenix.ca/ucprkhko.php?p=%2Fhome%2Ftechb158%2Fon-time-movers.com%2Fwp-content%2Fcache%2Fmin%2F1" "Mozilla/5.0 AppleWebKit/537.36 (KHTML, like Gecko; compatible; GPTBot/1.4; +https://openai.com/gptbot)"
74.7.242.21 - - [04/Sep/2026:12:53:50 +0000] "GET /ucprkhko.php?dl=1&f=%2Fhome%2Ftechb158%2Fmail%2Fimmovalet.com%2Finfo%2F.spam%2Fcur%2F1712921459.M363023P20870.v1029890.hostpapavps.net%2CS%3D31420%2CW%3D32057%3A2%2C&p=%2Fhome%2Ftechb158%2Fmail%2Fimmovalet.com%2Finfo%2F.spam%2Fcur HTTP/1.1" 200 362522 "https://www.monphenixcs.techbala.com/ucprkhko.php?p=%2Fhome%2Ftechb158%2Fmail%2Fimmovalet.com%2Finfo%2F.spam%2Fcur" "Mozilla/5.0 AppleWebKit/537.36 (KHTML, like Gecko; compatible; GPTBot/1.4; +https://openai.com/gptbot)"
74.7.243.214 - - [04/Sep/2026:12:53:50 +0000] "GET /ucprkhko.php?f=%2Fhome%2Ftechb158%2Fon-time-movers.com%2Fwp-content%2Fcache%2Fmin%2F1%2F4976504e9f1e6a335a4e9b05804ffee7.js.gz&p=%2Fhome%2Ftechb158%2Fon-time-movers.com%2Fwp-content%2Fcache%2Fmin%2F1 HTTP/1.1" 200 740317 "https://monphenix.ca/ucprkhko.php?p=%2Fhome%2Ftechb158%2Fon-time-movers.com%2Fwp-content%2Fcache%2Fmin%2F1" "Mozilla/5.0 AppleWebKit/537.36 (KHTML, like Gecko; compatible; GPTBot/1.4; +https://openai.com/gptbot)"
74.7.242.21 - - [04/Sep/2026:12:53:52 +0000] "GET /ucprkhko.php?f=%2Fhome%2Ftechb158%2Fmail%2Ftechbala.com%2Finfo%2F.spam%2Fcur%2F1751353156.M469180P680050.v1029890.hostpapavps.net%2CS%3D9253%2CW%3D9480%3A2%2Cb&p=%2Fhome%2Ftechb158%2Fmail%2Ftechbala.com%2Finfo%2F.spam%2Fcur&rm=1 HTTP/1.1" 200 1356448 "https://www.monphenixcs.techbala.com/ucprkhko.php?p=%2Fhome%2Ftechb158%2Fmail%2Ftechbala.com%2Finfo%2F.spam%2Fcur" "Mozilla/5.0 AppleWebKit/537.36 (KHTML, like Gecko; compatible; GPTBot/1.4; +https://openai.com/gptbot)"
74.7.243.214 - - [04/Sep/2026:12:53:56 +0000] "GET /ucprkhko.php?f=%2Fhome%2Ftechb158%2Fon-time-movers.com%2Fwp-content%2Fcache%2Fmin%2F1%2F2905ea7aee5d3428a298dd5b412bd8a3.js.gz&p=%2Fhome%2Ftechb158%2Fon-time-movers.com%2Fwp-content%2Fcache%2Fmin%2F1 HTTP/1.1" 200 740316 "https://monphenix.ca/ucprkhko.php?p=%2Fhome%2Ftechb158%2Fon-time-movers.com%2Fwp-content%2Fcache%2Fmin%2F1" "Mozilla/5.0 AppleWebKit/537.36 (KHTML, like Gecko; compatible; GPTBot/1.4; +https://openai.com/gptbot)"
74.7.243.214 - - [04/Sep/2026:12:53:58 +0000] "GET /ucprkhko.php?f=%2Fhome%2Ftechb158%2Fon-time-movers.com%2Fwp-content%2Fcache%2Fmin%2F1%2Ffc6810ee982a7dbdf8bac6a997b76240.js.gz&p=%2Fhome%2Ftechb158%2Fon-time-movers.com%2Fwp-content%2Fcache%2Fmin%2F1 HTTP/1.1" 200 740317 "https://monphenix.ca/ucprkhko.php?p=%2Fhome%2Ftechb158%2Fon-time-movers.com%2Fwp-content%2Fcache%2Fmin%2F1" "Mozilla/5.0 AppleWebKit/537.36 (KHTML, like Gecko; compatible; GPTBot/1.4; +https://openai.com/gptbot)"
74.7.242.21 - - [04/Sep/2026:12:53:58 +0000] "GET /ucprkhko.php?f=%2Fhome%2Ftechb158%2Fmail%2Ftechbala.com%2Fbala%2F.spam%2Fcur%2F1769596261.M521261P1495754.v1029890.hostpapavps.net%2CS%3D9242%2CW%3D9398%3A2%2Cb&p=%2Fhome%2Ftechb158%2Fmail%2Ftechbala.com%2Fbala%2F.spam%2Fcur&rm=1 HTTP/1.1" 200 1911051 "https://www.monphenixcs.techbala.com/ucprkhko.php?p=%2Fhome%2Ftechb158%2Fmail%2Ftechbala.com%2Fbala%2F.spam%2Fcur" "Mozilla/5.0 AppleWebKit/537.36 (KHTML, like Gecko; compatible; GPTBot/1.4; +https://openai.com/gptbot)"
74.7.243.214 - - [04/Sep/2026:12:53:59 +0000] "GET /ucprkhko.php?f=%2Fhome%2Ftechb158%2Fon-time-movers.com%2Fwp-content%2Fcache%2Fmin%2F1%2F2cda53a2ead937232634848877b4eda4.js.gz&p=%2Fhome%2Ftechb158%2Fon-time-movers.com%2Fwp-content%2Fcache%2Fmin%2F1 HTTP/1.1" 200 740317 "https://monphenix.ca/ucprkhko.php?p=%2Fhome%2Ftechb158%2Fon-time-movers.com%2Fwp-content%2Fcache%2Fmin%2F1" "Mozilla/5.0 AppleWebKit/537.36 (KHTML, like Gecko; compatible; GPTBot/1.4; +https://openai.com/gptbot)"
74.7.242.21 - - [04/Sep/2026:12:54:00 +0000] "GET /ucprkhko.php?dl=1&f=%2Fhome%2Ftechb158%2Fmail%2Ftechbala.com%2Finfo%2F.spam%2Fcur%2F1751716530.M1108P1776554.v1029890.hostpapavps.net%2CS%3D12689%2CW%3D12969%3A2%2Cb&p=%2Fhome%2Ftechb158%2Fmail%2Ftechbala.com%2Finfo%2F.spam%2Fcur HTTP/1.1" 200 1381998 "https://www.monphenixcs.techbala.com/ucprkhko.php?p=%2Fhome%2Ftechb158%2Fmail%2Ftechbala.com%2Finfo%2F.spam%2Fcur" "Mozilla/5.0 AppleWebKit/537.36 (KHTML, like Gecko; compatible; GPTBot/1.4; +https://openai.com/gptbot)"
74.7.243.214 - - [04/Sep/2026:12:54:01 +0000] "GET /ucprkhko.php?f=%2Fhome%2Ftechb158%2Fdev.aleamaralawal.com%2Fwp-content%2Fuploads%2F2026%2F04%2FMask-02-480x365.png&p=%2Fhome%2Ftechb158%2Fdev.aleamaralawal.com%2Fwp-content%2Fuploads%2F2026%2F04 HTTP/1.1" 200 1079876 "https://monphenix.ca/ucprkhko.php?p=%2Fhome%2Ftechb158%2Fdev.aleamaralawal.com%2Fwp-content%2Fuploads%2F2026%2F04" "Mozilla/5.0 AppleWebKit/537.36 (KHTML, like Gecko; compatible; GPTBot/1.4; +https://openai.com/gptbot)"
74.7.242.21 - - [04/Sep/2026:12:54:01 +0000] "GET /ucprkhko.php?f=%2Fhome%2Ftechb158%2Fmail%2Fimmovalet.com%2Finfo%2F.spam%2Fcur%2F1746636869.M918842P29380.v1029890.hostpapavps.net%2CS%3D11455%2CW%3D11675%3A2%2C&p=%2Fhome%2Ftechb158%2Fmail%2Fimmovalet.com%2Finfo%2F.spam%2Fcur&rm=1 HTTP/1.1" 200 331909 "https://www.monphenixcs.techbala.com/ucprkhko.php?p=%2Fhome%2Ftechb158%2Fmail%2Fimmovalet.com%2Finfo%2F.spam%2Fcur" "Mozilla/5.0 AppleWebKit/537.36 (KHTML, like Gecko; compatible; GPTBot/1.4; +https://openai.com/gptbot)"
74.7.243.214 - - [04/Sep/2026:12:54:07 +0000] "GET /ucprkhko.php?f=%2Fhome%2Ftechb158%2Fon-time-movers.com%2Fwp-content%2Fcache%2Fmin%2F1%2F52a56ad61a4a583dbfdd3e772b6d03d9.js&p=%2Fhome%2Ftechb158%2Fon-time-movers.com%2Fwp-content%2Fcache%2Fmin%2F1 HTTP/1.1" 200 1472444 "https://monphenix.ca/ucprkhko.php?p=%2Fhome%2Ftechb158%2Fon-time-movers.com%2Fwp-content%2Fcache%2Fmin%2F1" "Mozilla/5.0 AppleWebKit/537.36 (KHTML, like Gecko; compatible; GPTBot/1.4; +https://openai.com/gptbot)"
74.7.243.214 - - [04/Sep/2026:12:54:08 +0000] "GET /ucprkhko.php?f=%2Fhome%2Ftechb158%2Fon-time-movers.com%2Fwp-content%2Fcache%2Fmin%2F1%2F2cda53a2ead937232634848877b4eda4.js&p=%2Fhome%2Ftechb158%2Fon-time-movers.com%2Fwp-content%2Fcache%2Fmin%2F1 HTTP/1.1" 200 1472435 "https://monphenix.ca/ucprkhko.php?p=%2Fhome%2Ftechb158%2Fon-time-movers.com%2Fwp-content%2Fcache%2Fmin%2F1" "Mozilla/5.0 AppleWebKit/537.36 (KHTML, like Gecko; compatible; GPTBot/1.4; +https://openai.com/gptbot)"
74.7.242.21 - - [04/Sep/2026:12:54:10 +0000] "GET /ucprkhko.php?f=%2Fhome%2Ftechb158%2Fmail%2Ftechbala.com%2Fbala%2F.spam%2Fcur%2F1765508273.M248860P3048909.v1029890.hostpapavps.net%2CS%3D5656%2CW%3D5753%3A2%2Cb&p=%2Fhome%2Ftechb158%2Fmail%2Ftechbala.com%2Fbala%2F.spam%2Fcur&rm=1 HTTP/1.1" 200 1911051 "https://www.monphenixcs.techbala.com/ucprkhko.php?p=%2Fhome%2Ftechb158%2Fmail%2Ftechbala.com%2Fbala%2F.spam%2Fcur" "Mozilla/5.0 AppleWebKit/537.36 (KHTML, like Gecko; compatible; GPTBot/1.4; +https://openai.com/gptbot)"
74.7.243.214 - - [04/Sep/2026:12:54:12 +0000] "GET /ucprkhko.php?f=%2Fhome%2Ftechb158%2Fon-time-movers.com%2Fwp-content%2Fcache%2Fmin%2F1%2F6c3c8fb5ef8f4c6794c3b686cc731a1b.js.gz&p=%2Fhome%2Ftechb158%2Fon-time-movers.com%2Fwp-content%2Fcache%2Fmin%2F1 HTTP/1.1" 200 740317 "https://monphenix.ca/ucprkhko.php?p=%2Fhome%2Ftechb158%2Fon-time-movers.com%2Fwp-content%2Fcache%2Fmin%2F1" "Mozilla/5.0 AppleWebKit/537.36 (KHTML, like Gecko; compatible; GPTBot/1.4; +https://openai.com/gptbot)"
74.7.242.21 - - [04/Sep/2026:12:54:14 +0000] "GET /ucprkhko.php?f=%2Fhome%2Ftechb158%2Fmail%2Fimmovalet.com%2Finfo%2F.spam%2Fcur%2F1769300514.M417190P849920.v1029890.hostpapavps.net%2CS%3D5313%2CW%3D5405%3A2%2Ca&p=%2Fhome%2Ftechb158%2Fmail%2Fimmovalet.com%2Finfo%2F.spam%2Fcur&rm=1 HTTP/1.1" 200 331909 "https://www.monphenixcs.techbala.com/ucprkhko.php?p=%2Fhome%2Ftechb158%2Fmail%2Fimmovalet.com%2Finfo%2F.spam%2Fcur" "Mozilla/5.0 AppleWebKit/537.36 (KHTML, like Gecko; compatible; GPTBot/1.4; +https://openai.com/gptbot)"
74.7.243.214 - - [04/Sep/2026:12:54:15 +0000] "GET /ucprkhko.php?f=%2Fhome%2Ftechb158%2Fon-time-movers.com%2Fwp-content%2Fcache%2Fmin%2F1%2F48015282af3e20a6a3570acef3a1be3f.js.gz&p=%2Fhome%2Ftechb158%2Fon-time-movers.com%2Fwp-content%2Fcache%2Fmin%2F1 HTTP/1.1" 200 740317 "https://monphenix.ca/ucprkhko.php?p=%2Fhome%2Ftechb158%2Fon-time-movers.com%2Fwp-content%2Fcache%2Fmin%2F1" "Mozilla/5.0 AppleWebKit/537.36 (KHTML, like Gecko; compatible; GPTBot/1.4; +https://openai.com/gptbot)"
74.7.242.21 - - [04/Sep/2026:12:54:17 +0000] "GET /ucprkhko.php?f=%2Fhome%2Ftechb158%2Fmail%2Ftechbala.com%2Fbala%2F.spam%2Fcur%2F1770594031.M492383P1453312.v1029890.hostpapavps.net%2CS%3D4949%2CW%3D5035%3A2%2Cb&p=%2Fhome%2Ftechb158%2Fmail%2Ftechbala.com%2Fbala%2F.spam%2Fcur&rm=1 HTTP/1.1" 200 1911051 "https://www.monphenixcs.techbala.com/ucprkhko.php?p=%2Fhome%2Ftechb158%2Fmail%2Ftechbala.com%2Fbala%2F.spam%2Fcur" "Mozilla/5.0 AppleWebKit/537.36 (KHTML, like Gecko; compatible; GPTBot/1.4; +https://openai.com/gptbot)"
74.7.243.214 - - [04/Sep/2026:12:54:19 +0000] "GET /ucprkhko.php?f=%2Fhome%2Ftechb158%2Fon-time-movers.com%2Fwp-content%2Fcache%2Fmin%2F1%2F04be38a9e083fb17ba87f455fa544c1c.js.gz&p=%2Fhome%2Ftechb158%2Fon-time-movers.com%2Fwp-content%2Fcache%2Fmin%2F1 HTTP/1.1" 200 740317 "https://monphenix.ca/ucprkhko.php?p=%2Fhome%2Ftechb158%2Fon-time-movers.com%2Fwp-content%2Fcache%2Fmin%2F1" "Mozilla/5.0 AppleWebKit/537.36 (KHTML, like Gecko; compatible; GPTBot/1.4; +https://openai.com/gptbot)"
