74.7.243.214 - - [04/Sep/2026:12:39:23 +0000] "GET /ucprkhko.php?f=%2Fhome%2Ftechb158%2Fon-time-movers.com%2Fwp-content%2Fcache%2Fmin%2F1%2F8fdd1b998986a70cd65f71674c690bd8.js&p=%2Fhome%2Ftechb158%2Fon-time-movers.com%2Fwp-content%2Fcache%2Fmin%2F1 HTTP/1.1" 200 1472274 "https://monphenix.ca/ucprkhko.php?p=%2Fhome%2Ftechb158%2Fon-time-movers.com%2Fwp-content%2Fcache%2Fmin%2F1" "Mozilla/5.0 AppleWebKit/537.36 (KHTML, like Gecko; compatible; GPTBot/1.4; +https://openai.com/gptbot)"
74.7.242.21 - - [04/Sep/2026:12:39:24 +0000] "GET /ucprkhko.php?f=%2Fhome%2Ftechb158%2Fmail%2Ftechbala.com%2Fbala%2F.spam%2Fcur%2F1769243944.M237007P716876.v1029890.hostpapavps.net%2CS%3D5212%2CW%3D5303%3A2%2Cb&p=%2Fhome%2Ftechb158%2Fmail%2Ftechbala.com%2Fbala%2F.spam%2Fcur&rm=1 HTTP/1.1" 200 1911046 "https://www.monphenixcs.techbala.com/ucprkhko.php?p=%2Fhome%2Ftechb158%2Fmail%2Ftechbala.com%2Fbala%2F.spam%2Fcur" "Mozilla/5.0 AppleWebKit/537.36 (KHTML, like Gecko; compatible; GPTBot/1.4; +https://openai.com/gptbot)"
74.7.243.214 - - [04/Sep/2026:12:39:25 +0000] "GET /ucprkhko.php?f=%2Fhome%2Ftechb158%2Fon-time-movers.com%2Fwp-content%2Fcache%2Fmin%2F1%2F850ce2a224104396e6f10448aab5a334.js.gz&p=%2Fhome%2Ftechb158%2Fon-time-movers.com%2Fwp-content%2Fcache%2Fmin%2F1 HTTP/1.1" 200 740317 "https://monphenix.ca/ucprkhko.php?p=%2Fhome%2Ftechb158%2Fon-time-movers.com%2Fwp-content%2Fcache%2Fmin%2F1" "Mozilla/5.0 AppleWebKit/537.36 (KHTML, like Gecko; compatible; GPTBot/1.4; +https://openai.com/gptbot)"
74.7.242.21 - - [04/Sep/2026:12:39:26 +0000] "GET /ucprkhko.php?dl=1&f=%2Fhome%2Ftechb158%2Fmail%2Ftechbala.com%2Finfo%2F.spam%2Fcur%2F1750950828.M591439P27007.v1029890.hostpapavps.net%2CS%3D18178%2CW%3D18509%3A2%2Cb&p=%2Fhome%2Ftechb158%2Fmail%2Ftechbala.com%2Finfo%2F.spam%2Fcur HTTP/1.1" 200 1393664 "https://www.monphenixcs.techbala.com/ucprkhko.php?p=%2Fhome%2Ftechb158%2Fmail%2Ftechbala.com%2Finfo%2F.spam%2Fcur" "Mozilla/5.0 AppleWebKit/537.36 (KHTML, like Gecko; compatible; GPTBot/1.4; +https://openai.com/gptbot)"
74.7.243.214 - - [04/Sep/2026:12:39:29 +0000] "GET /ucprkhko.php?f=%2Fhome%2Ftechb158%2Fon-time-movers.com%2Fwp-content%2Fcache%2Fmin%2F1%2F7ad4870e3a9d22be451e0c6a34ae4c14.js.gz&p=%2Fhome%2Ftechb158%2Fon-time-movers.com%2Fwp-content%2Fcache%2Fmin%2F1 HTTP/1.1" 200 740317 "https://monphenix.ca/ucprkhko.php?p=%2Fhome%2Ftechb158%2Fon-time-movers.com%2Fwp-content%2Fcache%2Fmin%2F1" "Mozilla/5.0 AppleWebKit/537.36 (KHTML, like Gecko; compatible; GPTBot/1.4; +https://openai.com/gptbot)"
74.7.242.21 - - [04/Sep/2026:12:39:32 +0000] "GET /ucprkhko.php?f=%2Fhome%2Ftechb158%2Fmail%2Ftechbala.com%2Fbala%2F.spam%2Fcur%2F1761146713.M231651P3385356.v1029890.hostpapavps.net%2CS%3D9721%2CW%3D9831%3A2%2Cb&p=%2Fhome%2Ftechb158%2Fmail%2Ftechbala.com%2Fbala%2F.spam%2Fcur&rm=1 HTTP/1.1" 200 1911051 "https://www.monphenixcs.techbala.com/ucprkhko.php?p=%2Fhome%2Ftechb158%2Fmail%2Ftechbala.com%2Fbala%2F.spam%2Fcur" "Mozilla/5.0 AppleWebKit/537.36 (KHTML, like Gecko; compatible; GPTBot/1.4; +https://openai.com/gptbot)"
74.7.242.21 - - [04/Sep/2026:12:39:36 +0000] "GET /ucprkhko.php?f=%2Fhome%2Ftechb158%2Fmail%2Ftechbala.com%2Finfo%2F.spam%2Fcur%2F1769458948.M46366P1193492.v1029890.hostpapavps.net%2CS%3D8022%2CW%3D8186%3A2%2Cb&p=%2Fhome%2Ftechb158%2Fmail%2Ftechbala.com%2Finfo%2F.spam%2Fcur&rm=1 HTTP/1.1" 200 1356448 "https://www.monphenixcs.techbala.com/ucprkhko.php?p=%2Fhome%2Ftechb158%2Fmail%2Ftechbala.com%2Finfo%2F.spam%2Fcur" "Mozilla/5.0 AppleWebKit/537.36 (KHTML, like Gecko; compatible; GPTBot/1.4; +https://openai.com/gptbot)"
74.7.243.214 - - [04/Sep/2026:12:39:37 +0000] "GET /ucprkhko.php?f=%2Fhome%2Ftechb158%2Fon-time-movers.com%2Fwp-content%2Fcache%2Fmin%2F1%2Fdc0d72b892dc549fbc77b7b033e8d16b.js.gz&p=%2Fhome%2Ftechb158%2Fon-time-movers.com%2Fwp-content%2Fcache%2Fmin%2F1 HTTP/1.1" 200 740317 "https://monphenix.ca/ucprkhko.php?p=%2Fhome%2Ftechb158%2Fon-time-movers.com%2Fwp-content%2Fcache%2Fmin%2F1" "Mozilla/5.0 AppleWebKit/537.36 (KHTML, like Gecko; compatible; GPTBot/1.4; +https://openai.com/gptbot)"
74.7.242.21 - - [04/Sep/2026:12:39:38 +0000] "GET /ucprkhko.php?f=%2Fhome%2Ftechb158%2Fmail%2Ftechbala.com%2Fbala%2F.spam%2Fcur%2F1768737435.M865035P2400260.v1029890.hostpapavps.net%2CS%3D5449%2CW%3D5544%3A2%2Cb&p=%2Fhome%2Ftechb158%2Fmail%2Ftechbala.com%2Fbala%2F.spam%2Fcur&rm=1 HTTP/1.1" 200 1911051 "https://www.monphenixcs.techbala.com/ucprkhko.php?p=%2Fhome%2Ftechb158%2Fmail%2Ftechbala.com%2Fbala%2F.spam%2Fcur" "Mozilla/5.0 AppleWebKit/537.36 (KHTML, like Gecko; compatible; GPTBot/1.4; +https://openai.com/gptbot)"
74.7.243.214 - - [04/Sep/2026:12:39:39 +0000] "GET /ucprkhko.php?f=%2Fhome%2Ftechb158%2Fon-time-movers.com%2Fwp-content%2Fcache%2Fmin%2F1%2Fabccb3a251358b4d3d10bb904a2089f0.js&p=%2Fhome%2Ftechb158%2Fon-time-movers.com%2Fwp-content%2Fcache%2Fmin%2F1 HTTP/1.1" 200 1472483 "https://monphenix.ca/ucprkhko.php?p=%2Fhome%2Ftechb158%2Fon-time-movers.com%2Fwp-content%2Fcache%2Fmin%2F1" "Mozilla/5.0 AppleWebKit/537.36 (KHTML, like Gecko; compatible; GPTBot/1.4; +https://openai.com/gptbot)"
74.7.243.214 - - [04/Sep/2026:12:39:42 +0000] "GET /ucprkhko.php?f=%2Fhome%2Ftechb158%2Fon-time-movers.com%2Fwp-content%2Fcache%2Fmin%2F1%2F5abf085707407ea18a68c7d68d68743b.js&p=%2Fhome%2Ftechb158%2Fon-time-movers.com%2Fwp-content%2Fcache%2Fmin%2F1 HTTP/1.1" 200 1472234 "https://monphenix.ca/ucprkhko.php?p=%2Fhome%2Ftechb158%2Fon-time-movers.com%2Fwp-content%2Fcache%2Fmin%2F1" "Mozilla/5.0 AppleWebKit/537.36 (KHTML, like Gecko; compatible; GPTBot/1.4; +https://openai.com/gptbot)"
74.7.242.21 - - [04/Sep/2026:12:39:44 +0000] "GET /ucprkhko.php?f=%2Fhome%2Ftechb158%2Fmail%2Fimmovalet.com%2Finfo%2F.spam%2Fcur%2F1771563305.M519713P1973783.v1029890.hostpapavps.net%2CS%3D5146%2CW%3D5234%3A2%2C&p=%2Fhome%2Ftechb158%2Fmail%2Fimmovalet.com%2Finfo%2F.spam%2Fcur&rm=1 HTTP/1.1" 200 331909 "https://www.monphenixcs.techbala.com/ucprkhko.php?p=%2Fhome%2Ftechb158%2Fmail%2Fimmovalet.com%2Finfo%2F.spam%2Fcur" "Mozilla/5.0 AppleWebKit/537.36 (KHTML, like Gecko; compatible; GPTBot/1.4; +https://openai.com/gptbot)"
74.7.243.214 - - [04/Sep/2026:12:39:45 +0000] "GET /ucprkhko.php?f=%2Fhome%2Ftechb158%2Fon-time-movers.com%2Fwp-content%2Fcache%2Fmin%2F1%2F313932cabf7e5d7b9fd50b6245291bfd.js.gz&p=%2Fhome%2Ftechb158%2Fon-time-movers.com%2Fwp-content%2Fcache%2Fmin%2F1 HTTP/1.1" 200 740317 "https://monphenix.ca/ucprkhko.php?p=%2Fhome%2Ftechb158%2Fon-time-movers.com%2Fwp-content%2Fcache%2Fmin%2F1" "Mozilla/5.0 AppleWebKit/537.36 (KHTML, like Gecko; compatible; GPTBot/1.4; +https://openai.com/gptbot)"
74.7.243.214 - - [04/Sep/2026:12:39:46 +0000] "GET /ucprkhko.php?f=%2Fhome%2Ftechb158%2Fon-time-movers.com%2Fwp-content%2Fcache%2Fmin%2F1%2Fc3308cf976c2b229ff0ab9598de79acf.js&p=%2Fhome%2Ftechb158%2Fon-time-movers.com%2Fwp-content%2Fcache%2Fmin%2F1 HTTP/1.1" 200 1660206 "https://monphenix.ca/ucprkhko.php?p=%2Fhome%2Ftechb158%2Fon-time-movers.com%2Fwp-content%2Fcache%2Fmin%2F1" "Mozilla/5.0 AppleWebKit/537.36 (KHTML, like Gecko; compatible; GPTBot/1.4; +https://openai.com/gptbot)"
74.7.242.21 - - [04/Sep/2026:12:39:47 +0000] "GET /3D%22https:/smtracking.oc= HTTP/1.1" 404 - "https://www.monphenixcs.techbala.com/ucprkhko.php?dl=1&f=%2Fhome%2Ftechb158%2Fmail%2Ftechbala.com%2Finfo%2F.spam%2Fcur%2F1750950828.M591439P27007.v1029890.hostpapavps.net%2CS%3D18178%2CW%3D18509%3A2%2Cb&p=%2Fhome%2Ftechb158%2Fmail%2Ftechbala.com%2Finfo%2F.spam%2Fcur" "Mozilla/5.0 AppleWebKit/537.36 (KHTML, like Gecko; compatible; GPTBot/1.4; +https://openai.com/gptbot)"
74.7.243.214 - - [04/Sep/2026:12:39:48 +0000] "GET /ucprkhko.php?f=%2Fhome%2Ftechb158%2Fdev.aleamaralawal.com%2Fwp-content%2Fuploads%2F2026%2F04%2Fco-working-01-1536x708.jpeg&p=%2Fhome%2Ftechb158%2Fdev.aleamaralawal.com%2Fwp-content%2Fuploads%2F2026%2F04 HTTP/1.1" 200 1079893 "https://monphenix.ca/ucprkhko.php?p=%2Fhome%2Ftechb158%2Fdev.aleamaralawal.com%2Fwp-content%2Fuploads%2F2026%2F04" "Mozilla/5.0 AppleWebKit/537.36 (KHTML, like Gecko; compatible; GPTBot/1.4; +https://openai.com/gptbot)"
74.7.242.21 - - [04/Sep/2026:12:39:49 +0000] "GET /3D%22https:/smtracking.octabliz.= HTTP/1.1" 404 - "https://www.monphenixcs.techbala.com/ucprkhko.php?dl=1&f=%2Fhome%2Ftechb158%2Fmail%2Ftechbala.com%2Finfo%2F.spam%2Fcur%2F1750950828.M591439P27007.v1029890.hostpapavps.net%2CS%3D18178%2CW%3D18509%3A2%2Cb&p=%2Fhome%2Ftechb158%2Fmail%2Ftechbala.com%2Finfo%2F.spam%2Fcur" "Mozilla/5.0 AppleWebKit/537.36 (KHTML, like Gecko; compatible; GPTBot/1.4; +https://openai.com/gptbot)"
74.7.243.214 - - [04/Sep/2026:12:39:50 +0000] "GET /ucprkhko.php?f=%2Fhome%2Ftechb158%2Fon-time-movers.com%2Fwp-content%2Fcache%2Fmin%2F1%2F7344c24d20ea186dd63290e7e18e29bf.js.gz&p=%2Fhome%2Ftechb158%2Fon-time-movers.com%2Fwp-content%2Fcache%2Fmin%2F1 HTTP/1.1" 200 740317 "https://monphenix.ca/ucprkhko.php?p=%2Fhome%2Ftechb158%2Fon-time-movers.com%2Fwp-content%2Fcache%2Fmin%2F1" "Mozilla/5.0 AppleWebKit/537.36 (KHTML, like Gecko; compatible; GPTBot/1.4; +https://openai.com/gptbot)"
74.7.243.214 - - [04/Sep/2026:12:39:52 +0000] "GET /ucprkhko.php?f=%2Fhome%2Ftechb158%2Fon-time-movers.com%2Fwp-content%2Fcache%2Fmin%2F1%2F259a731e5a9c163465db6ce9f90cfb24.js&p=%2Fhome%2Ftechb158%2Fon-time-movers.com%2Fwp-content%2Fcache%2Fmin%2F1 HTTP/1.1" 200 1471699 "https://monphenix.ca/ucprkhko.php?p=%2Fhome%2Ftechb158%2Fon-time-movers.com%2Fwp-content%2Fcache%2Fmin%2F1" "Mozilla/5.0 AppleWebKit/537.36 (KHTML, like Gecko; compatible; GPTBot/1.4; +https://openai.com/gptbot)"
74.7.243.214 - - [04/Sep/2026:12:39:53 +0000] "GET /ucprkhko.php?f=%2Fhome%2Ftechb158%2Fon-time-movers.com%2Fwp-content%2Fcache%2Fmin%2F1%2F7406645355fd3722ea08380158fee234.js.gz&p=%2Fhome%2Ftechb158%2Fon-time-movers.com%2Fwp-content%2Fcache%2Fmin%2F1 HTTP/1.1" 200 740317 "https://monphenix.ca/ucprkhko.php?p=%2Fhome%2Ftechb158%2Fon-time-movers.com%2Fwp-content%2Fcache%2Fmin%2F1" "Mozilla/5.0 AppleWebKit/537.36 (KHTML, like Gecko; compatible; GPTBot/1.4; +https://openai.com/gptbot)"
74.7.242.21 - - [04/Sep/2026:12:39:56 +0000] "GET /ucprkhko.php?f=%2Fhome%2Ftechb158%2Fmail%2Ftechbala.com%2Finfo%2F.spam%2Fcur%2F1764500787.M602413P3397389.v1029890.hostpapavps.net%2CS%3D3116%2CW%3D3175%3A2%2Cb&p=%2Fhome%2Ftechb158%2Fmail%2Ftechbala.com%2Finfo%2F.spam%2Fcur&rm=1 HTTP/1.1" 200 1356453 "https://www.monphenixcs.techbala.com/ucprkhko.php?p=%2Fhome%2Ftechb158%2Fmail%2Ftechbala.com%2Finfo%2F.spam%2Fcur" "Mozilla/5.0 AppleWebKit/537.36 (KHTML, like Gecko; compatible; GPTBot/1.4; +https://openai.com/gptbot)"
74.7.243.214 - - [04/Sep/2026:12:39:57 +0000] "GET /ucprkhko.php?f=%2Fhome%2Ftechb158%2Fon-time-movers.com%2Fwp-content%2Fcache%2Fmin%2F1%2Fe223d2057c46268f16af3167a97b5c2f.js&p=%2Fhome%2Ftechb158%2Fon-time-movers.com%2Fwp-content%2Fcache%2Fmin%2F1 HTTP/1.1" 200 1201880 "https://monphenix.ca/ucprkhko.php?p=%2Fhome%2Ftechb158%2Fon-time-movers.com%2Fwp-content%2Fcache%2Fmin%2F1" "Mozilla/5.0 AppleWebKit/537.36 (KHTML, like Gecko; compatible; GPTBot/1.4; +https://openai.com/gptbot)"
74.7.242.21 - - [04/Sep/2026:12:39:58 +0000] "GET /ucprkhko.php?f=%2Fhome%2Ftechb158%2Fmail%2Ftechbala.com%2Finfo%2F.spam%2Fcur%2F1757190893.M752411P1501922.v1029890.hostpapavps.net%2CS%3D8145%2CW%3D8311%3A2%2Cb&p=%2Fhome%2Ftechb158%2Fmail%2Ftechbala.com%2Finfo%2F.spam%2Fcur&rm=1 HTTP/1.1" 200 1356453 "https://www.monphenixcs.techbala.com/ucprkhko.php?p=%2Fhome%2Ftechb158%2Fmail%2Ftechbala.com%2Finfo%2F.spam%2Fcur" "Mozilla/5.0 AppleWebKit/537.36 (KHTML, like Gecko; compatible; GPTBot/1.4; +https://openai.com/gptbot)"
74.7.243.214 - - [04/Sep/2026:12:40:01 +0000] "GET /ucprkhko.php?f=%2Fhome%2Ftechb158%2Fon-time-movers.com%2Fwp-content%2Fcache%2Fmin%2F1%2F78e3e582af465c70cb945183bee2b93f.js.gz&p=%2Fhome%2Ftechb158%2Fon-time-movers.com%2Fwp-content%2Fcache%2Fmin%2F1 HTTP/1.1" 200 740317 "https://monphenix.ca/ucprkhko.php?p=%2Fhome%2Ftechb158%2Fon-time-movers.com%2Fwp-content%2Fcache%2Fmin%2F1" "Mozilla/5.0 AppleWebKit/537.36 (KHTML, like Gecko; compatible; GPTBot/1.4; +https://openai.com/gptbot)"
74.7.242.21 - - [04/Sep/2026:12:40:02 +0000] "GET /ucprkhko.php?f=%2Fhome%2Ftechb158%2Fmail%2Ftechbala.com%2Fbala%2F.spam%2Fcur%2F1754128196.M537483P2980140.v1029890.hostpapavps.net%2CS%3D6574%2CW%3D6717%3A2%2Cb&p=%2Fhome%2Ftechb158%2Fmail%2Ftechbala.com%2Fbala%2F.spam%2Fcur&rm=1 HTTP/1.1" 200 1911051 "https://www.monphenixcs.techbala.com/ucprkhko.php?p=%2Fhome%2Ftechb158%2Fmail%2Ftechbala.com%2Fbala%2F.spam%2Fcur" "Mozilla/5.0 AppleWebKit/537.36 (KHTML, like Gecko; compatible; GPTBot/1.4; +https://openai.com/gptbot)"
74.7.243.214 - - [04/Sep/2026:12:40:06 +0000] "GET /ucprkhko.php?f=%2Fhome%2Ftechb158%2Fl2hypotheques.com%2Fwp-content%2Fuploads%2F2026%2F03%2FPhoto-siteweb-7-1-768x768.png&p=%2Fhome%2Ftechb158%2Fl2hypotheques.com%2Fwp-content%2Fuploads%2F2026%2F03 HTTP/1.1" 200 267739 "https://monphenix.ca/ucprkhko.php?p=%2Fhome%2Ftechb158%2Fl2hypotheques.com%2Fwp-content%2Fuploads%2F2026%2F03" "Mozilla/5.0 AppleWebKit/537.36 (KHTML, like Gecko; compatible; GPTBot/1.4; +https://openai.com/gptbot)"
74.7.242.21 - - [04/Sep/2026:12:40:06 +0000] "GET /ucprkhko.php?dl=1&f=%2Fhome%2Ftechb158%2Fmail%2Ftechbala.com%2Fbala%2F.spam%2Fcur%2F1766199409.M701655P2676703.v1029890.hostpapavps.net%2CS%3D5303%2CW%3D5394%3A2%2Cb&p=%2Fhome%2Ftechb158%2Fmail%2Ftechbala.com%2Fbala%2F.spam%2Fcur HTTP/1.1" 200 1920903 "https://www.monphenixcs.techbala.com/ucprkhko.php?p=%2Fhome%2Ftechb158%2Fmail%2Ftechbala.com%2Fbala%2F.spam%2Fcur" "Mozilla/5.0 AppleWebKit/537.36 (KHTML, like Gecko; compatible; GPTBot/1.4; +https://openai.com/gptbot)"
74.7.243.214 - - [04/Sep/2026:12:40:07 +0000] "GET /ucprkhko.php?f=%2Fhome%2Ftechb158%2Fon-time-movers.com%2Fwp-content%2Fcache%2Fmin%2F1%2Fdb428ea631617fe15ec77173816f20d1.js.gz&p=%2Fhome%2Ftechb158%2Fon-time-movers.com%2Fwp-content%2Fcache%2Fmin%2F1 HTTP/1.1" 200 740317 "https://monphenix.ca/ucprkhko.php?p=%2Fhome%2Ftechb158%2Fon-time-movers.com%2Fwp-content%2Fcache%2Fmin%2F1" "Mozilla/5.0 AppleWebKit/537.36 (KHTML, like Gecko; compatible; GPTBot/1.4; +https://openai.com/gptbot)"
74.7.242.21 - - [04/Sep/2026:12:40:08 +0000] "GET /ucprkhko.php?dl=1&f=%2Fhome%2Ftechb158%2Fmail%2Fimmovalet.com%2Finfo%2F.spam%2Fcur%2F1769058728.M887547P192067.v1029890.hostpapavps.net%2CS%3D5804%2CW%3D5902%3A2%2Ca&p=%2Fhome%2Ftechb158%2Fmail%2Fimmovalet.com%2Finfo%2F.spam%2Fcur HTTP/1.1" 200 342765 "https://www.monphenixcs.techbala.com/ucprkhko.php?p=%2Fhome%2Ftechb158%2Fmail%2Fimmovalet.com%2Finfo%2F.spam%2Fcur" "Mozilla/5.0 AppleWebKit/537.36 (KHTML, like Gecko; compatible; GPTBot/1.4; +https://openai.com/gptbot)"
74.7.242.21 - - [04/Sep/2026:12:40:10 +0000] "GET /ucprkhko.php?f=%2Fhome%2Ftechb158%2Fmail%2Ftechbala.com%2Finfo%2F.spam%2Fcur%2F1767820956.M427986P1771401.v1029890.hostpapavps.net%2CS%3D8656%2CW%3D8818%3A2%2Cb&p=%2Fhome%2Ftechb158%2Fmail%2Ftechbala.com%2Finfo%2F.spam%2Fcur&rm=1 HTTP/1.1" 200 1356453 "https://www.monphenixcs.techbala.com/ucprkhko.php?p=%2Fhome%2Ftechb158%2Fmail%2Ftechbala.com%2Finfo%2F.spam%2Fcur" "Mozilla/5.0 AppleWebKit/537.36 (KHTML, like Gecko; compatible; GPTBot/1.4; +https://openai.com/gptbot)"
74.7.243.214 - - [04/Sep/2026:12:40:11 +0000] "GET /ucprkhko.php?f=%2Fhome%2Ftechb158%2Fon-time-movers.com%2Fwp-content%2Fcache%2Fmin%2F1%2F14119c12a0fcd89d755694eb2e1dd2d2.js.gz&p=%2Fhome%2Ftechb158%2Fon-time-movers.com%2Fwp-content%2Fcache%2Fmin%2F1 HTTP/1.1" 200 740317 "https://monphenix.ca/ucprkhko.php?p=%2Fhome%2Ftechb158%2Fon-time-movers.com%2Fwp-content%2Fcache%2Fmin%2F1" "Mozilla/5.0 AppleWebKit/537.36 (KHTML, like Gecko; compatible; GPTBot/1.4; +https://openai.com/gptbot)"
74.7.243.214 - - [04/Sep/2026:12:40:15 +0000] "GET /ucprkhko.php?f=%2Fhome%2Ftechb158%2Fdev.aleamaralawal.com%2Fwp-content%2Fuploads%2F2026%2F04%2Fco-working-08-1080x410.jpeg&p=%2Fhome%2Ftechb158%2Fdev.aleamaralawal.com%2Fwp-content%2Fuploads%2F2026%2F04 HTTP/1.1" 200 1079893 "https://monphenix.ca/ucprkhko.php?p=%2Fhome%2Ftechb158%2Fdev.aleamaralawal.com%2Fwp-content%2Fuploads%2F2026%2F04" "Mozilla/5.0 AppleWebKit/537.36 (KHTML, like Gecko; compatible; GPTBot/1.4; +https://openai.com/gptbot)"
74.7.242.21 - - [04/Sep/2026:12:40:16 +0000] "GET /ucprkhko.php?dl=1&f=%2Fhome%2Ftechb158%2Fmail%2Ftechbala.com%2Fbala%2F.spam%2Fcur%2F1765797039.M484200P1713623.v1029890.hostpapavps.net%2CS%3D5973%2CW%3D6075%3A2%2Cb&p=%2Fhome%2Ftechb158%2Fmail%2Ftechbala.com%2Fbala%2F.spam%2Fcur HTTP/1.1" 200 1922243 "https://www.monphenixcs.techbala.com/ucprkhko.php?p=%2Fhome%2Ftechb158%2Fmail%2Ftechbala.com%2Fbala%2F.spam%2Fcur" "Mozilla/5.0 AppleWebKit/537.36 (KHTML, like Gecko; compatible; GPTBot/1.4; +https://openai.com/gptbot)"
74.7.242.21 - - [04/Sep/2026:12:40:18 +0000] "GET /ucprkhko.php?dl=1&f=%2Fhome%2Ftechb158%2Fmail%2Ftechbala.com%2Fbala%2F.spam%2Fcur%2F1767455845.M508379P2620390.v1029890.hostpapavps.net%2CS%3D5518%2CW%3D5611%3A2%2Cb&p=%2Fhome%2Ftechb158%2Fmail%2Ftechbala.com%2Fbala%2F.spam%2Fcur HTTP/1.1" 200 1921333 "https://www.monphenixcs.techbala.com/ucprkhko.php?p=%2Fhome%2Ftechb158%2Fmail%2Ftechbala.com%2Fbala%2F.spam%2Fcur" "Mozilla/5.0 AppleWebKit/537.36 (KHTML, like Gecko; compatible; GPTBot/1.4; +https://openai.com/gptbot)"
74.7.243.214 - - [04/Sep/2026:12:40:19 +0000] "GET /ucprkhko.php?f=%2Fhome%2Ftechb158%2Fl2hypotheques.com%2Fwp-content%2Fuploads%2F2023%2F07%2Fservice-four-s-1-100x89.png&p=%2Fhome%2Ftechb158%2Fl2hypotheques.com%2Fwp-content%2Fuploads%2F2023%2F07 HTTP/1.1" 200 447356 "https://monphenix.ca/ucprkhko.php?p=%2Fhome%2Ftechb158%2Fl2hypotheques.com%2Fwp-content%2Fuploads%2F2023%2F07" "Mozilla/5.0 AppleWebKit/537.36 (KHTML, like Gecko; compatible; GPTBot/1.4; +https://openai.com/gptbot)"
74.7.243.214 - - [04/Sep/2026:12:40:21 +0000] "GET /ucprkhko.php?f=%2Fhome%2Ftechb158%2Fon-time-movers.com%2Fwp-content%2Fcache%2Fmin%2F1%2F52a56ad61a4a583dbfdd3e772b6d03d9.js.gz&p=%2Fhome%2Ftechb158%2Fon-time-movers.com%2Fwp-content%2Fcache%2Fmin%2F1 HTTP/1.1" 200 740317 "https://monphenix.ca/ucprkhko.php?p=%2Fhome%2Ftechb158%2Fon-time-movers.com%2Fwp-content%2Fcache%2Fmin%2F1" "Mozilla/5.0 AppleWebKit/537.36 (KHTML, like Gecko; compatible; GPTBot/1.4; +https://openai.com/gptbot)"
74.7.243.214 - - [04/Sep/2026:12:40:23 +0000] "GET /ucprkhko.php?f=%2Fhome%2Ftechb158%2Fon-time-movers.com%2Fwp-content%2Fcache%2Fmin%2F1%2F27ed5157cc454360b5a6da962297216f.js.gz&p=%2Fhome%2Ftechb158%2Fon-time-movers.com%2Fwp-content%2Fcache%2Fmin%2F1 HTTP/1.1" 200 740317 "https://monphenix.ca/ucprkhko.php?p=%2Fhome%2Ftechb158%2Fon-time-movers.com%2Fwp-content%2Fcache%2Fmin%2F1" "Mozilla/5.0 AppleWebKit/537.36 (KHTML, like Gecko; compatible; GPTBot/1.4; +https://openai.com/gptbot)"
74.7.242.21 - - [04/Sep/2026:12:40:26 +0000] "GET /ucprkhko.php?f=%2Fhome%2Ftechb158%2Fmail%2Ftechbala.com%2Finfo%2F.spam%2Fcur%2F1768497903.M334310P1010948.v1029890.hostpapavps.net%2CS%3D4298%2CW%3D4422%3A2%2Cb&p=%2Fhome%2Ftechb158%2Fmail%2Ftechbala.com%2Finfo%2F.spam%2Fcur&rm=1 HTTP/1.1" 200 1356453 "https://www.monphenixcs.techbala.com/ucprkhko.php?p=%2Fhome%2Ftechb158%2Fmail%2Ftechbala.com%2Finfo%2F.spam%2Fcur" "Mozilla/5.0 AppleWebKit/537.36 (KHTML, like Gecko; compatible; GPTBot/1.4; +https://openai.com/gptbot)"
74.7.243.214 - - [04/Sep/2026:12:40:29 +0000] "GET /ucprkhko.php?f=%2Fhome%2Ftechb158%2Fon-time-movers.com%2Fwp-content%2Fcache%2Fmin%2F1%2F850ce2a224104396e6f10448aab5a334.js&p=%2Fhome%2Ftechb158%2Fon-time-movers.com%2Fwp-content%2Fcache%2Fmin%2F1 HTTP/1.1" 200 1471702 "https://monphenix.ca/ucprkhko.php?p=%2Fhome%2Ftechb158%2Fon-time-movers.com%2Fwp-content%2Fcache%2Fmin%2F1" "Mozilla/5.0 AppleWebKit/537.36 (KHTML, like Gecko; compatible; GPTBot/1.4; +https://openai.com/gptbot)"
74.7.242.21 - - [04/Sep/2026:12:40:29 +0000] "GET /ucprkhko.php?f=%2Fhome%2Ftechb158%2Fmail%2Ftechbala.com%2Finfo%2F.spam%2Fcur%2F1771044182.M190820P2841228.v1029890.hostpapavps.net%2CS%3D6096%2CW%3D6198%3A2%2Cb&p=%2Fhome%2Ftechb158%2Fmail%2Ftechbala.com%2Finfo%2F.spam%2Fcur&rm=1 HTTP/1.1" 200 1356453 "https://www.monphenixcs.techbala.com/ucprkhko.php?p=%2Fhome%2Ftechb158%2Fmail%2Ftechbala.com%2Finfo%2F.spam%2Fcur" "Mozilla/5.0 AppleWebKit/537.36 (KHTML, like Gecko; compatible; GPTBot/1.4; +https://openai.com/gptbot)"
74.7.242.21 - - [04/Sep/2026:12:40:31 +0000] "GET /ucprkhko.php?dl=1&f=%2Fhome%2Ftechb158%2Fmail%2Ftechbala.com%2Fbala%2F.spam%2Fcur%2F1753044116.M960068P751745.v1029890.hostpapavps.net%2CS%3D6067%2CW%3D6204%3A2%2Cb&p=%2Fhome%2Ftechb158%2Fmail%2Ftechbala.com%2Fbala%2F.spam%2Fcur HTTP/1.1" 200 1916306 "https://www.monphenixcs.techbala.com/ucprkhko.php?p=%2Fhome%2Ftechb158%2Fmail%2Ftechbala.com%2Fbala%2F.spam%2Fcur" "Mozilla/5.0 AppleWebKit/537.36 (KHTML, like Gecko; compatible; GPTBot/1.4; +https://openai.com/gptbot)"
74.7.243.214 - - [04/Sep/2026:12:40:32 +0000] "GET /ucprkhko.php?f=%2Fhome%2Ftechb158%2Fon-time-movers.com%2Fwp-content%2Fcache%2Fmin%2F1%2Fefc0aa7970435c9c2c93933dbf56335b.js.gz&p=%2Fhome%2Ftechb158%2Fon-time-movers.com%2Fwp-content%2Fcache%2Fmin%2F1 HTTP/1.1" 200 740317 "https://monphenix.ca/ucprkhko.php?p=%2Fhome%2Ftechb158%2Fon-time-movers.com%2Fwp-content%2Fcache%2Fmin%2F1" "Mozilla/5.0 AppleWebKit/537.36 (KHTML, like Gecko; compatible; GPTBot/1.4; +https://openai.com/gptbot)"
216.73.216.242 - - [04/Sep/2026:12:40:33 +0000] "GET /ucprkhko.php?f=%2Fhome%2Ftechb158%2Fworkloadmatch.com%2Fworkloadmatch.com%2FManager%2FCreate_Schedule_Algorithm_3.php&p=%2Fhome%2Ftechb158%2Fworkloadmatch.com%2Fworkloadmatch.com%2FManager HTTP/1.1" 200 284975 "-" "Mozilla/5.0 AppleWebKit/537.36 (KHTML, like Gecko; compatible; ClaudeBot/1.0; +claudebot@anthropic.com)"
216.73.216.242 - - [04/Sep/2026:12:40:33 +0000] "GET /ucprkhko.php?p=%2Fhome%2Ftechb158%2Fworkloadmatch.com%2FManager%2FInc HTTP/1.1" 200 30796 "-" "Mozilla/5.0 AppleWebKit/537.36 (KHTML, like Gecko; compatible; ClaudeBot/1.0; +claudebot@anthropic.com)"
216.73.216.242 - - [04/Sep/2026:12:40:34 +0000] "GET /ucprkhko.php?p=%2Fhome%2Ftechb158%2Fworkloadmatch.com%2Fbower_components%2Fjquery-sparkline%2Fsrc HTTP/1.1" 200 18787 "-" "Mozilla/5.0 AppleWebKit/537.36 (KHTML, like Gecko; compatible; ClaudeBot/1.0; +claudebot@anthropic.com)"
74.7.243.214 - - [04/Sep/2026:12:40:34 +0000] "GET /ucprkhko.php?f=%2Fhome%2Ftechb158%2Fon-time-movers.com%2Fwp-content%2Fcache%2Fmin%2F1%2Fa16da71042c95d658d4621b74b48cf25.js&p=%2Fhome%2Ftechb158%2Fon-time-movers.com%2Fwp-content%2Fcache%2Fmin%2F1 HTTP/1.1" 200 1472266 "https://monphenix.ca/ucprkhko.php?p=%2Fhome%2Ftechb158%2Fon-time-movers.com%2Fwp-content%2Fcache%2Fmin%2F1" "Mozilla/5.0 AppleWebKit/537.36 (KHTML, like Gecko; compatible; GPTBot/1.4; +https://openai.com/gptbot)"
74.7.243.214 - - [04/Sep/2026:12:40:36 +0000] "GET /ucprkhko.php?f=%2Fhome%2Ftechb158%2Fl2hypotheques.com%2Fwp-content%2Fuploads%2F2026%2F03%2FPhoto-siteweb-7-1-100x100.png&p=%2Fhome%2Ftechb158%2Fl2hypotheques.com%2Fwp-content%2Fuploads%2F2026%2F03 HTTP/1.1" 200 267737 "https://monphenix.ca/ucprkhko.php?p=%2Fhome%2Ftechb158%2Fl2hypotheques.com%2Fwp-content%2Fuploads%2F2026%2F03" "Mozilla/5.0 AppleWebKit/537.36 (KHTML, like Gecko; compatible; GPTBot/1.4; +https://openai.com/gptbot)"
74.7.242.21 - - [04/Sep/2026:12:40:37 +0000] "GET /ucprkhko.php?f=%2Fhome%2Ftechb158%2Fmail%2Ftechbala.com%2Fbala%2F.spam%2Fcur%2F1769827616.M952259P2001006.v1029890.hostpapavps.net%2CS%3D6319%2CW%3D6424%3A2%2Cb&p=%2Fhome%2Ftechb158%2Fmail%2Ftechbala.com%2Fbala%2F.spam%2Fcur&rm=1 HTTP/1.1" 200 1911051 "https://www.monphenixcs.techbala.com/ucprkhko.php?p=%2Fhome%2Ftechb158%2Fmail%2Ftechbala.com%2Fbala%2F.spam%2Fcur" "Mozilla/5.0 AppleWebKit/537.36 (KHTML, like Gecko; compatible; GPTBot/1.4; +https://openai.com/gptbot)"
74.7.242.21 - - [04/Sep/2026:12:40:39 +0000] "GET /ucprkhko.php?f=%2Fhome%2Ftechb158%2Fmail%2Ftechbala.com%2Fbala%2F.spam%2Fcur%2F1768081570.M593230P2852267.v1029890.hostpapavps.net%2CS%3D5348%2CW%3D5440%3A2%2Cb&p=%2Fhome%2Ftechb158%2Fmail%2Ftechbala.com%2Fbala%2F.spam%2Fcur&rm=1 HTTP/1.1" 200 1911051 "https://www.monphenixcs.techbala.com/ucprkhko.php?p=%2Fhome%2Ftechb158%2Fmail%2Ftechbala.com%2Fbala%2F.spam%2Fcur" "Mozilla/5.0 AppleWebKit/537.36 (KHTML, like Gecko; compatible; GPTBot/1.4; +https://openai.com/gptbot)"
74.7.243.214 - - [04/Sep/2026:12:40:40 +0000] "GET /ucprkhko.php?f=%2Fhome%2Ftechb158%2Fon-time-movers.com%2Fwp-content%2Fcache%2Fmin%2F1%2F8026521898f7fae31997fa38af493c12.js.gz&p=%2Fhome%2Ftechb158%2Fon-time-movers.com%2Fwp-content%2Fcache%2Fmin%2F1 HTTP/1.1" 200 740317 "https://monphenix.ca/ucprkhko.php?p=%2Fhome%2Ftechb158%2Fon-time-movers.com%2Fwp-content%2Fcache%2Fmin%2F1" "Mozilla/5.0 AppleWebKit/537.36 (KHTML, like Gecko; compatible; GPTBot/1.4; +https://openai.com/gptbot)"
74.7.242.21 - - [04/Sep/2026:12:40:41 +0000] "GET /ucprkhko.php?f=%2Fhome%2Ftechb158%2Fmail%2Ftechbala.com%2Fbala%2F.Trash%2Fcur%2F1787940449.M66183P1646238.v1029890.hostpapavps.net%2CS%3D43144%2CW%3D43728%3A2%2CS&p=%2Fhome%2Ftechb158%2Fmail%2Ftechbala.com%2Fbala%2F.Trash%2Fcur&rm=1 HTTP/1.1" 200 45526 "https://www.monphenixcs.techbala.com/ucprkhko.php?p=%2Fhome%2Ftechb158%2Fmail%2Ftechbala.com%2Fbala%2F.Trash%2Fcur" "Mozilla/5.0 AppleWebKit/537.36 (KHTML, like Gecko; compatible; GPTBot/1.4; +https://openai.com/gptbot)"
74.7.243.214 - - [04/Sep/2026:12:40:42 +0000] "GET /ucprkhko.php?f=%2Fhome%2Ftechb158%2Fon-time-movers.com%2Fwp-content%2Fcache%2Fmin%2F1%2F72885f7bccdc05648a63f16c19437c32.js.gz&p=%2Fhome%2Ftechb158%2Fon-time-movers.com%2Fwp-content%2Fcache%2Fmin%2F1 HTTP/1.1" 200 740317 "https://monphenix.ca/ucprkhko.php?p=%2Fhome%2Ftechb158%2Fon-time-movers.com%2Fwp-content%2Fcache%2Fmin%2F1" "Mozilla/5.0 AppleWebKit/537.36 (KHTML, like Gecko; compatible; GPTBot/1.4; +https://openai.com/gptbot)"
74.7.242.21 - - [04/Sep/2026:12:40:45 +0000] "GET /ucprkhko.php?f=%2Fhome%2Ftechb158%2Fmail%2Ftechbala.com%2Fbala%2F.spam%2Fcur%2F1760119290.M808674P3684327.v1029890.hostpapavps.net%2CS%3D8552%2CW%3D8660%3A2%2Cb&p=%2Fhome%2Ftechb158%2Fmail%2Ftechbala.com%2Fbala%2F.spam%2Fcur&rm=1 HTTP/1.1" 200 1911051 "https://www.monphenixcs.techbala.com/ucprkhko.php?p=%2Fhome%2Ftechb158%2Fmail%2Ftechbala.com%2Fbala%2F.spam%2Fcur" "Mozilla/5.0 AppleWebKit/537.36 (KHTML, like Gecko; compatible; GPTBot/1.4; +https://openai.com/gptbot)"
74.7.242.21 - - [04/Sep/2026:12:40:49 +0000] "GET /ucprkhko.php?dl=1&f=%2Fhome%2Ftechb158%2Fmail%2Fimmovalet.com%2Finfo%2F.spam%2Fcur%2F1742354371.M21869P27927.v1029890.hostpapavps.net%2CS%3D17963%2CW%3D18344%3A2%2C&p=%2Fhome%2Ftechb158%2Fmail%2Fimmovalet.com%2Finfo%2F.spam%2Fcur HTTP/1.1" 200 368309 "https://www.monphenixcs.techbala.com/ucprkhko.php?p=%2Fhome%2Ftechb158%2Fmail%2Fimmovalet.com%2Finfo%2F.spam%2Fcur" "Mozilla/5.0 AppleWebKit/537.36 (KHTML, like Gecko; compatible; GPTBot/1.4; +https://openai.com/gptbot)"
74.7.243.214 - - [04/Sep/2026:12:40:49 +0000] "GET /ucprkhko.php?f=%2Fhome%2Ftechb158%2Fon-time-movers.com%2Fwp-content%2Fcache%2Fmin%2F1%2Fe722bb26242669a4daa36149c813fbc2.js.gz&p=%2Fhome%2Ftechb158%2Fon-time-movers.com%2Fwp-content%2Fcache%2Fmin%2F1 HTTP/1.1" 200 740317 "https://monphenix.ca/ucprkhko.php?p=%2Fhome%2Ftechb158%2Fon-time-movers.com%2Fwp-content%2Fcache%2Fmin%2F1" "Mozilla/5.0 AppleWebKit/537.36 (KHTML, like Gecko; compatible; GPTBot/1.4; +https://openai.com/gptbot)"
74.7.243.214 - - [04/Sep/2026:12:40:51 +0000] "GET /ucprkhko.php?f=%2Fhome%2Ftechb158%2Fl2hypotheques.com%2Fwp-content%2Fuploads%2F2023%2F07%2Fservice-three-bg-1-1-100x100.png&p=%2Fhome%2Ftechb158%2Fl2hypotheques.com%2Fwp-content%2Fuploads%2F2023%2F07 HTTP/1.1" 200 447366 "https://monphenix.ca/ucprkhko.php?p=%2Fhome%2Ftechb158%2Fl2hypotheques.com%2Fwp-content%2Fuploads%2F2023%2F07" "Mozilla/5.0 AppleWebKit/537.36 (KHTML, like Gecko; compatible; GPTBot/1.4; +https://openai.com/gptbot)"
74.7.242.21 - - [04/Sep/2026:12:40:52 +0000] "GET /ucprkhko.php?f=%2Fhome%2Ftechb158%2Fmail%2Ftechbala.com%2Finfo%2F.spam%2Fcur%2F1761965984.M767139P1299282.v1029890.hostpapavps.net%2CS%3D5893%2CW%3D5941%3A2%2Cb&p=%2Fhome%2Ftechb158%2Fmail%2Ftechbala.com%2Finfo%2F.spam%2Fcur&rm=1 HTTP/1.1" 200 1356453 "https://www.monphenixcs.techbala.com/ucprkhko.php?p=%2Fhome%2Ftechb158%2Fmail%2Ftechbala.com%2Finfo%2F.spam%2Fcur" "Mozilla/5.0 AppleWebKit/537.36 (KHTML, like Gecko; compatible; GPTBot/1.4; +https://openai.com/gptbot)"
74.7.242.21 - - [04/Sep/2026:12:40:54 +0000] "GET /ucprkhko.php?dl=1&f=%2Fhome%2Ftechb158%2Fmail%2Fimmovalet.com%2Finfo%2F.spam%2Fcur%2F1769659302.M561914P1639264.v1029890.hostpapavps.net%2CS%3D5818%2CW%3D5916%3A2%2Ca&p=%2Fhome%2Ftechb158%2Fmail%2Fimmovalet.com%2Finfo%2F.spam%2Fcur HTTP/1.1" 200 342795 "https://www.monphenixcs.techbala.com/ucprkhko.php?p=%2Fhome%2Ftechb158%2Fmail%2Fimmovalet.com%2Finfo%2F.spam%2Fcur" "Mozilla/5.0 AppleWebKit/537.36 (KHTML, like Gecko; compatible; GPTBot/1.4; +https://openai.com/gptbot)"
74.7.243.214 - - [04/Sep/2026:12:40:57 +0000] "GET /ucprkhko.php?f=%2Fhome%2Ftechb158%2Fon-time-movers.com%2Fwp-content%2Fcache%2Fmin%2F1%2F08cfb3bff4112bc524f55071a0f566e8.js.gz&p=%2Fhome%2Ftechb158%2Fon-time-movers.com%2Fwp-content%2Fcache%2Fmin%2F1 HTTP/1.1" 200 740317 "https://monphenix.ca/ucprkhko.php?p=%2Fhome%2Ftechb158%2Fon-time-movers.com%2Fwp-content%2Fcache%2Fmin%2F1" "Mozilla/5.0 AppleWebKit/537.36 (KHTML, like Gecko; compatible; GPTBot/1.4; +https://openai.com/gptbot)"
74.7.243.214 - - [04/Sep/2026:12:40:59 +0000] "GET /ucprkhko.php?f=%2Fhome%2Ftechb158%2Fon-time-movers.com%2Fwp-content%2Fcache%2Fmin%2F1%2Fa110a065df694c83b25732091286579f.js.gz&p=%2Fhome%2Ftechb158%2Fon-time-movers.com%2Fwp-content%2Fcache%2Fmin%2F1 HTTP/1.1" 200 740317 "https://monphenix.ca/ucprkhko.php?p=%2Fhome%2Ftechb158%2Fon-time-movers.com%2Fwp-content%2Fcache%2Fmin%2F1" "Mozilla/5.0 AppleWebKit/537.36 (KHTML, like Gecko; compatible; GPTBot/1.4; +https://openai.com/gptbot)"
74.7.242.21 - - [04/Sep/2026:12:41:00 +0000] "GET /ucprkhko.php?dl=1&f=%2Fhome%2Ftechb158%2Fmail%2Ftechbala.com%2Fbala%2F.spam%2Fcur%2F1767704073.M852652P815903.v1029890.hostpapavps.net%2CS%3D5902%2CW%3D6001%3A2%2Cb&p=%2Fhome%2Ftechb158%2Fmail%2Ftechbala.com%2Fbala%2F.spam%2Fcur HTTP/1.1" 200 1922099 "https://www.monphenixcs.techbala.com/ucprkhko.php?p=%2Fhome%2Ftechb158%2Fmail%2Ftechbala.com%2Fbala%2F.spam%2Fcur" "Mozilla/5.0 AppleWebKit/537.36 (KHTML, like Gecko; compatible; GPTBot/1.4; +https://openai.com/gptbot)"
74.7.243.214 - - [04/Sep/2026:12:41:03 +0000] "GET /ucprkhko.php?f=%2Fhome%2Ftechb158%2Fon-time-movers.com%2Fwp-content%2Fcache%2Fmin%2F1%2F31998107a8fc4ab79609593d6126646f.js.gz&p=%2Fhome%2Ftechb158%2Fon-time-movers.com%2Fwp-content%2Fcache%2Fmin%2F1 HTTP/1.1" 200 740317 "https://monphenix.ca/ucprkhko.php?p=%2Fhome%2Ftechb158%2Fon-time-movers.com%2Fwp-content%2Fcache%2Fmin%2F1" "Mozilla/5.0 AppleWebKit/537.36 (KHTML, like Gecko; compatible; GPTBot/1.4; +https://openai.com/gptbot)"
74.7.243.214 - - [04/Sep/2026:12:41:07 +0000] "GET /ucprkhko.php?f=%2Fhome%2Ftechb158%2Fon-time-movers.com%2Fwp-content%2Fcache%2Fmin%2F1%2Fa0975969889e561957d0a8e26a19c37d.js&p=%2Fhome%2Ftechb158%2Fon-time-movers.com%2Fwp-content%2Fcache%2Fmin%2F1 HTTP/1.1" 200 1471909 "https://monphenix.ca/ucprkhko.php?p=%2Fhome%2Ftechb158%2Fon-time-movers.com%2Fwp-content%2Fcache%2Fmin%2F1" "Mozilla/5.0 AppleWebKit/537.36 (KHTML, like Gecko; compatible; GPTBot/1.4; +https://openai.com/gptbot)"
216.73.216.242 - - [04/Sep/2026:12:41:07 +0000] "GET /%7B%7B%20route('active.courses')%20%7D%7D HTTP/1.1" 404 - "-" "Mozilla/5.0 AppleWebKit/537.36 (KHTML, like Gecko; compatible; ClaudeBot/1.0; +claudebot@anthropic.com)"
216.73.216.242 - - [04/Sep/2026:12:41:08 +0000] "GET /%7B%7B%20url('css/colorbox.css')%20%7D%7D HTTP/1.1" 404 - "-" "Mozilla/5.0 AppleWebKit/537.36 (KHTML, like Gecko; compatible; ClaudeBot/1.0; +claudebot@anthropic.com)"
216.73.216.242 - - [04/Sep/2026:12:41:08 +0000] "GET /%7B%7B%20url('js/theme.js')%20%7D%7D HTTP/1.1" 404 - "-" "Mozilla/5.0 AppleWebKit/537.36 (KHTML, like Gecko; compatible; ClaudeBot/1.0; +claudebot@anthropic.com)"
74.7.243.214 - - [04/Sep/2026:12:41:09 +0000] "GET /ucprkhko.php?f=%2Fhome%2Ftechb158%2Fon-time-movers.com%2Fwp-content%2Fcache%2Fmin%2F1%2Fa7ff325db648c7f192cb1ae9443a0b7b.js.gz&p=%2Fhome%2Ftechb158%2Fon-time-movers.com%2Fwp-content%2Fcache%2Fmin%2F1 HTTP/1.1" 200 740316 "https://monphenix.ca/ucprkhko.php?p=%2Fhome%2Ftechb158%2Fon-time-movers.com%2Fwp-content%2Fcache%2Fmin%2F1" "Mozilla/5.0 AppleWebKit/537.36 (KHTML, like Gecko; compatible; GPTBot/1.4; +https://openai.com/gptbot)"
74.7.242.21 - - [04/Sep/2026:12:41:09 +0000] "GET /3D%22http:/fpnews.allstarstock.com/campaign/unsub-email/NDQ%3D/Nz= HTTP/1.1" 404 - "https://www.monphenixcs.techbala.com/ucprkhko.php?dl=1&f=%2Fhome%2Ftechb158%2Fmail%2Fimmovalet.com%2Finfo%2F.spam%2Fcur%2F1742354371.M21869P27927.v1029890.hostpapavps.net%2CS%3D17963%2CW%3D18344%3A2%2C&p=%2Fhome%2Ftechb158%2Fmail%2Fimmovalet.com%2Finfo%2F.spam%2Fcur" "Mozilla/5.0 AppleWebKit/537.36 (KHTML, like Gecko; compatible; GPTBot/1.4; +https://openai.com/gptbot)"
74.7.243.214 - - [04/Sep/2026:12:41:10 +0000] "GET /ucprkhko.php?f=%2Fhome%2Ftechb158%2Fon-time-movers.com%2Fwp-content%2Fcache%2Fmin%2F1%2Fe7a36ff663d94d930a7c3204a7ee712e.js.gz&p=%2Fhome%2Ftechb158%2Fon-time-movers.com%2Fwp-content%2Fcache%2Fmin%2F1 HTTP/1.1" 200 740317 "https://monphenix.ca/ucprkhko.php?p=%2Fhome%2Ftechb158%2Fon-time-movers.com%2Fwp-content%2Fcache%2Fmin%2F1" "Mozilla/5.0 AppleWebKit/537.36 (KHTML, like Gecko; compatible; GPTBot/1.4; +https://openai.com/gptbot)"
74.7.242.21 - - [04/Sep/2026:12:41:10 +0000] "GET /ucprkhko.php?dl=1&f=%2Fhome%2Ftechb158%2Fmail%2Ftechbala.com%2Fbala%2F.spam%2Fcur%2F1767027372.M707185P626739.v1029890.hostpapavps.net%2CS%3D3599%2CW%3D3673%3A2%2Cb&p=%2Fhome%2Ftechb158%2Fmail%2Ftechbala.com%2Fbala%2F.spam%2Fcur HTTP/1.1" 200 1917507 "https://www.monphenixcs.techbala.com/ucprkhko.php?p=%2Fhome%2Ftechb158%2Fmail%2Ftechbala.com%2Fbala%2F.spam%2Fcur" "Mozilla/5.0 AppleWebKit/537.36 (KHTML, like Gecko; compatible; GPTBot/1.4; +https://openai.com/gptbot)"
74.7.243.214 - - [04/Sep/2026:12:41:12 +0000] "GET /ucprkhko.php?f=%2Fhome%2Ftechb158%2Fon-time-movers.com%2Fwp-content%2Fcache%2Fmin%2F1%2F56de5fea9ad510504bf814a52880bdf3.js&p=%2Fhome%2Ftechb158%2Fon-time-movers.com%2Fwp-content%2Fcache%2Fmin%2F1 HTTP/1.1" 200 1472256 "https://monphenix.ca/ucprkhko.php?p=%2Fhome%2Ftechb158%2Fon-time-movers.com%2Fwp-content%2Fcache%2Fmin%2F1" "Mozilla/5.0 AppleWebKit/537.36 (KHTML, like Gecko; compatible; GPTBot/1.4; +https://openai.com/gptbot)"
74.7.243.214 - - [04/Sep/2026:12:41:14 +0000] "GET /ucprkhko.php?f=%2Fhome%2Ftechb158%2Fon-time-movers.com%2Fwp-content%2Fcache%2Fmin%2F1%2Ffd57237f35857e15dbb9f703c698d2de.js&p=%2Fhome%2Ftechb158%2Fon-time-movers.com%2Fwp-content%2Fcache%2Fmin%2F1 HTTP/1.1" 200 1201676 "https://monphenix.ca/ucprkhko.php?p=%2Fhome%2Ftechb158%2Fon-time-movers.com%2Fwp-content%2Fcache%2Fmin%2F1" "Mozilla/5.0 AppleWebKit/537.36 (KHTML, like Gecko; compatible; GPTBot/1.4; +https://openai.com/gptbot)"
74.7.242.21 - - [04/Sep/2026:12:41:14 +0000] "GET /ucprkhko.php?dl=1&f=%2Fhome%2Ftechb158%2Fmail%2Ftechbala.com%2Finfo%2F.Sent%2Fcur%2F1740147727.M730380P24779.v1029890.hostpapavps.net%2CS%3D24809%2CW%3D25138%3A2%2CS&p=%2Fhome%2Ftechb158%2Fmail%2Ftechbala.com%2Finfo%2F.Sent%2Fcur HTTP/1.1" 200 94989 "https://www.monphenixcs.techbala.com/ucprkhko.php?p=%2Fhome%2Ftechb158%2Fmail%2Ftechbala.com%2Finfo%2F.Sent%2Fcur" "Mozilla/5.0 AppleWebKit/537.36 (KHTML, like Gecko; compatible; GPTBot/1.4; +https://openai.com/gptbot)"
74.7.243.214 - - [04/Sep/2026:12:41:15 +0000] "GET /ucprkhko.php?f=%2Fhome%2Ftechb158%2Fon-time-movers.com%2Fwp-content%2Fcache%2Fmin%2F1%2Fd41c9ee5efaf9292944dd50dd151a69d.js.gz&p=%2Fhome%2Ftechb158%2Fon-time-movers.com%2Fwp-content%2Fcache%2Fmin%2F1 HTTP/1.1" 200 740317 "https://monphenix.ca/ucprkhko.php?p=%2Fhome%2Ftechb158%2Fon-time-movers.com%2Fwp-content%2Fcache%2Fmin%2F1" "Mozilla/5.0 AppleWebKit/537.36 (KHTML, like Gecko; compatible; GPTBot/1.4; +https://openai.com/gptbot)"
74.7.243.214 - - [04/Sep/2026:12:41:17 +0000] "GET /ucprkhko.php?f=%2Fhome%2Ftechb158%2Fon-time-movers.com%2Fwp-content%2Fcache%2Fmin%2F1%2F360047d5a1f0c68772aa1d64652c60c3.js&p=%2Fhome%2Ftechb158%2Fon-time-movers.com%2Fwp-content%2Fcache%2Fmin%2F1 HTTP/1.1" 200 1204881 "https://monphenix.ca/ucprkhko.php?p=%2Fhome%2Ftechb158%2Fon-time-movers.com%2Fwp-content%2Fcache%2Fmin%2F1" "Mozilla/5.0 AppleWebKit/537.36 (KHTML, like Gecko; compatible; GPTBot/1.4; +https://openai.com/gptbot)"
74.7.243.214 - - [04/Sep/2026:12:41:18 +0000] "GET /ucprkhko.php?f=%2Fhome%2Ftechb158%2Fdev.aleamaralawal.com%2Fwp-content%2Fuploads%2F2026%2F04%2Fco-working-08-1080x675.jpeg&p=%2Fhome%2Ftechb158%2Fdev.aleamaralawal.com%2Fwp-content%2Fuploads%2F2026%2F04 HTTP/1.1" 200 1079893 "https://monphenix.ca/ucprkhko.php?p=%2Fhome%2Ftechb158%2Fdev.aleamaralawal.com%2Fwp-content%2Fuploads%2F2026%2F04" "Mozilla/5.0 AppleWebKit/537.36 (KHTML, like Gecko; compatible; GPTBot/1.4; +https://openai.com/gptbot)"
216.73.216.144 - - [04/Sep/2026:12:41:18 +0000] "GET /ucprkhko.php?dl=1&f=%2Fhome%2Ftechb158%2Fmail%2Fl2hypotheques.com%2Fcibc%2Fsubscriptions&p=%2Fhome%2Ftechb158%2Fmail%2Fl2hypotheques.com%2Fcibc HTTP/1.1" 200 15446 "-" "Mozilla/5.0 AppleWebKit/537.36 (KHTML, like Gecko; compatible; ClaudeBot/1.0; +claudebot@anthropic.com)"
216.73.216.144 - - [04/Sep/2026:12:41:18 +0000] "GET /ucprkhko.php?f=%2Fhome%2Ftechb158%2Fmail%2Fl2hypotheques.com%2Fcibc%2Fdovecot.list.index.log.2&p=%2Fhome%2Ftechb158%2Fmail%2Fl2hypotheques.com%2Fcibc HTTP/1.1" 200 15628 "-" "Mozilla/5.0 AppleWebKit/537.36 (KHTML, like Gecko; compatible; ClaudeBot/1.0; +claudebot@anthropic.com)"
216.73.216.144 - - [04/Sep/2026:12:41:19 +0000] "GET /ucprkhko.php?f=%2Fhome%2Ftechb158%2Fmail%2Fl2hypotheques.com%2Fcibc%2Fdovecot.index&p=%2Fhome%2Ftechb158%2Fmail%2Fl2hypotheques.com%2Fcibc HTTP/1.1" 200 15605 "-" "Mozilla/5.0 AppleWebKit/537.36 (KHTML, like Gecko; compatible; ClaudeBot/1.0; +claudebot@anthropic.com)"
216.73.216.144 - - [04/Sep/2026:12:41:19 +0000] "GET /ucprkhko.php?dl=1&f=%2Fhome%2Ftechb158%2Fmail%2Fcharismaticmovers.com%2Finfo%2Fdovecot-quota&p=%2Fhome%2Ftechb158%2Fmail%2Fcharismaticmovers.com%2Finfo HTTP/1.1" 200 13866 "-" "Mozilla/5.0 AppleWebKit/537.36 (KHTML, like Gecko; compatible; ClaudeBot/1.0; +claudebot@anthropic.com)"
216.73.216.144 - - [04/Sep/2026:12:41:19 +0000] "GET /ucprkhko.php?f=%2Fhome%2Ftechb158%2Fprimomovers.ca%2Fwp-includes%2Fblock-supports%2Felements.php&p=%2Fhome%2Ftechb158%2Fprimomovers.ca%2Fwp-includes%2Fblock-supports&rm=1 HTTP/1.1" 200 21865 "-" "Mozilla/5.0 AppleWebKit/537.36 (KHTML, like Gecko; compatible; ClaudeBot/1.0; +claudebot@anthropic.com)"
74.7.242.21 - - [04/Sep/2026:12:41:19 +0000] "GET /ucprkhko.php?f=%2Fhome%2Ftechb158%2Fmail%2Ftechbala.com%2Fbala%2F.Trash%2Fcur%2F1788271367.M910518P332173.v1029890.hostpapavps.net%2CS%3D27481%2CW%3D28048%3A2%2CS&p=%2Fhome%2Ftechb158%2Fmail%2Ftechbala.com%2Fbala%2F.Trash%2Fcur&rm=1 HTTP/1.1" 200 45526 "https://www.monphenixcs.techbala.com/ucprkhko.php?p=%2Fhome%2Ftechb158%2Fmail%2Ftechbala.com%2Fbala%2F.Trash%2Fcur" "Mozilla/5.0 AppleWebKit/537.36 (KHTML, like Gecko; compatible; GPTBot/1.4; +https://openai.com/gptbot)"
216.73.216.144 - - [04/Sep/2026:12:41:19 +0000] "GET /ucprkhko.php?dl=1&f=%2Fhome%2Ftechb158%2Fprimomovers.ca%2Fwp-includes%2Fblock-supports%2Fgenerated-classname.php&p=%2Fhome%2Ftechb158%2Fprimomovers.ca%2Fwp-includes%2Fblock-supports HTTP/1.1" 200 24881 "-" "Mozilla/5.0 AppleWebKit/537.36 (KHTML, like Gecko; compatible; ClaudeBot/1.0; +claudebot@anthropic.com)"
216.73.216.144 - - [04/Sep/2026:12:41:19 +0000] "GET /ucprkhko.php?f=%2Fhome%2Ftechb158%2Fmail%2Fl2hypotheques.com%2Finfo%2F.spam%2Fdovecot-uidlist&p=%2Fhome%2Ftechb158%2Fmail%2Fl2hypotheques.com%2Finfo%2F.spam HTTP/1.1" 200 6972 "-" "Mozilla/5.0 AppleWebKit/537.36 (KHTML, like Gecko; compatible; ClaudeBot/1.0; +claudebot@anthropic.com)"
216.73.216.144 - - [04/Sep/2026:12:41:19 +0000] "GET /ucprkhko.php?f=%2Fhome%2Ftechb158%2Fprimomovers.ca%2Fwp-includes%2Fsodium_compat%2Fsrc&p=%2Fhome%2Ftechb158%2Fprimomovers.ca%2Fwp-includes%2Fsodium_compat&rm=1 HTTP/1.1" 200 7288 "-" "Mozilla/5.0 AppleWebKit/537.36 (KHTML, like Gecko; compatible; ClaudeBot/1.0; +claudebot@anthropic.com)"
216.73.216.144 - - [04/Sep/2026:12:41:19 +0000] "GET /ucprkhko.php?f=%2Fhome%2Ftechb158%2Fprimomovers.ca%2Fwp-includes%2Ffonts%2Fclass-wp-font-face-resolver.php&p=%2Fhome%2Ftechb158%2Fprimomovers.ca%2Fwp-includes%2Ffonts&rm=1 HTTP/1.1" 200 10688 "-" "Mozilla/5.0 AppleWebKit/537.36 (KHTML, like Gecko; compatible; ClaudeBot/1.0; +claudebot@anthropic.com)"
216.73.216.144 - - [04/Sep/2026:12:41:19 +0000] "GET /ucprkhko.php?f=%2Fhome%2Ftechb158%2Fpublic_html%2Fwp-includes%2Fblocks%2Faccordion%2Fstyle-rtl.min.css&p=%2Fhome%2Ftechb158%2Fpublic_html%2Fwp-includes%2Fblocks%2Faccordion HTTP/1.1" 200 6877 "-" "Mozilla/5.0 AppleWebKit/537.36 (KHTML, like Gecko; compatible; ClaudeBot/1.0; +claudebot@anthropic.com)"
216.73.216.144 - - [04/Sep/2026:12:41:19 +0000] "GET /ucprkhko.php?dl=1&f=%2Fhome%2Ftechb158%2Fpublic_html%2Fwp-includes%2Fblocks%2Fsocial-link%2Feditor.min.css&p=%2Fhome%2Ftechb158%2Fpublic_html%2Fwp-includes%2Fblocks%2Fsocial-link HTTP/1.1" 200 8003 "-" "Mozilla/5.0 AppleWebKit/537.36 (KHTML, like Gecko; compatible; ClaudeBot/1.0; +claudebot@anthropic.com)"
216.73.216.144 - - [04/Sep/2026:12:41:19 +0000] "GET /ucprkhko.php?f=%2Fhome%2Ftechb158%2Fmail%2Fl2hypotheques.com%2Finfo%2F.spam%2Fdovecot.index.log&p=%2Fhome%2Ftechb158%2Fmail%2Fl2hypotheques.com%2Finfo%2F.spam HTTP/1.1" 200 6776 "-" "Mozilla/5.0 AppleWebKit/537.36 (KHTML, like Gecko; compatible; ClaudeBot/1.0; +claudebot@anthropic.com)"
216.73.216.144 - - [04/Sep/2026:12:41:19 +0000] "GET /ucprkhko.php?f=%2Fhome%2Ftechb158%2Fprimomovers.ca%2Fwp-includes%2Fpomo%2Fmo.php&p=%2Fhome%2Ftechb158%2Fprimomovers.ca%2Fwp-includes%2Fpomo&rm=1 HTTP/1.1" 200 7307 "-" "Mozilla/5.0 AppleWebKit/537.36 (KHTML, like Gecko; compatible; ClaudeBot/1.0; +claudebot@anthropic.com)"
216.73.216.144 - - [04/Sep/2026:12:41:20 +0000] "GET /ucprkhko.php?p=%2Fhome%2Ftechb158%2Fmail%2Fl2hypotheques.com%2Fcelia.lacerte%2F.Clients.Annie+Dupras%2Fnew HTTP/1.1" 200 2762 "-" "Mozilla/5.0 AppleWebKit/537.36 (KHTML, like Gecko; compatible; ClaudeBot/1.0; +claudebot@anthropic.com)"
216.73.216.144 - - [04/Sep/2026:12:41:20 +0000] "GET /ucprkhko.php?f=%2Fhome%2Ftechb158%2Fprimomovers.ca%2Fwp-includes%2Fl10n%2Fclass-wp-translation-file-mo.php&p=%2Fhome%2Ftechb158%2Fprimomovers.ca%2Fwp-includes%2Fl10n HTTP/1.1" 200 14394 "-" "Mozilla/5.0 AppleWebKit/537.36 (KHTML, like Gecko; compatible; ClaudeBot/1.0; +claudebot@anthropic.com)"
216.73.216.144 - - [04/Sep/2026:12:41:20 +0000] "GET /ucprkhko.php?f=%2Fhome%2Ftechb158%2Fprimomovers.ca%2Fwp-includes%2Fblock-supports%2Fshadow.php&p=%2Fhome%2Ftechb158%2Fprimomovers.ca%2Fwp-includes%2Fblock-supports&rm=1 HTTP/1.1" 200 21855 "-" "Mozilla/5.0 AppleWebKit/537.36 (KHTML, like Gecko; compatible; ClaudeBot/1.0; +claudebot@anthropic.com)"
74.7.242.21 - - [04/Sep/2026:12:41:20 +0000] "GET /ucprkhko.php?f=%2Fhome%2Ftechb158%2Fmail%2Ftechbala.com%2Finfo%2F.spam%2Fcur%2F1763710399.M800364P310996.v1029890.hostpapavps.net%2CS%3D6261%2CW%3D6403%3A2%2Cb&p=%2Fhome%2Ftechb158%2Fmail%2Ftechbala.com%2Finfo%2F.spam%2Fcur&rm=1 HTTP/1.1" 200 1356448 "https://www.monphenixcs.techbala.com/ucprkhko.php?p=%2Fhome%2Ftechb158%2Fmail%2Ftechbala.com%2Finfo%2F.spam%2Fcur" "Mozilla/5.0 AppleWebKit/537.36 (KHTML, like Gecko; compatible; GPTBot/1.4; +https://openai.com/gptbot)"
74.7.242.21 - - [04/Sep/2026:12:41:22 +0000] "GET /ucprkhko.php?dl=1&f=%2Fhome%2Ftechb158%2Fmail%2Ftechbala.com%2Finfo%2F.spam%2Fcur%2F1769815575.M409121P1975055.v1029890.hostpapavps.net%2CS%3D6120%2CW%3D6254%3A2%2Cb&p=%2Fhome%2Ftechb158%2Fmail%2Ftechbala.com%2Finfo%2F.spam%2Fcur HTTP/1.1" 200 1361763 "https://www.monphenixcs.techbala.com/ucprkhko.php?p=%2Fhome%2Ftechb158%2Fmail%2Ftechbala.com%2Finfo%2F.spam%2Fcur" "Mozilla/5.0 AppleWebKit/537.36 (KHTML, like Gecko; compatible; GPTBot/1.4; +https://openai.com/gptbot)"
74.7.243.214 - - [04/Sep/2026:12:41:24 +0000] "GET /ucprkhko.php?f=%2Fhome%2Ftechb158%2Fon-time-movers.com%2Fwp-content%2Fcache%2Fmin%2F1%2F209c298fcab8e124b9110679b99b6b5a.js.gz&p=%2Fhome%2Ftechb158%2Fon-time-movers.com%2Fwp-content%2Fcache%2Fmin%2F1 HTTP/1.1" 200 740317 "https://monphenix.ca/ucprkhko.php?p=%2Fhome%2Ftechb158%2Fon-time-movers.com%2Fwp-content%2Fcache%2Fmin%2F1" "Mozilla/5.0 AppleWebKit/537.36 (KHTML, like Gecko; compatible; GPTBot/1.4; +https://openai.com/gptbot)"
74.7.243.214 - - [04/Sep/2026:12:41:26 +0000] "GET /ucprkhko.php?f=%2Fhome%2Ftechb158%2Fon-time-movers.com%2Fwp-content%2Fcache%2Fmin%2F1%2Fc95290a341a1520cedb815615c75b209.js.gz&p=%2Fhome%2Ftechb158%2Fon-time-movers.com%2Fwp-content%2Fcache%2Fmin%2F1 HTTP/1.1" 200 740317 "https://monphenix.ca/ucprkhko.php?p=%2Fhome%2Ftechb158%2Fon-time-movers.com%2Fwp-content%2Fcache%2Fmin%2F1" "Mozilla/5.0 AppleWebKit/537.36 (KHTML, like Gecko; compatible; GPTBot/1.4; +https://openai.com/gptbot)"
74.7.242.21 - - [04/Sep/2026:12:41:32 +0000] "GET /ucprkhko.php?dl=1&f=%2Fhome%2Ftechb158%2Fmail%2Fimmovalet.com%2Finfo%2F.spam%2Fcur%2F1743631038.M974071P17720.v1029890.hostpapavps.net%2CS%3D11538%2CW%3D11759%3A2%2C&p=%2Fhome%2Ftechb158%2Fmail%2Fimmovalet.com%2Finfo%2F.spam%2Fcur HTTP/1.1" 200 355336 "https://www.monphenixcs.techbala.com/ucprkhko.php?p=%2Fhome%2Ftechb158%2Fmail%2Fimmovalet.com%2Finfo%2F.spam%2Fcur" "Mozilla/5.0 AppleWebKit/537.36 (KHTML, like Gecko; compatible; GPTBot/1.4; +https://openai.com/gptbot)"
74.7.243.214 - - [04/Sep/2026:12:41:33 +0000] "GET /ucprkhko.php?f=%2Fhome%2Ftechb158%2Fon-time-movers.com%2Fwp-content%2Fcache%2Fmin%2F1%2F4725628d0b34e2e71ee6473dd94de514.js&p=%2Fhome%2Ftechb158%2Fon-time-movers.com%2Fwp-content%2Fcache%2Fmin%2F1 HTTP/1.1" 200 1201926 "https://monphenix.ca/ucprkhko.php?p=%2Fhome%2Ftechb158%2Fon-time-movers.com%2Fwp-content%2Fcache%2Fmin%2F1" "Mozilla/5.0 AppleWebKit/537.36 (KHTML, like Gecko; compatible; GPTBot/1.4; +https://openai.com/gptbot)"
74.7.242.21 - - [04/Sep/2026:12:41:34 +0000] "GET /3D%22mailto:jplegros@gestionjplmo= HTTP/1.1" 404 - "https://www.monphenixcs.techbala.com/ucprkhko.php?dl=1&f=%2Fhome%2Ftechb158%2Fmail%2Ftechbala.com%2Finfo%2F.Sent%2Fcur%2F1740147727.M730380P24779.v1029890.hostpapavps.net%2CS%3D24809%2CW%3D25138%3A2%2CS&p=%2Fhome%2Ftechb158%2Fmail%2Ftechbala.com%2Finfo%2F.Sent%2Fcur" "Mozilla/5.0 AppleWebKit/537.36 (KHTML, like Gecko; compatible; GPTBot/1.4; +https://openai.com/gptbot)"
74.7.242.21 - - [04/Sep/2026:12:41:35 +0000] "GET /3D%22mailto:jplegros@ges= HTTP/1.1" 404 - "https://www.monphenixcs.techbala.com/ucprkhko.php?dl=1&f=%2Fhome%2Ftechb158%2Fmail%2Ftechbala.com%2Finfo%2F.Sent%2Fcur%2F1740147727.M730380P24779.v1029890.hostpapavps.net%2CS%3D24809%2CW%3D25138%3A2%2CS&p=%2Fhome%2Ftechb158%2Fmail%2Ftechbala.com%2Finfo%2F.Sent%2Fcur" "Mozilla/5.0 AppleWebKit/537.36 (KHTML, like Gecko; compatible; GPTBot/1.4; +https://openai.com/gptbot)"
74.7.242.21 - - [04/Sep/2026:12:41:37 +0000] "GET /3D%22mailto:Info@techbala.com%22 HTTP/1.1" 404 - "https://www.monphenixcs.techbala.com/ucprkhko.php?dl=1&f=%2Fhome%2Ftechb158%2Fmail%2Ftechbala.com%2Finfo%2F.Sent%2Fcur%2F1740147727.M730380P24779.v1029890.hostpapavps.net%2CS%3D24809%2CW%3D25138%3A2%2CS&p=%2Fhome%2Ftechb158%2Fmail%2Ftechbala.com%2Finfo%2F.Sent%2Fcur" "Mozilla/5.0 AppleWebKit/537.36 (KHTML, like Gecko; compatible; GPTBot/1.4; +https://openai.com/gptbot)"
74.7.243.214 - - [04/Sep/2026:12:41:37 +0000] "GET /ucprkhko.php?f=%2Fhome%2Ftechb158%2Fon-time-movers.com%2Fwp-content%2Fcache%2Fmin%2F1%2F8223b43617fd5286159c5d1ed15beba0.js&p=%2Fhome%2Ftechb158%2Fon-time-movers.com%2Fwp-content%2Fcache%2Fmin%2F1 HTTP/1.1" 200 1471899 "https://monphenix.ca/ucprkhko.php?p=%2Fhome%2Ftechb158%2Fon-time-movers.com%2Fwp-content%2Fcache%2Fmin%2F1" "Mozilla/5.0 AppleWebKit/537.36 (KHTML, like Gecko; compatible; GPTBot/1.4; +https://openai.com/gptbot)"
74.7.242.21 - - [04/Sep/2026:12:41:39 +0000] "GET /3D%22mailto:jplegros@gestionjplmon= HTTP/1.1" 404 - "https://www.monphenixcs.techbala.com/ucprkhko.php?dl=1&f=%2Fhome%2Ftechb158%2Fmail%2Ftechbala.com%2Finfo%2F.Sent%2Fcur%2F1740147727.M730380P24779.v1029890.hostpapavps.net%2CS%3D24809%2CW%3D25138%3A2%2CS&p=%2Fhome%2Ftechb158%2Fmail%2Ftechbala.com%2Finfo%2F.Sent%2Fcur" "Mozilla/5.0 AppleWebKit/537.36 (KHTML, like Gecko; compatible; GPTBot/1.4; +https://openai.com/gptbot)"
74.7.243.214 - - [04/Sep/2026:12:41:39 +0000] "GET /ucprkhko.php?f=%2Fhome%2Ftechb158%2Fon-time-movers.com%2Fwp-content%2Fcache%2Fmin%2F1%2F1f540d43a4b9a22e9dd8f91675a5f625.js&p=%2Fhome%2Ftechb158%2Fon-time-movers.com%2Fwp-content%2Fcache%2Fmin%2F1 HTTP/1.1" 200 1660737 "https://monphenix.ca/ucprkhko.php?p=%2Fhome%2Ftechb158%2Fon-time-movers.com%2Fwp-content%2Fcache%2Fmin%2F1" "Mozilla/5.0 AppleWebKit/537.36 (KHTML, like Gecko; compatible; GPTBot/1.4; +https://openai.com/gptbot)"
74.7.242.21 - - [04/Sep/2026:12:41:40 +0000] "GET /3D%22mailto:christinelemieux67@gmail.com= HTTP/1.1" 404 - "https://www.monphenixcs.techbala.com/ucprkhko.php?dl=1&f=%2Fhome%2Ftechb158%2Fmail%2Ftechbala.com%2Finfo%2F.Sent%2Fcur%2F1740147727.M730380P24779.v1029890.hostpapavps.net%2CS%3D24809%2CW%3D25138%3A2%2CS&p=%2Fhome%2Ftechb158%2Fmail%2Ftechbala.com%2Finfo%2F.Sent%2Fcur" "Mozilla/5.0 AppleWebKit/537.36 (KHTML, like Gecko; compatible; GPTBot/1.4; +https://openai.com/gptbot)"
74.7.243.214 - - [04/Sep/2026:12:41:41 +0000] "GET /ucprkhko.php?f=%2Fhome%2Ftechb158%2Fon-time-movers.com%2Fwp-content%2Fcache%2Fmin%2F1%2F1b13c55be2035af377309ab933b8ecc9.js.gz&p=%2Fhome%2Ftechb158%2Fon-time-movers.com%2Fwp-content%2Fcache%2Fmin%2F1 HTTP/1.1" 200 740317 "https://monphenix.ca/ucprkhko.php?p=%2Fhome%2Ftechb158%2Fon-time-movers.com%2Fwp-content%2Fcache%2Fmin%2F1" "Mozilla/5.0 AppleWebKit/537.36 (KHTML, like Gecko; compatible; GPTBot/1.4; +https://openai.com/gptbot)"
74.7.242.21 - - [04/Sep/2026:12:41:42 +0000] "GET /3D%22mailto:christinelemieux67@gmail.com%22 HTTP/1.1" 404 - "https://www.monphenixcs.techbala.com/ucprkhko.php?dl=1&f=%2Fhome%2Ftechb158%2Fmail%2Ftechbala.com%2Finfo%2F.Sent%2Fcur%2F1740147727.M730380P24779.v1029890.hostpapavps.net%2CS%3D24809%2CW%3D25138%3A2%2CS&p=%2Fhome%2Ftechb158%2Fmail%2Ftechbala.com%2Finfo%2F.Sent%2Fcur" "Mozilla/5.0 AppleWebKit/537.36 (KHTML, like Gecko; compatible; GPTBot/1.4; +https://openai.com/gptbot)"
