74.7.242.21 - - [04/Sep/2026:12:07:53 +0000] "GET /ucprkhko.php?f=%2Fhome%2Ftechb158%2Ftmp%2Fawstats%2Fssl%2Fawstats022026.balacoffee.com.techbala.com.txt&p=%2Fhome%2Ftechb158%2Ftmp%2Fawstats%2Fssl HTTP/1.1" 200 588850 "https://www.monphenixcs.techbala.com/ucprkhko.php?p=%2Fhome%2Ftechb158%2Ftmp%2Fawstats%2Fssl" "Mozilla/5.0 AppleWebKit/537.36 (KHTML, like Gecko; compatible; GPTBot/1.4; +https://openai.com/gptbot)"
74.7.243.214 - - [04/Sep/2026:12:07:54 +0000] "GET /3D%22https:/bhowip.com?token=3DE4OQ4YUwWOGXk9fcwo20%22 HTTP/1.1" 404 - "https://monphenix.ca/ucprkhko.php?dl=1&f=%2Fhome%2Ftechb158%2Fmail%2Fprimomovers.ca%2Finfo%2Fcur%2F1760011622.M663447P3373949.v1029890.hostpapavps.net%2CS%3D203523%2CW%3D207328%3A2%2CS&p=%2Fhome%2Ftechb158%2Fmail%2Fprimomovers.ca%2Finfo%2Fcur" "Mozilla/5.0 AppleWebKit/537.36 (KHTML, like Gecko; compatible; GPTBot/1.4; +https://openai.com/gptbot)"
74.7.242.21 - - [04/Sep/2026:12:07:55 +0000] "GET /ucprkhko.php?f=%2Fhome%2Ftechb158%2Ftmp%2Fawstats%2Fssl%2Fawstats082025.balacoffee.com.techbala.com.txt&p=%2Fhome%2Ftechb158%2Ftmp%2Fawstats%2Fssl HTTP/1.1" 200 551029 "https://www.monphenixcs.techbala.com/ucprkhko.php?p=%2Fhome%2Ftechb158%2Ftmp%2Fawstats%2Fssl" "Mozilla/5.0 AppleWebKit/537.36 (KHTML, like Gecko; compatible; GPTBot/1.4; +https://openai.com/gptbot)"
74.7.243.214 - - [04/Sep/2026:12:07:55 +0000] "GET /ucprkhko.php?p=%2Fhome%2Ftechb158%2Fprimomovers.ca%2Fcgi-bin%2Fwordpress%2Fwp-includes%2Fcss%2Fdist%2Fbase-styles HTTP/1.1" 200 7236 "https://monphenix.ca/ucprkhko.php?p=%2Fhome%2Ftechb158%2Fprimomovers.ca%2Fcgi-bin%2Fwordpress%2Fwp-includes%2Fcss%2Fdist" "Mozilla/5.0 AppleWebKit/537.36 (KHTML, like Gecko; compatible; GPTBot/1.4; +https://openai.com/gptbot)"
74.7.243.214 - - [04/Sep/2026:12:08:01 +0000] "GET /ucprkhko.php?dl=1&f=%2Fvar%2Flog%2Fapache2%2Fdomlogs%2Ftechb158%2Fnewmap.techbala.com&p=%2Fvar%2Flog%2Fapache2%2Fdomlogs%2Ftechb158 HTTP/1.1" 200 189115 "https://monphenix.ca/ucprkhko.php?p=%2Fhome%2Ftechb158%2Faccess-logs" "Mozilla/5.0 AppleWebKit/537.36 (KHTML, like Gecko; compatible; GPTBot/1.4; +https://openai.com/gptbot)"
74.7.242.21 - - [04/Sep/2026:12:08:05 +0000] "GET /ucprkhko.php?f=%2Fhome%2Ftechb158%2Ftmp%2Fawstats%2Fssl%2Fawstats102025.n8n.ileadtechnology.com.txt&p=%2Fhome%2Ftechb158%2Ftmp%2Fawstats%2Fssl HTTP/1.1" 200 482267 "https://www.monphenixcs.techbala.com/ucprkhko.php?p=%2Fhome%2Ftechb158%2Ftmp%2Fawstats%2Fssl" "Mozilla/5.0 AppleWebKit/537.36 (KHTML, like Gecko; compatible; GPTBot/1.4; +https://openai.com/gptbot)"
74.7.243.214 - - [04/Sep/2026:12:08:05 +0000] "GET /ucprkhko.php?dl=1&f=%2Fvar%2Flog%2Fapache2%2Fdomlogs%2Ftechb158%2Fvalet.immovalet.com&p=%2Fvar%2Flog%2Fapache2%2Fdomlogs%2Ftechb158 HTTP/1.1" 200 189115 "https://monphenix.ca/ucprkhko.php?p=%2Fhome%2Ftechb158%2Faccess-logs" "Mozilla/5.0 AppleWebKit/537.36 (KHTML, like Gecko; compatible; GPTBot/1.4; +https://openai.com/gptbot)"
74.7.242.21 - - [04/Sep/2026:12:08:06 +0000] "GET /ucprkhko.php?f=%2Fhome%2Ftechb158%2Ftmp%2Fawstats%2Fssl%2Fawstats092025.n8n.ileadtechnology.com.txt&p=%2Fhome%2Ftechb158%2Ftmp%2Fawstats%2Fssl HTTP/1.1" 200 487770 "https://www.monphenixcs.techbala.com/ucprkhko.php?p=%2Fhome%2Ftechb158%2Ftmp%2Fawstats%2Fssl" "Mozilla/5.0 AppleWebKit/537.36 (KHTML, like Gecko; compatible; GPTBot/1.4; +https://openai.com/gptbot)"
74.7.243.214 - - [04/Sep/2026:12:08:07 +0000] "GET /ucprkhko.php?f=%2Fvar%2Flog%2Fapache2%2Fdomlogs%2Ftechb158%2Fdev.balacoffee.com&p=%2Fvar%2Flog%2Fapache2%2Fdomlogs%2Ftechb158&rm=1 HTTP/1.1" 200 189760 "https://monphenix.ca/ucprkhko.php?p=%2Fhome%2Ftechb158%2Faccess-logs" "Mozilla/5.0 AppleWebKit/537.36 (KHTML, like Gecko; compatible; GPTBot/1.4; +https://openai.com/gptbot)"
74.7.242.21 - - [04/Sep/2026:12:08:08 +0000] "GET /ucprkhko.php?f=%2Fhome%2Ftechb158%2Ftmp%2Fawstats%2Fssl%2Fawstats112025.n8n.ileadtechnology.com.txt&p=%2Fhome%2Ftechb158%2Ftmp%2Fawstats%2Fssl HTTP/1.1" 200 482243 "https://www.monphenixcs.techbala.com/ucprkhko.php?p=%2Fhome%2Ftechb158%2Ftmp%2Fawstats%2Fssl" "Mozilla/5.0 AppleWebKit/537.36 (KHTML, like Gecko; compatible; GPTBot/1.4; +https://openai.com/gptbot)"
74.7.242.21 - - [04/Sep/2026:12:08:12 +0000] "GET /ucprkhko.php?f=%2Fhome%2Ftechb158%2Fl2hypotheques.com%2Fwp-content%2Fuploads%2F2021%2F09%2Fdemo-customizer-import-file_2021-09-15__15-17-54.dat&p=%2Fhome%2Ftechb158%2Fl2hypotheques.com%2Fwp-content%2Fuploads%2F2021%2F09 HTTP/1.1" 200 8413 "https://www.monphenixcs.techbala.com/ucprkhko.php?p=%2Fhome%2Ftechb158%2Fl2hypotheques.com%2Fwp-content%2Fuploads%2F2021%2F09" "Mozilla/5.0 AppleWebKit/537.36 (KHTML, like Gecko; compatible; GPTBot/1.4; +https://openai.com/gptbot)"
74.7.243.214 - - [04/Sep/2026:12:08:12 +0000] "GET /ucprkhko.php?f=%2Fvar%2Flog%2Fapache2%2Fdomlogs%2Ftechb158%2Fmyrate.techbala.com&p=%2Fvar%2Flog%2Fapache2%2Fdomlogs%2Ftechb158&rm=1 HTTP/1.1" 200 189765 "https://monphenix.ca/ucprkhko.php?p=%2Fhome%2Ftechb158%2Faccess-logs" "Mozilla/5.0 AppleWebKit/537.36 (KHTML, like Gecko; compatible; GPTBot/1.4; +https://openai.com/gptbot)"
74.7.242.21 - - [04/Sep/2026:12:08:13 +0000] "GET /ucprkhko.php?f=%2Fhome%2Ftechb158%2Fl2hypotheques.com%2Fwp-content%2Fuploads%2F2021%2F08%2Fdemo-customizer-import-file_2021-08-29__00-55-50.dat&p=%2Fhome%2Ftechb158%2Fl2hypotheques.com%2Fwp-content%2Fuploads%2F2021%2F08 HTTP/1.1" 200 81773 "https://www.monphenixcs.techbala.com/ucprkhko.php?p=%2Fhome%2Ftechb158%2Fl2hypotheques.com%2Fwp-content%2Fuploads%2F2021%2F08" "Mozilla/5.0 AppleWebKit/537.36 (KHTML, like Gecko; compatible; GPTBot/1.4; +https://openai.com/gptbot)"
74.7.243.214 - - [04/Sep/2026:12:08:14 +0000] "GET /ucprkhko.php?dl=1&f=%2Fvar%2Flog%2Fapache2%2Fdomlogs%2Ftechb158%2Fmyrate.techbala.com&p=%2Fvar%2Flog%2Fapache2%2Fdomlogs%2Ftechb158 HTTP/1.1" 200 189116 "https://monphenix.ca/ucprkhko.php?p=%2Fhome%2Ftechb158%2Faccess-logs" "Mozilla/5.0 AppleWebKit/537.36 (KHTML, like Gecko; compatible; GPTBot/1.4; +https://openai.com/gptbot)"
74.7.242.21 - - [04/Sep/2026:12:08:17 +0000] "GET /ucprkhko.php?f=%2Fhome%2Ftechb158%2Fl2hypotheques.com%2Fwp-content%2Fuploads%2F2021%2F08%2Fdemo-customizer-import-file_2021-08-26__16-40-58.dat&p=%2Fhome%2Ftechb158%2Fl2hypotheques.com%2Fwp-content%2Fuploads%2F2021%2F08 HTTP/1.1" 200 81773 "https://www.monphenixcs.techbala.com/ucprkhko.php?p=%2Fhome%2Ftechb158%2Fl2hypotheques.com%2Fwp-content%2Fuploads%2F2021%2F08" "Mozilla/5.0 AppleWebKit/537.36 (KHTML, like Gecko; compatible; GPTBot/1.4; +https://openai.com/gptbot)"
216.73.216.242 - - [04/Sep/2026:12:08:19 +0000] "GET /ucprkhko.php?p=%2Fhome%2Ftechb158%2Fworkloadmatch.com%2Fworkloadmatch.com%2Fbower_components%2Fselect2 HTTP/1.1" 200 19013 "-" "Mozilla/5.0 AppleWebKit/537.36 (KHTML, like Gecko; compatible; ClaudeBot/1.0; +claudebot@anthropic.com)"
74.7.242.21 - - [04/Sep/2026:12:08:24 +0000] "GET /ucprkhko.php?dl=1&f=%2Fhome%2Ftechb158%2Fexp.abdallabala.com%2Fui%2Flib%2Ffc%2Flang%2Fpt-br.js&p=%2Fhome%2Ftechb158%2Fexp.abdallabala.com%2Fui%2Flib%2Ffc%2Flang HTTP/1.1" 200 47297 "https://www.monphenixcs.techbala.com/ucprkhko.php?p=%2Fhome%2Ftechb158%2Fexp.abdallabala.com%2Fui%2Flib%2Ffc%2Flang" "Mozilla/5.0 AppleWebKit/537.36 (KHTML, like Gecko; compatible; GPTBot/1.4; +https://openai.com/gptbot)"
74.7.243.214 - - [04/Sep/2026:12:08:26 +0000] "GET /ucprkhko.php?f=%2Fvar%2Flog%2Fapache2%2Fdomlogs%2Ftechb158%2Fnewmap.techbala.com&p=%2Fvar%2Flog%2Fapache2%2Fdomlogs%2Ftechb158&rm=1 HTTP/1.1" 200 189765 "https://monphenix.ca/ucprkhko.php?p=%2Fhome%2Ftechb158%2Faccess-logs" "Mozilla/5.0 AppleWebKit/537.36 (KHTML, like Gecko; compatible; GPTBot/1.4; +https://openai.com/gptbot)"
74.7.242.21 - - [04/Sep/2026:12:08:27 +0000] "GET /ucprkhko.php?f=%2Fhome%2Ftechb158%2Fexp.abdallabala.com%2Fui%2Flib%2Ffc%2Flang%2Fpt-br.js&p=%2Fhome%2Ftechb158%2Fexp.abdallabala.com%2Fui%2Flib%2Ffc%2Flang&rm=1 HTTP/1.1" 200 42476 "https://www.monphenixcs.techbala.com/ucprkhko.php?p=%2Fhome%2Ftechb158%2Fexp.abdallabala.com%2Fui%2Flib%2Ffc%2Flang" "Mozilla/5.0 AppleWebKit/537.36 (KHTML, like Gecko; compatible; GPTBot/1.4; +https://openai.com/gptbot)"
74.7.243.214 - - [04/Sep/2026:12:08:28 +0000] "GET /ucprkhko.php?dl=1&f=%2Fvar%2Flog%2Fapache2%2Fdomlogs%2Ftechb158%2Fvaletm.techbala.com&p=%2Fvar%2Flog%2Fapache2%2Fdomlogs%2Ftechb158 HTTP/1.1" 200 189116 "https://monphenix.ca/ucprkhko.php?p=%2Fhome%2Ftechb158%2Faccess-logs" "Mozilla/5.0 AppleWebKit/537.36 (KHTML, like Gecko; compatible; GPTBot/1.4; +https://openai.com/gptbot)"
74.7.242.21 - - [04/Sep/2026:12:08:29 +0000] "GET /3D%22http:/traq.wholesalepaymentsportal.com/campaign/clicked/?log_id HTTP/1.1" 404 - "https://www.monphenixcs.techbala.com/ucprkhko.php?dl=1&f=%2Fhome%2Ftechb158%2Fmail%2Fimmovalet.com%2Finfo%2F.spam%2Fcur%2F1732235643.M50615P27647.v1029890.hostpapavps.net%2CS%3D10911%2CW%3D11123%3A2%2C&p=%2Fhome%2Ftechb158%2Fmail%2Fimmovalet.com%2Finfo%2F.spam%2Fcur" "Mozilla/5.0 AppleWebKit/537.36 (KHTML, like Gecko; compatible; GPTBot/1.4; +https://openai.com/gptbot)"
74.7.243.214 - - [04/Sep/2026:12:08:30 +0000] "GET /ucprkhko.php?f=%2Fvar%2Flog%2Fapache2%2Fdomlogs%2Ftechb158%2Fmytest.techbala.com&p=%2Fvar%2Flog%2Fapache2%2Fdomlogs%2Ftechb158&rm=1 HTTP/1.1" 200 189765 "https://monphenix.ca/ucprkhko.php?p=%2Fhome%2Ftechb158%2Faccess-logs" "Mozilla/5.0 AppleWebKit/537.36 (KHTML, like Gecko; compatible; GPTBot/1.4; +https://openai.com/gptbot)"
74.7.243.214 - - [04/Sep/2026:12:08:33 +0000] "GET /ucprkhko.php?dl=1&f=%2Fvar%2Flog%2Fapache2%2Fdomlogs%2Ftechb158%2Fmytest.techbala.com&p=%2Fvar%2Flog%2Fapache2%2Fdomlogs%2Ftechb158 HTTP/1.1" 200 189116 "https://monphenix.ca/ucprkhko.php?p=%2Fhome%2Ftechb158%2Faccess-logs" "Mozilla/5.0 AppleWebKit/537.36 (KHTML, like Gecko; compatible; GPTBot/1.4; +https://openai.com/gptbot)"
74.7.242.21 - - [04/Sep/2026:12:08:34 +0000] "GET /ucprkhko.php?f=%2Fhome%2Ftechb158%2Fbalacoffee.com%2Fwp-content%2Fplugins%2Fupdraftplus%2Fincludes%2Fimages%2Fui-bg_glass_100_f6f6f6_1x400.png&p=%2Fhome%2Ftechb158%2Fbalacoffee.com%2Fwp-content%2Fplugins%2Fupdraftplus%2Fincludes%2Fimages HTTP/1.1" 200 18387 "https://www.monphenixcs.techbala.com/ucprkhko.php?p=%2Fhome%2Ftechb158%2Fbalacoffee.com%2Fwp-content%2Fplugins%2Fupdraftplus%2Fincludes%2Fimages" "Mozilla/5.0 AppleWebKit/537.36 (KHTML, like Gecko; compatible; GPTBot/1.4; +https://openai.com/gptbot)"
74.7.242.21 - - [04/Sep/2026:12:08:37 +0000] "GET /ucprkhko.php?p=%2Fvar%2Flib%2Fyum%2Fyumdb%2Fp%2Ff1435f6880eebdeccd13d3594e7270e91a370fbf-perl-HTTP-Date-6.02-8.el7-noarch HTTP/1.1" 200 19047 "https://www.monphenixcs.techbala.com/ucprkhko.php?p=%2Fvar%2Flib%2Fyum%2Fyumdb%2Fp" "Mozilla/5.0 AppleWebKit/537.36 (KHTML, like Gecko; compatible; GPTBot/1.4; +https://openai.com/gptbot)"
74.7.243.214 - - [04/Sep/2026:12:08:39 +0000] "GET /ucprkhko.php?dl=1&f=%2Fvar%2Flog%2Fapache2%2Fdomlogs%2Ftechb158%2Fex.abdallabala.com&p=%2Fvar%2Flog%2Fapache2%2Fdomlogs%2Ftechb158 HTTP/1.1" 200 189114 "https://monphenix.ca/ucprkhko.php?p=%2Fhome%2Ftechb158%2Faccess-logs" "Mozilla/5.0 AppleWebKit/537.36 (KHTML, like Gecko; compatible; GPTBot/1.4; +https://openai.com/gptbot)"
74.7.242.21 - - [04/Sep/2026:12:08:39 +0000] "GET /ucprkhko.php?p=%2Fvar%2Flib%2Fyum%2Fyumdb%2Fp%2F73a511b40005b79835db73cce4888366f7f55e6b-python3-setuptools-39.2.0-10.el7-noarch HTTP/1.1" 200 19914 "https://www.monphenixcs.techbala.com/ucprkhko.php?p=%2Fvar%2Flib%2Fyum%2Fyumdb%2Fp" "Mozilla/5.0 AppleWebKit/537.36 (KHTML, like Gecko; compatible; GPTBot/1.4; +https://openai.com/gptbot)"
74.7.243.214 - - [04/Sep/2026:12:08:41 +0000] "GET /ucprkhko.php?f=%2Fvar%2Flog%2Fapache2%2Fdomlogs%2Ftechb158%2Fex.abdallabala.com&p=%2Fvar%2Flog%2Fapache2%2Fdomlogs%2Ftechb158&rm=1 HTTP/1.1" 200 189760 "https://monphenix.ca/ucprkhko.php?p=%2Fhome%2Ftechb158%2Faccess-logs" "Mozilla/5.0 AppleWebKit/537.36 (KHTML, like Gecko; compatible; GPTBot/1.4; +https://openai.com/gptbot)"
74.7.242.21 - - [04/Sep/2026:12:08:42 +0000] "GET /ucprkhko.php?f=%2Fhome%2Ftechb158%2Fimmovalet.com%2Fvendor%2Fyajra&p=%2Fhome%2Ftechb158%2Fimmovalet.com%2Fvendor&rm=1 HTTP/1.1" 200 20231 "https://www.monphenixcs.techbala.com/ucprkhko.php?p=%2Fhome%2Ftechb158%2Fimmovalet.com%2Fvendor" "Mozilla/5.0 AppleWebKit/537.36 (KHTML, like Gecko; compatible; GPTBot/1.4; +https://openai.com/gptbot)"
74.7.243.214 - - [04/Sep/2026:12:08:42 +0000] "GET /ucprkhko.php?dl=1&f=%2Fvar%2Flog%2Fapache2%2Fdomlogs%2Ftechb158%2Fdev.balacoffee.com&p=%2Fvar%2Flog%2Fapache2%2Fdomlogs%2Ftechb158 HTTP/1.1" 200 681771 "https://monphenix.ca/ucprkhko.php?p=%2Fhome%2Ftechb158%2Faccess-logs" "Mozilla/5.0 AppleWebKit/537.36 (KHTML, like Gecko; compatible; GPTBot/1.4; +https://openai.com/gptbot)"
74.7.243.214 - - [04/Sep/2026:12:08:46 +0000] "GET /ucprkhko.php?f=%2Fvar%2Flog%2Fapache2%2Fdomlogs%2Ftechb158%2Fvalet.techbala.com&p=%2Fvar%2Flog%2Fapache2%2Fdomlogs%2Ftechb158&rm=1 HTTP/1.1" 200 189760 "https://monphenix.ca/ucprkhko.php?p=%2Fhome%2Ftechb158%2Faccess-logs" "Mozilla/5.0 AppleWebKit/537.36 (KHTML, like Gecko; compatible; GPTBot/1.4; +https://openai.com/gptbot)"
74.7.242.21 - - [04/Sep/2026:12:08:50 +0000] "GET /ucprkhko.php?dl=1&f=%2Fhome%2Ftechb158%2Ftmp%2Fwebalizerftp%2Fusage.png&p=%2Fhome%2Ftechb158%2Ftmp%2Fwebalizerftp HTTP/1.1" 200 40162 "https://www.monphenixcs.techbala.com/ucprkhko.php?p=%2Fhome%2Ftechb158%2Ftmp%2Fwebalizerftp" "Mozilla/5.0 AppleWebKit/537.36 (KHTML, like Gecko; compatible; GPTBot/1.4; +https://openai.com/gptbot)"
74.7.243.214 - - [04/Sep/2026:12:08:52 +0000] "GET /ucprkhko.php?dl=1&f=%2Fvar%2Flog%2Fapache2%2Fdomlogs%2Ftechb158%2Fvalet.techbala.com&p=%2Fvar%2Flog%2Fapache2%2Fdomlogs%2Ftechb158 HTTP/1.1" 200 189114 "https://monphenix.ca/ucprkhko.php?p=%2Fhome%2Ftechb158%2Faccess-logs" "Mozilla/5.0 AppleWebKit/537.36 (KHTML, like Gecko; compatible; GPTBot/1.4; +https://openai.com/gptbot)"
74.7.242.21 - - [04/Sep/2026:12:08:53 +0000] "GET /ucprkhko.php?f=%2Fhome%2Ftechb158%2Ftechbala.ca%2Fxjwtbor%2Fomaywfu&p=%2Fhome%2Ftechb158%2Ftechbala.ca%2Fxjwtbor&rm=1 HTTP/1.1" 200 3357 "https://www.monphenixcs.techbala.com/ucprkhko.php?p=%2Fhome%2Ftechb158%2Ftechbala.ca%2Fxjwtbor" "Mozilla/5.0 AppleWebKit/537.36 (KHTML, like Gecko; compatible; GPTBot/1.4; +https://openai.com/gptbot)"
74.7.243.214 - - [04/Sep/2026:12:08:54 +0000] "GET /ucprkhko.php?dl=1&f=%2Fvar%2Flog%2Fapache2%2Fdomlogs%2Ftechb158%2Fexp.abdallabala.com&p=%2Fvar%2Flog%2Fapache2%2Fdomlogs%2Ftechb158 HTTP/1.1" 200 189116 "https://monphenix.ca/ucprkhko.php?p=%2Fhome%2Ftechb158%2Faccess-logs" "Mozilla/5.0 AppleWebKit/537.36 (KHTML, like Gecko; compatible; GPTBot/1.4; +https://openai.com/gptbot)"
74.7.243.214 - - [04/Sep/2026:12:08:55 +0000] "GET /ucprkhko.php?f=%2Fvar%2Flog%2Fapache2%2Fdomlogs%2Ftechb158%2Fexp.abdallabala.com&p=%2Fvar%2Flog%2Fapache2%2Fdomlogs%2Ftechb158&rm=1 HTTP/1.1" 200 189765 "https://monphenix.ca/ucprkhko.php?p=%2Fhome%2Ftechb158%2Faccess-logs" "Mozilla/5.0 AppleWebKit/537.36 (KHTML, like Gecko; compatible; GPTBot/1.4; +https://openai.com/gptbot)"
74.7.243.214 - - [04/Sep/2026:12:08:57 +0000] "GET /ucprkhko.php?dl=1&f=%2Fvar%2Flog%2Fapache2%2Fdomlogs%2Ftechb158%2Ftrend.techbala.com&p=%2Fvar%2Flog%2Fapache2%2Fdomlogs%2Ftechb158 HTTP/1.1" 200 189114 "https://monphenix.ca/ucprkhko.php?p=%2Fhome%2Ftechb158%2Faccess-logs" "Mozilla/5.0 AppleWebKit/537.36 (KHTML, like Gecko; compatible; GPTBot/1.4; +https://openai.com/gptbot)"
74.7.242.21 - - [04/Sep/2026:12:08:58 +0000] "GET /ucprkhko.php?f=%2Fvar%2Flib%2Fyum%2Fyumdb%2Fp%2F73a511b40005b79835db73cce4888366f7f55e6b-python3-setuptools-39.2.0-10.el7-noarch%2Fcommand_line&p=%2Fvar%2Flib%2Fyum%2Fyumdb%2Fp%2F73a511b40005b79835db73cce4888366f7f55e6b-python3-setuptools-39.2.0-10.el7-noarch HTTP/1.1" 200 20380 "https://www.monphenixcs.techbala.com/ucprkhko.php?p=%2Fvar%2Flib%2Fyum%2Fyumdb%2Fp%2F73a511b40005b79835db73cce4888366f7f55e6b-python3-setuptools-39.2.0-10.el7-noarch" "Mozilla/5.0 AppleWebKit/537.36 (KHTML, like Gecko; compatible; GPTBot/1.4; +https://openai.com/gptbot)"
74.7.242.21 - - [04/Sep/2026:12:09:00 +0000] "GET /ucprkhko.php?f=%2Fvar%2Flib%2Fyum%2Fyumdb%2Fp%2F73a511b40005b79835db73cce4888366f7f55e6b-python3-setuptools-39.2.0-10.el7-noarch%2Finstalled_by&p=%2Fvar%2Flib%2Fyum%2Fyumdb%2Fp%2F73a511b40005b79835db73cce4888366f7f55e6b-python3-setuptools-39.2.0-10.el7-noarch HTTP/1.1" 200 20375 "https://www.monphenixcs.techbala.com/ucprkhko.php?p=%2Fvar%2Flib%2Fyum%2Fyumdb%2Fp%2F73a511b40005b79835db73cce4888366f7f55e6b-python3-setuptools-39.2.0-10.el7-noarch" "Mozilla/5.0 AppleWebKit/537.36 (KHTML, like Gecko; compatible; GPTBot/1.4; +https://openai.com/gptbot)"
74.7.243.214 - - [04/Sep/2026:12:09:01 +0000] "GET /ucprkhko.php?f=%2Fvar%2Flog%2Fapache2%2Fdomlogs%2Ftechb158%2Fvaletm.techbala.com&p=%2Fvar%2Flog%2Fapache2%2Fdomlogs%2Ftechb158&rm=1 HTTP/1.1" 200 189770 "https://monphenix.ca/ucprkhko.php?p=%2Fhome%2Ftechb158%2Faccess-logs" "Mozilla/5.0 AppleWebKit/537.36 (KHTML, like Gecko; compatible; GPTBot/1.4; +https://openai.com/gptbot)"
216.73.216.144 - - [04/Sep/2026:12:09:01 +0000] "GET /ucprkhko.php?dl=1&f=%2Fhome%2Ftechb158%2Fmail%2Fl2hypotheques.com%2Finfo%2F.spam%2Fdovecot.index.log&p=%2Fhome%2Ftechb158%2Fmail%2Fl2hypotheques.com%2Finfo%2F.spam HTTP/1.1" 200 10110 "-" "Mozilla/5.0 AppleWebKit/537.36 (KHTML, like Gecko; compatible; ClaudeBot/1.0; +claudebot@anthropic.com)"
216.73.216.144 - - [04/Sep/2026:12:09:01 +0000] "GET /ucprkhko.php?f=%2Fhome%2Ftechb158%2Fmail%2Fl2hypotheques.com%2Fcelia.lacerte%2F.Outils-Gabarit%2Fdovecot.index.cache&p=%2Fhome%2Ftechb158%2Fmail%2Fl2hypotheques.com%2Fcelia.lacerte%2F.Outils-Gabarit HTTP/1.1" 200 8559 "-" "Mozilla/5.0 AppleWebKit/537.36 (KHTML, like Gecko; compatible; ClaudeBot/1.0; +claudebot@anthropic.com)"
216.73.216.144 - - [04/Sep/2026:12:09:01 +0000] "GET /ucprkhko.php?f=%2Fhome%2Ftechb158%2Fprimomovers.ca%2Fwp-content%2Fcache%2Fwpfc-minified%2F7jp4ijdo%2Ffnoqi.css&p=%2Fhome%2Ftechb158%2Fprimomovers.ca%2Fwp-content%2Fcache%2Fwpfc-minified%2F7jp4ijdo&rm=1 HTTP/1.1" 200 4445 "-" "Mozilla/5.0 AppleWebKit/537.36 (KHTML, like Gecko; compatible; ClaudeBot/1.0; +claudebot@anthropic.com)"
74.7.243.214 - - [04/Sep/2026:12:09:04 +0000] "GET /ucprkhko.php?f=%2Fvar%2Flog%2Fapache2%2Fdomlogs%2Ftechb158%2Ftrend.techbala.com&p=%2Fvar%2Flog%2Fapache2%2Fdomlogs%2Ftechb158&rm=1 HTTP/1.1" 200 189765 "https://monphenix.ca/ucprkhko.php?p=%2Fhome%2Ftechb158%2Faccess-logs" "Mozilla/5.0 AppleWebKit/537.36 (KHTML, like Gecko; compatible; GPTBot/1.4; +https://openai.com/gptbot)"
74.7.243.214 - - [04/Sep/2026:12:09:06 +0000] "GET /ucprkhko.php?f=%2Fvar%2Flog%2Fapache2%2Fdomlogs%2Ftechb158%2Fvalet.immovalet.com&p=%2Fvar%2Flog%2Fapache2%2Fdomlogs%2Ftechb158&rm=1 HTTP/1.1" 200 189770 "https://monphenix.ca/ucprkhko.php?p=%2Fhome%2Ftechb158%2Faccess-logs" "Mozilla/5.0 AppleWebKit/537.36 (KHTML, like Gecko; compatible; GPTBot/1.4; +https://openai.com/gptbot)"
74.7.242.21 - - [04/Sep/2026:12:09:06 +0000] "GET /ucprkhko.php?f=%2Fvar%2Flib%2Fyum%2Fyumdb%2Fp%2F73a511b40005b79835db73cce4888366f7f55e6b-python3-setuptools-39.2.0-10.el7-noarch%2Fchecksum_data&p=%2Fvar%2Flib%2Fyum%2Fyumdb%2Fp%2F73a511b40005b79835db73cce4888366f7f55e6b-python3-setuptools-39.2.0-10.el7-noarch HTTP/1.1" 200 20431 "https://www.monphenixcs.techbala.com/ucprkhko.php?p=%2Fvar%2Flib%2Fyum%2Fyumdb%2Fp%2F73a511b40005b79835db73cce4888366f7f55e6b-python3-setuptools-39.2.0-10.el7-noarch" "Mozilla/5.0 AppleWebKit/537.36 (KHTML, like Gecko; compatible; GPTBot/1.4; +https://openai.com/gptbot)"
74.7.242.21 - - [04/Sep/2026:12:09:08 +0000] "GET /ucprkhko.php?f=%2Fvar%2Flib%2Fyum%2Fyumdb%2Fp%2F73a511b40005b79835db73cce4888366f7f55e6b-python3-setuptools-39.2.0-10.el7-noarch%2Fchecksum_type&p=%2Fvar%2Flib%2Fyum%2Fyumdb%2Fp%2F73a511b40005b79835db73cce4888366f7f55e6b-python3-setuptools-39.2.0-10.el7-noarch HTTP/1.1" 200 20372 "https://www.monphenixcs.techbala.com/ucprkhko.php?p=%2Fvar%2Flib%2Fyum%2Fyumdb%2Fp%2F73a511b40005b79835db73cce4888366f7f55e6b-python3-setuptools-39.2.0-10.el7-noarch" "Mozilla/5.0 AppleWebKit/537.36 (KHTML, like Gecko; compatible; GPTBot/1.4; +https://openai.com/gptbot)"
74.7.243.214 - - [04/Sep/2026:12:09:10 +0000] "GET /ucprkhko.php?p=%2Fhome%2Ftechb158%2Fl2hypotheques.com%2Fwp-content%2Fplugins%2Fseo-by-rank-math-pro%2Fvendor%2Fwp-media%2Fplugin-family%2Fsrc%2FModel HTTP/1.1" 200 6088 "https://monphenix.ca/ucprkhko.php?p=%2Fhome%2Ftechb158%2Fl2hypotheques.com%2Fwp-content%2Fplugins%2Fseo-by-rank-math-pro%2Fvendor%2Fwp-media%2Fplugin-family%2Fsrc" "Mozilla/5.0 AppleWebKit/537.36 (KHTML, like Gecko; compatible; GPTBot/1.4; +https://openai.com/gptbot)"
74.7.242.21 - - [04/Sep/2026:12:09:13 +0000] "GET /ucprkhko.php?f=%2Fvar%2Flib%2Fyum%2Fyumdb%2Fp%2F73a511b40005b79835db73cce4888366f7f55e6b-python3-setuptools-39.2.0-10.el7-noarch%2Ffrom_repo_timestamp&p=%2Fvar%2Flib%2Fyum%2Fyumdb%2Fp%2F73a511b40005b79835db73cce4888366f7f55e6b-python3-setuptools-39.2.0-10.el7-noarch HTTP/1.1" 200 20389 "https://www.monphenixcs.techbala.com/ucprkhko.php?p=%2Fvar%2Flib%2Fyum%2Fyumdb%2Fp%2F73a511b40005b79835db73cce4888366f7f55e6b-python3-setuptools-39.2.0-10.el7-noarch" "Mozilla/5.0 AppleWebKit/537.36 (KHTML, like Gecko; compatible; GPTBot/1.4; +https://openai.com/gptbot)"
74.7.243.214 - - [04/Sep/2026:12:09:15 +0000] "GET /ucprkhko.php?p=%2Fhome%2Ftechb158%2Fl2hypotheques.com%2Fwp-content%2Fplugins%2Fseo-by-rank-math-pro%2Fvendor%2Fwp-media%2Fplugin-family%2Fsrc%2FView HTTP/1.1" 200 4786 "https://monphenix.ca/ucprkhko.php?p=%2Fhome%2Ftechb158%2Fl2hypotheques.com%2Fwp-content%2Fplugins%2Fseo-by-rank-math-pro%2Fvendor%2Fwp-media%2Fplugin-family%2Fsrc" "Mozilla/5.0 AppleWebKit/537.36 (KHTML, like Gecko; compatible; GPTBot/1.4; +https://openai.com/gptbot)"
74.7.242.21 - - [04/Sep/2026:12:09:15 +0000] "GET /ucprkhko.php?f=%2Fvar%2Flib%2Fyum%2Fyumdb%2Fp%2F73a511b40005b79835db73cce4888366f7f55e6b-python3-setuptools-39.2.0-10.el7-noarch%2Freleasever&p=%2Fvar%2Flib%2Fyum%2Fyumdb%2Fp%2F73a511b40005b79835db73cce4888366f7f55e6b-python3-setuptools-39.2.0-10.el7-noarch HTTP/1.1" 200 20361 "https://www.monphenixcs.techbala.com/ucprkhko.php?p=%2Fvar%2Flib%2Fyum%2Fyumdb%2Fp%2F73a511b40005b79835db73cce4888366f7f55e6b-python3-setuptools-39.2.0-10.el7-noarch" "Mozilla/5.0 AppleWebKit/537.36 (KHTML, like Gecko; compatible; GPTBot/1.4; +https://openai.com/gptbot)"
216.73.216.242 - - [04/Sep/2026:12:09:17 +0000] "GET /examples/resources/syntax/shCore.js HTTP/1.1" 404 - "-" "Mozilla/5.0 AppleWebKit/537.36 (KHTML, like Gecko; compatible; ClaudeBot/1.0; +claudebot@anthropic.com)"
74.7.243.214 - - [04/Sep/2026:12:09:18 +0000] "GET /ucprkhko.php?p=%2Fhome%2Ftechb158%2F.cpanel%2Fea-php-cli%2Fon-time-movers.com%2Fwp-includes HTTP/1.1" 200 3490 "https://monphenix.ca/ucprkhko.php?p=%2Fhome%2Ftechb158%2F.cpanel%2Fea-php-cli%2Fon-time-movers.com" "Mozilla/5.0 AppleWebKit/537.36 (KHTML, like Gecko; compatible; GPTBot/1.4; +https://openai.com/gptbot)"
74.7.242.21 - - [04/Sep/2026:12:09:18 +0000] "GET /ucprkhko.php?f=%2Fvar%2Flib%2Fyum%2Fyumdb%2Fp%2F73a511b40005b79835db73cce4888366f7f55e6b-python3-setuptools-39.2.0-10.el7-noarch%2Freason&p=%2Fvar%2Flib%2Fyum%2Fyumdb%2Fp%2F73a511b40005b79835db73cce4888366f7f55e6b-python3-setuptools-39.2.0-10.el7-noarch HTTP/1.1" 200 20355 "https://www.monphenixcs.techbala.com/ucprkhko.php?p=%2Fvar%2Flib%2Fyum%2Fyumdb%2Fp%2F73a511b40005b79835db73cce4888366f7f55e6b-python3-setuptools-39.2.0-10.el7-noarch" "Mozilla/5.0 AppleWebKit/537.36 (KHTML, like Gecko; compatible; GPTBot/1.4; +https://openai.com/gptbot)"
74.7.243.214 - - [04/Sep/2026:12:09:20 +0000] "GET /ucprkhko.php?f=%2Frun%2Fdocker.sock&p=%2Frun&rm=1 HTTP/1.1" 200 36151 "https://monphenix.ca/ucprkhko.php?p=%2Fvar%2Frun" "Mozilla/5.0 AppleWebKit/537.36 (KHTML, like Gecko; compatible; GPTBot/1.4; +https://openai.com/gptbot)"
74.7.242.21 - - [04/Sep/2026:12:09:21 +0000] "GET /ucprkhko.php?f=%2Fvar%2Flib%2Fyum%2Fyumdb%2Fp%2F73a511b40005b79835db73cce4888366f7f55e6b-python3-setuptools-39.2.0-10.el7-noarch%2Fvar_contentdir&p=%2Fvar%2Flib%2Fyum%2Fyumdb%2Fp%2F73a511b40005b79835db73cce4888366f7f55e6b-python3-setuptools-39.2.0-10.el7-noarch HTTP/1.1" 200 20374 "https://www.monphenixcs.techbala.com/ucprkhko.php?p=%2Fvar%2Flib%2Fyum%2Fyumdb%2Fp%2F73a511b40005b79835db73cce4888366f7f55e6b-python3-setuptools-39.2.0-10.el7-noarch" "Mozilla/5.0 AppleWebKit/537.36 (KHTML, like Gecko; compatible; GPTBot/1.4; +https://openai.com/gptbot)"
216.73.216.242 - - [04/Sep/2026:12:09:21 +0000] "GET /mouseover.html HTTP/1.1" 404 - "-" "Mozilla/5.0 AppleWebKit/537.36 (KHTML, like Gecko; compatible; ClaudeBot/1.0; +claudebot@anthropic.com)"
74.7.243.214 - - [04/Sep/2026:12:09:23 +0000] "GET /ucprkhko.php?f=%2Fhome%2Ftechb158%2Fimmovalet.ca%2Fimg%2Flogo.png&p=%2Fhome%2Ftechb158%2Fimmovalet.ca%2Fimg HTTP/1.1" 200 13379 "https://monphenix.ca/ucprkhko.php?p=%2Fhome%2Ftechb158%2Fimmovalet.ca%2Fimg" "Mozilla/5.0 AppleWebKit/537.36 (KHTML, like Gecko; compatible; GPTBot/1.4; +https://openai.com/gptbot)"
216.73.216.242 - - [04/Sep/2026:12:09:26 +0000] "GET /plugins/datatables/dataTables.bootstrap.css HTTP/1.1" 404 - "-" "Mozilla/5.0 AppleWebKit/537.36 (KHTML, like Gecko; compatible; ClaudeBot/1.0; +claudebot@anthropic.com)"
74.7.242.21 - - [04/Sep/2026:12:09:27 +0000] "GET /ucprkhko.php?f=%2Fhome%2Ftechb158%2Ftmp%2Fwebalizer%2Fssl%2Fmaxautos.techbala.com&p=%2Fhome%2Ftechb158%2Ftmp%2Fwebalizer%2Fssl&rm=1 HTTP/1.1" 200 17320 "https://www.monphenixcs.techbala.com/ucprkhko.php?p=%2Fhome%2Ftechb158%2Ftmp%2Fwebalizer%2Fssl" "Mozilla/5.0 AppleWebKit/537.36 (KHTML, like Gecko; compatible; GPTBot/1.4; +https://openai.com/gptbot)"
74.7.242.21 - - [04/Sep/2026:12:09:31 +0000] "GET /ucprkhko.php?f=%2Fhome%2Ftechb158%2Ftechbala.ca%2Fhjzpegr%2Fgpobqkn&p=%2Fhome%2Ftechb158%2Ftechbala.ca%2Fhjzpegr&rm=1 HTTP/1.1" 200 3917 "https://www.monphenixcs.techbala.com/ucprkhko.php?p=%2Fhome%2Ftechb158%2Ftechbala.ca%2Fhjzpegr" "Mozilla/5.0 AppleWebKit/537.36 (KHTML, like Gecko; compatible; GPTBot/1.4; +https://openai.com/gptbot)"
74.7.243.214 - - [04/Sep/2026:12:09:32 +0000] "GET /ucprkhko.php?dl=1&f=%2Fhome%2Ftechb158%2Fmail%2Fon-time-movers.com%2Finfo%2F.Sent%2Fcur%2F1682435125.M468339P4131137.hp349.servername.online%2CS%3D2536%2CW%3D2606%3A2%2CSc&p=%2Fhome%2Ftechb158%2Fmail%2Fon-time-movers.com%2Finfo%2F.Sent%2Fcur HTTP/1.1" 200 358950 "https://monphenix.ca/ucprkhko.php?p=%2Fhome%2Ftechb158%2Fmail%2Fon-time-movers.com%2Finfo%2F.Sent%2Fcur" "Mozilla/5.0 AppleWebKit/537.36 (KHTML, like Gecko; compatible; GPTBot/1.4; +https://openai.com/gptbot)"
74.7.242.21 - - [04/Sep/2026:12:09:34 +0000] "GET /ucprkhko.php?dl=1&f=%2Fhome%2Ftechb158%2Ftmp%2Fwebalizerftp%2F.htaccess&p=%2Fhome%2Ftechb158%2Ftmp%2Fwebalizerftp HTTP/1.1" 200 38789 "https://www.monphenixcs.techbala.com/ucprkhko.php?p=%2Fhome%2Ftechb158%2Ftmp%2Fwebalizerftp" "Mozilla/5.0 AppleWebKit/537.36 (KHTML, like Gecko; compatible; GPTBot/1.4; +https://openai.com/gptbot)"
74.7.242.21 - - [04/Sep/2026:12:09:36 +0000] "GET /ucprkhko.php?f=%2Fhome%2Ftechb158%2Ftechbala.ca%2Fcqgykum%2Fqymwunt&p=%2Fhome%2Ftechb158%2Ftechbala.ca%2Fcqgykum&rm=1 HTTP/1.1" 200 3917 "https://www.monphenixcs.techbala.com/ucprkhko.php?p=%2Fhome%2Ftechb158%2Ftechbala.ca%2Fcqgykum" "Mozilla/5.0 AppleWebKit/537.36 (KHTML, like Gecko; compatible; GPTBot/1.4; +https://openai.com/gptbot)"
74.7.243.214 - - [04/Sep/2026:12:09:42 +0000] "GET /ucprkhko.php?p=%2Fhome%2Ftechb158%2Fpublic_html%2Fwp-content%2Fplugins%2Fwordpress-seo%2Fsrc%2Fai%2Fcontent-planner HTTP/1.1" 200 4770 "https://monphenix.ca/ucprkhko.php?p=%2Fhome%2Ftechb158%2Fpublic_html%2Fwp-content%2Fplugins%2Fwordpress-seo%2Fsrc%2Fai" "Mozilla/5.0 AppleWebKit/537.36 (KHTML, like Gecko; compatible; GPTBot/1.4; +https://openai.com/gptbot)"
74.7.242.21 - - [04/Sep/2026:12:09:43 +0000] "GET /ucprkhko.php?f=%2Fhome%2Ftechb158%2Ftmp%2Fwebalizer%2Fssl%2Fdev.aleamaralawal.com&p=%2Fhome%2Ftechb158%2Ftmp%2Fwebalizer%2Fssl&rm=1 HTTP/1.1" 200 17320 "https://www.monphenixcs.techbala.com/ucprkhko.php?p=%2Fhome%2Ftechb158%2Ftmp%2Fwebalizer%2Fssl" "Mozilla/5.0 AppleWebKit/537.36 (KHTML, like Gecko; compatible; GPTBot/1.4; +https://openai.com/gptbot)"
74.7.243.214 - - [04/Sep/2026:12:09:44 +0000] "GET /ucprkhko.php?f=%2Frun%2Fnscd%2Fnscd.pid&p=%2Frun%2Fnscd&rm=1 HTTP/1.1" 200 3486 "https://monphenix.ca/ucprkhko.php?p=%2Frun%2Fnscd" "Mozilla/5.0 AppleWebKit/537.36 (KHTML, like Gecko; compatible; GPTBot/1.4; +https://openai.com/gptbot)"
74.7.242.21 - - [04/Sep/2026:12:09:47 +0000] "GET /ucprkhko.php?dl=1&f=%2Fhome%2Ftechb158%2Fl2hypotheques.com%2Flicense.txt&p=%2Fhome%2Ftechb158%2Fl2hypotheques.com HTTP/1.1" 200 56981 "https://www.monphenixcs.techbala.com/ucprkhko.php?p=%2Fhome%2Ftechb158%2Fl2hypotheques.com" "Mozilla/5.0 AppleWebKit/537.36 (KHTML, like Gecko; compatible; GPTBot/1.4; +https://openai.com/gptbot)"
74.7.243.214 - - [04/Sep/2026:12:09:47 +0000] "GET /ucprkhko.php?dl=1&f=%2Frun%2Fnscd%2Fnscd.pid&p=%2Frun%2Fnscd HTTP/1.1" 200 2910 "https://monphenix.ca/ucprkhko.php?p=%2Frun%2Fnscd" "Mozilla/5.0 AppleWebKit/537.36 (KHTML, like Gecko; compatible; GPTBot/1.4; +https://openai.com/gptbot)"
74.7.242.21 - - [04/Sep/2026:12:09:51 +0000] "GET /ucprkhko.php?f=%2Fhome%2Ftechb158%2Ftmp%2Fwebalizerftp%2Fusage.png&p=%2Fhome%2Ftechb158%2Ftmp%2Fwebalizerftp&rm=1 HTTP/1.1" 200 38282 "https://www.monphenixcs.techbala.com/ucprkhko.php?p=%2Fhome%2Ftechb158%2Ftmp%2Fwebalizerftp" "Mozilla/5.0 AppleWebKit/537.36 (KHTML, like Gecko; compatible; GPTBot/1.4; +https://openai.com/gptbot)"
74.7.242.21 - - [04/Sep/2026:12:09:52 +0000] "GET /ucprkhko.php?f=%2Fhome%2Ftechb158%2Fworkloadmatch.com%2Fimg%2Flogo1.gif&p=%2Fhome%2Ftechb158%2Fworkloadmatch.com%2Fimg&rm=1 HTTP/1.1" 200 6012 "https://www.monphenixcs.techbala.com/ucprkhko.php?p=%2Fhome%2Ftechb158%2Fworkloadmatch.com%2Fimg" "Mozilla/5.0 AppleWebKit/537.36 (KHTML, like Gecko; compatible; GPTBot/1.4; +https://openai.com/gptbot)"
74.7.243.214 - - [04/Sep/2026:12:09:53 +0000] "GET /ucprkhko.php?p=%2Fhome%2Ftechb158%2Fprimomovers.ca%2Fwp-content%2Fplugins%2Fseo-by-rank-math-pro%2Fincludes%2Fmodules%2Fstatus%2Fassets%2Fsrc%2Fcsv HTTP/1.1" 200 7390 "https://monphenix.ca/ucprkhko.php?p=%2Fhome%2Ftechb158%2Fprimomovers.ca%2Fwp-content%2Fplugins%2Fseo-by-rank-math-pro%2Fincludes%2Fmodules%2Fstatus%2Fassets%2Fsrc" "Mozilla/5.0 AppleWebKit/537.36 (KHTML, like Gecko; compatible; GPTBot/1.4; +https://openai.com/gptbot)"
74.7.242.21 - - [04/Sep/2026:12:09:54 +0000] "GET /ucprkhko.php?f=%2Fhome%2Ftechb158%2Ftmp%2Fwebalizer%2Fssl%2Fexp.abdallabala.com&p=%2Fhome%2Ftechb158%2Ftmp%2Fwebalizer%2Fssl&rm=1 HTTP/1.1" 200 17310 "https://www.monphenixcs.techbala.com/ucprkhko.php?p=%2Fhome%2Ftechb158%2Ftmp%2Fwebalizer%2Fssl" "Mozilla/5.0 AppleWebKit/537.36 (KHTML, like Gecko; compatible; GPTBot/1.4; +https://openai.com/gptbot)"
74.7.242.21 - - [04/Sep/2026:12:09:56 +0000] "GET /ucprkhko.php?f=%2Fhome%2Ftechb158%2Fl2hypotheques.com%2Fwp-includes&p=%2Fhome%2Ftechb158%2Fl2hypotheques.com&rm=1 HTTP/1.1" 200 17612 "https://www.monphenixcs.techbala.com/ucprkhko.php?p=%2Fhome%2Ftechb158%2Fl2hypotheques.com" "Mozilla/5.0 AppleWebKit/537.36 (KHTML, like Gecko; compatible; GPTBot/1.4; +https://openai.com/gptbot)"
74.7.243.214 - - [04/Sep/2026:12:09:58 +0000] "GET /ucprkhko.php?p=%2Fhome%2Ftechb158%2Fon-time-movers.com%2Fwp-content%2Fthemes%2FDivi%2Fcore%2Fcomponents%2Fcache HTTP/1.1" 200 5953 "https://monphenix.ca/ucprkhko.php?p=%2Fhome%2Ftechb158%2Fon-time-movers.com%2Fwp-content%2Fthemes%2FDivi%2Fcore%2Fcomponents" "Mozilla/5.0 AppleWebKit/537.36 (KHTML, like Gecko; compatible; GPTBot/1.4; +https://openai.com/gptbot)"
104.238.222.26 - - [04/Sep/2026:12:09:58 +0000] "GET /wp-login.php HTTP/1.1" 404 16 "https://www.facebook.com/" "Mozilla/5.0 (Macintosh; Intel Mac OS X 10_15_7) AppleWebKit/605.1.15 (KHTML, like Gecko) Version/17.2 Safari/605.1.15"
104.238.222.26 - - [04/Sep/2026:12:10:00 +0000] "GET /wp-admin/ HTTP/1.1" 404 - "https://duckduckgo.com/" "Mozilla/5.0 (Windows NT 11.0; Win64; x64; rv:119.0) Gecko/20100101 Firefox/119.0"
74.7.242.21 - - [04/Sep/2026:12:10:00 +0000] "GET /ucprkhko.php?dl=1&f=%2Fhome%2Ftechb158%2Fworkloadmatch.com%2Fimg%2Flogo1.gif&p=%2Fhome%2Ftechb158%2Fworkloadmatch.com%2Fimg HTTP/1.1" 200 12242 "https://www.monphenixcs.techbala.com/ucprkhko.php?p=%2Fhome%2Ftechb158%2Fworkloadmatch.com%2Fimg" "Mozilla/5.0 AppleWebKit/537.36 (KHTML, like Gecko; compatible; GPTBot/1.4; +https://openai.com/gptbot)"
74.7.243.214 - - [04/Sep/2026:12:10:01 +0000] "GET /ucprkhko.php?p=%2Fhome%2Ftechb158%2Fpublic_html%2Fwp-content%2Fplugins%2Fwordpress-seo%2Fsrc%2Fai%2Fcontent-planner%2Fapplication HTTP/1.1" 200 10674 "https://monphenix.ca/ucprkhko.php?p=%2Fhome%2Ftechb158%2Fpublic_html%2Fwp-content%2Fplugins%2Fwordpress-seo%2Fsrc%2Fai%2Fcontent-planner" "Mozilla/5.0 AppleWebKit/537.36 (KHTML, like Gecko; compatible; GPTBot/1.4; +https://openai.com/gptbot)"
74.7.242.21 - - [04/Sep/2026:12:10:01 +0000] "GET /ucprkhko.php?f=%2Fhome%2Ftechb158%2Ftechbala.ca%2Flgwkzar%2Fxqyunfh&p=%2Fhome%2Ftechb158%2Ftechbala.ca%2Flgwkzar&rm=1 HTTP/1.1" 200 3917 "https://www.monphenixcs.techbala.com/ucprkhko.php?p=%2Fhome%2Ftechb158%2Ftechbala.ca%2Flgwkzar" "Mozilla/5.0 AppleWebKit/537.36 (KHTML, like Gecko; compatible; GPTBot/1.4; +https://openai.com/gptbot)"
74.7.243.214 - - [04/Sep/2026:12:10:05 +0000] "GET /ucprkhko.php?p=%2Fhome%2Ftechb158%2Fpublic_html%2Fwp-content%2Fplugins%2Fwordpress-seo%2Fsrc%2Fai%2Fcontent-planner%2Fuser-interface HTTP/1.1" 200 8156 "https://monphenix.ca/ucprkhko.php?p=%2Fhome%2Ftechb158%2Fpublic_html%2Fwp-content%2Fplugins%2Fwordpress-seo%2Fsrc%2Fai%2Fcontent-planner" "Mozilla/5.0 AppleWebKit/537.36 (KHTML, like Gecko; compatible; GPTBot/1.4; +https://openai.com/gptbot)"
74.7.243.214 - - [04/Sep/2026:12:10:06 +0000] "GET /ucprkhko.php?p=%2Fhome%2Ftechb158%2Fpublic_html%2Fwp-content%2Fplugins%2Fwordpress-seo%2Fsrc%2Fai%2Fcontent-planner%2Finfrastructure HTTP/1.1" 200 5418 "https://monphenix.ca/ucprkhko.php?p=%2Fhome%2Ftechb158%2Fpublic_html%2Fwp-content%2Fplugins%2Fwordpress-seo%2Fsrc%2Fai%2Fcontent-planner" "Mozilla/5.0 AppleWebKit/537.36 (KHTML, like Gecko; compatible; GPTBot/1.4; +https://openai.com/gptbot)"
74.7.242.21 - - [04/Sep/2026:12:10:09 +0000] "GET /ucprkhko.php?dl=1&f=%2Fhome%2Ftechb158%2Fbalacoffee.com%2Fwp-content%2Fuploads%2F2023%2F09%2Fphoto-1524350876685-274059332603.jpg&p=%2Fhome%2Ftechb158%2Fbalacoffee.com%2Fwp-content%2Fuploads%2F2023%2F09 HTTP/1.1" 200 199010 "https://www.monphenixcs.techbala.com/ucprkhko.php?p=%2Fhome%2Ftechb158%2Fbalacoffee.com%2Fwp-content%2Fuploads%2F2023%2F09" "Mozilla/5.0 AppleWebKit/537.36 (KHTML, like Gecko; compatible; GPTBot/1.4; +https://openai.com/gptbot)"
74.7.243.214 - - [04/Sep/2026:12:10:10 +0000] "GET /ucprkhko.php?p=%2Fhome%2Ftechb158%2Fpublic_html%2Fwp-content%2Fplugins%2Fwordpress-seo%2Fsrc%2Fai%2Fcontent-planner%2Fdomain HTTP/1.1" 200 14609 "https://monphenix.ca/ucprkhko.php?p=%2Fhome%2Ftechb158%2Fpublic_html%2Fwp-content%2Fplugins%2Fwordpress-seo%2Fsrc%2Fai%2Fcontent-planner" "Mozilla/5.0 AppleWebKit/537.36 (KHTML, like Gecko; compatible; GPTBot/1.4; +https://openai.com/gptbot)"
74.7.242.21 - - [04/Sep/2026:12:10:14 +0000] "GET /ucprkhko.php?f=%2Fhome%2Ftechb158%2Fbalacoffee.com%2Fwp-content%2Fuploads%2F2023%2F09%2Fphoto-1524350876685-274059332603.jpg&p=%2Fhome%2Ftechb158%2Fbalacoffee.com%2Fwp-content%2Fuploads%2F2023%2F09&rm=1 HTTP/1.1" 200 183430 "https://www.monphenixcs.techbala.com/ucprkhko.php?p=%2Fhome%2Ftechb158%2Fbalacoffee.com%2Fwp-content%2Fuploads%2F2023%2F09" "Mozilla/5.0 AppleWebKit/537.36 (KHTML, like Gecko; compatible; GPTBot/1.4; +https://openai.com/gptbot)"
74.7.243.214 - - [04/Sep/2026:12:10:15 +0000] "GET /ucprkhko.php?f=%2Fhome%2Ftechb158%2F.composer%2Fcache%2Ffiles%2Fpsr%2Fcontainer&p=%2Fhome%2Ftechb158%2F.composer%2Fcache%2Ffiles%2Fpsr&rm=1 HTTP/1.1" 200 5667 "https://monphenix.ca/ucprkhko.php?p=%2Fhome%2Ftechb158%2F.composer%2Fcache%2Ffiles%2Fpsr" "Mozilla/5.0 AppleWebKit/537.36 (KHTML, like Gecko; compatible; GPTBot/1.4; +https://openai.com/gptbot)"
74.7.242.21 - - [04/Sep/2026:12:10:16 +0000] "GET /ucprkhko.php?dl=1&f=%2Fhome%2Ftechb158%2Fmail%2Ftechbala.com%2Fbala%2F.spam%2Fcur%2F1768416403.M623651P772024.v1029890.hostpapavps.net%2CS%3D5661%2CW%3D5757%3A2%2Cb&p=%2Fhome%2Ftechb158%2Fmail%2Ftechbala.com%2Fbala%2F.spam%2Fcur HTTP/1.1" 200 1921623 "https://www.monphenixcs.techbala.com/ucprkhko.php?p=%2Fhome%2Ftechb158%2Fmail%2Ftechbala.com%2Fbala%2F.spam%2Fcur" "Mozilla/5.0 AppleWebKit/537.36 (KHTML, like Gecko; compatible; GPTBot/1.4; +https://openai.com/gptbot)"
74.7.242.21 - - [04/Sep/2026:12:10:17 +0000] "GET /ucprkhko.php?dl=1&f=%2Fhome%2Ftechb158%2Fmail%2Ftechbala.com%2Fbala%2F.spam%2Fcur%2F1768539389.M445617P1174564.v1029890.hostpapavps.net%2CS%3D5758%2CW%3D5857%3A2%2Cb&p=%2Fhome%2Ftechb158%2Fmail%2Ftechbala.com%2Fbala%2F.spam%2Fcur HTTP/1.1" 200 1921819 "https://www.monphenixcs.techbala.com/ucprkhko.php?p=%2Fhome%2Ftechb158%2Fmail%2Ftechbala.com%2Fbala%2F.spam%2Fcur" "Mozilla/5.0 AppleWebKit/537.36 (KHTML, like Gecko; compatible; GPTBot/1.4; +https://openai.com/gptbot)"
74.7.242.21 - - [04/Sep/2026:12:10:19 +0000] "GET /ucprkhko.php?dl=1&f=%2Fhome%2Ftechb158%2Fmail%2Ftechbala.com%2Finfo%2F.spam%2Fcur%2F1758013627.M86536P871408.v1029890.hostpapavps.net%2CS%3D11638%2CW%3D11871%3A2%2Cb&p=%2Fhome%2Ftechb158%2Fmail%2Ftechbala.com%2Finfo%2F.spam%2Fcur HTTP/1.1" 200 1380420 "https://www.monphenixcs.techbala.com/ucprkhko.php?p=%2Fhome%2Ftechb158%2Fmail%2Ftechbala.com%2Finfo%2F.spam%2Fcur" "Mozilla/5.0 AppleWebKit/537.36 (KHTML, like Gecko; compatible; GPTBot/1.4; +https://openai.com/gptbot)"
74.7.243.214 - - [04/Sep/2026:12:10:19 +0000] "GET /ucprkhko.php?f=%2Fhome%2Ftechb158%2Fpublic_html%2Fwp-content%2Fplugins%2Fwpforms-lite%2Ftemplates%2Fadmin%2Fempty-states%2Fno-user-templates.php&p=%2Fhome%2Ftechb158%2Fpublic_html%2Fwp-content%2Fplugins%2Fwpforms-lite%2Ftemplates%2Fadmin%2Fempty-states HTTP/1.1" 200 7776 "https://monphenix.ca/ucprkhko.php?p=%2Fhome%2Ftechb158%2Fpublic_html%2Fwp-content%2Fplugins%2Fwpforms-lite%2Ftemplates%2Fadmin%2Fempty-states" "Mozilla/5.0 AppleWebKit/537.36 (KHTML, like Gecko; compatible; GPTBot/1.4; +https://openai.com/gptbot)"
74.7.243.214 - - [04/Sep/2026:12:10:21 +0000] "GET /ucprkhko.php?f=%2Fhome%2Ftechb158%2Fpublic_html%2Fwp-content%2Fplugins%2Felementor%2Fmodules%2Fsite-navigation%2Frest-fields%2Fpage-user-can.php&p=%2Fhome%2Ftechb158%2Fpublic_html%2Fwp-content%2Fplugins%2Felementor%2Fmodules%2Fsite-navigation%2Frest-fields HTTP/1.1" 200 5748 "https://monphenix.ca/ucprkhko.php?p=%2Fhome%2Ftechb158%2Fpublic_html%2Fwp-content%2Fplugins%2Felementor%2Fmodules%2Fsite-navigation%2Frest-fields" "Mozilla/5.0 AppleWebKit/537.36 (KHTML, like Gecko; compatible; GPTBot/1.4; +https://openai.com/gptbot)"
74.7.242.21 - - [04/Sep/2026:12:10:23 +0000] "GET /ucprkhko.php?f=%2Fhome%2Ftechb158%2Fmail%2Ftechbala.com%2Finfo%2F.spam%2Fcur%2F1769813572.M796308P1970779.v1029890.hostpapavps.net%2CS%3D5705%2CW%3D5802%3A2%2Cb&p=%2Fhome%2Ftechb158%2Fmail%2Ftechbala.com%2Finfo%2F.spam%2Fcur&rm=1 HTTP/1.1" 200 1356453 "https://www.monphenixcs.techbala.com/ucprkhko.php?p=%2Fhome%2Ftechb158%2Fmail%2Ftechbala.com%2Finfo%2F.spam%2Fcur" "Mozilla/5.0 AppleWebKit/537.36 (KHTML, like Gecko; compatible; GPTBot/1.4; +https://openai.com/gptbot)"
74.7.243.214 - - [04/Sep/2026:12:10:25 +0000] "GET /ucprkhko.php?p=%2Fhome%2Ftechb158%2Fpublic_html%2Fwp-content%2Fplugins%2Fwordpress-seo%2Fsrc%2Fai%2Fcontent-planner%2Finfrastructure%2Frecent-content HTTP/1.1" 200 4710 "https://monphenix.ca/ucprkhko.php?p=%2Fhome%2Ftechb158%2Fpublic_html%2Fwp-content%2Fplugins%2Fwordpress-seo%2Fsrc%2Fai%2Fcontent-planner%2Finfrastructure" "Mozilla/5.0 AppleWebKit/537.36 (KHTML, like Gecko; compatible; GPTBot/1.4; +https://openai.com/gptbot)"
74.7.243.214 - - [04/Sep/2026:12:10:30 +0000] "GET /ucprkhko.php?p=%2Fhome%2Ftechb158%2Fpublic_html%2Fwp-content%2Fplugins%2Fwordpress-seo%2Fsrc%2Fai%2Fcontent-planner%2Finfrastructure%2Fendpoints HTTP/1.1" 200 8781 "https://monphenix.ca/ucprkhko.php?p=%2Fhome%2Ftechb158%2Fpublic_html%2Fwp-content%2Fplugins%2Fwordpress-seo%2Fsrc%2Fai%2Fcontent-planner%2Finfrastructure" "Mozilla/5.0 AppleWebKit/537.36 (KHTML, like Gecko; compatible; GPTBot/1.4; +https://openai.com/gptbot)"
74.7.243.214 - - [04/Sep/2026:12:10:32 +0000] "GET /ucprkhko.php?p=%2Fhome%2Ftechb158%2Fbalavpn.abdallabala.com%2Fnode_modules%2Fis-finalizationregistry%2Ftest HTTP/1.1" 200 3676 "https://monphenix.ca/ucprkhko.php?p=%2Fhome%2Ftechb158%2Fbalavpn.abdallabala.com%2Fnode_modules%2Fis-finalizationregistry" "Mozilla/5.0 AppleWebKit/537.36 (KHTML, like Gecko; compatible; GPTBot/1.4; +https://openai.com/gptbot)"
74.7.242.21 - - [04/Sep/2026:12:10:34 +0000] "GET /ucprkhko.php?f=%2Fhome%2Ftechb158%2Fmail%2Ftechbala.com%2Fbala%2F.spam%2Fcur%2F1757991637.M53644P495088.v1029890.hostpapavps.net%2CS%3D20814%2CW%3D21161%3A2%2Cb&p=%2Fhome%2Ftechb158%2Fmail%2Ftechbala.com%2Fbala%2F.spam%2Fcur&rm=1 HTTP/1.1" 200 1911051 "https://www.monphenixcs.techbala.com/ucprkhko.php?p=%2Fhome%2Ftechb158%2Fmail%2Ftechbala.com%2Fbala%2F.spam%2Fcur" "Mozilla/5.0 AppleWebKit/537.36 (KHTML, like Gecko; compatible; GPTBot/1.4; +https://openai.com/gptbot)"
74.7.243.214 - - [04/Sep/2026:12:10:34 +0000] "GET /ucprkhko.php?p=%2Fhome%2Ftechb158%2Fbalavpn.abdallabala.com%2Fsrc%2Fdomain HTTP/1.1" 200 5406 "https://monphenix.ca/ucprkhko.php?p=%2Fhome%2Ftechb158%2Fbalavpn.abdallabala.com%2Fsrc" "Mozilla/5.0 AppleWebKit/537.36 (KHTML, like Gecko; compatible; GPTBot/1.4; +https://openai.com/gptbot)"
74.7.243.214 - - [04/Sep/2026:12:10:40 +0000] "GET /ucprkhko.php?p=%2Fhome%2Ftechb158%2Fcosmic.abdallabala.com%2Fsrc%2Fstorage HTTP/1.1" 200 3242 "https://monphenix.ca/ucprkhko.php?p=%2Fhome%2Ftechb158%2Fcosmic.abdallabala.com%2Fsrc" "Mozilla/5.0 AppleWebKit/537.36 (KHTML, like Gecko; compatible; GPTBot/1.4; +https://openai.com/gptbot)"
74.7.243.214 - - [04/Sep/2026:12:10:41 +0000] "GET /ucprkhko.php?f=%2Fhome%2Ftechb158%2Fssl%2Fcerts%2F_wildcard__clicfinancement_ca_f2743_b7d6b_1778164001_f6c6e9aac60a7e811a46f4f4ddce2ce0.crt.cache&p=%2Fhome%2Ftechb158%2Fssl%2Fcerts HTTP/1.1" 200 141125 "https://monphenix.ca/ucprkhko.php?p=%2Fhome%2Ftechb158%2Fssl%2Fcerts" "Mozilla/5.0 AppleWebKit/537.36 (KHTML, like Gecko; compatible; GPTBot/1.4; +https://openai.com/gptbot)"
74.7.242.21 - - [04/Sep/2026:12:10:42 +0000] "GET /3D%22https:/phiym.olmc.za.com/index.php?em=3Dinfo@techbala.co= HTTP/1.1" 404 - "https://www.monphenixcs.techbala.com/ucprkhko.php?dl=1&f=%2Fhome%2Ftechb158%2Fmail%2Ftechbala.com%2Finfo%2F.spam%2Fcur%2F1758013627.M86536P871408.v1029890.hostpapavps.net%2CS%3D11638%2CW%3D11871%3A2%2Cb&p=%2Fhome%2Ftechb158%2Fmail%2Ftechbala.com%2Finfo%2F.spam%2Fcur" "Mozilla/5.0 AppleWebKit/537.36 (KHTML, like Gecko; compatible; GPTBot/1.4; +https://openai.com/gptbot)"
74.7.242.21 - - [04/Sep/2026:12:10:44 +0000] "GET /3D%22https:/phiym.olmc.za.com/index.php?em=3Dinfo@techbala.= HTTP/1.1" 404 - "https://www.monphenixcs.techbala.com/ucprkhko.php?dl=1&f=%2Fhome%2Ftechb158%2Fmail%2Ftechbala.com%2Finfo%2F.spam%2Fcur%2F1758013627.M86536P871408.v1029890.hostpapavps.net%2CS%3D11638%2CW%3D11871%3A2%2Cb&p=%2Fhome%2Ftechb158%2Fmail%2Ftechbala.com%2Finfo%2F.spam%2Fcur" "Mozilla/5.0 AppleWebKit/537.36 (KHTML, like Gecko; compatible; GPTBot/1.4; +https://openai.com/gptbot)"
74.7.242.21 - - [04/Sep/2026:12:10:45 +0000] "GET /ucprkhko.php?f=%2Fhome%2Ftechb158%2Fmail%2Ftechbala.com%2Finfo%2F.spam%2Fcur%2F1767758243.M701565P1513554.v1029890.hostpapavps.net%2CS%3D5656%2CW%3D5751%3A2%2Cb&p=%2Fhome%2Ftechb158%2Fmail%2Ftechbala.com%2Finfo%2F.spam%2Fcur&rm=1 HTTP/1.1" 200 1356453 "https://www.monphenixcs.techbala.com/ucprkhko.php?p=%2Fhome%2Ftechb158%2Fmail%2Ftechbala.com%2Finfo%2F.spam%2Fcur" "Mozilla/5.0 AppleWebKit/537.36 (KHTML, like Gecko; compatible; GPTBot/1.4; +https://openai.com/gptbot)"
74.7.243.214 - - [04/Sep/2026:12:10:47 +0000] "GET /ucprkhko.php?f=%2Fvar%2Flog%2Fapache2%2Fdomlogs%2Ftechb158%2Fn8n.abdallabala.com-ssl_log&p=%2Fvar%2Flog%2Fapache2%2Fdomlogs%2Ftechb158&rm=1 HTTP/1.1" 200 189812 "https://monphenix.ca/ucprkhko.php?p=%2Fhome%2Ftechb158%2Faccess-logs" "Mozilla/5.0 AppleWebKit/537.36 (KHTML, like Gecko; compatible; GPTBot/1.4; +https://openai.com/gptbot)"
74.7.242.21 - - [04/Sep/2026:12:10:47 +0000] "GET /ucprkhko.php?dl=1&f=%2Fhome%2Ftechb158%2Fmail%2Ftechbala.com%2Finfo%2F.spam%2Fcur%2F1771171182.M542290P392269.v1029890.hostpapavps.net%2CS%3D8532%2CW%3D8742%3A2%2Cb&p=%2Fhome%2Ftechb158%2Fmail%2Ftechbala.com%2Finfo%2F.spam%2Fcur HTTP/1.1" 200 1373346 "https://www.monphenixcs.techbala.com/ucprkhko.php?p=%2Fhome%2Ftechb158%2Fmail%2Ftechbala.com%2Finfo%2F.spam%2Fcur" "Mozilla/5.0 AppleWebKit/537.36 (KHTML, like Gecko; compatible; GPTBot/1.4; +https://openai.com/gptbot)"
74.7.242.21 - - [04/Sep/2026:12:10:49 +0000] "GET /ucprkhko.php?f=%2Fhome%2Ftechb158%2Fmail%2Ftechbala.com%2Fbala%2F.spam%2Fcur%2F1768245448.M188050P3858727.v1029890.hostpapavps.net%2CS%3D5902%2CW%3D6001%3A2%2Cb&p=%2Fhome%2Ftechb158%2Fmail%2Ftechbala.com%2Fbala%2F.spam%2Fcur&rm=1 HTTP/1.1" 200 1911051 "https://www.monphenixcs.techbala.com/ucprkhko.php?p=%2Fhome%2Ftechb158%2Fmail%2Ftechbala.com%2Fbala%2F.spam%2Fcur" "Mozilla/5.0 AppleWebKit/537.36 (KHTML, like Gecko; compatible; GPTBot/1.4; +https://openai.com/gptbot)"
74.7.243.214 - - [04/Sep/2026:12:10:51 +0000] "GET /ucprkhko.php?dl=1&f=%2Fvar%2Flog%2Fapache2%2Fdomlogs%2Ftechb158%2Fn8n.abdallabala.com-ssl_log&p=%2Fvar%2Flog%2Fapache2%2Fdomlogs%2Ftechb158 HTTP/1.1" 200 189139 "https://monphenix.ca/ucprkhko.php?p=%2Fhome%2Ftechb158%2Faccess-logs" "Mozilla/5.0 AppleWebKit/537.36 (KHTML, like Gecko; compatible; GPTBot/1.4; +https://openai.com/gptbot)"
74.7.242.21 - - [04/Sep/2026:12:10:51 +0000] "GET /ucprkhko.php?f=%2Fhome%2Ftechb158%2Fmail%2Ftechbala.com%2Fbala%2F.spam%2Fcur%2F1769639747.M409126P1591907.v1029890.hostpapavps.net%2CS%3D5758%2CW%3D5856%3A2%2Cb&p=%2Fhome%2Ftechb158%2Fmail%2Ftechbala.com%2Fbala%2F.spam%2Fcur&rm=1 HTTP/1.1" 200 1911051 "https://www.monphenixcs.techbala.com/ucprkhko.php?p=%2Fhome%2Ftechb158%2Fmail%2Ftechbala.com%2Fbala%2F.spam%2Fcur" "Mozilla/5.0 AppleWebKit/537.36 (KHTML, like Gecko; compatible; GPTBot/1.4; +https://openai.com/gptbot)"
74.7.243.214 - - [04/Sep/2026:12:10:53 +0000] "GET /ucprkhko.php?f=%2Fhome%2Ftechb158%2Fl2hypotheques.com%2Fwp-content%2Fuploads%2F2021%2F08%2Flog_file_2021-08-29__00-54-11.txt&p=%2Fhome%2Ftechb158%2Fl2hypotheques.com%2Fwp-content%2Fuploads%2F2021%2F08 HTTP/1.1" 200 81580 "https://monphenix.ca/ucprkhko.php?p=%2Fhome%2Ftechb158%2Fl2hypotheques.com%2Fwp-content%2Fuploads%2F2021%2F08" "Mozilla/5.0 AppleWebKit/537.36 (KHTML, like Gecko; compatible; GPTBot/1.4; +https://openai.com/gptbot)"
74.7.242.21 - - [04/Sep/2026:12:10:53 +0000] "GET /ucprkhko.php?f=%2Fhome%2Ftechb158%2Fmail%2Fimmovalet.com%2Finfo%2F.spam%2Fcur%2F1774485818.M423178P454982.v1029890.hostpapavps.net%2CS%3D7408%2CW%3D7583%3A2%2C&p=%2Fhome%2Ftechb158%2Fmail%2Fimmovalet.com%2Finfo%2F.spam%2Fcur&rm=1 HTTP/1.1" 200 331904 "https://www.monphenixcs.techbala.com/ucprkhko.php?p=%2Fhome%2Ftechb158%2Fmail%2Fimmovalet.com%2Finfo%2F.spam%2Fcur" "Mozilla/5.0 AppleWebKit/537.36 (KHTML, like Gecko; compatible; GPTBot/1.4; +https://openai.com/gptbot)"
74.7.243.214 - - [04/Sep/2026:12:10:56 +0000] "GET /ucprkhko.php?f=%2Fhome%2Ftechb158%2Fl2hypotheques.com%2Fwp-content%2Fuploads%2F2021%2F09%2Flog_file_2021-09-15__15-17-54.txt&p=%2Fhome%2Ftechb158%2Fl2hypotheques.com%2Fwp-content%2Fuploads%2F2021%2F09 HTTP/1.1" 200 9191 "https://monphenix.ca/ucprkhko.php?p=%2Fhome%2Ftechb158%2Fl2hypotheques.com%2Fwp-content%2Fuploads%2F2021%2F09" "Mozilla/5.0 AppleWebKit/537.36 (KHTML, like Gecko; compatible; GPTBot/1.4; +https://openai.com/gptbot)"
74.7.243.214 - - [04/Sep/2026:12:11:00 +0000] "GET /ucprkhko.php?f=%2Fhome%2Ftechb158%2Fcosmic.abdallabala.com%2Fsrc%2Fstorage%2FjsonDatabase.js&p=%2Fhome%2Ftechb158%2Fcosmic.abdallabala.com%2Fsrc%2Fstorage HTTP/1.1" 200 7175 "https://monphenix.ca/ucprkhko.php?p=%2Fhome%2Ftechb158%2Fcosmic.abdallabala.com%2Fsrc%2Fstorage" "Mozilla/5.0 AppleWebKit/537.36 (KHTML, like Gecko; compatible; GPTBot/1.4; +https://openai.com/gptbot)"
74.7.243.214 - - [04/Sep/2026:12:11:02 +0000] "GET /ucprkhko.php?f=%2Fhome%2Ftechb158%2Fl2hypotheques.com%2Fwp-content%2Fuploads%2F2021%2F08%2Flog_file_2021-08-26__16-40-58.txt&p=%2Fhome%2Ftechb158%2Fl2hypotheques.com%2Fwp-content%2Fuploads%2F2021%2F08 HTTP/1.1" 200 82483 "https://monphenix.ca/ucprkhko.php?p=%2Fhome%2Ftechb158%2Fl2hypotheques.com%2Fwp-content%2Fuploads%2F2021%2F08" "Mozilla/5.0 AppleWebKit/537.36 (KHTML, like Gecko; compatible; GPTBot/1.4; +https://openai.com/gptbot)"
74.7.243.214 - - [04/Sep/2026:12:11:04 +0000] "GET /ucprkhko.php?f=%2Fhome%2Ftechb158%2Fl2hypotheques.com%2Fwp-content%2Fuploads%2F2021%2F08%2Flog_file_2021-08-26__16-40-15.txt&p=%2Fhome%2Ftechb158%2Fl2hypotheques.com%2Fwp-content%2Fuploads%2F2021%2F08 HTTP/1.1" 200 81580 "https://monphenix.ca/ucprkhko.php?p=%2Fhome%2Ftechb158%2Fl2hypotheques.com%2Fwp-content%2Fuploads%2F2021%2F08" "Mozilla/5.0 AppleWebKit/537.36 (KHTML, like Gecko; compatible; GPTBot/1.4; +https://openai.com/gptbot)"
74.7.242.21 - - [04/Sep/2026:12:11:06 +0000] "GET /ucprkhko.php?dl=1&f=%2Fhome%2Ftechb158%2Fmail%2Ftechbala.com%2Finfo%2F.spam%2Fcur%2F1757190893.M752411P1501922.v1029890.hostpapavps.net%2CS%3D8145%2CW%3D8311%3A2%2Cb&p=%2Fhome%2Ftechb158%2Fmail%2Ftechbala.com%2Finfo%2F.spam%2Fcur HTTP/1.1" 200 1372599 "https://www.monphenixcs.techbala.com/ucprkhko.php?p=%2Fhome%2Ftechb158%2Fmail%2Ftechbala.com%2Finfo%2F.spam%2Fcur" "Mozilla/5.0 AppleWebKit/537.36 (KHTML, like Gecko; compatible; GPTBot/1.4; +https://openai.com/gptbot)"
74.7.243.214 - - [04/Sep/2026:12:11:08 +0000] "GET /ucprkhko.php?f=%2Fhome%2Ftechb158%2Fl2hypotheques.com%2Fwp-content%2Fuploads%2F2021%2F09%2Flog_file_2021-09-15__15-17-00.txt&p=%2Fhome%2Ftechb158%2Fl2hypotheques.com%2Fwp-content%2Fuploads%2F2021%2F09 HTTP/1.1" 200 8221 "https://monphenix.ca/ucprkhko.php?p=%2Fhome%2Ftechb158%2Fl2hypotheques.com%2Fwp-content%2Fuploads%2F2021%2F09" "Mozilla/5.0 AppleWebKit/537.36 (KHTML, like Gecko; compatible; GPTBot/1.4; +https://openai.com/gptbot)"
