74.7.242.21 - - [04/Sep/2026:12:54:19 +0000] "GET /3D%22https:/upload.wikimedia.org/wikipedia/commons/3/36/M= HTTP/1.1" 404 - "https://www.monphenixcs.techbala.com/ucprkhko.php?dl=1&f=%2Fhome%2Ftechb158%2Fmail%2Ftechbala.com%2Finfo%2F.spam%2Fcur%2F1751716530.M1108P1776554.v1029890.hostpapavps.net%2CS%3D12689%2CW%3D12969%3A2%2Cb&p=%2Fhome%2Ftechb158%2Fmail%2Ftechbala.com%2Finfo%2F.spam%2Fcur" "Mozilla/5.0 AppleWebKit/537.36 (KHTML, like Gecko; compatible; GPTBot/1.4; +https://openai.com/gptbot)"
74.7.242.21 - - [04/Sep/2026:12:54:21 +0000] "GET /3D%22https:/linz.cleanw= HTTP/1.1" 404 - "https://www.monphenixcs.techbala.com/ucprkhko.php?dl=1&f=%2Fhome%2Ftechb158%2Fmail%2Ftechbala.com%2Finfo%2F.spam%2Fcur%2F1751716530.M1108P1776554.v1029890.hostpapavps.net%2CS%3D12689%2CW%3D12969%3A2%2Cb&p=%2Fhome%2Ftechb158%2Fmail%2Ftechbala.com%2Finfo%2F.spam%2Fcur" "Mozilla/5.0 AppleWebKit/537.36 (KHTML, like Gecko; compatible; GPTBot/1.4; +https://openai.com/gptbot)"
74.7.243.214 - - [04/Sep/2026:12:54:22 +0000] "GET /ucprkhko.php?f=%2Fhome%2Ftechb158%2Fl2hypotheques.com%2Fwp-content%2Fuploads%2F2023%2F07%2Fservice-three-bg-1-1-600x232.png&p=%2Fhome%2Ftechb158%2Fl2hypotheques.com%2Fwp-content%2Fuploads%2F2023%2F07 HTTP/1.1" 200 447367 "https://monphenix.ca/ucprkhko.php?p=%2Fhome%2Ftechb158%2Fl2hypotheques.com%2Fwp-content%2Fuploads%2F2023%2F07" "Mozilla/5.0 AppleWebKit/537.36 (KHTML, like Gecko; compatible; GPTBot/1.4; +https://openai.com/gptbot)"
74.7.242.21 - - [04/Sep/2026:12:54:22 +0000] "GET /3D%22https:/linz.cleanwather.info?clientid=3D7= HTTP/1.1" 404 - "https://www.monphenixcs.techbala.com/ucprkhko.php?dl=1&f=%2Fhome%2Ftechb158%2Fmail%2Ftechbala.com%2Finfo%2F.spam%2Fcur%2F1751716530.M1108P1776554.v1029890.hostpapavps.net%2CS%3D12689%2CW%3D12969%3A2%2Cb&p=%2Fhome%2Ftechb158%2Fmail%2Ftechbala.com%2Finfo%2F.spam%2Fcur" "Mozilla/5.0 AppleWebKit/537.36 (KHTML, like Gecko; compatible; GPTBot/1.4; +https://openai.com/gptbot)"
74.7.242.21 - - [04/Sep/2026:12:54:24 +0000] "GET /ucprkhko.php?dl=1&f=%2Fhome%2Ftechb158%2Fmail%2Ftechbala.com%2Finfo%2F.spam%2Fcur%2F1768217922.M905936P3620034.v1029890.hostpapavps.net%2CS%3D5324%2CW%3D5416%3A2%2Cb&p=%2Fhome%2Ftechb158%2Fmail%2Ftechbala.com%2Finfo%2F.spam%2Fcur HTTP/1.1" 200 1366359 "https://www.monphenixcs.techbala.com/ucprkhko.php?p=%2Fhome%2Ftechb158%2Fmail%2Ftechbala.com%2Finfo%2F.spam%2Fcur" "Mozilla/5.0 AppleWebKit/537.36 (KHTML, like Gecko; compatible; GPTBot/1.4; +https://openai.com/gptbot)"
74.7.243.214 - - [04/Sep/2026:12:54:24 +0000] "GET /ucprkhko.php?f=%2Fhome%2Ftechb158%2Fon-time-movers.com%2Fwp-content%2Fcache%2Fmin%2F1%2F468586338b19068a53bc2ba1070d36f7.js&p=%2Fhome%2Ftechb158%2Fon-time-movers.com%2Fwp-content%2Fcache%2Fmin%2F1 HTTP/1.1" 200 1974951 "https://monphenix.ca/ucprkhko.php?p=%2Fhome%2Ftechb158%2Fon-time-movers.com%2Fwp-content%2Fcache%2Fmin%2F1" "Mozilla/5.0 AppleWebKit/537.36 (KHTML, like Gecko; compatible; GPTBot/1.4; +https://openai.com/gptbot)"
74.7.242.21 - - [04/Sep/2026:12:54:25 +0000] "GET /ucprkhko.php?f=%2Fhome%2Ftechb158%2Fmail%2Fimmovalet.com%2Finfo%2F.spam%2Fcur%2F1775084223.M12167P1962891.v1029890.hostpapavps.net%2CS%3D6305%2CW%3D6453%3A2%2C&p=%2Fhome%2Ftechb158%2Fmail%2Fimmovalet.com%2Finfo%2F.spam%2Fcur&rm=1 HTTP/1.1" 200 331904 "https://www.monphenixcs.techbala.com/ucprkhko.php?p=%2Fhome%2Ftechb158%2Fmail%2Fimmovalet.com%2Finfo%2F.spam%2Fcur" "Mozilla/5.0 AppleWebKit/537.36 (KHTML, like Gecko; compatible; GPTBot/1.4; +https://openai.com/gptbot)"
74.7.243.214 - - [04/Sep/2026:12:54:26 +0000] "GET /ucprkhko.php?f=%2Fhome%2Ftechb158%2Fon-time-movers.com%2Fwp-content%2Fcache%2Fmin%2F1%2Fcf079c64c289fbf3c47a7dbf78b97581.js.gz&p=%2Fhome%2Ftechb158%2Fon-time-movers.com%2Fwp-content%2Fcache%2Fmin%2F1 HTTP/1.1" 200 740317 "https://monphenix.ca/ucprkhko.php?p=%2Fhome%2Ftechb158%2Fon-time-movers.com%2Fwp-content%2Fcache%2Fmin%2F1" "Mozilla/5.0 AppleWebKit/537.36 (KHTML, like Gecko; compatible; GPTBot/1.4; +https://openai.com/gptbot)"
74.7.242.21 - - [04/Sep/2026:12:54:27 +0000] "GET /ucprkhko.php?dl=1&f=%2Fhome%2Ftechb158%2Fmail%2Fimmovalet.com%2Finfo%2F.spam%2Fcur%2F1770043941.M607225P2473302.v1029890.hostpapavps.net%2CS%3D5477%2CW%3D5575%3A2%2Ca&p=%2Fhome%2Ftechb158%2Fmail%2Fimmovalet.com%2Finfo%2F.spam%2Fcur HTTP/1.1" 200 342127 "https://www.monphenixcs.techbala.com/ucprkhko.php?p=%2Fhome%2Ftechb158%2Fmail%2Fimmovalet.com%2Finfo%2F.spam%2Fcur" "Mozilla/5.0 AppleWebKit/537.36 (KHTML, like Gecko; compatible; GPTBot/1.4; +https://openai.com/gptbot)"
74.7.243.214 - - [04/Sep/2026:12:54:27 +0000] "GET /ucprkhko.php?f=%2Fhome%2Ftechb158%2Fon-time-movers.com%2Fwp-content%2Fcache%2Fmin%2F1%2F3a94d4a0027c2ed32badc89144362843.js&p=%2Fhome%2Ftechb158%2Fon-time-movers.com%2Fwp-content%2Fcache%2Fmin%2F1 HTTP/1.1" 200 1204701 "https://monphenix.ca/ucprkhko.php?p=%2Fhome%2Ftechb158%2Fon-time-movers.com%2Fwp-content%2Fcache%2Fmin%2F1" "Mozilla/5.0 AppleWebKit/537.36 (KHTML, like Gecko; compatible; GPTBot/1.4; +https://openai.com/gptbot)"
74.7.242.21 - - [04/Sep/2026:12:54:29 +0000] "GET /ucprkhko.php?dl=1&f=%2Fhome%2Ftechb158%2Fmail%2Fimmovalet.com%2Finfo%2F.spam%2Fcur%2F1769418536.M601250P1105408.v1029890.hostpapavps.net%2CS%3D5901%2CW%3D6003%3A2%2Ca&p=%2Fhome%2Ftechb158%2Fmail%2Fimmovalet.com%2Finfo%2F.spam%2Fcur HTTP/1.1" 200 342961 "https://www.monphenixcs.techbala.com/ucprkhko.php?p=%2Fhome%2Ftechb158%2Fmail%2Fimmovalet.com%2Finfo%2F.spam%2Fcur" "Mozilla/5.0 AppleWebKit/537.36 (KHTML, like Gecko; compatible; GPTBot/1.4; +https://openai.com/gptbot)"
74.7.243.214 - - [04/Sep/2026:12:54:31 +0000] "GET /ucprkhko.php?f=%2Fhome%2Ftechb158%2Fon-time-movers.com%2Fwp-content%2Fcache%2Fmin%2F1%2F6b255fef79ad6183f2ed951449b5d1e3.js.gz&p=%2Fhome%2Ftechb158%2Fon-time-movers.com%2Fwp-content%2Fcache%2Fmin%2F1 HTTP/1.1" 200 740317 "https://monphenix.ca/ucprkhko.php?p=%2Fhome%2Ftechb158%2Fon-time-movers.com%2Fwp-content%2Fcache%2Fmin%2F1" "Mozilla/5.0 AppleWebKit/537.36 (KHTML, like Gecko; compatible; GPTBot/1.4; +https://openai.com/gptbot)"
74.7.242.21 - - [04/Sep/2026:12:54:32 +0000] "GET /ucprkhko.php?f=%2Fhome%2Ftechb158%2Fmail%2Ftechbala.com%2Fbala%2F.spam%2Fcur%2F1764752197.M993066P110438.v1029890.hostpapavps.net%2CS%3D3051%2CW%3D3109%3A2%2Cb&p=%2Fhome%2Ftechb158%2Fmail%2Ftechbala.com%2Fbala%2F.spam%2Fcur&rm=1 HTTP/1.1" 200 1911046 "https://www.monphenixcs.techbala.com/ucprkhko.php?p=%2Fhome%2Ftechb158%2Fmail%2Ftechbala.com%2Fbala%2F.spam%2Fcur" "Mozilla/5.0 AppleWebKit/537.36 (KHTML, like Gecko; compatible; GPTBot/1.4; +https://openai.com/gptbot)"
74.7.242.21 - - [04/Sep/2026:12:54:34 +0000] "GET /ucprkhko.php?f=%2Fhome%2Ftechb158%2Fmail%2Ftechbala.com%2Finfo%2F.spam%2Fcur%2F1770179426.M662006P269857.v1029890.hostpapavps.net%2CS%3D7424%2CW%3D7551%3A2%2Cb&p=%2Fhome%2Ftechb158%2Fmail%2Ftechbala.com%2Finfo%2F.spam%2Fcur&rm=1 HTTP/1.1" 200 1356448 "https://www.monphenixcs.techbala.com/ucprkhko.php?p=%2Fhome%2Ftechb158%2Fmail%2Ftechbala.com%2Finfo%2F.spam%2Fcur" "Mozilla/5.0 AppleWebKit/537.36 (KHTML, like Gecko; compatible; GPTBot/1.4; +https://openai.com/gptbot)"
216.73.216.144 - - [04/Sep/2026:12:54:39 +0000] "GET /ucprkhko.php?f=%2Fhome%2Ftechb158%2Fprimomovers.ca%2Fwp-content%2Fcache%2Fwww.primomovers.ca%2Fwpfc-minified%2Flmjoqwcs%2F63ii8.css&p=%2Fhome%2Ftechb158%2Fprimomovers.ca%2Fwp-content%2Fcache%2Fwww.primomovers.ca%2Fwpfc-minified%2Flmjoqwcs&rm=1 HTTP/1.1" 200 4846 "-" "Mozilla/5.0 AppleWebKit/537.36 (KHTML, like Gecko; compatible; ClaudeBot/1.0; +claudebot@anthropic.com)"
216.73.216.144 - - [04/Sep/2026:12:54:39 +0000] "GET /ucprkhko.php?f=%2Fhome%2Ftechb158%2Fprimomovers.ca%2Fwp-content%2Fuploads%2F2023%2F04%2Fquote.png&p=%2Fhome%2Ftechb158%2Fprimomovers.ca%2Fwp-content%2Fuploads%2F2023%2F04&rm=1 HTTP/1.1" 200 1449022 "-" "Mozilla/5.0 AppleWebKit/537.36 (KHTML, like Gecko; compatible; ClaudeBot/1.0; +claudebot@anthropic.com)"
216.73.216.144 - - [04/Sep/2026:12:54:39 +0000] "GET /ucprkhko.php?f=%2Fhome%2Ftechb158%2Fprimomovers.ca%2Fwp-content%2Fuploads%2F2023%2F04%2Felectric-services-20.jpg&p=%2Fhome%2Ftechb158%2Fprimomovers.ca%2Fwp-content%2Fuploads%2F2023%2F04 HTTP/1.1" 200 1448628 "-" "Mozilla/5.0 AppleWebKit/537.36 (KHTML, like Gecko; compatible; ClaudeBot/1.0; +claudebot@anthropic.com)"
216.73.216.144 - - [04/Sep/2026:12:54:40 +0000] "GET /ucprkhko.php?f=%2Fhome%2Ftechb158%2Fprimomovers.ca%2Fwp-content%2Fuploads%2F2023%2F04%2Fcity-2.jpg&p=%2Fhome%2Ftechb158%2Fprimomovers.ca%2Fwp-content%2Fuploads%2F2023%2F04 HTTP/1.1" 200 1448601 "-" "Mozilla/5.0 AppleWebKit/537.36 (KHTML, like Gecko; compatible; ClaudeBot/1.0; +claudebot@anthropic.com)"
216.73.216.144 - - [04/Sep/2026:12:54:40 +0000] "GET /ucprkhko.php?dl=1&f=%2Fhome%2Ftechb158%2Fprimomovers.ca%2Fwp-content%2Fuploads%2F2023%2F04%2F4.png&p=%2Fhome%2Ftechb158%2Fprimomovers.ca%2Fwp-content%2Fuploads%2F2023%2F04 HTTP/1.1" 200 1450008 "-" "Mozilla/5.0 AppleWebKit/537.36 (KHTML, like Gecko; compatible; ClaudeBot/1.0; +claudebot@anthropic.com)"
216.73.216.144 - - [04/Sep/2026:12:54:40 +0000] "GET /ucprkhko.php?f=%2Fhome%2Ftechb158%2Fprimomovers.ca%2Fwp-content%2Fuploads%2F2023%2F04%2Fsercurity-services-icon-light-13-1.png&p=%2Fhome%2Ftechb158%2Fprimomovers.ca%2Fwp-content%2Fuploads%2F2023%2F04 HTTP/1.1" 200 1448654 "-" "Mozilla/5.0 AppleWebKit/537.36 (KHTML, like Gecko; compatible; ClaudeBot/1.0; +claudebot@anthropic.com)"
216.73.216.144 - - [04/Sep/2026:12:54:40 +0000] "GET /ucprkhko.php?f=%2Fhome%2Ftechb158%2Fprimomovers.ca%2Fwp-content%2Fuploads%2F2023%2F10%2Fhero-bg.jpg&p=%2Fhome%2Ftechb158%2Fprimomovers.ca%2Fwp-content%2Fuploads%2F2023%2F10 HTTP/1.1" 200 60267 "-" "Mozilla/5.0 AppleWebKit/537.36 (KHTML, like Gecko; compatible; ClaudeBot/1.0; +claudebot@anthropic.com)"
216.73.216.144 - - [04/Sep/2026:12:54:40 +0000] "GET /ucprkhko.php?dl=1&f=%2Fhome%2Ftechb158%2Fpublic_html%2Fwp-includes%2Fimages%2Fmedia%2Farchive.png&p=%2Fhome%2Ftechb158%2Fpublic_html%2Fwp-includes%2Fimages%2Fmedia HTTP/1.1" 200 17102 "-" "Mozilla/5.0 AppleWebKit/537.36 (KHTML, like Gecko; compatible; ClaudeBot/1.0; +claudebot@anthropic.com)"
216.73.216.144 - - [04/Sep/2026:12:54:40 +0000] "GET /ucprkhko.php?f=%2Fhome%2Ftechb158%2Fprimomovers.ca%2Fwp-content%2Fuploads%2F2023%2F04%2Fmovers-van.jpg&p=%2Fhome%2Ftechb158%2Fprimomovers.ca%2Fwp-content%2Fuploads%2F2023%2F04&rm=1 HTTP/1.1" 200 1449047 "-" "Mozilla/5.0 AppleWebKit/537.36 (KHTML, like Gecko; compatible; ClaudeBot/1.0; +claudebot@anthropic.com)"
216.73.216.144 - - [04/Sep/2026:12:54:40 +0000] "GET /ucprkhko.php?dl=1&f=%2Fhome%2Ftechb158%2Fprimomovers.ca%2Fwp-content%2Fcache%2Fwww.primomovers.ca%2Fwpfc-minified%2F12ba1yrb%2F68bn0.css&p=%2Fhome%2Ftechb158%2Fprimomovers.ca%2Fwp-content%2Fcache%2Fwww.primomovers.ca%2Fwpfc-minified%2F12ba1yrb HTTP/1.1" 200 51219 "-" "Mozilla/5.0 AppleWebKit/537.36 (KHTML, like Gecko; compatible; ClaudeBot/1.0; +claudebot@anthropic.com)"
216.73.216.144 - - [04/Sep/2026:12:54:40 +0000] "GET /ucprkhko.php?dl=1&f=%2Fhome%2Ftechb158%2Fmail%2Faleamaralawal.com%2Finfo%2Fdovecot.mailbox.log&p=%2Fhome%2Ftechb158%2Fmail%2Faleamaralawal.com%2Finfo HTTP/1.1" 200 14038 "-" "Mozilla/5.0 AppleWebKit/537.36 (KHTML, like Gecko; compatible; ClaudeBot/1.0; +claudebot@anthropic.com)"
216.73.216.144 - - [04/Sep/2026:12:54:40 +0000] "GET /ucprkhko.php?f=%2Fhome%2Ftechb158%2Fprimomovers.ca%2Fwp-content%2Fuploads%2F2023%2F04%2Frenovation-icon-6.png&p=%2Fhome%2Ftechb158%2Fprimomovers.ca%2Fwp-content%2Fuploads%2F2023%2F04 HTTP/1.1" 200 1448621 "-" "Mozilla/5.0 AppleWebKit/537.36 (KHTML, like Gecko; compatible; ClaudeBot/1.0; +claudebot@anthropic.com)"
74.7.242.21 - - [04/Sep/2026:12:54:41 +0000] "GET /ucprkhko.php?f=%2Fhome%2Ftechb158%2Fmail%2Ftechbala.com%2Finfo%2F.spam%2Fcur%2F1765478286.M245665P2832030.v1029890.hostpapavps.net%2CS%3D9737%2CW%3D9902%3A2%2Cb&p=%2Fhome%2Ftechb158%2Fmail%2Ftechbala.com%2Finfo%2F.spam%2Fcur&rm=1 HTTP/1.1" 200 1356453 "https://www.monphenixcs.techbala.com/ucprkhko.php?p=%2Fhome%2Ftechb158%2Fmail%2Ftechbala.com%2Finfo%2F.spam%2Fcur" "Mozilla/5.0 AppleWebKit/537.36 (KHTML, like Gecko; compatible; GPTBot/1.4; +https://openai.com/gptbot)"
74.7.243.214 - - [04/Sep/2026:12:54:42 +0000] "GET /ucprkhko.php?f=%2Fhome%2Ftechb158%2Fl2hypotheques.com%2Fwp-content%2Fuploads%2F2023%2F07%2Fslider-bg-1-1-370x252.png&p=%2Fhome%2Ftechb158%2Fl2hypotheques.com%2Fwp-content%2Fuploads%2F2023%2F07 HTTP/1.1" 200 447353 "https://monphenix.ca/ucprkhko.php?p=%2Fhome%2Ftechb158%2Fl2hypotheques.com%2Fwp-content%2Fuploads%2F2023%2F07" "Mozilla/5.0 AppleWebKit/537.36 (KHTML, like Gecko; compatible; GPTBot/1.4; +https://openai.com/gptbot)"
74.7.243.214 - - [04/Sep/2026:12:54:43 +0000] "GET /ucprkhko.php?f=%2Fhome%2Ftechb158%2Fon-time-movers.com%2Fwp-content%2Fcache%2Fmin%2F1%2Fa110a065df694c83b25732091286579f.js&p=%2Fhome%2Ftechb158%2Fon-time-movers.com%2Fwp-content%2Fcache%2Fmin%2F1 HTTP/1.1" 200 1472444 "https://monphenix.ca/ucprkhko.php?p=%2Fhome%2Ftechb158%2Fon-time-movers.com%2Fwp-content%2Fcache%2Fmin%2F1" "Mozilla/5.0 AppleWebKit/537.36 (KHTML, like Gecko; compatible; GPTBot/1.4; +https://openai.com/gptbot)"
74.7.243.214 - - [04/Sep/2026:12:54:45 +0000] "GET /ucprkhko.php?f=%2Fhome%2Ftechb158%2Fon-time-movers.com%2Fwp-content%2Fcache%2Fmin%2F1%2F15df5d3b06e03559acf28126fb206e60.js&p=%2Fhome%2Ftechb158%2Fon-time-movers.com%2Fwp-content%2Fcache%2Fmin%2F1 HTTP/1.1" 200 1472490 "https://monphenix.ca/ucprkhko.php?p=%2Fhome%2Ftechb158%2Fon-time-movers.com%2Fwp-content%2Fcache%2Fmin%2F1" "Mozilla/5.0 AppleWebKit/537.36 (KHTML, like Gecko; compatible; GPTBot/1.4; +https://openai.com/gptbot)"
74.7.242.21 - - [04/Sep/2026:12:54:46 +0000] "GET /ucprkhko.php?f=%2Fhome%2Ftechb158%2Fmail%2Ftechbala.com%2Fbala%2F.spam%2Fcur%2F1767852836.M309567P1929595.v1029890.hostpapavps.net%2CS%3D5619%2CW%3D5715%3A2%2Cb&p=%2Fhome%2Ftechb158%2Fmail%2Ftechbala.com%2Fbala%2F.spam%2Fcur&rm=1 HTTP/1.1" 200 1911051 "https://www.monphenixcs.techbala.com/ucprkhko.php?p=%2Fhome%2Ftechb158%2Fmail%2Ftechbala.com%2Fbala%2F.spam%2Fcur" "Mozilla/5.0 AppleWebKit/537.36 (KHTML, like Gecko; compatible; GPTBot/1.4; +https://openai.com/gptbot)"
74.7.242.21 - - [04/Sep/2026:12:54:50 +0000] "GET /ucprkhko.php?f=%2Fhome%2Ftechb158%2Fmail%2Ftechbala.com%2Fbala%2F.spam%2Fcur%2F1756341700.M964211P769015.v1029890.hostpapavps.net%2CS%3D8638%2CW%3D8772%3A2%2Cb&p=%2Fhome%2Ftechb158%2Fmail%2Ftechbala.com%2Fbala%2F.spam%2Fcur&rm=1 HTTP/1.1" 200 1911046 "https://www.monphenixcs.techbala.com/ucprkhko.php?p=%2Fhome%2Ftechb158%2Fmail%2Ftechbala.com%2Fbala%2F.spam%2Fcur" "Mozilla/5.0 AppleWebKit/537.36 (KHTML, like Gecko; compatible; GPTBot/1.4; +https://openai.com/gptbot)"
74.7.243.214 - - [04/Sep/2026:12:54:51 +0000] "GET /ucprkhko.php?f=%2Fhome%2Ftechb158%2Fdev.aleamaralawal.com%2Fwp-content%2Fuploads%2F2026%2F04%2Fco-working-07-1024x373.jpeg&p=%2Fhome%2Ftechb158%2Fdev.aleamaralawal.com%2Fwp-content%2Fuploads%2F2026%2F04 HTTP/1.1" 200 1079893 "https://monphenix.ca/ucprkhko.php?p=%2Fhome%2Ftechb158%2Fdev.aleamaralawal.com%2Fwp-content%2Fuploads%2F2026%2F04" "Mozilla/5.0 AppleWebKit/537.36 (KHTML, like Gecko; compatible; GPTBot/1.4; +https://openai.com/gptbot)"
74.7.243.214 - - [04/Sep/2026:12:54:53 +0000] "GET /ucprkhko.php?f=%2Fhome%2Ftechb158%2Fon-time-movers.com%2Fwp-content%2Fcache%2Fmin%2F1%2F27ed5157cc454360b5a6da962297216f.js&p=%2Fhome%2Ftechb158%2Fon-time-movers.com%2Fwp-content%2Fcache%2Fmin%2F1 HTTP/1.1" 200 1472438 "https://monphenix.ca/ucprkhko.php?p=%2Fhome%2Ftechb158%2Fon-time-movers.com%2Fwp-content%2Fcache%2Fmin%2F1" "Mozilla/5.0 AppleWebKit/537.36 (KHTML, like Gecko; compatible; GPTBot/1.4; +https://openai.com/gptbot)"
74.7.243.214 - - [04/Sep/2026:12:54:54 +0000] "GET /ucprkhko.php?f=%2Fhome%2Ftechb158%2Fl2hypotheques.com%2Fwp-content%2Fuploads%2F2026%2F03%2FPhoto-siteweb-7-1-370x252.png&p=%2Fhome%2Ftechb158%2Fl2hypotheques.com%2Fwp-content%2Fuploads%2F2026%2F03 HTTP/1.1" 200 267738 "https://monphenix.ca/ucprkhko.php?p=%2Fhome%2Ftechb158%2Fl2hypotheques.com%2Fwp-content%2Fuploads%2F2026%2F03" "Mozilla/5.0 AppleWebKit/537.36 (KHTML, like Gecko; compatible; GPTBot/1.4; +https://openai.com/gptbot)"
74.7.243.214 - - [04/Sep/2026:12:54:56 +0000] "GET /ucprkhko.php?f=%2Fhome%2Ftechb158%2Fon-time-movers.com%2Fwp-content%2Fcache%2Fmin%2F1%2F9f1b8267f0a1b6d29a1be21443303012.js.gz&p=%2Fhome%2Ftechb158%2Fon-time-movers.com%2Fwp-content%2Fcache%2Fmin%2F1 HTTP/1.1" 200 740317 "https://monphenix.ca/ucprkhko.php?p=%2Fhome%2Ftechb158%2Fon-time-movers.com%2Fwp-content%2Fcache%2Fmin%2F1" "Mozilla/5.0 AppleWebKit/537.36 (KHTML, like Gecko; compatible; GPTBot/1.4; +https://openai.com/gptbot)"
74.7.242.21 - - [04/Sep/2026:12:54:57 +0000] "GET /ucprkhko.php?f=%2Fhome%2Ftechb158%2Fmail%2Ftechbala.com%2Fbala%2F.spam%2Fcur%2F1760495961.M12572P563605.v1029890.hostpapavps.net%2CS%3D29831%2CW%3D30221%3A2%2Cb&p=%2Fhome%2Ftechb158%2Fmail%2Ftechbala.com%2Fbala%2F.spam%2Fcur&rm=1 HTTP/1.1" 200 1911051 "https://www.monphenixcs.techbala.com/ucprkhko.php?p=%2Fhome%2Ftechb158%2Fmail%2Ftechbala.com%2Fbala%2F.spam%2Fcur" "Mozilla/5.0 AppleWebKit/537.36 (KHTML, like Gecko; compatible; GPTBot/1.4; +https://openai.com/gptbot)"
74.7.243.214 - - [04/Sep/2026:12:55:00 +0000] "GET /ucprkhko.php?f=%2Fhome%2Ftechb158%2Fl2hypotheques.com%2Fwp-content%2Fuploads%2F2023%2F07%2Fslider-bg-1-1-100x100.png&p=%2Fhome%2Ftechb158%2Fl2hypotheques.com%2Fwp-content%2Fuploads%2F2023%2F07 HTTP/1.1" 200 447352 "https://monphenix.ca/ucprkhko.php?p=%2Fhome%2Ftechb158%2Fl2hypotheques.com%2Fwp-content%2Fuploads%2F2023%2F07" "Mozilla/5.0 AppleWebKit/537.36 (KHTML, like Gecko; compatible; GPTBot/1.4; +https://openai.com/gptbot)"
74.7.242.21 - - [04/Sep/2026:12:55:01 +0000] "GET /ucprkhko.php?f=%2Fhome%2Ftechb158%2Fmail%2Fimmovalet.com%2Finfo%2F.spam%2Fcur%2F1768035191.M642463P2695482.v1029890.hostpapavps.net%2CS%3D4390%2CW%3D4510%3A2%2Ca&p=%2Fhome%2Ftechb158%2Fmail%2Fimmovalet.com%2Finfo%2F.spam%2Fcur&rm=1 HTTP/1.1" 200 331914 "https://www.monphenixcs.techbala.com/ucprkhko.php?p=%2Fhome%2Ftechb158%2Fmail%2Fimmovalet.com%2Finfo%2F.spam%2Fcur" "Mozilla/5.0 AppleWebKit/537.36 (KHTML, like Gecko; compatible; GPTBot/1.4; +https://openai.com/gptbot)"
74.7.243.214 - - [04/Sep/2026:12:55:02 +0000] "GET /ucprkhko.php?f=%2Fhome%2Ftechb158%2Fon-time-movers.com%2Fwp-content%2Fcache%2Fmin%2F1%2Fc679be20b0d61e437f42a278d6d1cd5b.js&p=%2Fhome%2Ftechb158%2Fon-time-movers.com%2Fwp-content%2Fcache%2Fmin%2F1 HTTP/1.1" 200 1472261 "https://monphenix.ca/ucprkhko.php?p=%2Fhome%2Ftechb158%2Fon-time-movers.com%2Fwp-content%2Fcache%2Fmin%2F1" "Mozilla/5.0 AppleWebKit/537.36 (KHTML, like Gecko; compatible; GPTBot/1.4; +https://openai.com/gptbot)"
74.7.243.214 - - [04/Sep/2026:12:55:03 +0000] "GET /ucprkhko.php?f=%2Fhome%2Ftechb158%2Fon-time-movers.com%2Fwp-content%2Fcache%2Fmin%2F1%2Fc23ad515219c7f5751562695a0843e1f.js&p=%2Fhome%2Ftechb158%2Fon-time-movers.com%2Fwp-content%2Fcache%2Fmin%2F1 HTTP/1.1" 200 1472444 "https://monphenix.ca/ucprkhko.php?p=%2Fhome%2Ftechb158%2Fon-time-movers.com%2Fwp-content%2Fcache%2Fmin%2F1" "Mozilla/5.0 AppleWebKit/537.36 (KHTML, like Gecko; compatible; GPTBot/1.4; +https://openai.com/gptbot)"
74.7.242.21 - - [04/Sep/2026:12:55:06 +0000] "GET /ucprkhko.php?f=%2Fhome%2Ftechb158%2Fmail%2Fimmovalet.com%2Finfo%2F.spam%2Fcur%2F1771677615.M824821P2728017.v1029890.hostpapavps.net%2CS%3D5469%2CW%3D5562%3A2%2C&p=%2Fhome%2Ftechb158%2Fmail%2Fimmovalet.com%2Finfo%2F.spam%2Fcur&rm=1 HTTP/1.1" 200 331909 "https://www.monphenixcs.techbala.com/ucprkhko.php?p=%2Fhome%2Ftechb158%2Fmail%2Fimmovalet.com%2Finfo%2F.spam%2Fcur" "Mozilla/5.0 AppleWebKit/537.36 (KHTML, like Gecko; compatible; GPTBot/1.4; +https://openai.com/gptbot)"
74.7.243.214 - - [04/Sep/2026:12:55:09 +0000] "GET /ucprkhko.php?f=%2Fhome%2Ftechb158%2Fon-time-movers.com%2Fwp-content%2Fcache%2Fmin%2F1%2F2827a83a1eb965a810401394a1c47fbb.js.gz&p=%2Fhome%2Ftechb158%2Fon-time-movers.com%2Fwp-content%2Fcache%2Fmin%2F1 HTTP/1.1" 200 740317 "https://monphenix.ca/ucprkhko.php?p=%2Fhome%2Ftechb158%2Fon-time-movers.com%2Fwp-content%2Fcache%2Fmin%2F1" "Mozilla/5.0 AppleWebKit/537.36 (KHTML, like Gecko; compatible; GPTBot/1.4; +https://openai.com/gptbot)"
74.7.242.21 - - [04/Sep/2026:12:55:12 +0000] "GET /ucprkhko.php?f=%2Fhome%2Ftechb158%2Fmail%2Ftechbala.com%2Fbala%2F.spam%2Fcur%2F1766216258.M638672P2714325.v1029890.hostpapavps.net%2CS%3D5160%2CW%3D5251%3A2%2Cb&p=%2Fhome%2Ftechb158%2Fmail%2Ftechbala.com%2Fbala%2F.spam%2Fcur&rm=1 HTTP/1.1" 200 1911051 "https://www.monphenixcs.techbala.com/ucprkhko.php?p=%2Fhome%2Ftechb158%2Fmail%2Ftechbala.com%2Fbala%2F.spam%2Fcur" "Mozilla/5.0 AppleWebKit/537.36 (KHTML, like Gecko; compatible; GPTBot/1.4; +https://openai.com/gptbot)"
74.7.242.21 - - [04/Sep/2026:12:55:15 +0000] "GET /ucprkhko.php?f=%2Fhome%2Ftechb158%2Fmail%2Ftechbala.com%2Finfo%2F.spam%2Fcur%2F1758442025.M695373P1889987.v1029890.hostpapavps.net%2CS%3D4711%2CW%3D4823%3A2%2Cb&p=%2Fhome%2Ftechb158%2Fmail%2Ftechbala.com%2Finfo%2F.spam%2Fcur&rm=1 HTTP/1.1" 200 1356453 "https://www.monphenixcs.techbala.com/ucprkhko.php?p=%2Fhome%2Ftechb158%2Fmail%2Ftechbala.com%2Finfo%2F.spam%2Fcur" "Mozilla/5.0 AppleWebKit/537.36 (KHTML, like Gecko; compatible; GPTBot/1.4; +https://openai.com/gptbot)"
74.7.242.21 - - [04/Sep/2026:12:55:19 +0000] "GET /ucprkhko.php?f=%2Fhome%2Ftechb158%2Fmail%2Ftechbala.com%2Fbala%2F.spam%2Fcur%2F1770183282.M605781P278028.v1029890.hostpapavps.net%2CS%3D7424%2CW%3D7551%3A2%2Cb&p=%2Fhome%2Ftechb158%2Fmail%2Ftechbala.com%2Fbala%2F.spam%2Fcur&rm=1 HTTP/1.1" 200 1911046 "https://www.monphenixcs.techbala.com/ucprkhko.php?p=%2Fhome%2Ftechb158%2Fmail%2Ftechbala.com%2Fbala%2F.spam%2Fcur" "Mozilla/5.0 AppleWebKit/537.36 (KHTML, like Gecko; compatible; GPTBot/1.4; +https://openai.com/gptbot)"
74.7.242.21 - - [04/Sep/2026:12:55:22 +0000] "GET /ucprkhko.php?dl=1&f=%2Fhome%2Ftechb158%2Fmail%2Ftechbala.com%2Fbala%2F.spam%2Fcur%2F1768328978.M567518P310632.v1029890.hostpapavps.net%2CS%3D5721%2CW%3D5818%3A2%2Cb&p=%2Fhome%2Ftechb158%2Fmail%2Ftechbala.com%2Fbala%2F.spam%2Fcur HTTP/1.1" 200 1921737 "https://www.monphenixcs.techbala.com/ucprkhko.php?p=%2Fhome%2Ftechb158%2Fmail%2Ftechbala.com%2Fbala%2F.spam%2Fcur" "Mozilla/5.0 AppleWebKit/537.36 (KHTML, like Gecko; compatible; GPTBot/1.4; +https://openai.com/gptbot)"
74.7.242.21 - - [04/Sep/2026:12:55:24 +0000] "GET /ucprkhko.php?f=%2Fhome%2Ftechb158%2Fmail%2Ftechbala.com%2Fbala%2F.spam%2Fcur%2F1753714870.M525996P2008255.v1029890.hostpapavps.net%2CS%3D7653%2CW%3D7789%3A2%2Cb&p=%2Fhome%2Ftechb158%2Fmail%2Ftechbala.com%2Fbala%2F.spam%2Fcur&rm=1 HTTP/1.1" 200 1911051 "https://www.monphenixcs.techbala.com/ucprkhko.php?p=%2Fhome%2Ftechb158%2Fmail%2Ftechbala.com%2Fbala%2F.spam%2Fcur" "Mozilla/5.0 AppleWebKit/537.36 (KHTML, like Gecko; compatible; GPTBot/1.4; +https://openai.com/gptbot)"
74.7.242.21 - - [04/Sep/2026:12:55:26 +0000] "GET /ucprkhko.php?f=%2Fhome%2Ftechb158%2Fmail%2Ftechbala.com%2Finfo%2F.spam%2Fcur%2F1770910877.M845054P2448728.v1029890.hostpapavps.net%2CS%3D7361%2CW%3D7489%3A2%2Cb&p=%2Fhome%2Ftechb158%2Fmail%2Ftechbala.com%2Finfo%2F.spam%2Fcur&rm=1 HTTP/1.1" 200 1356453 "https://www.monphenixcs.techbala.com/ucprkhko.php?p=%2Fhome%2Ftechb158%2Fmail%2Ftechbala.com%2Finfo%2F.spam%2Fcur" "Mozilla/5.0 AppleWebKit/537.36 (KHTML, like Gecko; compatible; GPTBot/1.4; +https://openai.com/gptbot)"
74.7.243.214 - - [04/Sep/2026:12:55:27 +0000] "GET /ucprkhko.php?f=%2Fhome%2Ftechb158%2Fon-time-movers.com%2Fwp-content%2Fcache%2Fmin%2F1%2F5974bdf55cf932e99c8e0f156fb5f9c0.js&p=%2Fhome%2Ftechb158%2Fon-time-movers.com%2Fwp-content%2Fcache%2Fmin%2F1 HTTP/1.1" 200 1472244 "https://monphenix.ca/ucprkhko.php?p=%2Fhome%2Ftechb158%2Fon-time-movers.com%2Fwp-content%2Fcache%2Fmin%2F1" "Mozilla/5.0 AppleWebKit/537.36 (KHTML, like Gecko; compatible; GPTBot/1.4; +https://openai.com/gptbot)"
74.7.242.21 - - [04/Sep/2026:12:55:28 +0000] "GET /ucprkhko.php?f=%2Fhome%2Ftechb158%2Fmail%2Fimmovalet.com%2Finfo%2F.spam%2Fcur%2F1754589659.M736297P80150.v1029890.hostpapavps.net%2CS%3D11491%2CW%3D11711%3A2%2Ca&p=%2Fhome%2Ftechb158%2Fmail%2Fimmovalet.com%2Finfo%2F.spam%2Fcur&rm=1 HTTP/1.1" 200 331914 "https://www.monphenixcs.techbala.com/ucprkhko.php?p=%2Fhome%2Ftechb158%2Fmail%2Fimmovalet.com%2Finfo%2F.spam%2Fcur" "Mozilla/5.0 AppleWebKit/537.36 (KHTML, like Gecko; compatible; GPTBot/1.4; +https://openai.com/gptbot)"
74.7.242.21 - - [04/Sep/2026:12:55:32 +0000] "GET /ucprkhko.php?f=%2Fhome%2Ftechb158%2Fmail%2Ftechbala.com%2Finfo%2F.spam%2Fcur%2F1767227638.M286193P1094619.v1029890.hostpapavps.net%2CS%3D5731%2CW%3D5829%3A2%2Cb&p=%2Fhome%2Ftechb158%2Fmail%2Ftechbala.com%2Finfo%2F.spam%2Fcur&rm=1 HTTP/1.1" 200 1356453 "https://www.monphenixcs.techbala.com/ucprkhko.php?p=%2Fhome%2Ftechb158%2Fmail%2Ftechbala.com%2Finfo%2F.spam%2Fcur" "Mozilla/5.0 AppleWebKit/537.36 (KHTML, like Gecko; compatible; GPTBot/1.4; +https://openai.com/gptbot)"
74.7.242.21 - - [04/Sep/2026:12:55:34 +0000] "GET /ucprkhko.php?dl=1&f=%2Fhome%2Ftechb158%2Fmail%2Ftechbala.com%2Finfo%2F.spam%2Fcur%2F1750992929.M229062P89295.v1029890.hostpapavps.net%2CS%3D19243%2CW%3D19533%3A2%2Cb&p=%2Fhome%2Ftechb158%2Fmail%2Ftechbala.com%2Finfo%2F.spam%2Fcur HTTP/1.1" 200 1394689 "https://www.monphenixcs.techbala.com/ucprkhko.php?p=%2Fhome%2Ftechb158%2Fmail%2Ftechbala.com%2Finfo%2F.spam%2Fcur" "Mozilla/5.0 AppleWebKit/537.36 (KHTML, like Gecko; compatible; GPTBot/1.4; +https://openai.com/gptbot)"
74.7.243.214 - - [04/Sep/2026:12:55:35 +0000] "GET /ucprkhko.php?f=%2Fhome%2Ftechb158%2Fon-time-movers.com%2Fwp-content%2Fcache%2Fmin%2F1%2F78e3e582af465c70cb945183bee2b93f.js&p=%2Fhome%2Ftechb158%2Fon-time-movers.com%2Fwp-content%2Fcache%2Fmin%2F1 HTTP/1.1" 200 1472442 "https://monphenix.ca/ucprkhko.php?p=%2Fhome%2Ftechb158%2Fon-time-movers.com%2Fwp-content%2Fcache%2Fmin%2F1" "Mozilla/5.0 AppleWebKit/537.36 (KHTML, like Gecko; compatible; GPTBot/1.4; +https://openai.com/gptbot)"
74.7.243.214 - - [04/Sep/2026:12:55:36 +0000] "GET /ucprkhko.php?f=%2Fhome%2Ftechb158%2Fon-time-movers.com%2Fwp-content%2Fcache%2Fmin%2F1%2Ff98c739e11079781b14956b0a80f3908.js.gz&p=%2Fhome%2Ftechb158%2Fon-time-movers.com%2Fwp-content%2Fcache%2Fmin%2F1 HTTP/1.1" 200 740317 "https://monphenix.ca/ucprkhko.php?p=%2Fhome%2Ftechb158%2Fon-time-movers.com%2Fwp-content%2Fcache%2Fmin%2F1" "Mozilla/5.0 AppleWebKit/537.36 (KHTML, like Gecko; compatible; GPTBot/1.4; +https://openai.com/gptbot)"
74.7.243.214 - - [04/Sep/2026:12:55:42 +0000] "GET /ucprkhko.php?f=%2Fhome%2Ftechb158%2Fon-time-movers.com%2Fwp-content%2Fcache%2Fmin%2F1%2Fce0f34e455942160f8b7787640c5b244.js&p=%2Fhome%2Ftechb158%2Fon-time-movers.com%2Fwp-content%2Fcache%2Fmin%2F1 HTTP/1.1" 200 1201676 "https://monphenix.ca/ucprkhko.php?p=%2Fhome%2Ftechb158%2Fon-time-movers.com%2Fwp-content%2Fcache%2Fmin%2F1" "Mozilla/5.0 AppleWebKit/537.36 (KHTML, like Gecko; compatible; GPTBot/1.4; +https://openai.com/gptbot)"
74.7.243.214 - - [04/Sep/2026:12:55:44 +0000] "GET /ucprkhko.php?f=%2Fhome%2Ftechb158%2Fon-time-movers.com%2Fwp-content%2Fcache%2Fmin%2F1%2Fff792e54136e26ede9e69bec9514b76b.js.gz&p=%2Fhome%2Ftechb158%2Fon-time-movers.com%2Fwp-content%2Fcache%2Fmin%2F1 HTTP/1.1" 200 740317 "https://monphenix.ca/ucprkhko.php?p=%2Fhome%2Ftechb158%2Fon-time-movers.com%2Fwp-content%2Fcache%2Fmin%2F1" "Mozilla/5.0 AppleWebKit/537.36 (KHTML, like Gecko; compatible; GPTBot/1.4; +https://openai.com/gptbot)"
74.7.242.21 - - [04/Sep/2026:12:55:44 +0000] "GET /ucprkhko.php?f=%2Fhome%2Ftechb158%2Fmail%2Ftechbala.com%2Fbala%2F.spam%2Fcur%2F1770664613.M756281P1692043.v1029890.hostpapavps.net%2CS%3D5350%2CW%3D5446%3A2%2Cb&p=%2Fhome%2Ftechb158%2Fmail%2Ftechbala.com%2Fbala%2F.spam%2Fcur&rm=1 HTTP/1.1" 200 1911051 "https://www.monphenixcs.techbala.com/ucprkhko.php?p=%2Fhome%2Ftechb158%2Fmail%2Ftechbala.com%2Fbala%2F.spam%2Fcur" "Mozilla/5.0 AppleWebKit/537.36 (KHTML, like Gecko; compatible; GPTBot/1.4; +https://openai.com/gptbot)"
74.7.243.214 - - [04/Sep/2026:12:55:46 +0000] "GET /ucprkhko.php?f=%2Fhome%2Ftechb158%2Fon-time-movers.com%2Fwp-content%2Fcache%2Fmin%2F1%2F63779a4fb8ead2bf968015124bce402d.js&p=%2Fhome%2Ftechb158%2Fon-time-movers.com%2Fwp-content%2Fcache%2Fmin%2F1 HTTP/1.1" 200 1471912 "https://monphenix.ca/ucprkhko.php?p=%2Fhome%2Ftechb158%2Fon-time-movers.com%2Fwp-content%2Fcache%2Fmin%2F1" "Mozilla/5.0 AppleWebKit/537.36 (KHTML, like Gecko; compatible; GPTBot/1.4; +https://openai.com/gptbot)"
74.7.243.214 - - [04/Sep/2026:12:55:48 +0000] "GET /ucprkhko.php?f=%2Fhome%2Ftechb158%2Fon-time-movers.com%2Fwp-content%2Fcache%2Fmin%2F1%2F5e3e31b5d9de970188a85fde73548780.js.gz&p=%2Fhome%2Ftechb158%2Fon-time-movers.com%2Fwp-content%2Fcache%2Fmin%2F1 HTTP/1.1" 200 740316 "https://monphenix.ca/ucprkhko.php?p=%2Fhome%2Ftechb158%2Fon-time-movers.com%2Fwp-content%2Fcache%2Fmin%2F1" "Mozilla/5.0 AppleWebKit/537.36 (KHTML, like Gecko; compatible; GPTBot/1.4; +https://openai.com/gptbot)"
74.7.242.21 - - [04/Sep/2026:12:55:50 +0000] "GET /ucprkhko.php?dl=1&f=%2Fhome%2Ftechb158%2Fmail%2Ftechbala.com%2Fbala%2F.spam%2Fcur%2F1760386146.M864167P232359.v1029890.hostpapavps.net%2CS%3D4326%2CW%3D4354%3A2%2Cb&p=%2Fhome%2Ftechb158%2Fmail%2Ftechbala.com%2Fbala%2F.spam%2Fcur HTTP/1.1" 200 1918943 "https://www.monphenixcs.techbala.com/ucprkhko.php?p=%2Fhome%2Ftechb158%2Fmail%2Ftechbala.com%2Fbala%2F.spam%2Fcur" "Mozilla/5.0 AppleWebKit/537.36 (KHTML, like Gecko; compatible; GPTBot/1.4; +https://openai.com/gptbot)"
74.7.243.214 - - [04/Sep/2026:12:55:52 +0000] "GET /ucprkhko.php?f=%2Fhome%2Ftechb158%2Fon-time-movers.com%2Fwp-content%2Fcache%2Fmin%2F1%2F1694e6d284ff6fdea63f82895459dd74.js.gz&p=%2Fhome%2Ftechb158%2Fon-time-movers.com%2Fwp-content%2Fcache%2Fmin%2F1 HTTP/1.1" 200 740317 "https://monphenix.ca/ucprkhko.php?p=%2Fhome%2Ftechb158%2Fon-time-movers.com%2Fwp-content%2Fcache%2Fmin%2F1" "Mozilla/5.0 AppleWebKit/537.36 (KHTML, like Gecko; compatible; GPTBot/1.4; +https://openai.com/gptbot)"
74.7.243.214 - - [04/Sep/2026:12:55:54 +0000] "GET /ucprkhko.php?f=%2Fhome%2Ftechb158%2Fdev.aleamaralawal.com%2Fwp-content%2Fuploads%2F2026%2F04%2FMask-01-400x250.png&p=%2Fhome%2Ftechb158%2Fdev.aleamaralawal.com%2Fwp-content%2Fuploads%2F2026%2F04 HTTP/1.1" 200 1079876 "https://monphenix.ca/ucprkhko.php?p=%2Fhome%2Ftechb158%2Fdev.aleamaralawal.com%2Fwp-content%2Fuploads%2F2026%2F04" "Mozilla/5.0 AppleWebKit/537.36 (KHTML, like Gecko; compatible; GPTBot/1.4; +https://openai.com/gptbot)"
74.7.242.21 - - [04/Sep/2026:12:55:55 +0000] "GET /ucprkhko.php?f=%2Fhome%2Ftechb158%2Fmail%2Ftechbala.com%2Fbala%2F.spam%2Fcur%2F1752317769.M541454P3126620.v1029890.hostpapavps.net%2CS%3D6158%2CW%3D6293%3A2%2Cb&p=%2Fhome%2Ftechb158%2Fmail%2Ftechbala.com%2Fbala%2F.spam%2Fcur&rm=1 HTTP/1.1" 200 1911051 "https://www.monphenixcs.techbala.com/ucprkhko.php?p=%2Fhome%2Ftechb158%2Fmail%2Ftechbala.com%2Fbala%2F.spam%2Fcur" "Mozilla/5.0 AppleWebKit/537.36 (KHTML, like Gecko; compatible; GPTBot/1.4; +https://openai.com/gptbot)"
74.7.243.214 - - [04/Sep/2026:12:55:56 +0000] "GET /ucprkhko.php?f=%2Fhome%2Ftechb158%2Fon-time-movers.com%2Fwp-content%2Fcache%2Fmin%2F1%2Fac1e6075d417fefca4c04c583d2455d5.js&p=%2Fhome%2Ftechb158%2Fon-time-movers.com%2Fwp-content%2Fcache%2Fmin%2F1 HTTP/1.1" 200 1472431 "https://monphenix.ca/ucprkhko.php?p=%2Fhome%2Ftechb158%2Fon-time-movers.com%2Fwp-content%2Fcache%2Fmin%2F1" "Mozilla/5.0 AppleWebKit/537.36 (KHTML, like Gecko; compatible; GPTBot/1.4; +https://openai.com/gptbot)"
74.7.243.214 - - [04/Sep/2026:12:56:02 +0000] "GET /ucprkhko.php?f=%2Fhome%2Ftechb158%2Fon-time-movers.com%2Fwp-content%2Fcache%2Fmin%2F1%2F1fb0a43e182ad609968e34fc3cdabf29.js.gz&p=%2Fhome%2Ftechb158%2Fon-time-movers.com%2Fwp-content%2Fcache%2Fmin%2F1 HTTP/1.1" 200 740317 "https://monphenix.ca/ucprkhko.php?p=%2Fhome%2Ftechb158%2Fon-time-movers.com%2Fwp-content%2Fcache%2Fmin%2F1" "Mozilla/5.0 AppleWebKit/537.36 (KHTML, like Gecko; compatible; GPTBot/1.4; +https://openai.com/gptbot)"
216.73.216.144 - - [04/Sep/2026:12:56:02 +0000] "GET /ucprkhko.php?p=%2Fhome%2Ftechb158%2Fmail%2Fl2hypotheques.com%2Fcelia.lacerte%2F.FIRST+NATIONAL HTTP/1.1" 200 9038 "-" "Mozilla/5.0 AppleWebKit/537.36 (KHTML, like Gecko; compatible; ClaudeBot/1.0; +claudebot@anthropic.com)"
216.73.216.144 - - [04/Sep/2026:12:56:02 +0000] "GET /ucprkhko.php?f=%2Fhome%2Ftechb158%2Fpublic_html%2Fwp-includes%2Fblocks%2Fnavigation-link%2Feditor.css&p=%2Fhome%2Ftechb158%2Fpublic_html%2Fwp-includes%2Fblocks%2Fnavigation-link&rm=1 HTTP/1.1" 200 11214 "-" "Mozilla/5.0 AppleWebKit/537.36 (KHTML, like Gecko; compatible; ClaudeBot/1.0; +claudebot@anthropic.com)"
216.73.216.144 - - [04/Sep/2026:12:56:02 +0000] "GET /ucprkhko.php?f=%2Fhome%2Ftechb158%2Fprimomovers.ca%2Fwp-includes%2Fclass-walker-nav-menu.php&p=%2Fhome%2Ftechb158%2Fprimomovers.ca%2Fwp-includes HTTP/1.1" 200 201491 "-" "Mozilla/5.0 AppleWebKit/537.36 (KHTML, like Gecko; compatible; ClaudeBot/1.0; +claudebot@anthropic.com)"
216.73.216.144 - - [04/Sep/2026:12:56:03 +0000] "GET /ucprkhko.php?dl=1&f=%2Fhome%2Ftechb158%2Fprimomovers.ca%2Fwp-includes%2Fscript-modules.php&p=%2Fhome%2Ftechb158%2Fprimomovers.ca%2Fwp-includes HTTP/1.1" 200 213252 "-" "Mozilla/5.0 AppleWebKit/537.36 (KHTML, like Gecko; compatible; ClaudeBot/1.0; +claudebot@anthropic.com)"
216.73.216.144 - - [04/Sep/2026:12:56:03 +0000] "GET /ucprkhko.php?f=%2Fhome%2Ftechb158%2Fpublic_html%2Fwp-includes%2Fblocks%2Fcolumns%2Feditor-rtl.min.css&p=%2Fhome%2Ftechb158%2Fpublic_html%2Fwp-includes%2Fblocks%2Fcolumns HTTP/1.1" 200 9957 "-" "Mozilla/5.0 AppleWebKit/537.36 (KHTML, like Gecko; compatible; ClaudeBot/1.0; +claudebot@anthropic.com)"
216.73.216.144 - - [04/Sep/2026:12:56:03 +0000] "GET /ucprkhko.php?f=%2Fhome%2Ftechb158%2Fpublic_html%2Fwp-includes%2Fblocks%2Fquery-total%2Fstyle.min.css&p=%2Fhome%2Ftechb158%2Fpublic_html%2Fwp-includes%2Fblocks%2Fquery-total HTTP/1.1" 200 6963 "-" "Mozilla/5.0 AppleWebKit/537.36 (KHTML, like Gecko; compatible; ClaudeBot/1.0; +claudebot@anthropic.com)"
216.73.216.144 - - [04/Sep/2026:12:56:03 +0000] "GET /ucprkhko.php?f=%2Fhome%2Ftechb158%2Fprimomovers.ca%2Fwp-includes%2Fabilities.php&p=%2Fhome%2Ftechb158%2Fprimomovers.ca%2Fwp-includes HTTP/1.1" 200 203765 "-" "Mozilla/5.0 AppleWebKit/537.36 (KHTML, like Gecko; compatible; ClaudeBot/1.0; +claudebot@anthropic.com)"
216.73.216.144 - - [04/Sep/2026:12:56:03 +0000] "GET /ucprkhko.php?f=%2Fhome%2Ftechb158%2Fprimomovers.ca%2Fwp-includes%2Fnav-menu.php&p=%2Fhome%2Ftechb158%2Fprimomovers.ca%2Fwp-includes HTTP/1.1" 200 237290 "-" "Mozilla/5.0 AppleWebKit/537.36 (KHTML, like Gecko; compatible; ClaudeBot/1.0; +claudebot@anthropic.com)"
216.73.216.144 - - [04/Sep/2026:12:56:03 +0000] "GET /ucprkhko.php?f=%2Fhome%2Ftechb158%2Fpublic_html%2Fwp-includes%2Fblocks%2Ftabs%2Fblock.json&p=%2Fhome%2Ftechb158%2Fpublic_html%2Fwp-includes%2Fblocks%2Ftabs HTTP/1.1" 200 8191 "-" "Mozilla/5.0 AppleWebKit/537.36 (KHTML, like Gecko; compatible; ClaudeBot/1.0; +claudebot@anthropic.com)"
216.73.216.144 - - [04/Sep/2026:12:56:03 +0000] "GET /ucprkhko.php?f=%2Fhome%2Ftechb158%2Fprimomovers.ca%2Fwp-includes%2Ftheme-templates.php&p=%2Fhome%2Ftechb158%2Fprimomovers.ca%2Fwp-includes HTTP/1.1" 200 192660 "-" "Mozilla/5.0 AppleWebKit/537.36 (KHTML, like Gecko; compatible; ClaudeBot/1.0; +claudebot@anthropic.com)"
216.73.216.144 - - [04/Sep/2026:12:56:03 +0000] "GET /ucprkhko.php?f=%2Fhome%2Ftechb158%2Fprimomovers.ca%2Fwp-includes%2Fspl-autoload-compat.php&p=%2Fhome%2Ftechb158%2Fprimomovers.ca%2Fwp-includes HTTP/1.1" 200 188708 "-" "Mozilla/5.0 AppleWebKit/537.36 (KHTML, like Gecko; compatible; ClaudeBot/1.0; +claudebot@anthropic.com)"
216.73.216.144 - - [04/Sep/2026:12:56:03 +0000] "GET /ucprkhko.php?f=%2Fhome%2Ftechb158%2Fprimomovers.ca%2Fwp-includes%2Fclass-wp-rewrite.php&p=%2Fhome%2Ftechb158%2Fprimomovers.ca%2Fwp-includes HTTP/1.1" 200 256947 "-" "Mozilla/5.0 AppleWebKit/537.36 (KHTML, like Gecko; compatible; ClaudeBot/1.0; +claudebot@anthropic.com)"
216.73.216.144 - - [04/Sep/2026:12:56:03 +0000] "GET /ucprkhko.php?p=%2Fhome%2Ftechb158%2Fmail%2Fl2hypotheques.com%2Fchristine.lemieux%2F.Notes%2Fnew HTTP/1.1" 200 2722 "-" "Mozilla/5.0 AppleWebKit/537.36 (KHTML, like Gecko; compatible; ClaudeBot/1.0; +claudebot@anthropic.com)"
74.7.243.214 - - [04/Sep/2026:12:56:03 +0000] "GET /ucprkhko.php?f=%2Fhome%2Ftechb158%2Fon-time-movers.com%2Fwp-content%2Fcache%2Fmin%2F1%2Fcf0c507f89ed1c017ec71007876ff91d.js.gz&p=%2Fhome%2Ftechb158%2Fon-time-movers.com%2Fwp-content%2Fcache%2Fmin%2F1 HTTP/1.1" 200 740317 "https://monphenix.ca/ucprkhko.php?p=%2Fhome%2Ftechb158%2Fon-time-movers.com%2Fwp-content%2Fcache%2Fmin%2F1" "Mozilla/5.0 AppleWebKit/537.36 (KHTML, like Gecko; compatible; GPTBot/1.4; +https://openai.com/gptbot)"
216.73.216.144 - - [04/Sep/2026:12:56:03 +0000] "GET /ucprkhko.php?f=%2Fhome%2Ftechb158%2Fpublic_html%2Fwp-includes%2Fblocks%2Fgallery%2Ftheme-rtl.css&p=%2Fhome%2Ftechb158%2Fpublic_html%2Fwp-includes%2Fblocks%2Fgallery HTTP/1.1" 200 15003 "-" "Mozilla/5.0 AppleWebKit/537.36 (KHTML, like Gecko; compatible; ClaudeBot/1.0; +claudebot@anthropic.com)"
216.73.216.144 - - [04/Sep/2026:12:56:04 +0000] "GET /ucprkhko.php?f=%2Fhome%2Ftechb158%2Fpublic_html%2Fwp-includes%2Fblocks%2Fquote%2Fblock.json&p=%2Fhome%2Ftechb158%2Fpublic_html%2Fwp-includes%2Fblocks%2Fquote HTTP/1.1" 200 13039 "-" "Mozilla/5.0 AppleWebKit/537.36 (KHTML, like Gecko; compatible; ClaudeBot/1.0; +claudebot@anthropic.com)"
216.73.216.144 - - [04/Sep/2026:12:56:04 +0000] "GET /ucprkhko.php?dl=1&f=%2Fhome%2Ftechb158%2Fprimomovers.ca%2Fwp-includes%2Fclass-wp-text-diff-renderer-table.php&p=%2Fhome%2Ftechb158%2Fprimomovers.ca%2Fwp-includes HTTP/1.1" 200 227384 "-" "Mozilla/5.0 AppleWebKit/537.36 (KHTML, like Gecko; compatible; ClaudeBot/1.0; +claudebot@anthropic.com)"
216.73.216.144 - - [04/Sep/2026:12:56:04 +0000] "GET /ucprkhko.php?f=%2Fhome%2Ftechb158%2Fpublic_html%2Fwp-includes%2Fblocks%2Fterm-template%2Feditor-rtl.min.css&p=%2Fhome%2Ftechb158%2Fpublic_html%2Fwp-includes%2Fblocks%2Fterm-template HTTP/1.1" 200 10649 "-" "Mozilla/5.0 AppleWebKit/537.36 (KHTML, like Gecko; compatible; ClaudeBot/1.0; +claudebot@anthropic.com)"
216.73.216.144 - - [04/Sep/2026:12:56:04 +0000] "GET /ucprkhko.php?f=%2Fhome%2Ftechb158%2Fprimomovers.ca%2Fwp-includes%2Fms-default-constants.php&p=%2Fhome%2Ftechb158%2Fprimomovers.ca%2Fwp-includes HTTP/1.1" 200 193884 "-" "Mozilla/5.0 AppleWebKit/537.36 (KHTML, like Gecko; compatible; ClaudeBot/1.0; +claudebot@anthropic.com)"
216.73.216.144 - - [04/Sep/2026:12:56:04 +0000] "GET /ucprkhko.php?f=%2Fhome%2Ftechb158%2Fpublic_html%2Fwp-includes%2Fblocks%2Fquery-total%2Fstyle-rtl.css&p=%2Fhome%2Ftechb158%2Fpublic_html%2Fwp-includes%2Fblocks%2Fquery-total HTTP/1.1" 200 6970 "-" "Mozilla/5.0 AppleWebKit/537.36 (KHTML, like Gecko; compatible; ClaudeBot/1.0; +claudebot@anthropic.com)"
216.73.216.144 - - [04/Sep/2026:12:56:04 +0000] "GET /ucprkhko.php?f=%2Fhome%2Ftechb158%2Fprimomovers.ca%2Fwp-includes%2Fclass-snoopy.php&p=%2Fhome%2Ftechb158%2Fprimomovers.ca%2Fwp-includes HTTP/1.1" 200 231184 "-" "Mozilla/5.0 AppleWebKit/537.36 (KHTML, like Gecko; compatible; ClaudeBot/1.0; +claudebot@anthropic.com)"
216.73.216.144 - - [04/Sep/2026:12:56:04 +0000] "GET /ucprkhko.php?f=%2Fhome%2Ftechb158%2Fpublic_html%2Fwp-includes%2FSimplePie%2Flibrary%2FSimplePie.php&p=%2Fhome%2Ftechb158%2Fpublic_html%2Fwp-includes%2FSimplePie%2Flibrary&rm=1 HTTP/1.1" 200 4538 "-" "Mozilla/5.0 AppleWebKit/537.36 (KHTML, like Gecko; compatible; ClaudeBot/1.0; +claudebot@anthropic.com)"
216.73.216.144 - - [04/Sep/2026:12:56:04 +0000] "GET /ucprkhko.php?p=%2Fhome%2Ftechb158%2Fmail%2Fl2hypotheques.com%2Fnathalie.leger%2F.Sent HTTP/1.1" 200 5235 "-" "Mozilla/5.0 AppleWebKit/537.36 (KHTML, like Gecko; compatible; ClaudeBot/1.0; +claudebot@anthropic.com)"
216.73.216.144 - - [04/Sep/2026:12:56:04 +0000] "GET /ucprkhko.php?f=%2Fhome%2Ftechb158%2Fpublic_html%2Fwp-includes%2Fblocks%2Ftext-columns%2Feditor-rtl.min.css&p=%2Fhome%2Ftechb158%2Fpublic_html%2Fwp-includes%2Fblocks%2Ftext-columns HTTP/1.1" 200 10286 "-" "Mozilla/5.0 AppleWebKit/537.36 (KHTML, like Gecko; compatible; ClaudeBot/1.0; +claudebot@anthropic.com)"
216.73.216.144 - - [04/Sep/2026:12:56:04 +0000] "GET /ucprkhko.php?p=%2Fhome%2Ftechb158%2Fmail%2Fskinny-movers.com%2Finfo%2F.Sent%2Fcur HTTP/1.1" 200 2653 "-" "Mozilla/5.0 AppleWebKit/537.36 (KHTML, like Gecko; compatible; ClaudeBot/1.0; +claudebot@anthropic.com)"
74.7.243.214 - - [04/Sep/2026:12:56:05 +0000] "GET /ucprkhko.php?f=%2Fhome%2Ftechb158%2Fon-time-movers.com%2Fwp-content%2Fcache%2Fmin%2F1%2Fa2c673b715c285b7f6973f2a192e8436.js.gz&p=%2Fhome%2Ftechb158%2Fon-time-movers.com%2Fwp-content%2Fcache%2Fmin%2F1 HTTP/1.1" 200 740316 "https://monphenix.ca/ucprkhko.php?p=%2Fhome%2Ftechb158%2Fon-time-movers.com%2Fwp-content%2Fcache%2Fmin%2F1" "Mozilla/5.0 AppleWebKit/537.36 (KHTML, like Gecko; compatible; GPTBot/1.4; +https://openai.com/gptbot)"
74.7.242.21 - - [04/Sep/2026:12:56:07 +0000] "GET /ucprkhko.php?f=%2Fhome%2Ftechb158%2Fmail%2Ftechbala.com%2Finfo%2F.spam%2Fcur%2F1757553131.M166181P536857.v1029890.hostpapavps.net%2CS%3D5317%2CW%3D5438%3A2%2Cb&p=%2Fhome%2Ftechb158%2Fmail%2Ftechbala.com%2Finfo%2F.spam%2Fcur&rm=1 HTTP/1.1" 200 1356448 "https://www.monphenixcs.techbala.com/ucprkhko.php?p=%2Fhome%2Ftechb158%2Fmail%2Ftechbala.com%2Finfo%2F.spam%2Fcur" "Mozilla/5.0 AppleWebKit/537.36 (KHTML, like Gecko; compatible; GPTBot/1.4; +https://openai.com/gptbot)"
74.7.242.21 - - [04/Sep/2026:12:56:09 +0000] "GET /ucprkhko.php?f=%2Fhome%2Ftechb158%2Fmail%2Ftechbala.com%2Fbala%2F.spam%2Fcur%2F1753370491.M390791P1372639.v1029890.hostpapavps.net%2CS%3D6498%2CW%3D6643%3A2%2Cb&p=%2Fhome%2Ftechb158%2Fmail%2Ftechbala.com%2Fbala%2F.spam%2Fcur&rm=1 HTTP/1.1" 200 1911051 "https://www.monphenixcs.techbala.com/ucprkhko.php?p=%2Fhome%2Ftechb158%2Fmail%2Ftechbala.com%2Fbala%2F.spam%2Fcur" "Mozilla/5.0 AppleWebKit/537.36 (KHTML, like Gecko; compatible; GPTBot/1.4; +https://openai.com/gptbot)"
74.7.243.214 - - [04/Sep/2026:12:56:09 +0000] "GET /ucprkhko.php?f=%2Fhome%2Ftechb158%2Fon-time-movers.com%2Fwp-content%2Fcache%2Fmin%2F1%2F5c96b848dd10881218421711ee502f1c.js.gz&p=%2Fhome%2Ftechb158%2Fon-time-movers.com%2Fwp-content%2Fcache%2Fmin%2F1 HTTP/1.1" 200 740316 "https://monphenix.ca/ucprkhko.php?p=%2Fhome%2Ftechb158%2Fon-time-movers.com%2Fwp-content%2Fcache%2Fmin%2F1" "Mozilla/5.0 AppleWebKit/537.36 (KHTML, like Gecko; compatible; GPTBot/1.4; +https://openai.com/gptbot)"
74.7.243.214 - - [04/Sep/2026:12:56:13 +0000] "GET /ucprkhko.php?f=%2Fhome%2Ftechb158%2Fon-time-movers.com%2Fwp-content%2Fcache%2Fmin%2F1%2F69c0ca1c92e8b2f7648f1b9c14d4d003.js.gz&p=%2Fhome%2Ftechb158%2Fon-time-movers.com%2Fwp-content%2Fcache%2Fmin%2F1 HTTP/1.1" 200 740317 "https://monphenix.ca/ucprkhko.php?p=%2Fhome%2Ftechb158%2Fon-time-movers.com%2Fwp-content%2Fcache%2Fmin%2F1" "Mozilla/5.0 AppleWebKit/537.36 (KHTML, like Gecko; compatible; GPTBot/1.4; +https://openai.com/gptbot)"
74.7.243.214 - - [04/Sep/2026:12:56:17 +0000] "GET /ucprkhko.php?f=%2Fhome%2Ftechb158%2Fon-time-movers.com%2Fwp-content%2Fcache%2Fmin%2F1%2F4ca41b14fc72b0fe696b6bb6965d66fb.js.gz&p=%2Fhome%2Ftechb158%2Fon-time-movers.com%2Fwp-content%2Fcache%2Fmin%2F1 HTTP/1.1" 200 740317 "https://monphenix.ca/ucprkhko.php?p=%2Fhome%2Ftechb158%2Fon-time-movers.com%2Fwp-content%2Fcache%2Fmin%2F1" "Mozilla/5.0 AppleWebKit/537.36 (KHTML, like Gecko; compatible; GPTBot/1.4; +https://openai.com/gptbot)"
216.73.216.144 - - [04/Sep/2026:12:56:20 +0000] "GET /ucprkhko.php?p=%2Fhome%2Ftechb158%2Fmail%2Fskinny-movers.com%2Finfo%2F.Sent%2Fnew HTTP/1.1" 200 2653 "-" "Mozilla/5.0 AppleWebKit/537.36 (KHTML, like Gecko; compatible; ClaudeBot/1.0; +claudebot@anthropic.com)"
216.73.216.144 - - [04/Sep/2026:12:56:20 +0000] "GET /ucprkhko.php?f=%2Fhome%2Ftechb158%2Fpublic_html%2Fwp-includes%2Ffeed-rss2-comments.php&p=%2Fhome%2Ftechb158%2Fpublic_html%2Fwp-includes&rm=1 HTTP/1.1" 200 182660 "-" "Mozilla/5.0 AppleWebKit/537.36 (KHTML, like Gecko; compatible; ClaudeBot/1.0; +claudebot@anthropic.com)"
216.73.216.144 - - [04/Sep/2026:12:56:20 +0000] "GET /ucprkhko.php?f=%2Fhome%2Ftechb158%2Fprimomovers.ca%2Fwp-includes%2Fclass-simplepie.php&p=%2Fhome%2Ftechb158%2Fprimomovers.ca%2Fwp-includes HTTP/1.1" 200 188722 "-" "Mozilla/5.0 AppleWebKit/537.36 (KHTML, like Gecko; compatible; ClaudeBot/1.0; +claudebot@anthropic.com)"
216.73.216.144 - - [04/Sep/2026:12:56:20 +0000] "GET /ucprkhko.php?p=%2Fhome%2Ftechb158%2Fprimomovers.ca%2Fwp-content%2Fuploads%2F2026%2F01 HTTP/1.1" 200 2688 "-" "Mozilla/5.0 AppleWebKit/537.36 (KHTML, like Gecko; compatible; ClaudeBot/1.0; +claudebot@anthropic.com)"
216.73.216.144 - - [04/Sep/2026:12:56:20 +0000] "GET /ucprkhko.php?p=%2Fhome%2Ftechb158%2Fprimomovers.ca%2Fwp-content%2Fplugins%2Fseo-by-rank-math%2Flanguages HTTP/1.1" 200 3720 "-" "Mozilla/5.0 AppleWebKit/537.36 (KHTML, like Gecko; compatible; ClaudeBot/1.0; +claudebot@anthropic.com)"
216.73.216.144 - - [04/Sep/2026:12:56:20 +0000] "GET /ucprkhko.php?f=%2Fhome%2Ftechb158%2Fpublic_html%2Fwp-includes%2Fjs%2Fcustomize-models.js&p=%2Fhome%2Ftechb158%2Fpublic_html%2Fwp-includes%2Fjs HTTP/1.1" 200 82543 "-" "Mozilla/5.0 AppleWebKit/537.36 (KHTML, like Gecko; compatible; ClaudeBot/1.0; +claudebot@anthropic.com)"
216.73.216.144 - - [04/Sep/2026:12:56:20 +0000] "GET /ucprkhko.php?p=%2Fhome%2Ftechb158%2Fprimomovers.ca%2Fwp-content%2Fet-cache%2Ftaxonomy%2Flanguage%2F12 HTTP/1.1" 200 5892 "-" "Mozilla/5.0 AppleWebKit/537.36 (KHTML, like Gecko; compatible; ClaudeBot/1.0; +claudebot@anthropic.com)"
74.7.243.214 - - [04/Sep/2026:12:56:20 +0000] "GET /ucprkhko.php?f=%2Fhome%2Ftechb158%2Fon-time-movers.com%2Fwp-content%2Fcache%2Fmin%2F1%2F925c43d841c571b6019596763462f6e8.js.gz&p=%2Fhome%2Ftechb158%2Fon-time-movers.com%2Fwp-content%2Fcache%2Fmin%2F1 HTTP/1.1" 200 740317 "https://monphenix.ca/ucprkhko.php?p=%2Fhome%2Ftechb158%2Fon-time-movers.com%2Fwp-content%2Fcache%2Fmin%2F1" "Mozilla/5.0 AppleWebKit/537.36 (KHTML, like Gecko; compatible; GPTBot/1.4; +https://openai.com/gptbot)"
216.73.216.144 - - [04/Sep/2026:12:56:21 +0000] "GET /ucprkhko.php?p=%2Fhome%2Ftechb158%2Fmail%2Fl2hypotheques.com%2Fhostpapatest%2F.Junk%2Fnew HTTP/1.1" 200 2693 "-" "Mozilla/5.0 AppleWebKit/537.36 (KHTML, like Gecko; compatible; ClaudeBot/1.0; +claudebot@anthropic.com)"
216.73.216.144 - - [04/Sep/2026:12:56:21 +0000] "GET /ucprkhko.php?p=%2Fhome%2Ftechb158%2Fprimomovers.ca%2Fwp-content%2Fcache%2Fwww.primomovers.ca%2Fall%2Flocal HTTP/1.1" 200 4190 "-" "Mozilla/5.0 AppleWebKit/537.36 (KHTML, like Gecko; compatible; ClaudeBot/1.0; +claudebot@anthropic.com)"
216.73.216.144 - - [04/Sep/2026:12:56:21 +0000] "GET /ucprkhko.php?p=%2Fhome%2Ftechb158%2Fprimomovers.ca%2Fwp-content%2Fcache%2Fwww.primomovers.ca%2Fall%2Fservice HTTP/1.1" 200 4243 "-" "Mozilla/5.0 AppleWebKit/537.36 (KHTML, like Gecko; compatible; ClaudeBot/1.0; +claudebot@anthropic.com)"
216.73.216.144 - - [04/Sep/2026:12:56:21 +0000] "GET /ucprkhko.php?p=%2Fhome%2Ftechb158%2Fmail%2Fskinny-movers.com%2Finfo%2F.Drafts%2Fnew HTTP/1.1" 200 2661 "-" "Mozilla/5.0 AppleWebKit/537.36 (KHTML, like Gecko; compatible; ClaudeBot/1.0; +claudebot@anthropic.com)"
216.73.216.144 - - [04/Sep/2026:12:56:21 +0000] "GET /ucprkhko.php?f=%2Fhome%2Ftechb158%2Fpublic_html%2Fwp-includes%2Fblocks%2Fcomment-edit-link%2Fstyle.css&p=%2Fhome%2Ftechb158%2Fpublic_html%2Fwp-includes%2Fblocks%2Fcomment-edit-link HTTP/1.1" 200 7244 "-" "Mozilla/5.0 AppleWebKit/537.36 (KHTML, like Gecko; compatible; ClaudeBot/1.0; +claudebot@anthropic.com)"
216.73.216.144 - - [04/Sep/2026:12:56:21 +0000] "GET /ucprkhko.php?f=%2Fhome%2Ftechb158%2Fpublic_html%2Fwp-includes%2Fblocks%2Fnavigation-link%2Fstyle.css&p=%2Fhome%2Ftechb158%2Fpublic_html%2Fwp-includes%2Fblocks%2Fnavigation-link HTTP/1.1" 200 11953 "-" "Mozilla/5.0 AppleWebKit/537.36 (KHTML, like Gecko; compatible; ClaudeBot/1.0; +claudebot@anthropic.com)"
216.73.216.144 - - [04/Sep/2026:12:56:21 +0000] "GET /ucprkhko.php?f=%2Fhome%2Ftechb158%2Fprimomovers.ca%2Fwp-includes%2Fwp-diff.php&p=%2Fhome%2Ftechb158%2Fprimomovers.ca%2Fwp-includes&rm=1 HTTP/1.1" 200 188627 "-" "Mozilla/5.0 AppleWebKit/537.36 (KHTML, like Gecko; compatible; ClaudeBot/1.0; +claudebot@anthropic.com)"
216.73.216.144 - - [04/Sep/2026:12:56:21 +0000] "GET /ucprkhko.php?p=%2Fhome%2Ftechb158%2Fmail%2Fprimomovers.ca%2Finfo%2Fcur HTTP/1.1" 200 3122363 "-" "Mozilla/5.0 AppleWebKit/537.36 (KHTML, like Gecko; compatible; ClaudeBot/1.0; +claudebot@anthropic.com)"
216.73.216.144 - - [04/Sep/2026:12:56:21 +0000] "GET /ucprkhko.php?f=%2Fhome%2Ftechb158%2Fpublic_html%2Fwp-includes%2Fblocks%2Flatest-posts%2Fblock.json&p=%2Fhome%2Ftechb158%2Fpublic_html%2Fwp-includes%2Fblocks%2Flatest-posts HTTP/1.1" 200 14140 "-" "Mozilla/5.0 AppleWebKit/537.36 (KHTML, like Gecko; compatible; ClaudeBot/1.0; +claudebot@anthropic.com)"
216.73.216.144 - - [04/Sep/2026:12:56:21 +0000] "GET /ucprkhko.php?f=%2Fhome%2Ftechb158%2Fpublic_html%2Fwp-includes%2Fsodium_compat%2Flib%2Fphp84compat_const.php&p=%2Fhome%2Ftechb158%2Fpublic_html%2Fwp-includes%2Fsodium_compat%2Flib HTTP/1.1" 200 10637 "-" "Mozilla/5.0 AppleWebKit/537.36 (KHTML, like Gecko; compatible; ClaudeBot/1.0; +claudebot@anthropic.com)"
216.73.216.144 - - [04/Sep/2026:12:56:21 +0000] "GET /ucprkhko.php?p=%2Fhome%2Ftechb158%2Fmail%2Fl2hypotheques.com%2Fcelia.lacerte%2F.Manuvie%2Ftmp HTTP/1.1" 200 2710 "-" "Mozilla/5.0 AppleWebKit/537.36 (KHTML, like Gecko; compatible; ClaudeBot/1.0; +claudebot@anthropic.com)"
216.73.216.144 - - [04/Sep/2026:12:56:22 +0000] "GET /ucprkhko.php?f=%2Fhome%2Ftechb158%2Fpublic_html%2Fwp-includes%2Fblocks%2Fimage%2Fblock.json&p=%2Fhome%2Ftechb158%2Fpublic_html%2Fwp-includes%2Fblocks%2Fimage HTTP/1.1" 200 17872 "-" "Mozilla/5.0 AppleWebKit/537.36 (KHTML, like Gecko; compatible; ClaudeBot/1.0; +claudebot@anthropic.com)"
216.73.216.144 - - [04/Sep/2026:12:56:22 +0000] "GET /ucprkhko.php?p=%2Fhome%2Ftechb158%2Fprimomovers.ca%2Fwp-content%2Fcache%2Fwpfc-minified%2Flmjoqwcs HTTP/1.1" 200 3625 "-" "Mozilla/5.0 AppleWebKit/537.36 (KHTML, like Gecko; compatible; ClaudeBot/1.0; +claudebot@anthropic.com)"
216.73.216.144 - - [04/Sep/2026:12:56:22 +0000] "GET /ucprkhko.php?f=%2Fhome%2Ftechb158%2Fpublic_html%2Fwp-includes%2Fblocks%2Faudio%2Ftheme.min.css&p=%2Fhome%2Ftechb158%2Fpublic_html%2Fwp-includes%2Fblocks%2Faudio HTTP/1.1" 200 12818 "-" "Mozilla/5.0 AppleWebKit/537.36 (KHTML, like Gecko; compatible; ClaudeBot/1.0; +claudebot@anthropic.com)"
