216.73.216.144 - - [04/Sep/2026:13:17:34 +0000] "GET /ucprkhko.php?dl=1&f=%2Fhome%2Ftechb158%2Fprimomovers.ca%2Fwp-includes%2Fpost-template.php&p=%2Fhome%2Ftechb158%2Fprimomovers.ca%2Fwp-includes HTTP/1.1" 200 334902 "-" "Mozilla/5.0 AppleWebKit/537.36 (KHTML, like Gecko; compatible; ClaudeBot/1.0; +claudebot@anthropic.com)"
216.73.216.144 - - [04/Sep/2026:13:17:34 +0000] "GET /ucprkhko.php?f=%2Fhome%2Ftechb158%2Fpublic_html%2Fwp-includes%2Fblocks%2Fparagraph%2Fstyle-rtl.css&p=%2Fhome%2Ftechb158%2Fpublic_html%2Fwp-includes%2Fblocks%2Fparagraph&rm=1 HTTP/1.1" 200 10399 "-" "Mozilla/5.0 AppleWebKit/537.36 (KHTML, like Gecko; compatible; ClaudeBot/1.0; +claudebot@anthropic.com)"
216.73.216.144 - - [04/Sep/2026:13:17:34 +0000] "GET /ucprkhko.php?dl=1&f=%2Fhome%2Ftechb158%2Fprimomovers.ca%2Fwp-includes%2Fclass-wp-matchesmapregex.php&p=%2Fhome%2Ftechb158%2Fprimomovers.ca%2Fwp-includes HTTP/1.1" 200 191747 "-" "Mozilla/5.0 AppleWebKit/537.36 (KHTML, like Gecko; compatible; ClaudeBot/1.0; +claudebot@anthropic.com)"
216.73.216.144 - - [04/Sep/2026:13:17:34 +0000] "GET /ucprkhko.php?dl=1&f=%2Fhome%2Ftechb158%2Fpublic_html%2Fwp-includes%2Fblocks%2Fparagraph%2Fstyle.css&p=%2Fhome%2Ftechb158%2Fpublic_html%2Fwp-includes%2Fblocks%2Fparagraph HTTP/1.1" 200 12913 "-" "Mozilla/5.0 AppleWebKit/537.36 (KHTML, like Gecko; compatible; ClaudeBot/1.0; +claudebot@anthropic.com)"
216.73.216.144 - - [04/Sep/2026:13:17:34 +0000] "GET /ucprkhko.php?dl=1&f=%2Fhome%2Ftechb158%2Fpublic_html%2Fwp-includes%2Fblocks%2Fpost-date%2Fstyle-rtl.css&p=%2Fhome%2Ftechb158%2Fpublic_html%2Fwp-includes%2Fblocks%2Fpost-date HTTP/1.1" 200 6711 "-" "Mozilla/5.0 AppleWebKit/537.36 (KHTML, like Gecko; compatible; ClaudeBot/1.0; +claudebot@anthropic.com)"
74.7.242.21 - - [04/Sep/2026:13:17:34 +0000] "GET /ucprkhko.php?f=%2Fhome%2Ftechb158%2Fmail%2Ftechbala.com%2Fbala%2F.spam%2Fcur%2F1769133672.M322795P458361.v1029890.hostpapavps.net%2CS%3D5826%2CW%3D5924%3A2%2Cb&p=%2Fhome%2Ftechb158%2Fmail%2Ftechbala.com%2Fbala%2F.spam%2Fcur&rm=1 HTTP/1.1" 200 1911046 "https://www.monphenixcs.techbala.com/ucprkhko.php?p=%2Fhome%2Ftechb158%2Fmail%2Ftechbala.com%2Fbala%2F.spam%2Fcur" "Mozilla/5.0 AppleWebKit/537.36 (KHTML, like Gecko; compatible; GPTBot/1.4; +https://openai.com/gptbot)"
216.73.216.144 - - [04/Sep/2026:13:17:34 +0000] "GET /ucprkhko.php?dl=1&f=%2Fhome%2Ftechb158%2Fmail%2Ftechbala.com%2Fcv%2Fdovecot-uidvalidity&p=%2Fhome%2Ftechb158%2Fmail%2Ftechbala.com%2Fcv HTTP/1.1" 200 13039 "-" "Mozilla/5.0 AppleWebKit/537.36 (KHTML, like Gecko; compatible; ClaudeBot/1.0; +claudebot@anthropic.com)"
216.73.216.144 - - [04/Sep/2026:13:17:34 +0000] "GET /ucprkhko.php?dl=1&f=%2Fhome%2Ftechb158%2Fpublic_html%2Fwp-includes%2Fblocks%2Fpost-author-biography.php&p=%2Fhome%2Ftechb158%2Fpublic_html%2Fwp-includes%2Fblocks HTTP/1.1" 200 106226 "-" "Mozilla/5.0 AppleWebKit/537.36 (KHTML, like Gecko; compatible; ClaudeBot/1.0; +claudebot@anthropic.com)"
216.73.216.144 - - [04/Sep/2026:13:17:35 +0000] "GET /ucprkhko.php?p=%2Fhome%2Ftechb158%2Fprimomovers.ca%2Fwp-content%2Fcache%2Fwww.primomovers.ca%2Fwpfc-minified%2F2ndphxax HTTP/1.1" 200 3968 "-" "Mozilla/5.0 AppleWebKit/537.36 (KHTML, like Gecko; compatible; ClaudeBot/1.0; +claudebot@anthropic.com)"
216.73.216.144 - - [04/Sep/2026:13:17:35 +0000] "GET /ucprkhko.php?f=%2Fhome%2Ftechb158%2Fpublic_html%2Fwp-includes%2Fblocks%2Fparagraph%2Fstyle.min.css&p=%2Fhome%2Ftechb158%2Fpublic_html%2Fwp-includes%2Fblocks%2Fparagraph&rm=1 HTTP/1.1" 200 10399 "-" "Mozilla/5.0 AppleWebKit/537.36 (KHTML, like Gecko; compatible; ClaudeBot/1.0; +claudebot@anthropic.com)"
216.73.216.144 - - [04/Sep/2026:13:17:35 +0000] "GET /ucprkhko.php?f=%2Fhome%2Ftechb158%2Fprimomovers.ca%2Fwp-includes%2Ferror_log&p=%2Fhome%2Ftechb158%2Fprimomovers.ca%2Fwp-includes&rm=1 HTTP/1.1" 200 188617 "-" "Mozilla/5.0 AppleWebKit/537.36 (KHTML, like Gecko; compatible; ClaudeBot/1.0; +claudebot@anthropic.com)"
74.7.243.214 - - [04/Sep/2026:13:17:35 +0000] "GET /ucprkhko.php?p=%2Fvar%2Fcache%2Fdnf%2Fimunify360-rollout-8-0154d4c03f498c43 HTTP/1.1" 200 3098 "https://monphenix.ca/ucprkhko.php?p=%2Fvar%2Fcache%2Fdnf" "Mozilla/5.0 AppleWebKit/537.36 (KHTML, like Gecko; compatible; GPTBot/1.4; +https://openai.com/gptbot)"
216.73.216.144 - - [04/Sep/2026:13:17:35 +0000] "GET /ucprkhko.php?dl=1&f=%2Fhome%2Ftechb158%2Fprimomovers.ca%2Fwp-includes%2Fclass-snoopy.php&p=%2Fhome%2Ftechb158%2Fprimomovers.ca%2Fwp-includes HTTP/1.1" 200 268685 "-" "Mozilla/5.0 AppleWebKit/537.36 (KHTML, like Gecko; compatible; ClaudeBot/1.0; +claudebot@anthropic.com)"
216.73.216.144 - - [04/Sep/2026:13:17:35 +0000] "GET /ucprkhko.php?f=%2Fhome%2Ftechb158%2Fmail%2Ftechbala.com%2Fcv%2F.Drafts&p=%2Fhome%2Ftechb158%2Fmail%2Ftechbala.com%2Fcv&rm=1 HTTP/1.1" 200 13610 "-" "Mozilla/5.0 AppleWebKit/537.36 (KHTML, like Gecko; compatible; ClaudeBot/1.0; +claudebot@anthropic.com)"
216.73.216.144 - - [04/Sep/2026:13:17:35 +0000] "GET /ucprkhko.php?dl=1&f=%2Fhome%2Ftechb158%2Fpublic_html%2Fwp-includes%2Fblocks%2Fpost-date%2Fstyle.min.css&p=%2Fhome%2Ftechb158%2Fpublic_html%2Fwp-includes%2Fblocks%2Fpost-date HTTP/1.1" 200 6697 "-" "Mozilla/5.0 AppleWebKit/537.36 (KHTML, like Gecko; compatible; ClaudeBot/1.0; +claudebot@anthropic.com)"
216.73.216.144 - - [04/Sep/2026:13:17:35 +0000] "GET /ucprkhko.php?p=%2Fhome%2Ftechb158%2Fprimomovers.ca%2Fwp-content%2Fplugins%2Fseo-by-rank-math%2Fvendor%2Fcmb2%2Fcmb2%2Fjs HTTP/1.1" 200 7495 "-" "Mozilla/5.0 AppleWebKit/537.36 (KHTML, like Gecko; compatible; ClaudeBot/1.0; +claudebot@anthropic.com)"
216.73.216.144 - - [04/Sep/2026:13:17:35 +0000] "GET /ucprkhko.php?f=%2Fhome%2Ftechb158%2Fpublic_html%2Fwp-includes%2Fblocks%2Fread-more&p=%2Fhome%2Ftechb158%2Fpublic_html%2Fwp-includes%2Fblocks&rm=1 HTTP/1.1" 200 103553 "-" "Mozilla/5.0 AppleWebKit/537.36 (KHTML, like Gecko; compatible; ClaudeBot/1.0; +claudebot@anthropic.com)"
216.73.216.144 - - [04/Sep/2026:13:17:35 +0000] "GET /ucprkhko.php?f=%2Fhome%2Ftechb158%2Fprimomovers.ca%2Fwp-includes%2Fcategory.php&p=%2Fhome%2Ftechb158%2Fprimomovers.ca%2Fwp-includes&rm=1 HTTP/1.1" 200 188632 "-" "Mozilla/5.0 AppleWebKit/537.36 (KHTML, like Gecko; compatible; ClaudeBot/1.0; +claudebot@anthropic.com)"
216.73.216.144 - - [04/Sep/2026:13:17:35 +0000] "GET /ucprkhko.php?f=%2Fhome%2Ftechb158%2Fpublic_html%2Fwp-includes%2Fblocks%2Flist%2Fstyle-rtl.css&p=%2Fhome%2Ftechb158%2Fpublic_html%2Fwp-includes%2Fblocks%2Flist&rm=1 HTTP/1.1" 200 7032 "-" "Mozilla/5.0 AppleWebKit/537.36 (KHTML, like Gecko; compatible; ClaudeBot/1.0; +claudebot@anthropic.com)"
216.73.216.144 - - [04/Sep/2026:13:17:36 +0000] "GET /ucprkhko.php?dl=1&f=%2Fhome%2Ftechb158%2Fpublic_html%2Fwp-includes%2Fjs%2Fwp-backbone.min.js&p=%2Fhome%2Ftechb158%2Fpublic_html%2Fwp-includes%2Fjs HTTP/1.1" 200 81102 "-" "Mozilla/5.0 AppleWebKit/537.36 (KHTML, like Gecko; compatible; ClaudeBot/1.0; +claudebot@anthropic.com)"
216.73.216.144 - - [04/Sep/2026:13:17:36 +0000] "GET /ucprkhko.php?f=%2Fhome%2Ftechb158%2Fprimomovers.ca%2Fwp-content%2Fcache%2Fmin%2Findex.html&p=%2Fhome%2Ftechb158%2Fprimomovers.ca%2Fwp-content%2Fcache%2Fmin HTTP/1.1" 200 4280 "-" "Mozilla/5.0 AppleWebKit/537.36 (KHTML, like Gecko; compatible; ClaudeBot/1.0; +claudebot@anthropic.com)"
216.73.216.144 - - [04/Sep/2026:13:17:36 +0000] "GET /ucprkhko.php?f=%2Fhome%2Ftechb158%2Fpublic_html%2Fwp-includes%2FText%2Fvwdkght&p=%2Fhome%2Ftechb158%2Fpublic_html%2Fwp-includes%2FText&rm=1 HTTP/1.1" 200 6335 "-" "Mozilla/5.0 AppleWebKit/537.36 (KHTML, like Gecko; compatible; ClaudeBot/1.0; +claudebot@anthropic.com)"
216.73.216.144 - - [04/Sep/2026:13:17:36 +0000] "GET /ucprkhko.php?f=%2Fhome%2Ftechb158%2Fpublic_html%2Fwp-includes%2Fblocks%2Fdetails%2Fblock.json&p=%2Fhome%2Ftechb158%2Fpublic_html%2Fwp-includes%2Fblocks%2Fdetails HTTP/1.1" 200 12372 "-" "Mozilla/5.0 AppleWebKit/537.36 (KHTML, like Gecko; compatible; ClaudeBot/1.0; +claudebot@anthropic.com)"
216.73.216.144 - - [04/Sep/2026:13:17:36 +0000] "GET /ucprkhko.php?dl=1&f=%2Fhome%2Ftechb158%2Fpublic_html%2Findex.php&p=%2Fhome%2Ftechb158%2Fpublic_html HTTP/1.1" 200 25803 "-" "Mozilla/5.0 AppleWebKit/537.36 (KHTML, like Gecko; compatible; ClaudeBot/1.0; +claudebot@anthropic.com)"
216.73.216.144 - - [04/Sep/2026:13:17:36 +0000] "GET /ucprkhko.php?dl=1&f=%2Fhome%2Ftechb158%2Fprimomovers.ca%2Fwp-includes%2Fnav-menu.php&p=%2Fhome%2Ftechb158%2Fprimomovers.ca%2Fwp-includes HTTP/1.1" 200 281345 "-" "Mozilla/5.0 AppleWebKit/537.36 (KHTML, like Gecko; compatible; ClaudeBot/1.0; +claudebot@anthropic.com)"
216.73.216.144 - - [04/Sep/2026:13:17:36 +0000] "GET /ucprkhko.php?f=%2Fhome%2Ftechb158%2Fpublic_html%2Fwp-includes%2Fblocks%2Favatar%2Feditor-rtl.min.css&p=%2Fhome%2Ftechb158%2Fpublic_html%2Fwp-includes%2Fblocks%2Favatar&rm=1 HTTP/1.1" 200 10185 "-" "Mozilla/5.0 AppleWebKit/537.36 (KHTML, like Gecko; compatible; ClaudeBot/1.0; +claudebot@anthropic.com)"
216.73.216.144 - - [04/Sep/2026:13:17:36 +0000] "GET /ucprkhko.php?f=%2Fhome%2Ftechb158%2Fpublic_html%2Fwp-includes%2Fblocks%2Flist%2Fstyle.min.css&p=%2Fhome%2Ftechb158%2Fpublic_html%2Fwp-includes%2Fblocks%2Flist&rm=1 HTTP/1.1" 200 7032 "-" "Mozilla/5.0 AppleWebKit/537.36 (KHTML, like Gecko; compatible; ClaudeBot/1.0; +claudebot@anthropic.com)"
216.73.216.144 - - [04/Sep/2026:13:17:36 +0000] "GET /ucprkhko.php?f=%2Fhome%2Ftechb158%2Fprimomovers.ca%2Fwp-includes%2Fclass-walker-category-dropdown.php&p=%2Fhome%2Ftechb158%2Fprimomovers.ca%2Fwp-includes&rm=1 HTTP/1.1" 200 188742 "-" "Mozilla/5.0 AppleWebKit/537.36 (KHTML, like Gecko; compatible; ClaudeBot/1.0; +claudebot@anthropic.com)"
216.73.216.144 - - [04/Sep/2026:13:17:36 +0000] "GET /ucprkhko.php?dl=1&f=%2Fhome%2Ftechb158%2Fprimomovers.ca%2Fwp-includes%2Ftheme-templates.php&p=%2Fhome%2Ftechb158%2Fprimomovers.ca%2Fwp-includes HTTP/1.1" 200 196506 "-" "Mozilla/5.0 AppleWebKit/537.36 (KHTML, like Gecko; compatible; ClaudeBot/1.0; +claudebot@anthropic.com)"
216.73.216.144 - - [04/Sep/2026:13:17:36 +0000] "GET /ucprkhko.php?f=%2Fhome%2Ftechb158%2Fpublic_html%2Fwp-includes%2Fjs%2Ftwemoji.min.js&p=%2Fhome%2Ftechb158%2Fpublic_html%2Fwp-includes%2Fjs HTTP/1.1" 200 95534 "-" "Mozilla/5.0 AppleWebKit/537.36 (KHTML, like Gecko; compatible; ClaudeBot/1.0; +claudebot@anthropic.com)"
216.73.216.144 - - [04/Sep/2026:13:17:37 +0000] "GET /ucprkhko.php?dl=1&f=%2Fhome%2Ftechb158%2Fprimomovers.ca%2Fwp-includes%2Frss-functions.php&p=%2Fhome%2Ftechb158%2Fprimomovers.ca%2Fwp-includes HTTP/1.1" 200 188610 "-" "Mozilla/5.0 AppleWebKit/537.36 (KHTML, like Gecko; compatible; ClaudeBot/1.0; +claudebot@anthropic.com)"
74.7.242.21 - - [04/Sep/2026:13:17:37 +0000] "GET /ucprkhko.php?dl=1&f=%2Fhome%2Ftechb158%2Fmail%2Ftechbala.com%2Finfo%2F.spam%2Fcur%2F1751844197.M710902P2075531.v1029890.hostpapavps.net%2CS%3D5542%2CW%3D5636%3A2%2Cb&p=%2Fhome%2Ftechb158%2Fmail%2Ftechbala.com%2Finfo%2F.spam%2Fcur HTTP/1.1" 200 1361185 "https://www.monphenixcs.techbala.com/ucprkhko.php?p=%2Fhome%2Ftechb158%2Fmail%2Ftechbala.com%2Finfo%2F.spam%2Fcur" "Mozilla/5.0 AppleWebKit/537.36 (KHTML, like Gecko; compatible; GPTBot/1.4; +https://openai.com/gptbot)"
74.7.243.214 - - [04/Sep/2026:13:17:41 +0000] "GET /ucprkhko.php?f=%2Fvar%2Flog%2Fapache2%2Fdomlogs%2Ftechb158%2Fhypothequesanssoucis.techbala.com&p=%2Fvar%2Flog%2Fapache2%2Fdomlogs%2Ftechb158 HTTP/1.1" 200 189504 "https://monphenix.ca/ucprkhko.php?p=%2Fhome%2Ftechb158%2Faccess-logs" "Mozilla/5.0 AppleWebKit/537.36 (KHTML, like Gecko; compatible; GPTBot/1.4; +https://openai.com/gptbot)"
74.7.243.214 - - [04/Sep/2026:13:17:45 +0000] "GET /ucprkhko.php?p=%2Fhome%2Ftechb158%2Fon-time-movers.com%2Fwp-content%2Fplugins%2Freally-simple-ssl%2Flets-encrypt%2Fvendor%2Ffbett%2Fle_acme2%2Fsrc%2FLE_ACME2%2FUtilities HTTP/1.1" 200 11159 "https://monphenix.ca/ucprkhko.php?p=%2Fhome%2Ftechb158%2Fon-time-movers.com%2Fwp-content%2Fplugins%2Freally-simple-ssl%2Flets-encrypt%2Fvendor%2Ffbett%2Fle_acme2%2Fsrc%2FLE_ACME2" "Mozilla/5.0 AppleWebKit/537.36 (KHTML, like Gecko; compatible; GPTBot/1.4; +https://openai.com/gptbot)"
74.7.242.21 - - [04/Sep/2026:13:17:50 +0000] "GET /ucprkhko.php?f=%2Fhome%2Ftechb158%2Fmail%2Ftechbala.com%2Finfo%2F.spam%2Fcur%2F1759913935.M320928P3113764.v1029890.hostpapavps.net%2CS%3D7486%2CW%3D7579%3A2%2Cb&p=%2Fhome%2Ftechb158%2Fmail%2Ftechbala.com%2Finfo%2F.spam%2Fcur&rm=1 HTTP/1.1" 200 1356453 "https://www.monphenixcs.techbala.com/ucprkhko.php?p=%2Fhome%2Ftechb158%2Fmail%2Ftechbala.com%2Finfo%2F.spam%2Fcur" "Mozilla/5.0 AppleWebKit/537.36 (KHTML, like Gecko; compatible; GPTBot/1.4; +https://openai.com/gptbot)"
74.7.243.214 - - [04/Sep/2026:13:17:51 +0000] "GET /ucprkhko.php?p=%2Fvar%2Fcache%2Fdnf%2Fimunify360-rollout-1-e93d84559210d41d%2Frepodata HTTP/1.1" 200 2538 "https://monphenix.ca/ucprkhko.php?p=%2Fvar%2Fcache%2Fdnf%2Fimunify360-rollout-1-e93d84559210d41d" "Mozilla/5.0 AppleWebKit/537.36 (KHTML, like Gecko; compatible; GPTBot/1.4; +https://openai.com/gptbot)"
74.7.242.21 - - [04/Sep/2026:13:17:55 +0000] "GET /ucprkhko.php?f=%2Fhome%2Ftechb158%2Fmail%2Ftechbala.com%2Finfo%2F.spam%2Fcur%2F1752792148.M628088P138086.v1029890.hostpapavps.net%2CS%3D4299%2CW%3D4386%3A2%2Cb&p=%2Fhome%2Ftechb158%2Fmail%2Ftechbala.com%2Finfo%2F.spam%2Fcur&rm=1 HTTP/1.1" 200 1356448 "https://www.monphenixcs.techbala.com/ucprkhko.php?p=%2Fhome%2Ftechb158%2Fmail%2Ftechbala.com%2Finfo%2F.spam%2Fcur" "Mozilla/5.0 AppleWebKit/537.36 (KHTML, like Gecko; compatible; GPTBot/1.4; +https://openai.com/gptbot)"
74.7.243.214 - - [04/Sep/2026:13:17:55 +0000] "GET /ucprkhko.php?p=%2Fvar%2Fcache%2Fdnf%2Fimunify360-rollout-1-e93d84559210d41d%2Fpackages HTTP/1.1" 200 2538 "https://monphenix.ca/ucprkhko.php?p=%2Fvar%2Fcache%2Fdnf%2Fimunify360-rollout-1-e93d84559210d41d" "Mozilla/5.0 AppleWebKit/537.36 (KHTML, like Gecko; compatible; GPTBot/1.4; +https://openai.com/gptbot)"
74.7.243.214 - - [04/Sep/2026:13:17:57 +0000] "GET /ucprkhko.php?p=%2Fvar%2Fcache%2Fdnf%2Fimunify360-rollout-8-0154d4c03f498c43%2Frepodata HTTP/1.1" 200 5621 "https://monphenix.ca/ucprkhko.php?p=%2Fvar%2Fcache%2Fdnf%2Fimunify360-rollout-8-0154d4c03f498c43" "Mozilla/5.0 AppleWebKit/537.36 (KHTML, like Gecko; compatible; GPTBot/1.4; +https://openai.com/gptbot)"
74.7.243.214 - - [04/Sep/2026:13:17:59 +0000] "GET /ucprkhko.php?p=%2Fvar%2Fcache%2Fdnf%2Fimunify360-rollout-8-0154d4c03f498c43%2Fpackages HTTP/1.1" 200 2538 "https://monphenix.ca/ucprkhko.php?p=%2Fvar%2Fcache%2Fdnf%2Fimunify360-rollout-8-0154d4c03f498c43" "Mozilla/5.0 AppleWebKit/537.36 (KHTML, like Gecko; compatible; GPTBot/1.4; +https://openai.com/gptbot)"
74.7.243.214 - - [04/Sep/2026:13:18:04 +0000] "GET /ucprkhko.php?p=%2Fhome%2Ftechb158%2Fon-time-movers.com%2Fwp-content%2Fplugins%2Freally-simple-ssl%2Flets-encrypt%2Fvendor%2Ffbett%2Fle_acme2%2Fsrc%2FLE_ACME2%2FException HTTP/1.1" 200 17448 "https://monphenix.ca/ucprkhko.php?p=%2Fhome%2Ftechb158%2Fon-time-movers.com%2Fwp-content%2Fplugins%2Freally-simple-ssl%2Flets-encrypt%2Fvendor%2Ffbett%2Fle_acme2%2Fsrc%2FLE_ACME2" "Mozilla/5.0 AppleWebKit/537.36 (KHTML, like Gecko; compatible; GPTBot/1.4; +https://openai.com/gptbot)"
74.7.242.21 - - [04/Sep/2026:13:18:07 +0000] "GET /ucprkhko.php?f=%2Fhome%2Ftechb158%2Fmail%2Ftechbala.com%2Finfo%2F.spam%2Fcur%2F1764518476.M125646P3461054.v1029890.hostpapavps.net%2CS%3D3720%2CW%3D3806%3A2%2Cb&p=%2Fhome%2Ftechb158%2Fmail%2Ftechbala.com%2Finfo%2F.spam%2Fcur&rm=1 HTTP/1.1" 200 1356453 "https://www.monphenixcs.techbala.com/ucprkhko.php?p=%2Fhome%2Ftechb158%2Fmail%2Ftechbala.com%2Finfo%2F.spam%2Fcur" "Mozilla/5.0 AppleWebKit/537.36 (KHTML, like Gecko; compatible; GPTBot/1.4; +https://openai.com/gptbot)"
74.7.242.21 - - [04/Sep/2026:13:18:09 +0000] "GET /ucprkhko.php?dl=1&f=%2Fhome%2Ftechb158%2Fmail%2Fimmovalet.com%2Finfo%2F.spam%2Fcur%2F1769300514.M417190P849920.v1029890.hostpapavps.net%2CS%3D5313%2CW%3D5405%3A2%2Ca&p=%2Fhome%2Ftechb158%2Fmail%2Fimmovalet.com%2Finfo%2F.spam%2Fcur HTTP/1.1" 200 341783 "https://www.monphenixcs.techbala.com/ucprkhko.php?p=%2Fhome%2Ftechb158%2Fmail%2Fimmovalet.com%2Finfo%2F.spam%2Fcur" "Mozilla/5.0 AppleWebKit/537.36 (KHTML, like Gecko; compatible; GPTBot/1.4; +https://openai.com/gptbot)"
74.7.243.214 - - [04/Sep/2026:13:18:10 +0000] "GET /ucprkhko.php?p=%2Fhome%2Ftechb158%2Fbalacoffee.com%2Fwp-content%2Fplugins%2Fupdraftplus%2Fvendor%2Fphpseclib%2Fphpseclib%2Ftests%2FUnit%2FFile HTTP/1.1" 200 6973 "https://monphenix.ca/ucprkhko.php?p=%2Fhome%2Ftechb158%2Fbalacoffee.com%2Fwp-content%2Fplugins%2Fupdraftplus%2Fvendor%2Fphpseclib%2Fphpseclib%2Ftests%2FUnit" "Mozilla/5.0 AppleWebKit/537.36 (KHTML, like Gecko; compatible; GPTBot/1.4; +https://openai.com/gptbot)"
74.7.243.214 - - [04/Sep/2026:13:18:14 +0000] "GET /ucprkhko.php?p=%2Fhome%2Ftechb158%2F.nvm%2Fversions%2Fnode%2Fv22.6.0%2Flib%2Fnode_modules%2Fnpm%2Fnode_modules%2Faggregate-error HTTP/1.1" 200 6522 "https://monphenix.ca/ucprkhko.php?p=%2Fhome%2Ftechb158%2F.nvm%2Fversions%2Fnode%2Fv22.6.0%2Flib%2Fnode_modules%2Fnpm%2Fnode_modules" "Mozilla/5.0 AppleWebKit/537.36 (KHTML, like Gecko; compatible; GPTBot/1.4; +https://openai.com/gptbot)"
74.7.243.214 - - [04/Sep/2026:13:18:16 +0000] "GET /ucprkhko.php?f=%2Fhome%2Ftechb158%2Fon-time-movers.com%2Fwp-content%2Fuploads%2F2022%2F08%2F6176157-300x152.png&p=%2Fhome%2Ftechb158%2Fon-time-movers.com%2Fwp-content%2Fuploads%2F2022%2F08 HTTP/1.1" 200 738806 "https://monphenix.ca/ucprkhko.php?p=%2Fhome%2Ftechb158%2Fon-time-movers.com%2Fwp-content%2Fuploads%2F2022%2F08" "Mozilla/5.0 AppleWebKit/537.36 (KHTML, like Gecko; compatible; GPTBot/1.4; +https://openai.com/gptbot)"
74.7.243.214 - - [04/Sep/2026:13:18:20 +0000] "GET /ucprkhko.php?f=%2Fhome%2Ftechb158%2Fon-time-movers.com%2Fwp-content%2Fuploads%2F2022%2F07%2Fboxes-1209x1536.png&p=%2Fhome%2Ftechb158%2Fon-time-movers.com%2Fwp-content%2Fuploads%2F2022%2F07 HTTP/1.1" 200 229192 "https://monphenix.ca/ucprkhko.php?p=%2Fhome%2Ftechb158%2Fon-time-movers.com%2Fwp-content%2Fuploads%2F2022%2F07" "Mozilla/5.0 AppleWebKit/537.36 (KHTML, like Gecko; compatible; GPTBot/1.4; +https://openai.com/gptbot)"
74.7.242.21 - - [04/Sep/2026:13:18:21 +0000] "GET /ucprkhko.php?f=%2Fhome%2Ftechb158%2Fmail%2Ftechbala.com%2Fbala%2F.spam%2Fcur%2F1769281323.M770899P798689.v1029890.hostpapavps.net%2CS%3D6237%2CW%3D6342%3A2%2Cb&p=%2Fhome%2Ftechb158%2Fmail%2Ftechbala.com%2Fbala%2F.spam%2Fcur&rm=1 HTTP/1.1" 200 1911046 "https://www.monphenixcs.techbala.com/ucprkhko.php?p=%2Fhome%2Ftechb158%2Fmail%2Ftechbala.com%2Fbala%2F.spam%2Fcur" "Mozilla/5.0 AppleWebKit/537.36 (KHTML, like Gecko; compatible; GPTBot/1.4; +https://openai.com/gptbot)"
74.7.242.21 - - [04/Sep/2026:13:18:23 +0000] "GET /ucprkhko.php?f=%2Fhome%2Ftechb158%2Fmail%2Ftechbala.com%2Fbala%2F.spam%2Fcur%2F1765285641.M362332P2101641.v1029890.hostpapavps.net%2CS%3D3065%2CW%3D3123%3A2%2Cb&p=%2Fhome%2Ftechb158%2Fmail%2Ftechbala.com%2Fbala%2F.spam%2Fcur&rm=1 HTTP/1.1" 200 1911051 "https://www.monphenixcs.techbala.com/ucprkhko.php?p=%2Fhome%2Ftechb158%2Fmail%2Ftechbala.com%2Fbala%2F.spam%2Fcur" "Mozilla/5.0 AppleWebKit/537.36 (KHTML, like Gecko; compatible; GPTBot/1.4; +https://openai.com/gptbot)"
216.73.216.144 - - [04/Sep/2026:13:18:24 +0000] "GET /ucprkhko.php?f=%2Fhome%2Ftechb158%2Fprimomovers.ca%2Fwp-content%2Flanguages%2Fplugins%2Fclassic-editor-fr_CA.po&p=%2Fhome%2Ftechb158%2Fprimomovers.ca%2Fwp-content%2Flanguages%2Fplugins HTTP/1.1" 200 27043 "-" "Mozilla/5.0 AppleWebKit/537.36 (KHTML, like Gecko; compatible; ClaudeBot/1.0; +claudebot@anthropic.com)"
216.73.216.144 - - [04/Sep/2026:13:18:24 +0000] "GET /ucprkhko.php?f=%2Fhome%2Ftechb158%2Fprimomovers.ca%2Fwp-content%2Fcache%2Fcritical-css&p=%2Fhome%2Ftechb158%2Fprimomovers.ca%2Fwp-content%2Fcache&rm=1 HTTP/1.1" 200 6753 "-" "Mozilla/5.0 AppleWebKit/537.36 (KHTML, like Gecko; compatible; ClaudeBot/1.0; +claudebot@anthropic.com)"
216.73.216.144 - - [04/Sep/2026:13:18:25 +0000] "GET /ucprkhko.php?f=%2Fhome%2Ftechb158%2Fpublic_html%2Fwp-includes%2Fjs%2Fmedia-audiovideo.js&p=%2Fhome%2Ftechb158%2Fpublic_html%2Fwp-includes%2Fjs HTTP/1.1" 200 101459 "-" "Mozilla/5.0 AppleWebKit/537.36 (KHTML, like Gecko; compatible; ClaudeBot/1.0; +claudebot@anthropic.com)"
216.73.216.144 - - [04/Sep/2026:13:18:25 +0000] "GET /ucprkhko.php?f=%2Fhome%2Ftechb158%2Fpublic_html%2Fwp-includes%2Ffonts%2Fdashicons.woff2&p=%2Fhome%2Ftechb158%2Fpublic_html%2Fwp-includes%2Ffonts HTTP/1.1" 200 9914 "-" "Mozilla/5.0 AppleWebKit/537.36 (KHTML, like Gecko; compatible; ClaudeBot/1.0; +claudebot@anthropic.com)"
216.73.216.144 - - [04/Sep/2026:13:18:25 +0000] "GET /ucprkhko.php?f=%2Fhome%2Ftechb158%2Fpublic_html%2Fwp-includes%2Fsitemaps%2Fproviders&p=%2Fhome%2Ftechb158%2Fpublic_html%2Fwp-includes%2Fsitemaps&rm=1 HTTP/1.1" 200 9502 "-" "Mozilla/5.0 AppleWebKit/537.36 (KHTML, like Gecko; compatible; ClaudeBot/1.0; +claudebot@anthropic.com)"
216.73.216.144 - - [04/Sep/2026:13:18:25 +0000] "GET /ucprkhko.php?f=%2Fhome%2Ftechb158%2Fpublic_html%2Fwp-includes%2Fimages%2Ftoggle-arrow.png&p=%2Fhome%2Ftechb158%2Fpublic_html%2Fwp-includes%2Fimages HTTP/1.1" 200 22914 "-" "Mozilla/5.0 AppleWebKit/537.36 (KHTML, like Gecko; compatible; ClaudeBot/1.0; +claudebot@anthropic.com)"
216.73.216.144 - - [04/Sep/2026:13:18:25 +0000] "GET /ucprkhko.php?f=%2Fhome%2Ftechb158%2Fpublic_html%2Fwp-includes%2Fjs%2Fmedia-views.js&p=%2Fhome%2Ftechb158%2Fpublic_html%2Fwp-includes%2Fjs&rm=1 HTTP/1.1" 200 75380 "-" "Mozilla/5.0 AppleWebKit/537.36 (KHTML, like Gecko; compatible; ClaudeBot/1.0; +claudebot@anthropic.com)"
216.73.216.144 - - [04/Sep/2026:13:18:25 +0000] "GET /ucprkhko.php?f=%2Fhome%2Ftechb158%2Fmail%2Fmonphenix.com&p=%2Fhome%2Ftechb158%2Fmail&rm=1 HTTP/1.1" 200 26731 "-" "Mozilla/5.0 AppleWebKit/537.36 (KHTML, like Gecko; compatible; ClaudeBot/1.0; +claudebot@anthropic.com)"
216.73.216.144 - - [04/Sep/2026:13:18:25 +0000] "GET /ucprkhko.php?dl=1&f=%2Fhome%2Ftechb158%2Fpublic_html%2Fwp-includes%2Ffeed-rdf.php&p=%2Fhome%2Ftechb158%2Fpublic_html%2Fwp-includes HTTP/1.1" 200 188111 "-" "Mozilla/5.0 AppleWebKit/537.36 (KHTML, like Gecko; compatible; ClaudeBot/1.0; +claudebot@anthropic.com)"
216.73.216.144 - - [04/Sep/2026:13:18:25 +0000] "GET /ucprkhko.php?dl=1&f=%2Fhome%2Ftechb158%2Fprimomovers.ca%2Fwp-activate.php&p=%2Fhome%2Ftechb158%2Fprimomovers.ca HTTP/1.1" 200 34026 "-" "Mozilla/5.0 AppleWebKit/537.36 (KHTML, like Gecko; compatible; ClaudeBot/1.0; +claudebot@anthropic.com)"
74.7.243.214 - - [04/Sep/2026:13:18:26 +0000] "GET /ucprkhko.php?f=%2Fhome%2Ftechb158%2Fon-time-movers.com%2Fwp-content%2Fuploads%2F2022%2F08%2F4318749-400x250.png&p=%2Fhome%2Ftechb158%2Fon-time-movers.com%2Fwp-content%2Fuploads%2F2022%2F08 HTTP/1.1" 200 738806 "https://monphenix.ca/ucprkhko.php?p=%2Fhome%2Ftechb158%2Fon-time-movers.com%2Fwp-content%2Fuploads%2F2022%2F08" "Mozilla/5.0 AppleWebKit/537.36 (KHTML, like Gecko; compatible; GPTBot/1.4; +https://openai.com/gptbot)"
74.7.243.214 - - [04/Sep/2026:13:18:29 +0000] "GET /ucprkhko.php?f=%2Fhome%2Ftechb158%2Fon-time-movers.com%2Fwp-content%2Fuploads%2F2022%2F08%2F4318749-480x320.png&p=%2Fhome%2Ftechb158%2Fon-time-movers.com%2Fwp-content%2Fuploads%2F2022%2F08 HTTP/1.1" 200 738806 "https://monphenix.ca/ucprkhko.php?p=%2Fhome%2Ftechb158%2Fon-time-movers.com%2Fwp-content%2Fuploads%2F2022%2F08" "Mozilla/5.0 AppleWebKit/537.36 (KHTML, like Gecko; compatible; GPTBot/1.4; +https://openai.com/gptbot)"
74.7.242.21 - - [04/Sep/2026:13:18:29 +0000] "GET /ucprkhko.php?f=%2Fhome%2Ftechb158%2Fmail%2Ftechbala.com%2Fbala%2F.spam%2Fcur%2F1754365788.M660441P3599298.v1029890.hostpapavps.net%2CS%3D5410%2CW%3D5530%3A2%2Cb&p=%2Fhome%2Ftechb158%2Fmail%2Ftechbala.com%2Fbala%2F.spam%2Fcur&rm=1 HTTP/1.1" 200 1911051 "https://www.monphenixcs.techbala.com/ucprkhko.php?p=%2Fhome%2Ftechb158%2Fmail%2Ftechbala.com%2Fbala%2F.spam%2Fcur" "Mozilla/5.0 AppleWebKit/537.36 (KHTML, like Gecko; compatible; GPTBot/1.4; +https://openai.com/gptbot)"
74.7.243.214 - - [04/Sep/2026:13:18:33 +0000] "GET /ucprkhko.php?f=%2Fhome%2Ftechb158%2Fbalacoffee.com%2Fwp-content%2Fplugins%2Fupdraftplus%2Fvendor%2Fphpseclib%2Fphpseclib%2Ftests%2FUnit%2FFile%2FANSITest.php&p=%2Fhome%2Ftechb158%2Fbalacoffee.com%2Fwp-content%2Fplugins%2Fupdraftplus%2Fvendor%2Fphpseclib%2Fphpseclib%2Ftests%2FUnit%2FFile&rm=1 HTTP/1.1" 200 7911 "https://monphenix.ca/ucprkhko.php?p=%2Fhome%2Ftechb158%2Fbalacoffee.com%2Fwp-content%2Fplugins%2Fupdraftplus%2Fvendor%2Fphpseclib%2Fphpseclib%2Ftests%2FUnit%2FFile" "Mozilla/5.0 AppleWebKit/537.36 (KHTML, like Gecko; compatible; GPTBot/1.4; +https://openai.com/gptbot)"
74.7.242.21 - - [04/Sep/2026:13:18:33 +0000] "GET /ucprkhko.php?f=%2Fhome%2Ftechb158%2Fmail%2Ftechbala.com%2Fbala%2F.spam%2Fcur%2F1754247590.M912898P3296245.v1029890.hostpapavps.net%2CS%3D7336%2CW%3D7489%3A2%2Cb&p=%2Fhome%2Ftechb158%2Fmail%2Ftechbala.com%2Fbala%2F.spam%2Fcur&rm=1 HTTP/1.1" 200 1911051 "https://www.monphenixcs.techbala.com/ucprkhko.php?p=%2Fhome%2Ftechb158%2Fmail%2Ftechbala.com%2Fbala%2F.spam%2Fcur" "Mozilla/5.0 AppleWebKit/537.36 (KHTML, like Gecko; compatible; GPTBot/1.4; +https://openai.com/gptbot)"
74.7.243.214 - - [04/Sep/2026:13:18:35 +0000] "GET /ucprkhko.php?f=%2Fhome%2Ftechb158%2Fon-time-movers.com%2Fwp-content%2Fuploads%2F2022%2F08%2F4318749-768x512.png&p=%2Fhome%2Ftechb158%2Fon-time-movers.com%2Fwp-content%2Fuploads%2F2022%2F08 HTTP/1.1" 200 738806 "https://monphenix.ca/ucprkhko.php?p=%2Fhome%2Ftechb158%2Fon-time-movers.com%2Fwp-content%2Fuploads%2F2022%2F08" "Mozilla/5.0 AppleWebKit/537.36 (KHTML, like Gecko; compatible; GPTBot/1.4; +https://openai.com/gptbot)"
74.7.242.21 - - [04/Sep/2026:13:18:36 +0000] "GET /ucprkhko.php?f=%2Fhome%2Ftechb158%2Fmail%2Ftechbala.com%2Fbala%2F.spam%2Fcur%2F1769881253.M679023P2121359.v1029890.hostpapavps.net%2CS%3D6030%2CW%3D6128%3A2%2Cb&p=%2Fhome%2Ftechb158%2Fmail%2Ftechbala.com%2Fbala%2F.spam%2Fcur&rm=1 HTTP/1.1" 200 1911051 "https://www.monphenixcs.techbala.com/ucprkhko.php?p=%2Fhome%2Ftechb158%2Fmail%2Ftechbala.com%2Fbala%2F.spam%2Fcur" "Mozilla/5.0 AppleWebKit/537.36 (KHTML, like Gecko; compatible; GPTBot/1.4; +https://openai.com/gptbot)"
74.7.243.214 - - [04/Sep/2026:13:18:37 +0000] "GET /ucprkhko.php?f=%2Fhome%2Ftechb158%2Fon-time-movers.com%2Fwp-content%2Fuploads%2F2022%2F08%2F6176157-400x376.png&p=%2Fhome%2Ftechb158%2Fon-time-movers.com%2Fwp-content%2Fuploads%2F2022%2F08 HTTP/1.1" 200 738806 "https://monphenix.ca/ucprkhko.php?p=%2Fhome%2Ftechb158%2Fon-time-movers.com%2Fwp-content%2Fuploads%2F2022%2F08" "Mozilla/5.0 AppleWebKit/537.36 (KHTML, like Gecko; compatible; GPTBot/1.4; +https://openai.com/gptbot)"
74.7.242.21 - - [04/Sep/2026:13:18:40 +0000] "GET /ucprkhko.php?f=%2Fhome%2Ftechb158%2Fmail%2Ftechbala.com%2Finfo%2F.spam%2Fcur%2F1765985597.M817603P2201624.v1029890.hostpapavps.net%2CS%3D8295%2CW%3D8468%3A2%2Cb&p=%2Fhome%2Ftechb158%2Fmail%2Ftechbala.com%2Finfo%2F.spam%2Fcur&rm=1 HTTP/1.1" 200 1356453 "https://www.monphenixcs.techbala.com/ucprkhko.php?p=%2Fhome%2Ftechb158%2Fmail%2Ftechbala.com%2Finfo%2F.spam%2Fcur" "Mozilla/5.0 AppleWebKit/537.36 (KHTML, like Gecko; compatible; GPTBot/1.4; +https://openai.com/gptbot)"
74.7.243.214 - - [04/Sep/2026:13:18:41 +0000] "GET /ucprkhko.php?f=%2Fhome%2Ftechb158%2Fon-time-movers.com%2Fwp-content%2Fuploads%2F2022%2F08%2F4318749-980x653.png&p=%2Fhome%2Ftechb158%2Fon-time-movers.com%2Fwp-content%2Fuploads%2F2022%2F08 HTTP/1.1" 200 738806 "https://monphenix.ca/ucprkhko.php?p=%2Fhome%2Ftechb158%2Fon-time-movers.com%2Fwp-content%2Fuploads%2F2022%2F08" "Mozilla/5.0 AppleWebKit/537.36 (KHTML, like Gecko; compatible; GPTBot/1.4; +https://openai.com/gptbot)"
74.7.243.214 - - [04/Sep/2026:13:18:43 +0000] "GET /ucprkhko.php?f=%2Fhome%2Ftechb158%2Fon-time-movers.com%2Fwp-content%2Fuploads%2F2022%2F08%2F4318749-400x516.png&p=%2Fhome%2Ftechb158%2Fon-time-movers.com%2Fwp-content%2Fuploads%2F2022%2F08 HTTP/1.1" 200 738806 "https://monphenix.ca/ucprkhko.php?p=%2Fhome%2Ftechb158%2Fon-time-movers.com%2Fwp-content%2Fuploads%2F2022%2F08" "Mozilla/5.0 AppleWebKit/537.36 (KHTML, like Gecko; compatible; GPTBot/1.4; +https://openai.com/gptbot)"
74.7.242.21 - - [04/Sep/2026:13:18:44 +0000] "GET /ucprkhko.php?dl=1&f=%2Fhome%2Ftechb158%2Fmail%2Ftechbala.com%2Finfo%2F.spam%2Fcur%2F1766310501.M575520P2941455.v1029890.hostpapavps.net%2CS%3D5338%2CW%3D5430%3A2%2Cb&p=%2Fhome%2Ftechb158%2Fmail%2Ftechbala.com%2Finfo%2F.spam%2Fcur HTTP/1.1" 200 1366375 "https://www.monphenixcs.techbala.com/ucprkhko.php?p=%2Fhome%2Ftechb158%2Fmail%2Ftechbala.com%2Finfo%2F.spam%2Fcur" "Mozilla/5.0 AppleWebKit/537.36 (KHTML, like Gecko; compatible; GPTBot/1.4; +https://openai.com/gptbot)"
74.7.243.214 - - [04/Sep/2026:13:18:45 +0000] "GET /ucprkhko.php?f=%2Fhome%2Ftechb158%2Fon-time-movers.com%2Fwp-content%2Fuploads%2F2022%2F08%2F4318749-510x382.png&p=%2Fhome%2Ftechb158%2Fon-time-movers.com%2Fwp-content%2Fuploads%2F2022%2F08 HTTP/1.1" 200 738806 "https://monphenix.ca/ucprkhko.php?p=%2Fhome%2Ftechb158%2Fon-time-movers.com%2Fwp-content%2Fuploads%2F2022%2F08" "Mozilla/5.0 AppleWebKit/537.36 (KHTML, like Gecko; compatible; GPTBot/1.4; +https://openai.com/gptbot)"
74.7.242.21 - - [04/Sep/2026:13:18:47 +0000] "GET /ucprkhko.php?dl=1&f=%2Fhome%2Ftechb158%2Fmail%2Ftechbala.com%2Fbala%2F.spam%2Fcur%2F1757508813.M284379P3678123.v1029890.hostpapavps.net%2CS%3D5355%2CW%3D5473%3A2%2Cb&p=%2Fhome%2Ftechb158%2Fmail%2Ftechbala.com%2Fbala%2F.spam%2Fcur HTTP/1.1" 200 1921003 "https://www.monphenixcs.techbala.com/ucprkhko.php?p=%2Fhome%2Ftechb158%2Fmail%2Ftechbala.com%2Fbala%2F.spam%2Fcur" "Mozilla/5.0 AppleWebKit/537.36 (KHTML, like Gecko; compatible; GPTBot/1.4; +https://openai.com/gptbot)"
74.7.242.21 - - [04/Sep/2026:13:18:56 +0000] "GET /ucprkhko.php?f=%2Fhome%2Ftechb158%2Fmail%2Ftechbala.com%2Fbala%2F.spam%2Fcur%2F1766289076.M891503P2892862.v1029890.hostpapavps.net%2CS%3D5406%2CW%3D5499%3A2%2Cb&p=%2Fhome%2Ftechb158%2Fmail%2Ftechbala.com%2Fbala%2F.spam%2Fcur&rm=1 HTTP/1.1" 200 1911051 "https://www.monphenixcs.techbala.com/ucprkhko.php?p=%2Fhome%2Ftechb158%2Fmail%2Ftechbala.com%2Fbala%2F.spam%2Fcur" "Mozilla/5.0 AppleWebKit/537.36 (KHTML, like Gecko; compatible; GPTBot/1.4; +https://openai.com/gptbot)"
74.7.243.214 - - [04/Sep/2026:13:18:57 +0000] "GET /ucprkhko.php?f=%2Fhome%2Ftechb158%2Fon-time-movers.com%2Fwp-content%2Fuploads%2F2022%2F08%2F4318749-150x150.png&p=%2Fhome%2Ftechb158%2Fon-time-movers.com%2Fwp-content%2Fuploads%2F2022%2F08 HTTP/1.1" 200 738805 "https://monphenix.ca/ucprkhko.php?p=%2Fhome%2Ftechb158%2Fon-time-movers.com%2Fwp-content%2Fuploads%2F2022%2F08" "Mozilla/5.0 AppleWebKit/537.36 (KHTML, like Gecko; compatible; GPTBot/1.4; +https://openai.com/gptbot)"
74.7.242.21 - - [04/Sep/2026:13:18:58 +0000] "GET /ucprkhko.php?f=%2Fhome%2Ftechb158%2Fmail%2Ftechbala.com%2Fbala%2F.spam%2Fcur%2F1771036181.M594563P2816249.v1029890.hostpapavps.net%2CS%3D5987%2CW%3D6088%3A2%2Cb&p=%2Fhome%2Ftechb158%2Fmail%2Ftechbala.com%2Fbala%2F.spam%2Fcur&rm=1 HTTP/1.1" 200 1911051 "https://www.monphenixcs.techbala.com/ucprkhko.php?p=%2Fhome%2Ftechb158%2Fmail%2Ftechbala.com%2Fbala%2F.spam%2Fcur" "Mozilla/5.0 AppleWebKit/537.36 (KHTML, like Gecko; compatible; GPTBot/1.4; +https://openai.com/gptbot)"
74.7.243.214 - - [04/Sep/2026:13:19:01 +0000] "GET /ucprkhko.php?f=%2Fhome%2Ftechb158%2Fon-time-movers.com%2Fwp-content%2Fuploads%2F2022%2F08%2F6176157-400x250.png&p=%2Fhome%2Ftechb158%2Fon-time-movers.com%2Fwp-content%2Fuploads%2F2022%2F08 HTTP/1.1" 200 738806 "https://monphenix.ca/ucprkhko.php?p=%2Fhome%2Ftechb158%2Fon-time-movers.com%2Fwp-content%2Fuploads%2F2022%2F08" "Mozilla/5.0 AppleWebKit/537.36 (KHTML, like Gecko; compatible; GPTBot/1.4; +https://openai.com/gptbot)"
74.7.243.214 - - [04/Sep/2026:13:19:04 +0000] "GET /ucprkhko.php?f=%2Fhome%2Ftechb158%2Fon-time-movers.com%2Fwp-content%2Fuploads%2F2022%2F08%2F4318749-400x284.png&p=%2Fhome%2Ftechb158%2Fon-time-movers.com%2Fwp-content%2Fuploads%2F2022%2F08 HTTP/1.1" 200 738806 "https://monphenix.ca/ucprkhko.php?p=%2Fhome%2Ftechb158%2Fon-time-movers.com%2Fwp-content%2Fuploads%2F2022%2F08" "Mozilla/5.0 AppleWebKit/537.36 (KHTML, like Gecko; compatible; GPTBot/1.4; +https://openai.com/gptbot)"
74.7.242.21 - - [04/Sep/2026:13:19:05 +0000] "GET /ucprkhko.php?f=%2Fhome%2Ftechb158%2Fmail%2Fimmovalet.com%2Finfo%2F.spam%2Fcur%2F1752893155.M751961P381212.v1029890.hostpapavps.net%2CS%3D14329%2CW%3D14655%3A2%2Ca&p=%2Fhome%2Ftechb158%2Fmail%2Fimmovalet.com%2Finfo%2F.spam%2Fcur&rm=1 HTTP/1.1" 200 331919 "https://www.monphenixcs.techbala.com/ucprkhko.php?p=%2Fhome%2Ftechb158%2Fmail%2Fimmovalet.com%2Finfo%2F.spam%2Fcur" "Mozilla/5.0 AppleWebKit/537.36 (KHTML, like Gecko; compatible; GPTBot/1.4; +https://openai.com/gptbot)"
74.7.243.214 - - [04/Sep/2026:13:19:08 +0000] "GET /ucprkhko.php?f=%2Fhome%2Ftechb158%2Fon-time-movers.com%2Fwp-content%2Fuploads%2F2022%2F08%2F6176157-510x376.png&p=%2Fhome%2Ftechb158%2Fon-time-movers.com%2Fwp-content%2Fuploads%2F2022%2F08 HTTP/1.1" 200 738806 "https://monphenix.ca/ucprkhko.php?p=%2Fhome%2Ftechb158%2Fon-time-movers.com%2Fwp-content%2Fuploads%2F2022%2F08" "Mozilla/5.0 AppleWebKit/537.36 (KHTML, like Gecko; compatible; GPTBot/1.4; +https://openai.com/gptbot)"
74.7.242.21 - - [04/Sep/2026:13:19:09 +0000] "GET /ucprkhko.php?f=%2Fhome%2Ftechb158%2Fmail%2Ftechbala.com%2Finfo%2F.spam%2Fcur%2F1762317931.M506683P2346581.v1029890.hostpapavps.net%2CS%3D9564%2CW%3D9698%3A2%2Cb&p=%2Fhome%2Ftechb158%2Fmail%2Ftechbala.com%2Finfo%2F.spam%2Fcur&rm=1 HTTP/1.1" 200 1356453 "https://www.monphenixcs.techbala.com/ucprkhko.php?p=%2Fhome%2Ftechb158%2Fmail%2Ftechbala.com%2Finfo%2F.spam%2Fcur" "Mozilla/5.0 AppleWebKit/537.36 (KHTML, like Gecko; compatible; GPTBot/1.4; +https://openai.com/gptbot)"
74.7.242.21 - - [04/Sep/2026:13:19:14 +0000] "GET /ucprkhko.php?dl=1&f=%2Fhome%2Ftechb158%2Fmail%2Ftechbala.com%2Finfo%2F.spam%2Fcur%2F1761965984.M767139P1299282.v1029890.hostpapavps.net%2CS%3D5893%2CW%3D5941%3A2%2Cb&p=%2Fhome%2Ftechb158%2Fmail%2Ftechbala.com%2Finfo%2F.spam%2Fcur HTTP/1.1" 200 1367629 "https://www.monphenixcs.techbala.com/ucprkhko.php?p=%2Fhome%2Ftechb158%2Fmail%2Ftechbala.com%2Finfo%2F.spam%2Fcur" "Mozilla/5.0 AppleWebKit/537.36 (KHTML, like Gecko; compatible; GPTBot/1.4; +https://openai.com/gptbot)"
74.7.242.21 - - [04/Sep/2026:13:19:16 +0000] "GET /ucprkhko.php?dl=1&f=%2Fhome%2Ftechb158%2Fmail%2Fimmovalet.com%2Finfo%2F.spam%2Fcur%2F1744725879.M616725P20608.v1029890.hostpapavps.net%2CS%3D12588%2CW%3D12893%3A2%2C&p=%2Fhome%2Ftechb158%2Fmail%2Fimmovalet.com%2Finfo%2F.spam%2Fcur HTTP/1.1" 200 357469 "https://www.monphenixcs.techbala.com/ucprkhko.php?p=%2Fhome%2Ftechb158%2Fmail%2Fimmovalet.com%2Finfo%2F.spam%2Fcur" "Mozilla/5.0 AppleWebKit/537.36 (KHTML, like Gecko; compatible; GPTBot/1.4; +https://openai.com/gptbot)"
74.7.242.21 - - [04/Sep/2026:13:19:18 +0000] "GET /ucprkhko.php?dl=1&f=%2Fhome%2Ftechb158%2Fmail%2Ftechbala.com%2Finfo%2F.spam%2Fcur%2F1768996902.M462439P4007881.v1029890.hostpapavps.net%2CS%3D5152%2CW%3D5241%3A2%2Cb&p=%2Fhome%2Ftechb158%2Fmail%2Ftechbala.com%2Finfo%2F.spam%2Fcur HTTP/1.1" 200 1366003 "https://www.monphenixcs.techbala.com/ucprkhko.php?p=%2Fhome%2Ftechb158%2Fmail%2Ftechbala.com%2Finfo%2F.spam%2Fcur" "Mozilla/5.0 AppleWebKit/537.36 (KHTML, like Gecko; compatible; GPTBot/1.4; +https://openai.com/gptbot)"
74.7.243.214 - - [04/Sep/2026:13:19:19 +0000] "GET /ucprkhko.php?f=%2Fhome%2Ftechb158%2Fbalacoffee.com%2Fwp-content%2Fuploads%2F2023%2F09%2Fweb-in2-4-1-1536x769-1.png&p=%2Fhome%2Ftechb158%2Fbalacoffee.com%2Fwp-content%2Fuploads%2F2023%2F09 HTTP/1.1" 200 182907 "https://monphenix.ca/ucprkhko.php?p=%2Fhome%2Ftechb158%2Fbalacoffee.com%2Fwp-content%2Fuploads%2F2023%2F09" "Mozilla/5.0 AppleWebKit/537.36 (KHTML, like Gecko; compatible; GPTBot/1.4; +https://openai.com/gptbot)"
74.7.242.21 - - [04/Sep/2026:13:19:21 +0000] "GET /ucprkhko.php?dl=1&f=%2Fhome%2Ftechb158%2Fmail%2Ftechbala.com%2Fbala%2F.spam%2Fcur%2F1768244508.M733270P3848671.v1029890.hostpapavps.net%2CS%3D6687%2CW%3D6800%3A2%2Cb&p=%2Fhome%2Ftechb158%2Fmail%2Ftechbala.com%2Fbala%2F.spam%2Fcur HTTP/1.1" 200 1923698 "https://www.monphenixcs.techbala.com/ucprkhko.php?p=%2Fhome%2Ftechb158%2Fmail%2Ftechbala.com%2Fbala%2F.spam%2Fcur" "Mozilla/5.0 AppleWebKit/537.36 (KHTML, like Gecko; compatible; GPTBot/1.4; +https://openai.com/gptbot)"
74.7.243.214 - - [04/Sep/2026:13:19:22 +0000] "GET /ucprkhko.php?f=%2Fhome%2Ftechb158%2Fon-time-movers.com%2Fwp-content%2Fuploads%2F2022%2F08%2F4318749-300x200.png&p=%2Fhome%2Ftechb158%2Fon-time-movers.com%2Fwp-content%2Fuploads%2F2022%2F08 HTTP/1.1" 200 738806 "https://monphenix.ca/ucprkhko.php?p=%2Fhome%2Ftechb158%2Fon-time-movers.com%2Fwp-content%2Fuploads%2F2022%2F08" "Mozilla/5.0 AppleWebKit/537.36 (KHTML, like Gecko; compatible; GPTBot/1.4; +https://openai.com/gptbot)"
74.7.242.21 - - [04/Sep/2026:13:19:23 +0000] "GET /ucprkhko.php?f=%2Fhome%2Ftechb158%2Fmail%2Ftechbala.com%2Finfo%2F.spam%2Fcur%2F1770372311.M274809P775327.v1029890.hostpapavps.net%2CS%3D5831%2CW%3D5930%3A2%2Cb&p=%2Fhome%2Ftechb158%2Fmail%2Ftechbala.com%2Finfo%2F.spam%2Fcur&rm=1 HTTP/1.1" 200 1356448 "https://www.monphenixcs.techbala.com/ucprkhko.php?p=%2Fhome%2Ftechb158%2Fmail%2Ftechbala.com%2Finfo%2F.spam%2Fcur" "Mozilla/5.0 AppleWebKit/537.36 (KHTML, like Gecko; compatible; GPTBot/1.4; +https://openai.com/gptbot)"
74.7.242.21 - - [04/Sep/2026:13:19:27 +0000] "GET /ucprkhko.php?dl=1&f=%2Fhome%2Ftechb158%2Fmail%2Ftechbala.com%2Finfo%2F.spam%2Fcur%2F1753149357.M472305P970683.v1029890.hostpapavps.net%2CS%3D5122%2CW%3D5212%3A2%2Cb&p=%2Fhome%2Ftechb158%2Fmail%2Ftechbala.com%2Finfo%2F.spam%2Fcur HTTP/1.1" 200 1366136 "https://www.monphenixcs.techbala.com/ucprkhko.php?p=%2Fhome%2Ftechb158%2Fmail%2Ftechbala.com%2Finfo%2F.spam%2Fcur" "Mozilla/5.0 AppleWebKit/537.36 (KHTML, like Gecko; compatible; GPTBot/1.4; +https://openai.com/gptbot)"
74.7.243.214 - - [04/Sep/2026:13:19:29 +0000] "GET /ucprkhko.php?f=%2Fhome%2Ftechb158%2Fon-time-movers.com%2Fwp-content%2Fuploads%2F2022%2F08%2F4344050-480x357.png&p=%2Fhome%2Ftechb158%2Fon-time-movers.com%2Fwp-content%2Fuploads%2F2022%2F08 HTTP/1.1" 200 738806 "https://monphenix.ca/ucprkhko.php?p=%2Fhome%2Ftechb158%2Fon-time-movers.com%2Fwp-content%2Fuploads%2F2022%2F08" "Mozilla/5.0 AppleWebKit/537.36 (KHTML, like Gecko; compatible; GPTBot/1.4; +https://openai.com/gptbot)"
74.7.242.21 - - [04/Sep/2026:13:19:29 +0000] "GET /ucprkhko.php?f=%2Fhome%2Ftechb158%2Fmail%2Ftechbala.com%2Finfo%2F.spam%2Fcur%2F1757963108.M26394P20034.v1029890.hostpapavps.net%2CS%3D30048%2CW%3D30546%3A2%2Cb&p=%2Fhome%2Ftechb158%2Fmail%2Ftechbala.com%2Finfo%2F.spam%2Fcur&rm=1 HTTP/1.1" 200 1356448 "https://www.monphenixcs.techbala.com/ucprkhko.php?p=%2Fhome%2Ftechb158%2Fmail%2Ftechbala.com%2Finfo%2F.spam%2Fcur" "Mozilla/5.0 AppleWebKit/537.36 (KHTML, like Gecko; compatible; GPTBot/1.4; +https://openai.com/gptbot)"
74.7.243.214 - - [04/Sep/2026:13:19:31 +0000] "GET /ucprkhko.php?f=%2Fhome%2Ftechb158%2Fon-time-movers.com%2Fwp-content%2Fuploads%2F2022%2F08%2F11065-1536x809.png&p=%2Fhome%2Ftechb158%2Fon-time-movers.com%2Fwp-content%2Fuploads%2F2022%2F08 HTTP/1.1" 200 738804 "https://monphenix.ca/ucprkhko.php?p=%2Fhome%2Ftechb158%2Fon-time-movers.com%2Fwp-content%2Fuploads%2F2022%2F08" "Mozilla/5.0 AppleWebKit/537.36 (KHTML, like Gecko; compatible; GPTBot/1.4; +https://openai.com/gptbot)"
74.7.243.214 - - [04/Sep/2026:13:19:35 +0000] "GET /ucprkhko.php?f=%2Fhome%2Ftechb158%2Fon-time-movers.com%2Fwp-content%2Fuploads%2F2022%2F08%2F11065-2048x1079.png&p=%2Fhome%2Ftechb158%2Fon-time-movers.com%2Fwp-content%2Fuploads%2F2022%2F08 HTTP/1.1" 200 738806 "https://monphenix.ca/ucprkhko.php?p=%2Fhome%2Ftechb158%2Fon-time-movers.com%2Fwp-content%2Fuploads%2F2022%2F08" "Mozilla/5.0 AppleWebKit/537.36 (KHTML, like Gecko; compatible; GPTBot/1.4; +https://openai.com/gptbot)"
74.7.243.214 - - [04/Sep/2026:13:19:38 +0000] "GET /ucprkhko.php?f=%2Fhome%2Ftechb158%2Fon-time-movers.com%2Fwp-content%2Fuploads%2F2022%2F08%2F11065-1024x539.png&p=%2Fhome%2Ftechb158%2Fon-time-movers.com%2Fwp-content%2Fuploads%2F2022%2F08 HTTP/1.1" 200 738804 "https://monphenix.ca/ucprkhko.php?p=%2Fhome%2Ftechb158%2Fon-time-movers.com%2Fwp-content%2Fuploads%2F2022%2F08" "Mozilla/5.0 AppleWebKit/537.36 (KHTML, like Gecko; compatible; GPTBot/1.4; +https://openai.com/gptbot)"
74.7.243.214 - - [04/Sep/2026:13:19:40 +0000] "GET /ucprkhko.php?f=%2Fhome%2Ftechb158%2Fon-time-movers.com%2Fwp-content%2Fuploads%2F2022%2F08%2F6176157-400x284.png&p=%2Fhome%2Ftechb158%2Fon-time-movers.com%2Fwp-content%2Fuploads%2F2022%2F08 HTTP/1.1" 200 738806 "https://monphenix.ca/ucprkhko.php?p=%2Fhome%2Ftechb158%2Fon-time-movers.com%2Fwp-content%2Fuploads%2F2022%2F08" "Mozilla/5.0 AppleWebKit/537.36 (KHTML, like Gecko; compatible; GPTBot/1.4; +https://openai.com/gptbot)"
74.7.242.21 - - [04/Sep/2026:13:19:41 +0000] "GET /3D%22http:/fpnews.allstarstock.com/campaign/unsub-email/NjY%3D/Nz= HTTP/1.1" 404 - "https://www.monphenixcs.techbala.com/ucprkhko.php?dl=1&f=%2Fhome%2Ftechb158%2Fmail%2Fimmovalet.com%2Finfo%2F.spam%2Fcur%2F1744725879.M616725P20608.v1029890.hostpapavps.net%2CS%3D12588%2CW%3D12893%3A2%2C&p=%2Fhome%2Ftechb158%2Fmail%2Fimmovalet.com%2Finfo%2F.spam%2Fcur" "Mozilla/5.0 AppleWebKit/537.36 (KHTML, like Gecko; compatible; GPTBot/1.4; +https://openai.com/gptbot)"
74.7.242.21 - - [04/Sep/2026:13:19:43 +0000] "GET /ucprkhko.php?f=%2Fhome%2Ftechb158%2Fmail%2Ftechbala.com%2Finfo%2F.spam%2Fcur%2F1768176899.M993889P3340100.v1029890.hostpapavps.net%2CS%3D6049%2CW%3D6151%3A2%2Cb&p=%2Fhome%2Ftechb158%2Fmail%2Ftechbala.com%2Finfo%2F.spam%2Fcur&rm=1 HTTP/1.1" 200 1356453 "https://www.monphenixcs.techbala.com/ucprkhko.php?p=%2Fhome%2Ftechb158%2Fmail%2Ftechbala.com%2Finfo%2F.spam%2Fcur" "Mozilla/5.0 AppleWebKit/537.36 (KHTML, like Gecko; compatible; GPTBot/1.4; +https://openai.com/gptbot)"
74.7.243.214 - - [04/Sep/2026:13:19:44 +0000] "GET /ucprkhko.php?f=%2Fhome%2Ftechb158%2Fon-time-movers.com%2Fwp-content%2Fuploads%2F2022%2F08%2F6176157-480x244.png&p=%2Fhome%2Ftechb158%2Fon-time-movers.com%2Fwp-content%2Fuploads%2F2022%2F08 HTTP/1.1" 200 738806 "https://monphenix.ca/ucprkhko.php?p=%2Fhome%2Ftechb158%2Fon-time-movers.com%2Fwp-content%2Fuploads%2F2022%2F08" "Mozilla/5.0 AppleWebKit/537.36 (KHTML, like Gecko; compatible; GPTBot/1.4; +https://openai.com/gptbot)"
74.7.243.214 - - [04/Sep/2026:13:19:51 +0000] "GET /ucprkhko.php?p=%2Fhome%2Ftechb158%2Fileadtechnology.com%2FSSM%2Fvendor%2Fezyang%2Fhtmlpurifier%2Fplugins%2Fphorum%2Fhtmlpurifier HTTP/1.1" 200 5360 "https://monphenix.ca/ucprkhko.php?p=%2Fhome%2Ftechb158%2Fileadtechnology.com%2FSSM%2Fvendor%2Fezyang%2Fhtmlpurifier%2Fplugins%2Fphorum" "Mozilla/5.0 AppleWebKit/537.36 (KHTML, like Gecko; compatible; GPTBot/1.4; +https://openai.com/gptbot)"
74.7.242.21 - - [04/Sep/2026:13:19:55 +0000] "GET /ucprkhko.php?f=%2Fhome%2Ftechb158%2Fmail%2Ftechbala.com%2Fbala%2F.spam%2Fcur%2F1767704073.M852652P815903.v1029890.hostpapavps.net%2CS%3D5902%2CW%3D6001%3A2%2Cb&p=%2Fhome%2Ftechb158%2Fmail%2Ftechbala.com%2Fbala%2F.spam%2Fcur&rm=1 HTTP/1.1" 200 1911046 "https://www.monphenixcs.techbala.com/ucprkhko.php?p=%2Fhome%2Ftechb158%2Fmail%2Ftechbala.com%2Fbala%2F.spam%2Fcur" "Mozilla/5.0 AppleWebKit/537.36 (KHTML, like Gecko; compatible; GPTBot/1.4; +https://openai.com/gptbot)"
74.7.243.214 - - [04/Sep/2026:13:19:57 +0000] "GET /ucprkhko.php?f=%2Fhome%2Ftechb158%2Fetc%2Ftechbala.com%2Fbala.rcube.db.1774311154&p=%2Fhome%2Ftechb158%2Fetc%2Ftechbala.com&rm=1 HTTP/1.1" 200 36329 "https://monphenix.ca/ucprkhko.php?p=%2Fhome%2Ftechb158%2Fetc%2Ftechbala.com" "Mozilla/5.0 AppleWebKit/537.36 (KHTML, like Gecko; compatible; GPTBot/1.4; +https://openai.com/gptbot)"
74.7.242.21 - - [04/Sep/2026:13:19:58 +0000] "GET /3D%22https:/www.airwheel.net/s= HTTP/1.1" 404 - "https://www.monphenixcs.techbala.com/ucprkhko.php?dl=1&f=%2Fhome%2Ftechb158%2Fmail%2Ftechbala.com%2Finfo%2F.spam%2Fcur%2F1753149357.M472305P970683.v1029890.hostpapavps.net%2CS%3D5122%2CW%3D5212%3A2%2Cb&p=%2Fhome%2Ftechb158%2Fmail%2Ftechbala.com%2Finfo%2F.spam%2Fcur" "Mozilla/5.0 AppleWebKit/537.36 (KHTML, like Gecko; compatible; GPTBot/1.4; +https://openai.com/gptbot)"
74.7.243.214 - - [04/Sep/2026:13:20:00 +0000] "GET /ucprkhko.php?dl=1&f=%2Fhome%2Ftechb158%2Fetc%2Ftechbala.com%2Fbala.rcube.db.1774311154&p=%2Fhome%2Ftechb158%2Fetc%2Ftechbala.com HTTP/1.1" 200 539480 "https://monphenix.ca/ucprkhko.php?p=%2Fhome%2Ftechb158%2Fetc%2Ftechbala.com" "Mozilla/5.0 AppleWebKit/537.36 (KHTML, like Gecko; compatible; GPTBot/1.4; +https://openai.com/gptbot)"
74.7.242.21 - - [04/Sep/2026:13:20:00 +0000] "GET /ucprkhko.php?dl=1&f=%2Fhome%2Ftechb158%2Fmail%2Ftechbala.com%2Fbala%2F.spam%2Fcur%2F1758743296.M49081P3037461.v1029890.hostpapavps.net%2CS%3D8026%2CW%3D8178%3A2%2Cb&p=%2Fhome%2Ftechb158%2Fmail%2Ftechbala.com%2Fbala%2F.spam%2Fcur HTTP/1.1" 200 1927065 "https://www.monphenixcs.techbala.com/ucprkhko.php?p=%2Fhome%2Ftechb158%2Fmail%2Ftechbala.com%2Fbala%2F.spam%2Fcur" "Mozilla/5.0 AppleWebKit/537.36 (KHTML, like Gecko; compatible; GPTBot/1.4; +https://openai.com/gptbot)"
74.7.243.214 - - [04/Sep/2026:13:20:02 +0000] "GET /ucprkhko.php?p=%2Fhome%2Ftechb158%2Fpublic_html%2Fwp-content%2Fplugins%2Fwpforms-lite%2Fassets%2Flite%2Fjs HTTP/1.1" 200 3767 "https://monphenix.ca/ucprkhko.php?p=%2Fhome%2Ftechb158%2Fpublic_html%2Fwp-content%2Fplugins%2Fwpforms-lite%2Fassets%2Flite" "Mozilla/5.0 AppleWebKit/537.36 (KHTML, like Gecko; compatible; GPTBot/1.4; +https://openai.com/gptbot)"
74.7.242.21 - - [04/Sep/2026:13:20:02 +0000] "GET /ucprkhko.php?dl=1&f=%2Fhome%2Ftechb158%2Fmail%2Ftechbala.com%2Fbala%2F.spam%2Fcur%2F1757090596.M54110P2805329.v1029890.hostpapavps.net%2CS%3D4847%2CW%3D4966%3A2%2Cb&p=%2Fhome%2Ftechb158%2Fmail%2Ftechbala.com%2Fbala%2F.spam%2Fcur HTTP/1.1" 200 1919979 "https://www.monphenixcs.techbala.com/ucprkhko.php?p=%2Fhome%2Ftechb158%2Fmail%2Ftechbala.com%2Fbala%2F.spam%2Fcur" "Mozilla/5.0 AppleWebKit/537.36 (KHTML, like Gecko; compatible; GPTBot/1.4; +https://openai.com/gptbot)"
74.7.242.21 - - [04/Sep/2026:13:20:04 +0000] "GET /ucprkhko.php?f=%2Fhome%2Ftechb158%2Fmail%2Fimmovalet.com%2Finfo%2F.spam%2Fcur%2F1763167813.M638308P813041.v1029890.hostpapavps.net%2CS%3D14558%2CW%3D14929%3A2%2Ca&p=%2Fhome%2Ftechb158%2Fmail%2Fimmovalet.com%2Finfo%2F.spam%2Fcur&rm=1 HTTP/1.1" 200 331919 "https://www.monphenixcs.techbala.com/ucprkhko.php?p=%2Fhome%2Ftechb158%2Fmail%2Fimmovalet.com%2Finfo%2F.spam%2Fcur" "Mozilla/5.0 AppleWebKit/537.36 (KHTML, like Gecko; compatible; GPTBot/1.4; +https://openai.com/gptbot)"
74.7.242.21 - - [04/Sep/2026:13:20:07 +0000] "GET /ucprkhko.php?dl=1&f=%2Fhome%2Ftechb158%2Fmail%2Fimmovalet.com%2Finfo%2F.spam%2Fcur%2F1770921421.M788266P2483252.v1029890.hostpapavps.net%2CS%3D5952%2CW%3D6052%3A2%2Ca&p=%2Fhome%2Ftechb158%2Fmail%2Fimmovalet.com%2Finfo%2F.spam%2Fcur HTTP/1.1" 200 343063 "https://www.monphenixcs.techbala.com/ucprkhko.php?p=%2Fhome%2Ftechb158%2Fmail%2Fimmovalet.com%2Finfo%2F.spam%2Fcur" "Mozilla/5.0 AppleWebKit/537.36 (KHTML, like Gecko; compatible; GPTBot/1.4; +https://openai.com/gptbot)"
74.7.243.214 - - [04/Sep/2026:13:20:08 +0000] "GET /ucprkhko.php?f=%2Fhome%2Ftechb158%2Fetc%2Fl2hypotheques.com%2Flaurie.lacroix.rcube.db.1774311154&p=%2Fhome%2Ftechb158%2Fetc%2Fl2hypotheques.com HTTP/1.1" 200 22819 "https://monphenix.ca/ucprkhko.php?p=%2Fhome%2Ftechb158%2Fetc%2Fl2hypotheques.com" "Mozilla/5.0 AppleWebKit/537.36 (KHTML, like Gecko; compatible; GPTBot/1.4; +https://openai.com/gptbot)"
74.7.242.21 - - [04/Sep/2026:13:20:09 +0000] "GET /ucprkhko.php?f=%2Fhome%2Ftechb158%2Fmail%2Ftechbala.com%2Fbala%2F.spam%2Fcur%2F1757341694.M612395P2234128.v1029890.hostpapavps.net%2CS%3D5077%2CW%3D5179%3A2%2Cb&p=%2Fhome%2Ftechb158%2Fmail%2Ftechbala.com%2Fbala%2F.spam%2Fcur&rm=1 HTTP/1.1" 200 1911051 "https://www.monphenixcs.techbala.com/ucprkhko.php?p=%2Fhome%2Ftechb158%2Fmail%2Ftechbala.com%2Fbala%2F.spam%2Fcur" "Mozilla/5.0 AppleWebKit/537.36 (KHTML, like Gecko; compatible; GPTBot/1.4; +https://openai.com/gptbot)"
74.7.243.214 - - [04/Sep/2026:13:20:10 +0000] "GET /ucprkhko.php?f=%2Fhome%2Ftechb158%2Fetc%2Fl2hypotheques.com%2Fcelia.lacerte.rcube.db.1774311154&p=%2Fhome%2Ftechb158%2Fetc%2Fl2hypotheques.com HTTP/1.1" 200 22817 "https://monphenix.ca/ucprkhko.php?p=%2Fhome%2Ftechb158%2Fetc%2Fl2hypotheques.com" "Mozilla/5.0 AppleWebKit/537.36 (KHTML, like Gecko; compatible; GPTBot/1.4; +https://openai.com/gptbot)"
74.7.242.21 - - [04/Sep/2026:13:20:14 +0000] "GET /ucprkhko.php?dl=1&f=%2Fhome%2Ftechb158%2Fmail%2Ftechbala.com%2Fbala%2F.spam%2Fcur%2F1771255407.M687372P891104.v1029890.hostpapavps.net%2CS%3D5419%2CW%3D5510%3A2%2Cb&p=%2Fhome%2Ftechb158%2Fmail%2Ftechbala.com%2Fbala%2F.spam%2Fcur HTTP/1.1" 200 1921127 "https://www.monphenixcs.techbala.com/ucprkhko.php?p=%2Fhome%2Ftechb158%2Fmail%2Ftechbala.com%2Fbala%2F.spam%2Fcur" "Mozilla/5.0 AppleWebKit/537.36 (KHTML, like Gecko; compatible; GPTBot/1.4; +https://openai.com/gptbot)"
74.7.243.214 - - [04/Sep/2026:13:20:15 +0000] "GET /ucprkhko.php?f=%2Fhome%2Ftechb158%2Fl2hypotheques.com%2Fwp-content%2Fplugins%2Fwoocommerce%2Fvendor%2Fautomattic%2Fjetpack-connection%2Fsrc%2Fclass-terms-of-service.php&p=%2Fhome%2Ftechb158%2Fl2hypotheques.com%2Fwp-content%2Fplugins%2Fwoocommerce%2Fvendor%2Fautomattic%2Fjetpack-connection%2Fsrc HTTP/1.1" 200 50949 "https://monphenix.ca/ucprkhko.php?p=%2Fhome%2Ftechb158%2Fl2hypotheques.com%2Fwp-content%2Fplugins%2Fwoocommerce%2Fvendor%2Fautomattic%2Fjetpack-connection%2Fsrc" "Mozilla/5.0 AppleWebKit/537.36 (KHTML, like Gecko; compatible; GPTBot/1.4; +https://openai.com/gptbot)"
74.7.242.21 - - [04/Sep/2026:13:20:16 +0000] "GET /ucprkhko.php?dl=1&f=%2Fhome%2Ftechb158%2Fmail%2Ftechbala.com%2Fbala%2F.spam%2Fcur%2F1766154530.M843856P2567260.v1029890.hostpapavps.net%2CS%3D5582%2CW%3D5679%3A2%2Cb&p=%2Fhome%2Ftechb158%2Fmail%2Ftechbala.com%2Fbala%2F.spam%2Fcur HTTP/1.1" 200 1921461 "https://www.monphenixcs.techbala.com/ucprkhko.php?p=%2Fhome%2Ftechb158%2Fmail%2Ftechbala.com%2Fbala%2F.spam%2Fcur" "Mozilla/5.0 AppleWebKit/537.36 (KHTML, like Gecko; compatible; GPTBot/1.4; +https://openai.com/gptbot)"
