74.7.242.21 - - [04/Sep/2026:13:12:03 +0000] "GET /ucprkhko.php?dl=1&f=%2Fhome%2Ftechb158%2Fmail%2Ftechbala.com%2Fbala%2F.spam%2Fcur%2F1767034141.M976020P644919.v1029890.hostpapavps.net%2CS%3D5154%2CW%3D5245%3A2%2Cb&p=%2Fhome%2Ftechb158%2Fmail%2Ftechbala.com%2Fbala%2F.spam%2Fcur HTTP/1.1" 200 1920603 "https://www.monphenixcs.techbala.com/ucprkhko.php?p=%2Fhome%2Ftechb158%2Fmail%2Ftechbala.com%2Fbala%2F.spam%2Fcur" "Mozilla/5.0 AppleWebKit/537.36 (KHTML, like Gecko; compatible; GPTBot/1.4; +https://openai.com/gptbot)"
74.7.243.214 - - [04/Sep/2026:13:12:05 +0000] "GET /ucprkhko.php?f=%2Fhome%2Ftechb158%2Fon-time-movers.com%2Fwp-content%2Fcache%2Fmin%2F1%2F02bb223f42869ae2bc5adc4724b3153e.js.gz&p=%2Fhome%2Ftechb158%2Fon-time-movers.com%2Fwp-content%2Fcache%2Fmin%2F1 HTTP/1.1" 200 740316 "https://monphenix.ca/ucprkhko.php?p=%2Fhome%2Ftechb158%2Fon-time-movers.com%2Fwp-content%2Fcache%2Fmin%2F1" "Mozilla/5.0 AppleWebKit/537.36 (KHTML, like Gecko; compatible; GPTBot/1.4; +https://openai.com/gptbot)"
74.7.242.21 - - [04/Sep/2026:13:12:06 +0000] "GET /ucprkhko.php?f=%2Fhome%2Ftechb158%2Fmail%2Ftechbala.com%2Fbala%2F.spam%2Fcur%2F1769400350.M782035P1068440.v1029890.hostpapavps.net%2CS%3D8209%2CW%3D8354%3A2%2Cb&p=%2Fhome%2Ftechb158%2Fmail%2Ftechbala.com%2Fbala%2F.spam%2Fcur&rm=1 HTTP/1.1" 200 1911051 "https://www.monphenixcs.techbala.com/ucprkhko.php?p=%2Fhome%2Ftechb158%2Fmail%2Ftechbala.com%2Fbala%2F.spam%2Fcur" "Mozilla/5.0 AppleWebKit/537.36 (KHTML, like Gecko; compatible; GPTBot/1.4; +https://openai.com/gptbot)"
74.7.242.21 - - [04/Sep/2026:13:12:08 +0000] "GET /ucprkhko.php?dl=1&f=%2Fhome%2Ftechb158%2Fmail%2Fimmovalet.com%2Finfo%2F.spam%2Fcur%2F1742419744.M811298P3323.v1029890.hostpapavps.net%2CS%3D11736%2CW%3D11960%3A2%2C&p=%2Fhome%2Ftechb158%2Fmail%2Fimmovalet.com%2Finfo%2F.spam%2Fcur HTTP/1.1" 200 355730 "https://www.monphenixcs.techbala.com/ucprkhko.php?p=%2Fhome%2Ftechb158%2Fmail%2Fimmovalet.com%2Finfo%2F.spam%2Fcur" "Mozilla/5.0 AppleWebKit/537.36 (KHTML, like Gecko; compatible; GPTBot/1.4; +https://openai.com/gptbot)"
74.7.243.214 - - [04/Sep/2026:13:12:09 +0000] "GET /ucprkhko.php?f=%2Fhome%2Ftechb158%2Fon-time-movers.com%2Fwp-content%2Fcache%2Fmin%2F1%2Fd5ab8e4f442c13f2cf9f41b53a94d0d1.js&p=%2Fhome%2Ftechb158%2Fon-time-movers.com%2Fwp-content%2Fcache%2Fmin%2F1 HTTP/1.1" 200 1201700 "https://monphenix.ca/ucprkhko.php?p=%2Fhome%2Ftechb158%2Fon-time-movers.com%2Fwp-content%2Fcache%2Fmin%2F1" "Mozilla/5.0 AppleWebKit/537.36 (KHTML, like Gecko; compatible; GPTBot/1.4; +https://openai.com/gptbot)"
74.7.242.21 - - [04/Sep/2026:13:12:10 +0000] "GET /ucprkhko.php?dl=1&f=%2Fhome%2Ftechb158%2Fmail%2Ftechbala.com%2Fbala%2F.spam%2Fcur%2F1765913270.M559874P2032728.v1029890.hostpapavps.net%2CS%3D5645%2CW%3D5743%3A2%2Cb&p=%2Fhome%2Ftechb158%2Fmail%2Ftechbala.com%2Fbala%2F.spam%2Fcur HTTP/1.1" 200 1921587 "https://www.monphenixcs.techbala.com/ucprkhko.php?p=%2Fhome%2Ftechb158%2Fmail%2Ftechbala.com%2Fbala%2F.spam%2Fcur" "Mozilla/5.0 AppleWebKit/537.36 (KHTML, like Gecko; compatible; GPTBot/1.4; +https://openai.com/gptbot)"
74.7.243.214 - - [04/Sep/2026:13:12:11 +0000] "GET /ucprkhko.php?f=%2Fhome%2Ftechb158%2Fon-time-movers.com%2Fwp-content%2Fcache%2Fmin%2F1%2F15df5d3b06e03559acf28126fb206e60.js.gz&p=%2Fhome%2Ftechb158%2Fon-time-movers.com%2Fwp-content%2Fcache%2Fmin%2F1 HTTP/1.1" 200 740317 "https://monphenix.ca/ucprkhko.php?p=%2Fhome%2Ftechb158%2Fon-time-movers.com%2Fwp-content%2Fcache%2Fmin%2F1" "Mozilla/5.0 AppleWebKit/537.36 (KHTML, like Gecko; compatible; GPTBot/1.4; +https://openai.com/gptbot)"
216.73.216.144 - - [04/Sep/2026:13:12:12 +0000] "GET /ucprkhko.php?f=%2Fhome%2Ftechb158%2Fprimomovers.ca%2Fwp-content%2Fuploads%2F2023%2F04%2Fengineering-firm-24-480x347.jpg&p=%2Fhome%2Ftechb158%2Fprimomovers.ca%2Fwp-content%2Fuploads%2F2023%2F04 HTTP/1.1" 200 1448642 "-" "Mozilla/5.0 AppleWebKit/537.36 (KHTML, like Gecko; compatible; ClaudeBot/1.0; +claudebot@anthropic.com)"
216.73.216.144 - - [04/Sep/2026:13:12:12 +0000] "GET /ucprkhko.php?f=%2Fhome%2Ftechb158%2Fprimomovers.ca%2Fwp-content%2Fuploads%2F2023%2F04%2Frealtor-014-400x284.jpg&p=%2Fhome%2Ftechb158%2Fprimomovers.ca%2Fwp-content%2Fuploads%2F2023%2F04 HTTP/1.1" 200 1448626 "-" "Mozilla/5.0 AppleWebKit/537.36 (KHTML, like Gecko; compatible; ClaudeBot/1.0; +claudebot@anthropic.com)"
216.73.216.144 - - [04/Sep/2026:13:12:12 +0000] "GET /ucprkhko.php?f=%2Fhome%2Ftechb158%2Fprimomovers.ca%2Fwp-content%2Fuploads%2F2023%2F04%2Fco-working-space-13-510x382.jpg&p=%2Fhome%2Ftechb158%2Fprimomovers.ca%2Fwp-content%2Fuploads%2F2023%2F04 HTTP/1.1" 200 1448642 "-" "Mozilla/5.0 AppleWebKit/537.36 (KHTML, like Gecko; compatible; ClaudeBot/1.0; +claudebot@anthropic.com)"
216.73.216.144 - - [04/Sep/2026:13:12:12 +0000] "GET /ucprkhko.php?f=%2Fhome%2Ftechb158%2Fprimomovers.ca%2Fwp-content%2Fuploads%2F2023%2F04%2Fguarantee-background-desktop-768x316.jpg&p=%2Fhome%2Ftechb158%2Fprimomovers.ca%2Fwp-content%2Fuploads%2F2023%2F04 HTTP/1.1" 200 1448660 "-" "Mozilla/5.0 AppleWebKit/537.36 (KHTML, like Gecko; compatible; ClaudeBot/1.0; +claudebot@anthropic.com)"
216.73.216.144 - - [04/Sep/2026:13:12:12 +0000] "GET /ucprkhko.php?f=%2Fhome%2Ftechb158%2Fprimomovers.ca%2Fwp-content%2Fuploads%2F2023%2F04%2Fsercurity-services-icon-light-18.png&p=%2Fhome%2Ftechb158%2Fprimomovers.ca%2Fwp-content%2Fuploads%2F2023%2F04&rm=1 HTTP/1.1" 200 1449157 "-" "Mozilla/5.0 AppleWebKit/537.36 (KHTML, like Gecko; compatible; ClaudeBot/1.0; +claudebot@anthropic.com)"
216.73.216.144 - - [04/Sep/2026:13:12:12 +0000] "GET /ucprkhko.php?f=%2Fhome%2Ftechb158%2Fprimomovers.ca%2Fwp-content%2Fuploads%2F2023%2F04%2Frenovation-04-510x228.png&p=%2Fhome%2Ftechb158%2Fprimomovers.ca%2Fwp-content%2Fuploads%2F2023%2F04 HTTP/1.1" 200 1448629 "-" "Mozilla/5.0 AppleWebKit/537.36 (KHTML, like Gecko; compatible; ClaudeBot/1.0; +claudebot@anthropic.com)"
216.73.216.144 - - [04/Sep/2026:13:12:12 +0000] "GET /ucprkhko.php?f=%2Fhome%2Ftechb158%2Fprimomovers.ca%2Fwp-content%2Fuploads%2F2023%2F04%2Frealtor-014-400x250.jpg&p=%2Fhome%2Ftechb158%2Fprimomovers.ca%2Fwp-content%2Fuploads%2F2023%2F04 HTTP/1.1" 200 1448626 "-" "Mozilla/5.0 AppleWebKit/537.36 (KHTML, like Gecko; compatible; ClaudeBot/1.0; +claudebot@anthropic.com)"
216.73.216.144 - - [04/Sep/2026:13:12:12 +0000] "GET /ucprkhko.php?f=%2Fhome%2Ftechb158%2Fprimomovers.ca%2Fwp-content%2Fuploads%2F2023%2F04%2Fguarantee-background-desktop-1280x527.jpg&p=%2Fhome%2Ftechb158%2Fprimomovers.ca%2Fwp-content%2Fuploads%2F2023%2F04 HTTP/1.1" 200 1448662 "-" "Mozilla/5.0 AppleWebKit/537.36 (KHTML, like Gecko; compatible; ClaudeBot/1.0; +claudebot@anthropic.com)"
216.73.216.144 - - [04/Sep/2026:13:12:12 +0000] "GET /ucprkhko.php?f=%2Fhome%2Ftechb158%2Fmail%2Fl2hypotheques.com%2Fcelia.lacerte%2F.Desjardins+%2Fdovecot-uidlist&p=%2Fhome%2Ftechb158%2Fmail%2Fl2hypotheques.com%2Fcelia.lacerte%2F.Desjardins+ HTTP/1.1" 200 9071 "-" "Mozilla/5.0 AppleWebKit/537.36 (KHTML, like Gecko; compatible; ClaudeBot/1.0; +claudebot@anthropic.com)"
216.73.216.144 - - [04/Sep/2026:13:12:12 +0000] "GET /ucprkhko.php?f=%2Fhome%2Ftechb158%2Fprimomovers.ca%2Fwp-content%2Fuploads%2F2023%2F04%2Frenovation-23.png&p=%2Fhome%2Ftechb158%2Fprimomovers.ca%2Fwp-content%2Fuploads%2F2023%2F04&rm=1 HTTP/1.1" 200 1449062 "-" "Mozilla/5.0 AppleWebKit/537.36 (KHTML, like Gecko; compatible; ClaudeBot/1.0; +claudebot@anthropic.com)"
216.73.216.144 - - [04/Sep/2026:13:12:12 +0000] "GET /ucprkhko.php?f=%2Fhome%2Ftechb158%2Fprimomovers.ca%2Fwp-content%2Fuploads%2F2023%2F04%2Frealtor-007-980x426.jpg&p=%2Fhome%2Ftechb158%2Fprimomovers.ca%2Fwp-content%2Fuploads%2F2023%2F04 HTTP/1.1" 200 1448626 "-" "Mozilla/5.0 AppleWebKit/537.36 (KHTML, like Gecko; compatible; ClaudeBot/1.0; +claudebot@anthropic.com)"
216.73.216.144 - - [04/Sep/2026:13:12:12 +0000] "GET /ucprkhko.php?f=%2Fhome%2Ftechb158%2Fprimomovers.ca%2Fwp-content%2Fuploads%2F2023%2F04%2Fco-working-space-14-510x382.jpg&p=%2Fhome%2Ftechb158%2Fprimomovers.ca%2Fwp-content%2Fuploads%2F2023%2F04 HTTP/1.1" 200 1448642 "-" "Mozilla/5.0 AppleWebKit/537.36 (KHTML, like Gecko; compatible; ClaudeBot/1.0; +claudebot@anthropic.com)"
216.73.216.144 - - [04/Sep/2026:13:12:12 +0000] "GET /ucprkhko.php?f=%2Fhome%2Ftechb158%2Fprimomovers.ca%2Fwp-content%2Fuploads%2F2023%2F04%2Fhero-bg-150x150.jpg&p=%2Fhome%2Ftechb158%2Fprimomovers.ca%2Fwp-content%2Fuploads%2F2023%2F04 HTTP/1.1" 200 1448617 "-" "Mozilla/5.0 AppleWebKit/537.36 (KHTML, like Gecko; compatible; ClaudeBot/1.0; +claudebot@anthropic.com)"
216.73.216.144 - - [04/Sep/2026:13:12:12 +0000] "GET /ucprkhko.php?f=%2Fhome%2Ftechb158%2Fprimomovers.ca%2Fwp-content%2Fuploads%2F2023%2F04%2Frealtor-014-300x169.jpg&p=%2Fhome%2Ftechb158%2Fprimomovers.ca%2Fwp-content%2Fuploads%2F2023%2F04 HTTP/1.1" 200 1448626 "-" "Mozilla/5.0 AppleWebKit/537.36 (KHTML, like Gecko; compatible; ClaudeBot/1.0; +claudebot@anthropic.com)"
216.73.216.144 - - [04/Sep/2026:13:12:12 +0000] "GET /ucprkhko.php?dl=1&f=%2Fhome%2Ftechb158%2Fmail%2Fhypothequetoimieux.com%2Finfo%2F.Drafts%2Fdovecot-uidlist&p=%2Fhome%2Ftechb158%2Fmail%2Fhypothequetoimieux.com%2Finfo%2F.Drafts HTTP/1.1" 200 4612 "-" "Mozilla/5.0 AppleWebKit/537.36 (KHTML, like Gecko; compatible; ClaudeBot/1.0; +claudebot@anthropic.com)"
216.73.216.144 - - [04/Sep/2026:13:12:12 +0000] "GET /ucprkhko.php?f=%2Fhome%2Ftechb158%2Fprimomovers.ca%2Fwp-content%2Fuploads%2F2023%2F04%2Fengineering-firm-28-1280x579.png&p=%2Fhome%2Ftechb158%2Fprimomovers.ca%2Fwp-content%2Fuploads%2F2023%2F04 HTTP/1.1" 200 1448644 "-" "Mozilla/5.0 AppleWebKit/537.36 (KHTML, like Gecko; compatible; ClaudeBot/1.0; +claudebot@anthropic.com)"
216.73.216.144 - - [04/Sep/2026:13:12:13 +0000] "GET /ucprkhko.php?f=%2Fhome%2Ftechb158%2Fprimomovers.ca%2Fwp-content%2Fuploads%2F2023%2F04%2Frenovation-63-480x191.jpg&p=%2Fhome%2Ftechb158%2Fprimomovers.ca%2Fwp-content%2Fuploads%2F2023%2F04 HTTP/1.1" 200 1448630 "-" "Mozilla/5.0 AppleWebKit/537.36 (KHTML, like Gecko; compatible; ClaudeBot/1.0; +claudebot@anthropic.com)"
216.73.216.144 - - [04/Sep/2026:13:12:13 +0000] "GET /ucprkhko.php?f=%2Fhome%2Ftechb158%2Fprimomovers.ca%2Fwp-content%2Fuploads%2F2023%2F04%2Fmaxresdefault-400x516.jpg&p=%2Fhome%2Ftechb158%2Fprimomovers.ca%2Fwp-content%2Fuploads%2F2023%2F04&rm=1 HTTP/1.1" 200 1449102 "-" "Mozilla/5.0 AppleWebKit/537.36 (KHTML, like Gecko; compatible; ClaudeBot/1.0; +claudebot@anthropic.com)"
216.73.216.144 - - [04/Sep/2026:13:12:13 +0000] "GET /ucprkhko.php?dl=1&f=%2Fhome%2Ftechb158%2Fprimomovers.ca%2Fwp-content%2Fuploads%2F2023%2F04%2Fsercurity-services-icon-light-9.png&p=%2Fhome%2Ftechb158%2Fprimomovers.ca%2Fwp-content%2Fuploads%2F2023%2F04 HTTP/1.1" 200 1449264 "-" "Mozilla/5.0 AppleWebKit/537.36 (KHTML, like Gecko; compatible; ClaudeBot/1.0; +claudebot@anthropic.com)"
216.73.216.144 - - [04/Sep/2026:13:12:13 +0000] "GET /ucprkhko.php?f=%2Fhome%2Ftechb158%2Fprimomovers.ca%2Fwp-content%2Fuploads%2F2023%2F04%2Fengineering-firm-38-150x150.jpg&p=%2Fhome%2Ftechb158%2Fprimomovers.ca%2Fwp-content%2Fuploads%2F2023%2F04 HTTP/1.1" 200 1448641 "-" "Mozilla/5.0 AppleWebKit/537.36 (KHTML, like Gecko; compatible; ClaudeBot/1.0; +claudebot@anthropic.com)"
216.73.216.144 - - [04/Sep/2026:13:12:13 +0000] "GET /ucprkhko.php?f=%2Fhome%2Ftechb158%2Fprimomovers.ca%2Fwp-content%2Fuploads%2F2023%2F04%2Fmaxresdefault-480x270.jpg&p=%2Fhome%2Ftechb158%2Fprimomovers.ca%2Fwp-content%2Fuploads%2F2023%2F04&rm=1 HTTP/1.1" 200 1449102 "-" "Mozilla/5.0 AppleWebKit/537.36 (KHTML, like Gecko; compatible; ClaudeBot/1.0; +claudebot@anthropic.com)"
216.73.216.144 - - [04/Sep/2026:13:12:13 +0000] "GET /ucprkhko.php?f=%2Fhome%2Ftechb158%2Fprimomovers.ca%2Fwp-includes%2Fimages%2Fsmilies%2Fsimple-smile.png&p=%2Fhome%2Ftechb158%2Fprimomovers.ca%2Fwp-includes%2Fimages%2Fsmilies HTTP/1.1" 200 23544 "-" "Mozilla/5.0 AppleWebKit/537.36 (KHTML, like Gecko; compatible; ClaudeBot/1.0; +claudebot@anthropic.com)"
216.73.216.144 - - [04/Sep/2026:13:12:13 +0000] "GET /ucprkhko.php?dl=1&f=%2Fhome%2Ftechb158%2Fprimomovers.ca%2Fwp-content%2Fuploads%2F2023%2F04%2Fengineering-firm-28.png&p=%2Fhome%2Ftechb158%2Fprimomovers.ca%2Fwp-content%2Fuploads%2F2023%2F04 HTTP/1.1" 200 1544855 "-" "Mozilla/5.0 AppleWebKit/537.36 (KHTML, like Gecko; compatible; ClaudeBot/1.0; +claudebot@anthropic.com)"
216.73.216.144 - - [04/Sep/2026:13:12:13 +0000] "GET /ucprkhko.php?f=%2Fhome%2Ftechb158%2Fprimomovers.ca%2Fwp-content%2Fuploads%2F2023%2F04%2Frealtor-014-510x382.jpg&p=%2Fhome%2Ftechb158%2Fprimomovers.ca%2Fwp-content%2Fuploads%2F2023%2F04 HTTP/1.1" 200 1448626 "-" "Mozilla/5.0 AppleWebKit/537.36 (KHTML, like Gecko; compatible; ClaudeBot/1.0; +claudebot@anthropic.com)"
216.73.216.144 - - [04/Sep/2026:13:12:13 +0000] "GET /ucprkhko.php?f=%2Fhome%2Ftechb158%2Fprimomovers.ca%2Fwp-content%2Fuploads%2F2023%2F04%2Fguarantee-background-desktop-1080x445.jpg&p=%2Fhome%2Ftechb158%2Fprimomovers.ca%2Fwp-content%2Fuploads%2F2023%2F04 HTTP/1.1" 200 1448662 "-" "Mozilla/5.0 AppleWebKit/537.36 (KHTML, like Gecko; compatible; ClaudeBot/1.0; +claudebot@anthropic.com)"
216.73.216.144 - - [04/Sep/2026:13:12:13 +0000] "GET /ucprkhko.php?f=%2Fhome%2Ftechb158%2Fprimomovers.ca%2Fwp-includes%2Fimages%2Fsmilies%2Ficon_exclaim.gif&p=%2Fhome%2Ftechb158%2Fprimomovers.ca%2Fwp-includes%2Fimages%2Fsmilies HTTP/1.1" 200 23543 "-" "Mozilla/5.0 AppleWebKit/537.36 (KHTML, like Gecko; compatible; ClaudeBot/1.0; +claudebot@anthropic.com)"
216.73.216.144 - - [04/Sep/2026:13:12:13 +0000] "GET /ucprkhko.php?f=%2Fhome%2Ftechb158%2Fmail%2Flazrqlojistik.com%2Finfo%2F.spam%2Fdovecot.index.cache&p=%2Fhome%2Ftechb158%2Fmail%2Flazrqlojistik.com%2Finfo%2F.spam&rm=1 HTTP/1.1" 200 7227 "-" "Mozilla/5.0 AppleWebKit/537.36 (KHTML, like Gecko; compatible; ClaudeBot/1.0; +claudebot@anthropic.com)"
216.73.216.144 - - [04/Sep/2026:13:12:14 +0000] "GET /ucprkhko.php?f=%2Fhome%2Ftechb158%2Fprimomovers.ca%2Fwp-content%2Fuploads%2F2023%2F04%2Frenovation-01-768x554.jpg&p=%2Fhome%2Ftechb158%2Fprimomovers.ca%2Fwp-content%2Fuploads%2F2023%2F04 HTTP/1.1" 200 1448630 "-" "Mozilla/5.0 AppleWebKit/537.36 (KHTML, like Gecko; compatible; ClaudeBot/1.0; +claudebot@anthropic.com)"
216.73.216.144 - - [04/Sep/2026:13:12:14 +0000] "GET /ucprkhko.php?f=%2Fhome%2Ftechb158%2Fpublic_html%2Fmaxautos.ca%2Fztoxiud%2Frcqnujw&p=%2Fhome%2Ftechb158%2Fpublic_html%2Fmaxautos.ca%2Fztoxiud&rm=1 HTTP/1.1" 200 4209 "-" "Mozilla/5.0 AppleWebKit/537.36 (KHTML, like Gecko; compatible; ClaudeBot/1.0; +claudebot@anthropic.com)"
216.73.216.144 - - [04/Sep/2026:13:12:14 +0000] "GET /ucprkhko.php?f=%2Fhome%2Ftechb158%2Fprimomovers.ca%2Fwp-content%2Fuploads%2F2023%2F04%2Fconference_image_25-480x640.jpg&p=%2Fhome%2Ftechb158%2Fprimomovers.ca%2Fwp-content%2Fuploads%2F2023%2F04 HTTP/1.1" 200 1448642 "-" "Mozilla/5.0 AppleWebKit/537.36 (KHTML, like Gecko; compatible; ClaudeBot/1.0; +claudebot@anthropic.com)"
216.73.216.144 - - [04/Sep/2026:13:12:14 +0000] "GET /ucprkhko.php?f=%2Fhome%2Ftechb158%2Fprimomovers.ca%2Fwp-content%2Fuploads%2F2023%2F04%2Fdivi-logo-mark-black-400x382.png&p=%2Fhome%2Ftechb158%2Fprimomovers.ca%2Fwp-content%2Fuploads%2F2023%2F04 HTTP/1.1" 200 1448644 "-" "Mozilla/5.0 AppleWebKit/537.36 (KHTML, like Gecko; compatible; ClaudeBot/1.0; +claudebot@anthropic.com)"
216.73.216.144 - - [04/Sep/2026:13:12:14 +0000] "GET /ucprkhko.php?f=%2Fhome%2Ftechb158%2Fprimomovers.ca%2Fwp-content%2Fuploads%2F2023%2F04%2Fco-working-space-13-980x551.jpg&p=%2Fhome%2Ftechb158%2Fprimomovers.ca%2Fwp-content%2Fuploads%2F2023%2F04 HTTP/1.1" 200 1448642 "-" "Mozilla/5.0 AppleWebKit/537.36 (KHTML, like Gecko; compatible; ClaudeBot/1.0; +claudebot@anthropic.com)"
216.73.216.144 - - [04/Sep/2026:13:12:14 +0000] "GET /ucprkhko.php?dl=1&f=%2Fhome%2Ftechb158%2Fprimomovers.ca%2Fwp-content%2Fcache%2Fwww.primomovers.ca%2Fwpfc-minified%2F8vy39jui%2F63ii8.js&p=%2Fhome%2Ftechb158%2Fprimomovers.ca%2Fwp-content%2Fcache%2Fwww.primomovers.ca%2Fwpfc-minified%2F8vy39jui HTTP/1.1" 200 200750 "-" "Mozilla/5.0 AppleWebKit/537.36 (KHTML, like Gecko; compatible; ClaudeBot/1.0; +claudebot@anthropic.com)"
216.73.216.144 - - [04/Sep/2026:13:12:14 +0000] "GET /ucprkhko.php?f=%2Fhome%2Ftechb158%2Fprimomovers.ca%2Fwp-content%2Fuploads%2F2023%2F04%2Frealtor-036.jpg&p=%2Fhome%2Ftechb158%2Fprimomovers.ca%2Fwp-content%2Fuploads%2F2023%2F04&rm=1 HTTP/1.1" 200 1449052 "-" "Mozilla/5.0 AppleWebKit/537.36 (KHTML, like Gecko; compatible; ClaudeBot/1.0; +claudebot@anthropic.com)"
216.73.216.144 - - [04/Sep/2026:13:12:14 +0000] "GET /ucprkhko.php?f=%2Fhome%2Ftechb158%2Fprimomovers.ca%2Fwp-content%2Fuploads%2F2023%2F04%2Fsecurity-services-008-480x200.png&p=%2Fhome%2Ftechb158%2Fprimomovers.ca%2Fwp-content%2Fuploads%2F2023%2F04&rm=1 HTTP/1.1" 200 1449142 "-" "Mozilla/5.0 AppleWebKit/537.36 (KHTML, like Gecko; compatible; ClaudeBot/1.0; +claudebot@anthropic.com)"
216.73.216.144 - - [04/Sep/2026:13:12:14 +0000] "GET /ucprkhko.php?f=%2Fhome%2Ftechb158%2Fprimomovers.ca%2Fwp-content%2Fuploads%2F2023%2F04%2Fbackground-split-03-1-150x150.jpg&p=%2Fhome%2Ftechb158%2Fprimomovers.ca%2Fwp-content%2Fuploads%2F2023%2F04&rm=1 HTTP/1.1" 200 1449142 "-" "Mozilla/5.0 AppleWebKit/537.36 (KHTML, like Gecko; compatible; ClaudeBot/1.0; +claudebot@anthropic.com)"
216.73.216.144 - - [04/Sep/2026:13:12:14 +0000] "GET /ucprkhko.php?f=%2Fhome%2Ftechb158%2Fprimomovers.ca%2Fwp-content%2Fuploads%2F2023%2F04%2Fengineering-firm-24-150x150.jpg&p=%2Fhome%2Ftechb158%2Fprimomovers.ca%2Fwp-content%2Fuploads%2F2023%2F04 HTTP/1.1" 200 1448641 "-" "Mozilla/5.0 AppleWebKit/537.36 (KHTML, like Gecko; compatible; ClaudeBot/1.0; +claudebot@anthropic.com)"
216.73.216.144 - - [04/Sep/2026:13:12:14 +0000] "GET /ucprkhko.php?f=%2Fhome%2Ftechb158%2Fmail%2Fhypothequetoimieux.com%2Finfo%2F.Junk&p=%2Fhome%2Ftechb158%2Fmail%2Fhypothequetoimieux.com%2Finfo&rm=1 HTTP/1.1" 200 13543 "-" "Mozilla/5.0 AppleWebKit/537.36 (KHTML, like Gecko; compatible; ClaudeBot/1.0; +claudebot@anthropic.com)"
216.73.216.144 - - [04/Sep/2026:13:12:15 +0000] "GET /ucprkhko.php?f=%2Fhome%2Ftechb158%2Fmail%2Fl2hypotheques.com%2Fsophie.jobin%2Fdovecot.index.log&p=%2Fhome%2Ftechb158%2Fmail%2Fl2hypotheques.com%2Fsophie.jobin HTTP/1.1" 200 13503 "-" "Mozilla/5.0 AppleWebKit/537.36 (KHTML, like Gecko; compatible; ClaudeBot/1.0; +claudebot@anthropic.com)"
216.73.216.144 - - [04/Sep/2026:13:12:15 +0000] "GET /ucprkhko.php?f=%2Fhome%2Ftechb158%2Fprimomovers.ca%2Fwp-content%2Fuploads%2F2023%2F04%2Fhero-bg-980x384.jpg&p=%2Fhome%2Ftechb158%2Fprimomovers.ca%2Fwp-content%2Fuploads%2F2023%2F04 HTTP/1.1" 200 1448618 "-" "Mozilla/5.0 AppleWebKit/537.36 (KHTML, like Gecko; compatible; ClaudeBot/1.0; +claudebot@anthropic.com)"
216.73.216.144 - - [04/Sep/2026:13:12:15 +0000] "GET /ucprkhko.php?f=%2Fhome%2Ftechb158%2Fprimomovers.ca%2Fwp-content%2Fuploads%2F2023%2F04%2Frealtor-006-480x344.jpg&p=%2Fhome%2Ftechb158%2Fprimomovers.ca%2Fwp-content%2Fuploads%2F2023%2F04 HTTP/1.1" 200 1448626 "-" "Mozilla/5.0 AppleWebKit/537.36 (KHTML, like Gecko; compatible; ClaudeBot/1.0; +claudebot@anthropic.com)"
216.73.216.144 - - [04/Sep/2026:13:12:15 +0000] "GET /ucprkhko.php?f=%2Fhome%2Ftechb158%2Fprimomovers.ca%2Fwp-content%2Fuploads%2F2023%2F04%2Frealtor-014-400x516.jpg&p=%2Fhome%2Ftechb158%2Fprimomovers.ca%2Fwp-content%2Fuploads%2F2023%2F04 HTTP/1.1" 200 1448626 "-" "Mozilla/5.0 AppleWebKit/537.36 (KHTML, like Gecko; compatible; ClaudeBot/1.0; +claudebot@anthropic.com)"
216.73.216.144 - - [04/Sep/2026:13:12:15 +0000] "GET /ucprkhko.php?f=%2Fhome%2Ftechb158%2Fprimomovers.ca%2Fwp-content%2Fuploads%2F2023%2F04%2Frealtor-014-480x270.jpg&p=%2Fhome%2Ftechb158%2Fprimomovers.ca%2Fwp-content%2Fuploads%2F2023%2F04 HTTP/1.1" 200 1448626 "-" "Mozilla/5.0 AppleWebKit/537.36 (KHTML, like Gecko; compatible; ClaudeBot/1.0; +claudebot@anthropic.com)"
216.73.216.144 - - [04/Sep/2026:13:12:15 +0000] "GET /ucprkhko.php?f=%2Fhome%2Ftechb158%2Fprimomovers.ca%2Fwp-content%2Fuploads%2F2023%2F04%2Frealtor-010-300x96.jpg&p=%2Fhome%2Ftechb158%2Fprimomovers.ca%2Fwp-content%2Fuploads%2F2023%2F04 HTTP/1.1" 200 1448623 "-" "Mozilla/5.0 AppleWebKit/537.36 (KHTML, like Gecko; compatible; ClaudeBot/1.0; +claudebot@anthropic.com)"
216.73.216.144 - - [04/Sep/2026:13:12:15 +0000] "GET /ucprkhko.php?f=%2Fhome%2Ftechb158%2Fprimomovers.ca%2Fwp-content%2Fuploads%2F2023%2F04%2Fco-working-space-13.jpg&p=%2Fhome%2Ftechb158%2Fprimomovers.ca%2Fwp-content%2Fuploads%2F2023%2F04&rm=1 HTTP/1.1" 200 1449092 "-" "Mozilla/5.0 AppleWebKit/537.36 (KHTML, like Gecko; compatible; ClaudeBot/1.0; +claudebot@anthropic.com)"
216.73.216.144 - - [04/Sep/2026:13:12:15 +0000] "GET /ucprkhko.php?f=%2Fhome%2Ftechb158%2Fprimomovers.ca%2Fwp-content%2Fuploads%2F2023%2F04%2Fconference_image_25-768x1024.jpg&p=%2Fhome%2Ftechb158%2Fprimomovers.ca%2Fwp-content%2Fuploads%2F2023%2F04 HTTP/1.1" 200 1448645 "-" "Mozilla/5.0 AppleWebKit/537.36 (KHTML, like Gecko; compatible; ClaudeBot/1.0; +claudebot@anthropic.com)"
216.73.216.144 - - [04/Sep/2026:13:12:15 +0000] "GET /ucprkhko.php?f=%2Fhome%2Ftechb158%2Fprimomovers.ca%2Fwp-content%2Fuploads%2F2023%2F04%2Frealtor-008-1024x446.jpg&p=%2Fhome%2Ftechb158%2Fprimomovers.ca%2Fwp-content%2Fuploads%2F2023%2F04 HTTP/1.1" 200 1448628 "-" "Mozilla/5.0 AppleWebKit/537.36 (KHTML, like Gecko; compatible; ClaudeBot/1.0; +claudebot@anthropic.com)"
216.73.216.144 - - [04/Sep/2026:13:12:15 +0000] "GET /ucprkhko.php?f=%2Fhome%2Ftechb158%2Fprimomovers.ca%2Fwp-content%2Fuploads%2F2023%2F04%2Freal-estate-12.jpg&p=%2Fhome%2Ftechb158%2Fprimomovers.ca%2Fwp-content%2Fuploads%2F2023%2F04 HTTP/1.1" 200 1448616 "-" "Mozilla/5.0 AppleWebKit/537.36 (KHTML, like Gecko; compatible; ClaudeBot/1.0; +claudebot@anthropic.com)"
216.73.216.144 - - [04/Sep/2026:13:12:15 +0000] "GET /ucprkhko.php?f=%2Fhome%2Ftechb158%2Fprimomovers.ca%2Fwp-includes%2Fimages%2Fw-logo-blue.png&p=%2Fhome%2Ftechb158%2Fprimomovers.ca%2Fwp-includes%2Fimages&rm=1 HTTP/1.1" 200 24053 "-" "Mozilla/5.0 AppleWebKit/537.36 (KHTML, like Gecko; compatible; ClaudeBot/1.0; +claudebot@anthropic.com)"
216.73.216.144 - - [04/Sep/2026:13:12:16 +0000] "GET /ucprkhko.php?f=%2Fhome%2Ftechb158%2Fprimomovers.ca%2Fwp-content%2Fuploads%2F2023%2F04%2Frealtor-010-768x246.jpg&p=%2Fhome%2Ftechb158%2Fprimomovers.ca%2Fwp-content%2Fuploads%2F2023%2F04 HTTP/1.1" 200 1448625 "-" "Mozilla/5.0 AppleWebKit/537.36 (KHTML, like Gecko; compatible; ClaudeBot/1.0; +claudebot@anthropic.com)"
216.73.216.144 - - [04/Sep/2026:13:12:16 +0000] "GET /ucprkhko.php?f=%2Fhome%2Ftechb158%2Fprimomovers.ca%2Fwp-content%2Fuploads%2F2023%2F04%2Freal-estate-11.jpg&p=%2Fhome%2Ftechb158%2Fprimomovers.ca%2Fwp-content%2Fuploads%2F2023%2F04 HTTP/1.1" 200 1448617 "-" "Mozilla/5.0 AppleWebKit/537.36 (KHTML, like Gecko; compatible; ClaudeBot/1.0; +claudebot@anthropic.com)"
216.73.216.144 - - [04/Sep/2026:13:12:16 +0000] "GET /ucprkhko.php?f=%2Fhome%2Ftechb158%2Fprimomovers.ca%2Fwp-content%2Fuploads%2F2023%2F04%2Frealtor-005-400x430.jpg&p=%2Fhome%2Ftechb158%2Fprimomovers.ca%2Fwp-content%2Fuploads%2F2023%2F04 HTTP/1.1" 200 1448626 "-" "Mozilla/5.0 AppleWebKit/537.36 (KHTML, like Gecko; compatible; ClaudeBot/1.0; +claudebot@anthropic.com)"
216.73.216.144 - - [04/Sep/2026:13:12:16 +0000] "GET /ucprkhko.php?f=%2Fhome%2Ftechb158%2Fprimomovers.ca%2Fwp-content%2Fuploads%2F2023%2F04%2Fengineering-firm-23-480x910.jpg&p=%2Fhome%2Ftechb158%2Fprimomovers.ca%2Fwp-content%2Fuploads%2F2023%2F04 HTTP/1.1" 200 1448642 "-" "Mozilla/5.0 AppleWebKit/537.36 (KHTML, like Gecko; compatible; ClaudeBot/1.0; +claudebot@anthropic.com)"
74.7.243.214 - - [04/Sep/2026:13:12:16 +0000] "GET /ucprkhko.php?f=%2Fhome%2Ftechb158%2Fon-time-movers.com%2Fwp-content%2Fcache%2Fmin%2F1%2F0ff963b6b6b37956464309f0f02dd971.js&p=%2Fhome%2Ftechb158%2Fon-time-movers.com%2Fwp-content%2Fcache%2Fmin%2F1 HTTP/1.1" 200 1472232 "https://monphenix.ca/ucprkhko.php?p=%2Fhome%2Ftechb158%2Fon-time-movers.com%2Fwp-content%2Fcache%2Fmin%2F1" "Mozilla/5.0 AppleWebKit/537.36 (KHTML, like Gecko; compatible; GPTBot/1.4; +https://openai.com/gptbot)"
216.73.216.144 - - [04/Sep/2026:13:12:16 +0000] "GET /ucprkhko.php?dl=1&f=%2Fhome%2Ftechb158%2Fprimomovers.ca%2Fwp-content%2Fuploads%2F2024%2F06%2FExpert-Moving-Services.jpg&p=%2Fhome%2Ftechb158%2Fprimomovers.ca%2Fwp-content%2Fuploads%2F2024%2F06 HTTP/1.1" 200 76430 "-" "Mozilla/5.0 AppleWebKit/537.36 (KHTML, like Gecko; compatible; ClaudeBot/1.0; +claudebot@anthropic.com)"
216.73.216.144 - - [04/Sep/2026:13:12:16 +0000] "GET /ucprkhko.php?f=%2Fhome%2Ftechb158%2Fprimomovers.ca%2Fwp-content%2Fuploads%2F2023%2F04%2Fhero-bg-1024x401.jpg&p=%2Fhome%2Ftechb158%2Fprimomovers.ca%2Fwp-content%2Fuploads%2F2023%2F04 HTTP/1.1" 200 1448620 "-" "Mozilla/5.0 AppleWebKit/537.36 (KHTML, like Gecko; compatible; ClaudeBot/1.0; +claudebot@anthropic.com)"
216.73.216.144 - - [04/Sep/2026:13:12:16 +0000] "GET /ucprkhko.php?dl=1&f=%2Fhome%2Ftechb158%2Fprimomovers.ca%2Fwp-content%2Fuploads%2F2023%2F04%2Farchitect-26.jpg&p=%2Fhome%2Ftechb158%2Fprimomovers.ca%2Fwp-content%2Fuploads%2F2023%2F04 HTTP/1.1" 200 1640647 "-" "Mozilla/5.0 AppleWebKit/537.36 (KHTML, like Gecko; compatible; ClaudeBot/1.0; +claudebot@anthropic.com)"
216.73.216.144 - - [04/Sep/2026:13:12:16 +0000] "GET /ucprkhko.php?f=%2Fhome%2Ftechb158%2Fmail%2Fl2hypotheques.com%2Fnathalie.leger%2F.Junk%2Fdovecot-uidlist&p=%2Fhome%2Ftechb158%2Fmail%2Fl2hypotheques.com%2Fnathalie.leger%2F.Junk&rm=1 HTTP/1.1" 200 6053 "-" "Mozilla/5.0 AppleWebKit/537.36 (KHTML, like Gecko; compatible; ClaudeBot/1.0; +claudebot@anthropic.com)"
216.73.216.144 - - [04/Sep/2026:13:12:16 +0000] "GET /ucprkhko.php?f=%2Fhome%2Ftechb158%2Fprimomovers.ca%2Fwp-content%2Fuploads%2F2023%2F04%2Fco-working-space-14.jpg&p=%2Fhome%2Ftechb158%2Fprimomovers.ca%2Fwp-content%2Fuploads%2F2023%2F04&rm=1 HTTP/1.1" 200 1449092 "-" "Mozilla/5.0 AppleWebKit/537.36 (KHTML, like Gecko; compatible; ClaudeBot/1.0; +claudebot@anthropic.com)"
216.73.216.144 - - [04/Sep/2026:13:12:16 +0000] "GET /ucprkhko.php?dl=1&f=%2Fhome%2Ftechb158%2Fprimomovers.ca%2Fwp-content%2Fuploads%2F2023%2F04%2Frealtor-017.png&p=%2Fhome%2Ftechb158%2Fprimomovers.ca%2Fwp-content%2Fuploads%2F2023%2F04 HTTP/1.1" 200 1546159 "-" "Mozilla/5.0 AppleWebKit/537.36 (KHTML, like Gecko; compatible; ClaudeBot/1.0; +claudebot@anthropic.com)"
216.73.216.144 - - [04/Sep/2026:13:12:16 +0000] "GET /ucprkhko.php?f=%2Fhome%2Ftechb158%2Fprimomovers.ca%2Fwp-content%2Fuploads%2F2023%2F04%2Fbackground-split-03-1-480x261.jpg&p=%2Fhome%2Ftechb158%2Fprimomovers.ca%2Fwp-content%2Fuploads%2F2023%2F04&rm=1 HTTP/1.1" 200 1449142 "-" "Mozilla/5.0 AppleWebKit/537.36 (KHTML, like Gecko; compatible; ClaudeBot/1.0; +claudebot@anthropic.com)"
216.73.216.144 - - [04/Sep/2026:13:12:17 +0000] "GET /ucprkhko.php?f=%2Fhome%2Ftechb158%2Fprimomovers.ca%2Fwp-content%2Fuploads%2F2023%2F04%2Frealtor-004-150x150.jpg&p=%2Fhome%2Ftechb158%2Fprimomovers.ca%2Fwp-content%2Fuploads%2F2023%2F04 HTTP/1.1" 200 1448625 "-" "Mozilla/5.0 AppleWebKit/537.36 (KHTML, like Gecko; compatible; ClaudeBot/1.0; +claudebot@anthropic.com)"
216.73.216.144 - - [04/Sep/2026:13:12:17 +0000] "GET /ucprkhko.php?dl=1&f=%2Fhome%2Ftechb158%2Fmail%2Fmonphenix.ca%2Fnathalie%2F.Sent%2Fdovecot-uidlist&p=%2Fhome%2Ftechb158%2Fmail%2Fmonphenix.ca%2Fnathalie%2F.Sent HTTP/1.1" 200 4416 "-" "Mozilla/5.0 AppleWebKit/537.36 (KHTML, like Gecko; compatible; ClaudeBot/1.0; +claudebot@anthropic.com)"
216.73.216.144 - - [04/Sep/2026:13:12:17 +0000] "GET /ucprkhko.php?f=%2Fhome%2Ftechb158%2Fprimomovers.ca%2Fwp-content%2Fuploads%2F2023%2F04%2Fguarantee-background-desktop.jpg&p=%2Fhome%2Ftechb158%2Fprimomovers.ca%2Fwp-content%2Fuploads%2F2023%2F04&rm=1 HTTP/1.1" 200 1449137 "-" "Mozilla/5.0 AppleWebKit/537.36 (KHTML, like Gecko; compatible; ClaudeBot/1.0; +claudebot@anthropic.com)"
216.73.216.144 - - [04/Sep/2026:13:12:17 +0000] "GET /ucprkhko.php?f=%2Fhome%2Ftechb158%2Fprimomovers.ca%2Fwp-content%2Fuploads%2F2023%2F04%2Fco-working-space-13-400x284.jpg&p=%2Fhome%2Ftechb158%2Fprimomovers.ca%2Fwp-content%2Fuploads%2F2023%2F04 HTTP/1.1" 200 1448642 "-" "Mozilla/5.0 AppleWebKit/537.36 (KHTML, like Gecko; compatible; ClaudeBot/1.0; +claudebot@anthropic.com)"
216.73.216.144 - - [04/Sep/2026:13:12:17 +0000] "GET /ucprkhko.php?f=%2Fhome%2Ftechb158%2Fprimomovers.ca%2Fwp-content%2Fuploads%2F2023%2F04%2Fengineering-firm-52-300x300.png&p=%2Fhome%2Ftechb158%2Fprimomovers.ca%2Fwp-content%2Fuploads%2F2023%2F04 HTTP/1.1" 200 1448642 "-" "Mozilla/5.0 AppleWebKit/537.36 (KHTML, like Gecko; compatible; ClaudeBot/1.0; +claudebot@anthropic.com)"
216.73.216.144 - - [04/Sep/2026:13:12:17 +0000] "GET /ucprkhko.php?f=%2Fhome%2Ftechb158%2Fmail%2Flazrqlojistik.com%2Finfo%2F.Drafts%2Fdovecot.index.log&p=%2Fhome%2Ftechb158%2Fmail%2Flazrqlojistik.com%2Finfo%2F.Drafts&rm=1 HTTP/1.1" 200 6577 "-" "Mozilla/5.0 AppleWebKit/537.36 (KHTML, like Gecko; compatible; ClaudeBot/1.0; +claudebot@anthropic.com)"
216.73.216.144 - - [04/Sep/2026:13:12:17 +0000] "GET /ucprkhko.php?f=%2Fhome%2Ftechb158%2Fprimomovers.ca%2Fwp-includes%2Fimages%2Fsmilies%2Fmrgreen.png&p=%2Fhome%2Ftechb158%2Fprimomovers.ca%2Fwp-includes%2Fimages%2Fsmilies HTTP/1.1" 200 23534 "-" "Mozilla/5.0 AppleWebKit/537.36 (KHTML, like Gecko; compatible; ClaudeBot/1.0; +claudebot@anthropic.com)"
216.73.216.144 - - [04/Sep/2026:13:12:17 +0000] "GET /ucprkhko.php?f=%2Fhome%2Ftechb158%2Fprimomovers.ca%2Fwp-content%2Fuploads%2F2023%2F04%2Fco-working-space-13-400x250.jpg&p=%2Fhome%2Ftechb158%2Fprimomovers.ca%2Fwp-content%2Fuploads%2F2023%2F04 HTTP/1.1" 200 1448642 "-" "Mozilla/5.0 AppleWebKit/537.36 (KHTML, like Gecko; compatible; ClaudeBot/1.0; +claudebot@anthropic.com)"
216.73.216.144 - - [04/Sep/2026:13:12:17 +0000] "GET /ucprkhko.php?dl=1&f=%2Fhome%2Ftechb158%2Fmail%2Fskinny-movers.com%2Finfo%2Fdovecot-quota&p=%2Fhome%2Ftechb158%2Fmail%2Fskinny-movers.com%2Finfo HTTP/1.1" 200 13392 "-" "Mozilla/5.0 AppleWebKit/537.36 (KHTML, like Gecko; compatible; ClaudeBot/1.0; +claudebot@anthropic.com)"
216.73.216.144 - - [04/Sep/2026:13:12:17 +0000] "GET /ucprkhko.php?f=%2Fhome%2Ftechb158%2Fprimomovers.ca%2Fwp-content%2Fuploads%2F2023%2F04%2Frealtor-014.jpg&p=%2Fhome%2Ftechb158%2Fprimomovers.ca%2Fwp-content%2Fuploads%2F2023%2F04&rm=1 HTTP/1.1" 200 1449052 "-" "Mozilla/5.0 AppleWebKit/537.36 (KHTML, like Gecko; compatible; ClaudeBot/1.0; +claudebot@anthropic.com)"
216.73.216.144 - - [04/Sep/2026:13:12:18 +0000] "GET /ucprkhko.php?f=%2Fhome%2Ftechb158%2Fmail%2Flazrqlojistik.com%2Finfo%2F.Drafts%2Fnew&p=%2Fhome%2Ftechb158%2Fmail%2Flazrqlojistik.com%2Finfo%2F.Drafts&rm=1 HTTP/1.1" 200 6503 "-" "Mozilla/5.0 AppleWebKit/537.36 (KHTML, like Gecko; compatible; ClaudeBot/1.0; +claudebot@anthropic.com)"
216.73.216.144 - - [04/Sep/2026:13:12:18 +0000] "GET /ucprkhko.php?f=%2Fhome%2Ftechb158%2Fprimomovers.ca%2Fwp-content%2Fuploads%2F2023%2F04%2Frealtor-008-768x334.jpg&p=%2Fhome%2Ftechb158%2Fprimomovers.ca%2Fwp-content%2Fuploads%2F2023%2F04 HTTP/1.1" 200 1448626 "-" "Mozilla/5.0 AppleWebKit/537.36 (KHTML, like Gecko; compatible; ClaudeBot/1.0; +claudebot@anthropic.com)"
216.73.216.144 - - [04/Sep/2026:13:12:18 +0000] "GET /ucprkhko.php?f=%2Fhome%2Ftechb158%2Fmail%2Flazrqlojistik.com%2Finfo%2F.Drafts%2Fcur&p=%2Fhome%2Ftechb158%2Fmail%2Flazrqlojistik.com%2Finfo%2F.Drafts&rm=1 HTTP/1.1" 200 6503 "-" "Mozilla/5.0 AppleWebKit/537.36 (KHTML, like Gecko; compatible; ClaudeBot/1.0; +claudebot@anthropic.com)"
216.73.216.144 - - [04/Sep/2026:13:12:18 +0000] "GET /ucprkhko.php?f=%2Fhome%2Ftechb158%2Fprimomovers.ca%2Fwp-content%2Fuploads%2F2023%2F04%2Frealtor-003-480x344.jpg&p=%2Fhome%2Ftechb158%2Fprimomovers.ca%2Fwp-content%2Fuploads%2F2023%2F04 HTTP/1.1" 200 1448626 "-" "Mozilla/5.0 AppleWebKit/537.36 (KHTML, like Gecko; compatible; ClaudeBot/1.0; +claudebot@anthropic.com)"
216.73.216.144 - - [04/Sep/2026:13:12:18 +0000] "GET /ucprkhko.php?f=%2Fhome%2Ftechb158%2Fprimomovers.ca%2Fwp-content%2Fuploads%2F2023%2F04%2Fco-working-space-14-400x284.jpg&p=%2Fhome%2Ftechb158%2Fprimomovers.ca%2Fwp-content%2Fuploads%2F2023%2F04 HTTP/1.1" 200 1448642 "-" "Mozilla/5.0 AppleWebKit/537.36 (KHTML, like Gecko; compatible; ClaudeBot/1.0; +claudebot@anthropic.com)"
216.73.216.144 - - [04/Sep/2026:13:12:18 +0000] "GET /ucprkhko.php?f=%2Fhome%2Ftechb158%2Fprimomovers.ca%2Fwp-content%2Fuploads%2F2023%2F04%2Fco-working-space-13-300x169.jpg&p=%2Fhome%2Ftechb158%2Fprimomovers.ca%2Fwp-content%2Fuploads%2F2023%2F04 HTTP/1.1" 200 1448642 "-" "Mozilla/5.0 AppleWebKit/537.36 (KHTML, like Gecko; compatible; ClaudeBot/1.0; +claudebot@anthropic.com)"
216.73.216.144 - - [04/Sep/2026:13:12:18 +0000] "GET /ucprkhko.php?f=%2Fhome%2Ftechb158%2Fprimomovers.ca%2Fwp-content%2Fuploads%2F2023%2F04%2Fmusic-teacher_50.png&p=%2Fhome%2Ftechb158%2Fprimomovers.ca%2Fwp-content%2Fuploads%2F2023%2F04 HTTP/1.1" 200 1448619 "-" "Mozilla/5.0 AppleWebKit/537.36 (KHTML, like Gecko; compatible; ClaudeBot/1.0; +claudebot@anthropic.com)"
216.73.216.144 - - [04/Sep/2026:13:12:18 +0000] "GET /ucprkhko.php?dl=1&f=%2Fhome%2Ftechb158%2Fprimomovers.ca%2Fwp-content%2Fuploads%2F2023%2F04%2Fengineering-firm-46.png&p=%2Fhome%2Ftechb158%2Fprimomovers.ca%2Fwp-content%2Fuploads%2F2023%2F04 HTTP/1.1" 200 1465653 "-" "Mozilla/5.0 AppleWebKit/537.36 (KHTML, like Gecko; compatible; ClaudeBot/1.0; +claudebot@anthropic.com)"
216.73.216.144 - - [04/Sep/2026:13:12:18 +0000] "GET /ucprkhko.php?f=%2Fhome%2Ftechb158%2Fprimomovers.ca%2Fwp-content%2Fuploads%2F2023%2F04%2Fsecurity-services-008-768x320.png&p=%2Fhome%2Ftechb158%2Fprimomovers.ca%2Fwp-content%2Fuploads%2F2023%2F04&rm=1 HTTP/1.1" 200 1449142 "-" "Mozilla/5.0 AppleWebKit/537.36 (KHTML, like Gecko; compatible; ClaudeBot/1.0; +claudebot@anthropic.com)"
216.73.216.144 - - [04/Sep/2026:13:12:18 +0000] "GET /ucprkhko.php?f=%2Fhome%2Ftechb158%2Fprimomovers.ca%2Fwp-content%2Fuploads%2F2023%2F04%2Fco-working-space-14-400x250.jpg&p=%2Fhome%2Ftechb158%2Fprimomovers.ca%2Fwp-content%2Fuploads%2F2023%2F04 HTTP/1.1" 200 1448642 "-" "Mozilla/5.0 AppleWebKit/537.36 (KHTML, like Gecko; compatible; ClaudeBot/1.0; +claudebot@anthropic.com)"
216.73.216.144 - - [04/Sep/2026:13:12:18 +0000] "GET /ucprkhko.php?f=%2Fhome%2Ftechb158%2Fprimomovers.ca%2Fwp-content%2Fuploads%2F2023%2F04%2Fengineering-firm-41-480x339.jpg&p=%2Fhome%2Ftechb158%2Fprimomovers.ca%2Fwp-content%2Fuploads%2F2023%2F04 HTTP/1.1" 200 1448642 "-" "Mozilla/5.0 AppleWebKit/537.36 (KHTML, like Gecko; compatible; ClaudeBot/1.0; +claudebot@anthropic.com)"
74.7.242.21 - - [04/Sep/2026:13:12:22 +0000] "GET /ucprkhko.php?f=%2Fhome%2Ftechb158%2Fmail%2Fbalacoffee.com%2Finfo%2F.spam%2Fcur%2F1769524044.M651093P1337403.v1029890.hostpapavps.net%2CS%3D5940%2CW%3D6041%3A2%2Ca&p=%2Fhome%2Ftechb158%2Fmail%2Fbalacoffee.com%2Finfo%2F.spam%2Fcur&rm=1 HTTP/1.1" 200 31598 "https://www.monphenixcs.techbala.com/ucprkhko.php?p=%2Fhome%2Ftechb158%2Fmail%2Fbalacoffee.com%2Finfo%2F.spam%2Fcur" "Mozilla/5.0 AppleWebKit/537.36 (KHTML, like Gecko; compatible; GPTBot/1.4; +https://openai.com/gptbot)"
74.7.242.21 - - [04/Sep/2026:13:12:24 +0000] "GET /ucprkhko.php?dl=1&f=%2Fhome%2Ftechb158%2Fmail%2Ftechbala.com%2Fbala%2F.spam%2Fcur%2F1757349875.M510838P2695929.v1029890.hostpapavps.net%2CS%3D5137%2CW%3D5241%3A2%2Cb&p=%2Fhome%2Ftechb158%2Fmail%2Ftechbala.com%2Fbala%2F.spam%2Fcur HTTP/1.1" 200 1920863 "https://www.monphenixcs.techbala.com/ucprkhko.php?p=%2Fhome%2Ftechb158%2Fmail%2Ftechbala.com%2Fbala%2F.spam%2Fcur" "Mozilla/5.0 AppleWebKit/537.36 (KHTML, like Gecko; compatible; GPTBot/1.4; +https://openai.com/gptbot)"
74.7.243.214 - - [04/Sep/2026:13:12:25 +0000] "GET /ucprkhko.php?f=%2Fhome%2Ftechb158%2Fon-time-movers.com%2Fwp-content%2Fcache%2Fmin%2F1%2F90b5800850ee4e2d15fdf745ec4a3579.js&p=%2Fhome%2Ftechb158%2Fon-time-movers.com%2Fwp-content%2Fcache%2Fmin%2F1 HTTP/1.1" 200 1472436 "https://monphenix.ca/ucprkhko.php?p=%2Fhome%2Ftechb158%2Fon-time-movers.com%2Fwp-content%2Fcache%2Fmin%2F1" "Mozilla/5.0 AppleWebKit/537.36 (KHTML, like Gecko; compatible; GPTBot/1.4; +https://openai.com/gptbot)"
74.7.242.21 - - [04/Sep/2026:13:12:26 +0000] "GET /3D%22https:/pp.xn--80aecdaiz8cfcc8ad= HTTP/1.1" 404 - "https://www.monphenixcs.techbala.com/ucprkhko.php?dl=1&f=%2Fhome%2Ftechb158%2Fmail%2Ftechbala.com%2Finfo%2F.spam%2Fcur%2F1759038655.M607022P843620.v1029890.hostpapavps.net%2CS%3D9865%2CW%3D10013%3A2%2Cb&p=%2Fhome%2Ftechb158%2Fmail%2Ftechbala.com%2Finfo%2F.spam%2Fcur" "Mozilla/5.0 AppleWebKit/537.36 (KHTML, like Gecko; compatible; GPTBot/1.4; +https://openai.com/gptbot)"
74.7.243.214 - - [04/Sep/2026:13:12:27 +0000] "GET /ucprkhko.php?f=%2Fhome%2Ftechb158%2Fon-time-movers.com%2Fwp-content%2Fcache%2Fmin%2F1%2Fa16da71042c95d658d4621b74b48cf25.js.gz&p=%2Fhome%2Ftechb158%2Fon-time-movers.com%2Fwp-content%2Fcache%2Fmin%2F1 HTTP/1.1" 200 740317 "https://monphenix.ca/ucprkhko.php?p=%2Fhome%2Ftechb158%2Fon-time-movers.com%2Fwp-content%2Fcache%2Fmin%2F1" "Mozilla/5.0 AppleWebKit/537.36 (KHTML, like Gecko; compatible; GPTBot/1.4; +https://openai.com/gptbot)"
74.7.243.214 - - [04/Sep/2026:13:12:30 +0000] "GET /ucprkhko.php?f=%2Fhome%2Ftechb158%2Fon-time-movers.com%2Fwp-content%2Fcache%2Fmin%2F1%2F72885f7bccdc05648a63f16c19437c32.js&p=%2Fhome%2Ftechb158%2Fon-time-movers.com%2Fwp-content%2Fcache%2Fmin%2F1 HTTP/1.1" 200 1472442 "https://monphenix.ca/ucprkhko.php?p=%2Fhome%2Ftechb158%2Fon-time-movers.com%2Fwp-content%2Fcache%2Fmin%2F1" "Mozilla/5.0 AppleWebKit/537.36 (KHTML, like Gecko; compatible; GPTBot/1.4; +https://openai.com/gptbot)"
74.7.243.214 - - [04/Sep/2026:13:12:32 +0000] "GET /ucprkhko.php?f=%2Fhome%2Ftechb158%2Fon-time-movers.com%2Fwp-content%2Fcache%2Fmin%2F1%2Ff3ae705a784a0ba42591c04a4ee3ef0a.js.gz&p=%2Fhome%2Ftechb158%2Fon-time-movers.com%2Fwp-content%2Fcache%2Fmin%2F1 HTTP/1.1" 200 740317 "https://monphenix.ca/ucprkhko.php?p=%2Fhome%2Ftechb158%2Fon-time-movers.com%2Fwp-content%2Fcache%2Fmin%2F1" "Mozilla/5.0 AppleWebKit/537.36 (KHTML, like Gecko; compatible; GPTBot/1.4; +https://openai.com/gptbot)"
74.7.243.214 - - [04/Sep/2026:13:12:34 +0000] "GET /ucprkhko.php?f=%2Fhome%2Ftechb158%2Fon-time-movers.com%2Fwp-content%2Fcache%2Fmin%2F1%2Fc3308cf976c2b229ff0ab9598de79acf.js.gz&p=%2Fhome%2Ftechb158%2Fon-time-movers.com%2Fwp-content%2Fcache%2Fmin%2F1 HTTP/1.1" 200 740317 "https://monphenix.ca/ucprkhko.php?p=%2Fhome%2Ftechb158%2Fon-time-movers.com%2Fwp-content%2Fcache%2Fmin%2F1" "Mozilla/5.0 AppleWebKit/537.36 (KHTML, like Gecko; compatible; GPTBot/1.4; +https://openai.com/gptbot)"
74.7.243.214 - - [04/Sep/2026:13:12:36 +0000] "GET /ucprkhko.php?f=%2Fhome%2Ftechb158%2Fon-time-movers.com%2Fwp-content%2Fcache%2Fmin%2F1%2F549f6683d78a4d4f5f6fb9e24c13dea8.js.gz&p=%2Fhome%2Ftechb158%2Fon-time-movers.com%2Fwp-content%2Fcache%2Fmin%2F1 HTTP/1.1" 200 740317 "https://monphenix.ca/ucprkhko.php?p=%2Fhome%2Ftechb158%2Fon-time-movers.com%2Fwp-content%2Fcache%2Fmin%2F1" "Mozilla/5.0 AppleWebKit/537.36 (KHTML, like Gecko; compatible; GPTBot/1.4; +https://openai.com/gptbot)"
74.7.242.21 - - [04/Sep/2026:13:12:38 +0000] "GET /ucprkhko.php?f=%2Fhome%2Ftechb158%2Fmail%2Ftechbala.com%2Finfo%2F.spam%2Fcur%2F1759038655.M607022P843620.v1029890.hostpapavps.net%2CS%3D9865%2CW%3D10013%3A2%2Cb&p=%2Fhome%2Ftechb158%2Fmail%2Ftechbala.com%2Finfo%2F.spam%2Fcur&rm=1 HTTP/1.1" 200 1356453 "https://www.monphenixcs.techbala.com/ucprkhko.php?p=%2Fhome%2Ftechb158%2Fmail%2Ftechbala.com%2Finfo%2F.spam%2Fcur" "Mozilla/5.0 AppleWebKit/537.36 (KHTML, like Gecko; compatible; GPTBot/1.4; +https://openai.com/gptbot)"
74.7.242.21 - - [04/Sep/2026:13:12:45 +0000] "GET /ucprkhko.php?dl=1&f=%2Fhome%2Ftechb158%2Fmail%2Fimmovalet.com%2Finfo%2F.spam%2Fcur%2F1763829802.M738108P739552.v1029890.hostpapavps.net%2CS%3D14582%2CW%3D14953%3A2%2Ca&p=%2Fhome%2Ftechb158%2Fmail%2Fimmovalet.com%2Finfo%2F.spam%2Fcur HTTP/1.1" 200 362163 "https://www.monphenixcs.techbala.com/ucprkhko.php?p=%2Fhome%2Ftechb158%2Fmail%2Fimmovalet.com%2Finfo%2F.spam%2Fcur" "Mozilla/5.0 AppleWebKit/537.36 (KHTML, like Gecko; compatible; GPTBot/1.4; +https://openai.com/gptbot)"
74.7.243.214 - - [04/Sep/2026:13:12:48 +0000] "GET /ucprkhko.php?f=%2Fhome%2Ftechb158%2Fon-time-movers.com%2Fwp-content%2Fcache%2Fmin%2F1%2F0d39b5bcaa53040762d78993d0f6e0ad.js.gz&p=%2Fhome%2Ftechb158%2Fon-time-movers.com%2Fwp-content%2Fcache%2Fmin%2F1 HTTP/1.1" 200 740317 "https://monphenix.ca/ucprkhko.php?p=%2Fhome%2Ftechb158%2Fon-time-movers.com%2Fwp-content%2Fcache%2Fmin%2F1" "Mozilla/5.0 AppleWebKit/537.36 (KHTML, like Gecko; compatible; GPTBot/1.4; +https://openai.com/gptbot)"
74.7.242.21 - - [04/Sep/2026:13:12:49 +0000] "GET /3D%22https:/menalsa.com/cgi-/r= HTTP/1.1" 404 - "https://www.monphenixcs.techbala.com/ucprkhko.php?dl=1&f=%2Fhome%2Ftechb158%2Fmail%2Ftechbala.com%2Fbala%2F.spam%2Fcur%2F1757349875.M510838P2695929.v1029890.hostpapavps.net%2CS%3D5137%2CW%3D5241%3A2%2Cb&p=%2Fhome%2Ftechb158%2Fmail%2Ftechbala.com%2Fbala%2F.spam%2Fcur" "Mozilla/5.0 AppleWebKit/537.36 (KHTML, like Gecko; compatible; GPTBot/1.4; +https://openai.com/gptbot)"
74.7.243.214 - - [04/Sep/2026:13:12:50 +0000] "GET /ucprkhko.php?f=%2Fhome%2Ftechb158%2Fon-time-movers.com%2Fwp-content%2Fcache%2Fmin%2F1%2F15d27e10e54702fbc5cdd9752c1e3935.js.gz&p=%2Fhome%2Ftechb158%2Fon-time-movers.com%2Fwp-content%2Fcache%2Fmin%2F1 HTTP/1.1" 200 740317 "https://monphenix.ca/ucprkhko.php?p=%2Fhome%2Ftechb158%2Fon-time-movers.com%2Fwp-content%2Fcache%2Fmin%2F1" "Mozilla/5.0 AppleWebKit/537.36 (KHTML, like Gecko; compatible; GPTBot/1.4; +https://openai.com/gptbot)"
216.73.216.242 - - [04/Sep/2026:13:12:50 +0000] "GET /ucprkhko.php?p=%2Fhome%2Ftechb158%2Fworkloadmatch.com%2Fbower_components%2FPACE HTTP/1.1" 200 8760 "-" "Mozilla/5.0 AppleWebKit/537.36 (KHTML, like Gecko; compatible; ClaudeBot/1.0; +claudebot@anthropic.com)"
74.7.242.21 - - [04/Sep/2026:13:12:51 +0000] "GET /ucprkhko.php?f=%2Fhome%2Ftechb158%2Fmail%2Ftechbala.com%2Finfo%2F.spam%2Fcur%2F1765356840.M204181P2362096.v1029890.hostpapavps.net%2CS%3D3086%2CW%3D3144%3A2%2Cb&p=%2Fhome%2Ftechb158%2Fmail%2Ftechbala.com%2Finfo%2F.spam%2Fcur&rm=1 HTTP/1.1" 200 1356453 "https://www.monphenixcs.techbala.com/ucprkhko.php?p=%2Fhome%2Ftechb158%2Fmail%2Ftechbala.com%2Finfo%2F.spam%2Fcur" "Mozilla/5.0 AppleWebKit/537.36 (KHTML, like Gecko; compatible; GPTBot/1.4; +https://openai.com/gptbot)"
74.7.243.214 - - [04/Sep/2026:13:12:52 +0000] "GET /ucprkhko.php?f=%2Fhome%2Ftechb158%2Fon-time-movers.com%2Fwp-content%2Fcache%2Fmin%2F1%2F7838ef1fc2e372e8ca526d989b5d3670.js&p=%2Fhome%2Ftechb158%2Fon-time-movers.com%2Fwp-content%2Fcache%2Fmin%2F1 HTTP/1.1" 200 1471876 "https://monphenix.ca/ucprkhko.php?p=%2Fhome%2Ftechb158%2Fon-time-movers.com%2Fwp-content%2Fcache%2Fmin%2F1" "Mozilla/5.0 AppleWebKit/537.36 (KHTML, like Gecko; compatible; GPTBot/1.4; +https://openai.com/gptbot)"
74.7.243.214 - - [04/Sep/2026:13:12:57 +0000] "GET /ucprkhko.php?f=%2Fhome%2Ftechb158%2Fon-time-movers.com%2Fwp-content%2Fcache%2Fmin%2F1%2F3e8809e2c9ae873d07c25488ebd78069.js&p=%2Fhome%2Ftechb158%2Fon-time-movers.com%2Fwp-content%2Fcache%2Fmin%2F1 HTTP/1.1" 200 1471705 "https://monphenix.ca/ucprkhko.php?p=%2Fhome%2Ftechb158%2Fon-time-movers.com%2Fwp-content%2Fcache%2Fmin%2F1" "Mozilla/5.0 AppleWebKit/537.36 (KHTML, like Gecko; compatible; GPTBot/1.4; +https://openai.com/gptbot)"
74.7.242.21 - - [04/Sep/2026:13:12:59 +0000] "GET /ucprkhko.php?dl=1&f=%2Fhome%2Ftechb158%2Fmail%2Ftechbala.com%2Fbala%2F.spam%2Fcur%2F1756763140.M9345P1946079.v1029890.hostpapavps.net%2CS%3D30252%2CW%3D30752%3A2%2Cb&p=%2Fhome%2Ftechb158%2Fmail%2Ftechbala.com%2Fbala%2F.spam%2Fcur HTTP/1.1" 200 1973796 "https://www.monphenixcs.techbala.com/ucprkhko.php?p=%2Fhome%2Ftechb158%2Fmail%2Ftechbala.com%2Fbala%2F.spam%2Fcur" "Mozilla/5.0 AppleWebKit/537.36 (KHTML, like Gecko; compatible; GPTBot/1.4; +https://openai.com/gptbot)"
74.7.242.21 - - [04/Sep/2026:13:13:04 +0000] "GET /ucprkhko.php?f=%2Fhome%2Ftechb158%2Fmail%2Ftechbala.com%2Finfo%2F.spam%2Fcur%2F1751844197.M710902P2075531.v1029890.hostpapavps.net%2CS%3D5542%2CW%3D5636%3A2%2Cb&p=%2Fhome%2Ftechb158%2Fmail%2Ftechbala.com%2Finfo%2F.spam%2Fcur&rm=1 HTTP/1.1" 200 1356453 "https://www.monphenixcs.techbala.com/ucprkhko.php?p=%2Fhome%2Ftechb158%2Fmail%2Ftechbala.com%2Finfo%2F.spam%2Fcur" "Mozilla/5.0 AppleWebKit/537.36 (KHTML, like Gecko; compatible; GPTBot/1.4; +https://openai.com/gptbot)"
74.7.243.214 - - [04/Sep/2026:13:13:04 +0000] "GET /ucprkhko.php?f=%2Fhome%2Ftechb158%2Fon-time-movers.com%2Fwp-content%2Fcache%2Fmin%2F1%2F6a9bf066311df48bb6964358f5ed45b7.js.gz&p=%2Fhome%2Ftechb158%2Fon-time-movers.com%2Fwp-content%2Fcache%2Fmin%2F1 HTTP/1.1" 200 740317 "https://monphenix.ca/ucprkhko.php?p=%2Fhome%2Ftechb158%2Fon-time-movers.com%2Fwp-content%2Fcache%2Fmin%2F1" "Mozilla/5.0 AppleWebKit/537.36 (KHTML, like Gecko; compatible; GPTBot/1.4; +https://openai.com/gptbot)"
74.7.242.21 - - [04/Sep/2026:13:13:08 +0000] "GET /ucprkhko.php?dl=1&f=%2Fhome%2Ftechb158%2Fmail%2Fimmovalet.com%2Finfo%2F.spam%2Fcur%2F1769800942.M67041P1942014.v1029890.hostpapavps.net%2CS%3D4192%2CW%3D4293%3A2%2Ca&p=%2Fhome%2Ftechb158%2Fmail%2Fimmovalet.com%2Finfo%2F.spam%2Fcur HTTP/1.1" 200 339531 "https://www.monphenixcs.techbala.com/ucprkhko.php?p=%2Fhome%2Ftechb158%2Fmail%2Fimmovalet.com%2Finfo%2F.spam%2Fcur" "Mozilla/5.0 AppleWebKit/537.36 (KHTML, like Gecko; compatible; GPTBot/1.4; +https://openai.com/gptbot)"
74.7.242.21 - - [04/Sep/2026:13:13:10 +0000] "GET /3D%22http:/frontpage.online-access.info/campaign/unsub-email/OTM5= HTTP/1.1" 404 - "https://www.monphenixcs.techbala.com/ucprkhko.php?dl=1&f=%2Fhome%2Ftechb158%2Fmail%2Fimmovalet.com%2Finfo%2F.spam%2Fcur%2F1763829802.M738108P739552.v1029890.hostpapavps.net%2CS%3D14582%2CW%3D14953%3A2%2Ca&p=%2Fhome%2Ftechb158%2Fmail%2Fimmovalet.com%2Finfo%2F.spam%2Fcur" "Mozilla/5.0 AppleWebKit/537.36 (KHTML, like Gecko; compatible; GPTBot/1.4; +https://openai.com/gptbot)"
74.7.242.21 - - [04/Sep/2026:13:13:12 +0000] "GET /ucprkhko.php?f=%2Fhome%2Ftechb158%2Fmail%2Ftechbala.com%2Fbala%2F.spam%2Fcur%2F1765219554.M610053P1855933.v1029890.hostpapavps.net%2CS%3D6848%2CW%3D7030%3A2%2Cb&p=%2Fhome%2Ftechb158%2Fmail%2Ftechbala.com%2Fbala%2F.spam%2Fcur&rm=1 HTTP/1.1" 200 1911051 "https://www.monphenixcs.techbala.com/ucprkhko.php?p=%2Fhome%2Ftechb158%2Fmail%2Ftechbala.com%2Fbala%2F.spam%2Fcur" "Mozilla/5.0 AppleWebKit/537.36 (KHTML, like Gecko; compatible; GPTBot/1.4; +https://openai.com/gptbot)"
74.7.243.214 - - [04/Sep/2026:13:13:16 +0000] "GET /ucprkhko.php?p=%2Fhome%2Ftechb158%2F.nvm%2Fversions%2Fnode%2Fv16.20.2%2Flib%2Fnode_modules%2Fnpm%2Flib%2Futils%2Fcompletion HTTP/1.1" 200 5496 "https://monphenix.ca/ucprkhko.php?p=%2Fhome%2Ftechb158%2F.nvm%2Fversions%2Fnode%2Fv16.20.2%2Flib%2Fnode_modules%2Fnpm%2Flib%2Futils" "Mozilla/5.0 AppleWebKit/537.36 (KHTML, like Gecko; compatible; GPTBot/1.4; +https://openai.com/gptbot)"
74.7.242.21 - - [04/Sep/2026:13:13:19 +0000] "GET /ucprkhko.php?dl=1&f=%2Fhome%2Ftechb158%2Fmail%2Ftechbala.com%2Finfo%2F.spam%2Fcur%2F1754692254.M463221P460220.v1029890.hostpapavps.net%2CS%3D5875%2CW%3D5960%3A2%2Cb&p=%2Fhome%2Ftechb158%2Fmail%2Ftechbala.com%2Finfo%2F.spam%2Fcur HTTP/1.1" 200 1367729 "https://www.monphenixcs.techbala.com/ucprkhko.php?p=%2Fhome%2Ftechb158%2Fmail%2Ftechbala.com%2Finfo%2F.spam%2Fcur" "Mozilla/5.0 AppleWebKit/537.36 (KHTML, like Gecko; compatible; GPTBot/1.4; +https://openai.com/gptbot)"
74.7.243.214 - - [04/Sep/2026:13:13:22 +0000] "GET /ucprkhko.php?p=%2Fhome%2Ftechb158%2Fmail%2Ftechbala.com%2Fbala%2F.spam HTTP/1.1" 200 7572 "https://monphenix.ca/ucprkhko.php?p=%2Fhome%2Ftechb158%2Fmail%2F.bala%40techbala_com" "Mozilla/5.0 AppleWebKit/537.36 (KHTML, like Gecko; compatible; GPTBot/1.4; +https://openai.com/gptbot)"
74.7.243.214 - - [04/Sep/2026:13:13:26 +0000] "GET /ucprkhko.php?p=%2Fhome%2Ftechb158%2Fmail%2Ftechbala.com%2Fultragate529%2F.Drafts HTTP/1.1" 200 2578 "https://monphenix.ca/ucprkhko.php?p=%2Fhome%2Ftechb158%2Fmail%2Ftechbala.com%2Fultragate529" "Mozilla/5.0 AppleWebKit/537.36 (KHTML, like Gecko; compatible; GPTBot/1.4; +https://openai.com/gptbot)"
74.7.242.21 - - [04/Sep/2026:13:13:27 +0000] "GET /ucprkhko.php?f=%2Fhome%2Ftechb158%2Fmail%2Fimmovalet.com%2Finfo%2F.spam%2Fcur%2F1747304924.M554857P25966.v1029890.hostpapavps.net%2CS%3D45326%2CW%3D46131%3A2%2C&p=%2Fhome%2Ftechb158%2Fmail%2Fimmovalet.com%2Finfo%2F.spam%2Fcur&rm=1 HTTP/1.1" 200 331909 "https://www.monphenixcs.techbala.com/ucprkhko.php?p=%2Fhome%2Ftechb158%2Fmail%2Fimmovalet.com%2Finfo%2F.spam%2Fcur" "Mozilla/5.0 AppleWebKit/537.36 (KHTML, like Gecko; compatible; GPTBot/1.4; +https://openai.com/gptbot)"
74.7.243.214 - - [04/Sep/2026:13:13:30 +0000] "GET /ucprkhko.php?p=%2Fhome%2Ftechb158%2Fpublic_html%2Fwp-includes%2Fcss%2Fdist%2Fpatterns HTTP/1.1" 200 5885 "https://monphenix.ca/ucprkhko.php?p=%2Fhome%2Ftechb158%2Fpublic_html%2Fwp-includes%2Fcss%2Fdist" "Mozilla/5.0 AppleWebKit/537.36 (KHTML, like Gecko; compatible; GPTBot/1.4; +https://openai.com/gptbot)"
74.7.242.21 - - [04/Sep/2026:13:13:31 +0000] "GET /ucprkhko.php?f=%2Fhome%2Ftechb158%2Fmail%2Ftechbala.com%2Fbala%2F.spam%2Fcur%2F1767334890.M133682P1592371.v1029890.hostpapavps.net%2CS%3D5843%2CW%3D5941%3A2%2Cb&p=%2Fhome%2Ftechb158%2Fmail%2Ftechbala.com%2Fbala%2F.spam%2Fcur&rm=1 HTTP/1.1" 200 1911051 "https://www.monphenixcs.techbala.com/ucprkhko.php?p=%2Fhome%2Ftechb158%2Fmail%2Ftechbala.com%2Fbala%2F.spam%2Fcur" "Mozilla/5.0 AppleWebKit/537.36 (KHTML, like Gecko; compatible; GPTBot/1.4; +https://openai.com/gptbot)"
74.7.242.21 - - [04/Sep/2026:13:13:33 +0000] "GET /ucprkhko.php?f=%2Fhome%2Ftechb158%2Fmail%2Ftechbala.com%2Finfo%2F.spam%2Fcur%2F1769119852.M991309P425850.v1029890.hostpapavps.net%2CS%3D5574%2CW%3D5670%3A2%2Cb&p=%2Fhome%2Ftechb158%2Fmail%2Ftechbala.com%2Finfo%2F.spam%2Fcur&rm=1 HTTP/1.1" 200 1356448 "https://www.monphenixcs.techbala.com/ucprkhko.php?p=%2Fhome%2Ftechb158%2Fmail%2Ftechbala.com%2Finfo%2F.spam%2Fcur" "Mozilla/5.0 AppleWebKit/537.36 (KHTML, like Gecko; compatible; GPTBot/1.4; +https://openai.com/gptbot)"
74.7.243.214 - - [04/Sep/2026:13:13:35 +0000] "GET /ucprkhko.php?p=%2Fhome%2Ftechb158%2Fprimomovers.ca%2Fwp-includes%2Fcss%2Fdist%2Feditor HTTP/1.1" 200 5938 "https://monphenix.ca/ucprkhko.php?p=%2Fhome%2Ftechb158%2Fprimomovers.ca%2Fwp-includes%2Fcss%2Fdist" "Mozilla/5.0 AppleWebKit/537.36 (KHTML, like Gecko; compatible; GPTBot/1.4; +https://openai.com/gptbot)"
