57.141.4.34 - - [04/Sep/2026:15:27:23 +0000] "GET /platform/plugins/blog/src/Supports/?C=M;O=D HTTP/1.1" 200 1269 "-" "Mozilla/5.0 (X11; Linux x86_64) AppleWebKit/537.36 (KHTML, like Gecko) Chrome/145.0.0.0 Safari/537.36 (compatible; meta-externalagent/1.1 (+https://developers.facebook.com/docs/sharing/webmasters/crawler))"
57.141.4.14 - - [04/Sep/2026:15:27:25 +0000] "GET /vendor/aws/aws-sdk-php/src/ElasticsearchService/Exception/ElasticsearchServiceException.php HTTP/1.1" 500 - "-" "Mozilla/5.0 (Windows NT 10.0; Win64; x64) AppleWebKit/537.36 (KHTML, like Gecko) Chrome/145.0.0.0 Safari/537.36 (compatible; meta-externalagent/1.1 (+https://developers.facebook.com/docs/sharing/webmasters/crawler))"
57.141.4.30 - - [04/Sep/2026:15:27:32 +0000] "GET /vendor/dragonmantank/cron-expression/phpstan.neon HTTP/1.1" 200 53 "-" "Mozilla/5.0 (Macintosh; Intel Mac OS X 10_15_7) AppleWebKit/537.36 (KHTML, like Gecko) Chrome/145.0.0.0 Safari/537.36 (compatible; meta-externalagent/1.1 (+https://developers.facebook.com/docs/sharing/webmasters/crawler))"
57.141.4.58 - - [04/Sep/2026:15:27:32 +0000] "GET /platform/packages/revision/database/?C=S;O=D HTTP/1.1" 200 901 "-" "Mozilla/5.0 (X11; Linux x86_64) AppleWebKit/537.36 (KHTML, like Gecko) Chrome/145.0.0.0 Safari/537.36 (compatible; meta-externalagent/1.1 (+https://developers.facebook.com/docs/sharing/webmasters/crawler))"
57.141.4.55 - - [04/Sep/2026:15:27:41 +0000] "GET /platform/core/acl/resources/assets/?C=S;O=D HTTP/1.1" 200 1065 "-" "Mozilla/5.0 (Macintosh; Intel Mac OS X 10_15_7) AppleWebKit/537.36 (KHTML, like Gecko) Chrome/145.0.0.0 Safari/537.36 (compatible; meta-externalagent/1.1 (+https://developers.facebook.com/docs/sharing/webmasters/crawler))"
57.141.4.23 - - [04/Sep/2026:15:27:42 +0000] "GET /vendor/botble/plugin-management/src/?C=N;O=A HTTP/1.1" 200 1785 "-" "Mozilla/5.0 (Windows NT 10.0; Win64; x64) AppleWebKit/537.36 (KHTML, like Gecko) Chrome/145.0.0.0 Safari/537.36 (compatible; meta-externalagent/1.1 (+https://developers.facebook.com/docs/sharing/webmasters/crawler))"
57.141.4.29 - - [04/Sep/2026:15:27:42 +0000] "GET /vendor/dompdf/dompdf/?C=M;O=D HTTP/1.1" 200 1919 "-" "Mozilla/5.0 (Windows NT 10.0; Win64; x64) AppleWebKit/537.36 (KHTML, like Gecko) Chrome/145.0.0.0 Safari/537.36 (compatible; meta-externalagent/1.1 (+https://developers.facebook.com/docs/sharing/webmasters/crawler))"
57.141.4.34 - - [04/Sep/2026:15:27:44 +0000] "GET /platform/core/base/database/migrations/2013_04_09_032329_create_base_tables.php HTTP/1.1" 500 - "-" "Mozilla/5.0 (Windows NT 10.0; Win64; x64) AppleWebKit/537.36 (KHTML, like Gecko) Chrome/145.0.0.0 Safari/537.36 (compatible; meta-externalagent/1.1 (+https://developers.facebook.com/docs/sharing/webmasters/crawler))"
57.141.4.13 - - [04/Sep/2026:15:27:47 +0000] "GET /platform/core/setting/resources/assets/?C=M;O=A HTTP/1.1" 200 1077 "-" "Mozilla/5.0 (Windows NT 10.0; Win64; x64) AppleWebKit/537.36 (KHTML, like Gecko) Chrome/145.0.0.0 Safari/537.36 (compatible; meta-externalagent/1.1 (+https://developers.facebook.com/docs/sharing/webmasters/crawler))"
57.141.4.14 - - [04/Sep/2026:15:27:51 +0000] "GET /resources/lang/vendor/plugins/social-login/?C=N;O=A HTTP/1.1" 200 910 "-" "Mozilla/5.0 (Windows NT 10.0; Win64; x64) AppleWebKit/537.36 (KHTML, like Gecko) Chrome/145.0.0.0 Safari/537.36 (compatible; meta-externalagent/1.1 (+https://developers.facebook.com/docs/sharing/webmasters/crawler))"
57.141.4.23 - - [04/Sep/2026:15:27:54 +0000] "GET /vendor/aws/aws-sdk-php/src/data/wellarchitected/?C=D;O=A HTTP/1.1" 200 930 "-" "Mozilla/5.0 (Windows NT 10.0; Win64; x64) AppleWebKit/537.36 (KHTML, like Gecko) Chrome/145.0.0.0 Safari/537.36 (compatible; meta-externalagent/1.1 (+https://developers.facebook.com/docs/sharing/webmasters/crawler))"
57.141.4.62 - - [04/Sep/2026:15:28:02 +0000] "GET /platform/packages/page/src/Models/ HTTP/1.1" 200 894 "-" "Mozilla/5.0 (Windows NT 10.0; Win64; x64) AppleWebKit/537.36 (KHTML, like Gecko) Chrome/145.0.0.0 Safari/537.36 (compatible; meta-externalagent/1.1 (+https://developers.facebook.com/docs/sharing/webmasters/crawler))"
216.73.216.242 - - [04/Sep/2026:15:28:03 +0000] "GET /vendor/mollie/mollie-api-php/examples/ HTTP/1.1" 200 3424 "-" "Mozilla/5.0 AppleWebKit/537.36 (KHTML, like Gecko; compatible; ClaudeBot/1.0; +claudebot@anthropic.com)"
57.141.4.19 - - [04/Sep/2026:15:28:05 +0000] "GET /vendor/aws/aws-sdk-php/src/MachineLearning/?C=M;O=A HTTP/1.1" 200 1110 "-" "Mozilla/5.0 (Macintosh; Intel Mac OS X 10_15_7) AppleWebKit/537.36 (KHTML, like Gecko) Chrome/145.0.0.0 Safari/537.36 (compatible; meta-externalagent/1.1 (+https://developers.facebook.com/docs/sharing/webmasters/crawler))"
57.141.4.31 - - [04/Sep/2026:15:28:14 +0000] "GET /vendor/yajra/laravel-datatables-html/composer.json HTTP/1.1" 200 973 "-" "Mozilla/5.0 (X11; Linux x86_64) AppleWebKit/537.36 (KHTML, like Gecko) Chrome/145.0.0.0 Safari/537.36 (compatible; meta-externalagent/1.1 (+https://developers.facebook.com/docs/sharing/webmasters/crawler))"
57.141.4.60 - - [04/Sep/2026:15:28:16 +0000] "GET /vendor/phpseclib/phpseclib/phpseclib/openssl.cnf HTTP/1.1" 200 104 "-" "Mozilla/5.0 (Windows NT 10.0; Win64; x64) AppleWebKit/537.36 (KHTML, like Gecko) Chrome/145.0.0.0 Safari/537.36 (compatible; meta-externalagent/1.1 (+https://developers.facebook.com/docs/sharing/webmasters/crawler))"
57.141.4.35 - - [04/Sep/2026:15:28:22 +0000] "GET /platform/plugins/contact/resources/views/?C=N;O=D HTTP/1.1" 200 1468 "-" "Mozilla/5.0 (Windows NT 10.0; Win64; x64) AppleWebKit/537.36 (KHTML, like Gecko) Chrome/145.0.0.0 Safari/537.36 (compatible; meta-externalagent/1.1 (+https://developers.facebook.com/docs/sharing/webmasters/crawler))"
57.141.4.44 - - [04/Sep/2026:15:28:23 +0000] "GET /vendor/stripe/stripe-php/lib/?C=S;O=D HTTP/1.1" 200 18780 "-" "Mozilla/5.0 (X11; Linux x86_64) AppleWebKit/537.36 (KHTML, like Gecko) Chrome/145.0.0.0 Safari/537.36 (compatible; meta-externalagent/1.1 (+https://developers.facebook.com/docs/sharing/webmasters/crawler))"
57.141.4.35 - - [04/Sep/2026:15:28:26 +0000] "GET /platform/plugins/blog/resources/lang/en/?C=M;O=A HTTP/1.1" 200 1451 "-" "Mozilla/5.0 (Windows NT 10.0; Win64; x64) AppleWebKit/537.36 (KHTML, like Gecko) Chrome/145.0.0.0 Safari/537.36 (compatible; meta-externalagent/1.1 (+https://developers.facebook.com/docs/sharing/webmasters/crawler))"
57.141.4.12 - - [04/Sep/2026:15:28:27 +0000] "GET /platform/plugins/contact/database/migrations/?C=D;O=A HTTP/1.1" 200 961 "-" "Mozilla/5.0 (Windows NT 10.0; Win64; x64) AppleWebKit/537.36 (KHTML, like Gecko) Chrome/145.0.0.0 Safari/537.36 (compatible; meta-externalagent/1.1 (+https://developers.facebook.com/docs/sharing/webmasters/crawler))"
57.141.4.8 - - [04/Sep/2026:15:28:28 +0000] "GET /platform/plugins/testimonial/routes/?C=N;O=A HTTP/1.1" 200 899 "-" "Mozilla/5.0 (Windows NT 10.0; Win64; x64) AppleWebKit/537.36 (KHTML, like Gecko) Chrome/145.0.0.0 Safari/537.36 (compatible; meta-externalagent/1.1 (+https://developers.facebook.com/docs/sharing/webmasters/crawler))"
57.141.4.41 - - [04/Sep/2026:15:28:29 +0000] "GET /vendor/stripe/stripe-php/lib/BillingPortal/?C=N;O=D HTTP/1.1" 200 1102 "-" "Mozilla/5.0 (Windows NT 10.0; Win64; x64) AppleWebKit/537.36 (KHTML, like Gecko) Chrome/145.0.0.0 Safari/537.36 (compatible; meta-externalagent/1.1 (+https://developers.facebook.com/docs/sharing/webmasters/crawler))"
57.141.4.26 - - [04/Sep/2026:15:28:33 +0000] "GET /platform/core/setting/resources/assets/sass/?C=D;O=A HTTP/1.1" 200 930 "-" "Mozilla/5.0 (Windows NT 10.0; Win64; x64) AppleWebKit/537.36 (KHTML, like Gecko) Chrome/145.0.0.0 Safari/537.36 (compatible; meta-externalagent/1.1 (+https://developers.facebook.com/docs/sharing/webmasters/crawler))"
57.141.4.8 - - [04/Sep/2026:15:28:35 +0000] "GET /vendor/dompdf/dompdf/src/Css/Style.php HTTP/1.1" 200 - "-" "Mozilla/5.0 (Windows NT 10.0; Win64; x64) AppleWebKit/537.36 (KHTML, like Gecko) Chrome/145.0.0.0 Safari/537.36 (compatible; meta-externalagent/1.1 (+https://developers.facebook.com/docs/sharing/webmasters/crawler))"
57.141.4.63 - - [04/Sep/2026:15:28:36 +0000] "GET /platform/packages/widget/resources/?C=M;O=D HTTP/1.1" 200 1240 "-" "Mozilla/5.0 (Windows NT 10.0; Win64; x64) AppleWebKit/537.36 (KHTML, like Gecko) Chrome/145.0.0.0 Safari/537.36 (compatible; meta-externalagent/1.1 (+https://developers.facebook.com/docs/sharing/webmasters/crawler))"
57.141.4.36 - - [04/Sep/2026:15:28:36 +0000] "GET /platform/packages/page/src/Supports/Template.php HTTP/1.1" 200 - "-" "Mozilla/5.0 (Windows NT 10.0; Win64; x64) AppleWebKit/537.36 (KHTML, like Gecko) Chrome/145.0.0.0 Safari/537.36 (compatible; meta-externalagent/1.1 (+https://developers.facebook.com/docs/sharing/webmasters/crawler))"
57.141.4.18 - - [04/Sep/2026:15:28:53 +0000] "GET /platform/packages/page/src/Supports/?C=D;O=A HTTP/1.1" 200 902 "-" "Mozilla/5.0 (Macintosh; Intel Mac OS X 10_15_7) AppleWebKit/537.36 (KHTML, like Gecko) Chrome/145.0.0.0 Safari/537.36 (compatible; meta-externalagent/1.1 (+https://developers.facebook.com/docs/sharing/webmasters/crawler))"
57.141.4.3 - - [04/Sep/2026:15:28:59 +0000] "GET /platform/packages/revision/config/?C=M;O=A HTTP/1.1" 200 897 "-" "Mozilla/5.0 (Windows NT 10.0; Win64; x64) AppleWebKit/537.36 (KHTML, like Gecko) Chrome/145.0.0.0 Safari/537.36 (compatible; meta-externalagent/1.1 (+https://developers.facebook.com/docs/sharing/webmasters/crawler))"
57.141.4.35 - - [04/Sep/2026:15:29:03 +0000] "GET /storage/framework/testing/disks/?C=M;O=A HTTP/1.1" 200 1062 "-" "Mozilla/5.0 (Windows NT 10.0; Win64; x64) AppleWebKit/537.36 (KHTML, like Gecko) Chrome/145.0.0.0 Safari/537.36 (compatible; meta-externalagent/1.1 (+https://developers.facebook.com/docs/sharing/webmasters/crawler))"
57.141.4.49 - - [04/Sep/2026:15:29:07 +0000] "GET /vendor/botble/platform/setting/src/Models/ HTTP/1.1" 200 921 "-" "Mozilla/5.0 (X11; Linux x86_64) AppleWebKit/537.36 (KHTML, like Gecko) Chrome/145.0.0.0 Safari/537.36 (compatible; meta-externalagent/1.1 (+https://developers.facebook.com/docs/sharing/webmasters/crawler))"
57.141.4.73 - - [04/Sep/2026:15:29:09 +0000] "GET /vendor/maatwebsite/excel/src/Cache/?C=D;O=A HTTP/1.1" 200 1271 "-" "Mozilla/5.0 (Macintosh; Intel Mac OS X 10_15_7) AppleWebKit/537.36 (KHTML, like Gecko) Chrome/145.0.0.0 Safari/537.36 (compatible; meta-externalagent/1.1 (+https://developers.facebook.com/docs/sharing/webmasters/crawler))"
57.141.4.17 - - [04/Sep/2026:15:29:18 +0000] "GET /platform/packages/slug/routes/?C=D;O=D HTTP/1.1" 200 881 "-" "Mozilla/5.0 (Macintosh; Intel Mac OS X 10_15_7) AppleWebKit/537.36 (KHTML, like Gecko) Chrome/145.0.0.0 Safari/537.36 (compatible; meta-externalagent/1.1 (+https://developers.facebook.com/docs/sharing/webmasters/crawler))"
57.141.4.61 - - [04/Sep/2026:15:29:26 +0000] "GET /vendor/aws/aws-sdk-php/src/TimestreamWrite/Exception/?C=M;O=A HTTP/1.1" 200 971 "-" "Mozilla/5.0 (Macintosh; Intel Mac OS X 10_15_7) AppleWebKit/537.36 (KHTML, like Gecko) Chrome/145.0.0.0 Safari/537.36 (compatible; meta-externalagent/1.1 (+https://developers.facebook.com/docs/sharing/webmasters/crawler))"
57.141.4.22 - - [04/Sep/2026:15:29:30 +0000] "GET /vendor/symfony/translation/Util/?C=D;O=A HTTP/1.1" 200 1082 "-" "Mozilla/5.0 (X11; Linux x86_64) AppleWebKit/537.36 (KHTML, like Gecko) Chrome/145.0.0.0 Safari/537.36 (compatible; meta-externalagent/1.1 (+https://developers.facebook.com/docs/sharing/webmasters/crawler))"
57.141.4.11 - - [04/Sep/2026:15:29:42 +0000] "GET /vendor/ramsey/collection/bin/?C=D;O=A HTTP/1.1" 200 706 "-" "Mozilla/5.0 (Windows NT 10.0; Win64; x64) AppleWebKit/537.36 (KHTML, like Gecko) Chrome/145.0.0.0 Safari/537.36 (compatible; meta-externalagent/1.1 (+https://developers.facebook.com/docs/sharing/webmasters/crawler))"
57.141.4.62 - - [04/Sep/2026:15:29:52 +0000] "GET /storage/app/purifier/HTML/?C=M;O=D HTTP/1.1" 200 1368 "-" "Mozilla/5.0 (Macintosh; Intel Mac OS X 10_15_7) AppleWebKit/537.36 (KHTML, like Gecko) Chrome/145.0.0.0 Safari/537.36 (compatible; meta-externalagent/1.1 (+https://developers.facebook.com/docs/sharing/webmasters/crawler))"
57.141.4.68 - - [04/Sep/2026:15:29:53 +0000] "GET /resources/lang/vendor/plugins/analytics/?C=M;O=D HTTP/1.1" 200 1075 "-" "Mozilla/5.0 (Windows NT 10.0; Win64; x64) AppleWebKit/537.36 (KHTML, like Gecko) Chrome/145.0.0.0 Safari/537.36 (compatible; meta-externalagent/1.1 (+https://developers.facebook.com/docs/sharing/webmasters/crawler))"
57.141.4.67 - - [04/Sep/2026:15:30:01 +0000] "GET /vendor/dompdf/dompdf/src/Image/?C=D;O=A HTTP/1.1" 200 887 "-" "Mozilla/5.0 (Macintosh; Intel Mac OS X 10_15_7) AppleWebKit/537.36 (KHTML, like Gecko) Chrome/145.0.0.0 Safari/537.36 (compatible; meta-externalagent/1.1 (+https://developers.facebook.com/docs/sharing/webmasters/crawler))"
57.141.4.24 - - [04/Sep/2026:15:30:07 +0000] "GET /platform/core/js-validation/resources/?C=M;O=D HTTP/1.1" 200 1076 "-" "Mozilla/5.0 (Windows NT 10.0; Win64; x64) AppleWebKit/537.36 (KHTML, like Gecko) Chrome/145.0.0.0 Safari/537.36 (compatible; meta-externalagent/1.1 (+https://developers.facebook.com/docs/sharing/webmasters/crawler))"
57.141.4.48 - - [04/Sep/2026:15:30:09 +0000] "GET /vendor/dragonmantank/cron-expression/src/?C=S;O=D HTTP/1.1" 200 915 "-" "Mozilla/5.0 (X11; Ubuntu; Linux x86_64; rv:147.0) Gecko/20100101 Firefox/147.0 (compatible; meta-externalagent/1.1 (+https://developers.facebook.com/docs/sharing/webmasters/crawler))"
57.141.4.66 - - [04/Sep/2026:15:30:09 +0000] "GET /platform/plugins/contact/resources/assets/?C=S;O=A HTTP/1.1" 200 1086 "-" "Mozilla/5.0 (X11; Linux x86_64) AppleWebKit/537.36 (KHTML, like Gecko) Chrome/145.0.0.0 Safari/537.36 (compatible; meta-externalagent/1.1 (+https://developers.facebook.com/docs/sharing/webmasters/crawler))"
54.37.84.47 - - [04/Sep/2026:15:30:15 +0000] "GET /robots.txt HTTP/1.1" 404 16 "-" "Mozilla/5.0 (compatible; MJ12bot/v1.4.8; http://mj12bot.com/)"
57.141.4.55 - - [04/Sep/2026:15:30:18 +0000] "GET /platform/plugins/testimonial/src/Repositories/ HTTP/1.1" 200 1279 "-" "Mozilla/5.0 (Macintosh; Intel Mac OS X 10_15_7) AppleWebKit/537.36 (KHTML, like Gecko) Chrome/145.0.0.0 Safari/537.36 (compatible; meta-externalagent/1.1 (+https://developers.facebook.com/docs/sharing/webmasters/crawler))"
57.141.4.18 - - [04/Sep/2026:15:30:20 +0000] "GET /platform/plugins/contact/resources/assets/?C=M;O=A HTTP/1.1" 200 1086 "-" "Mozilla/5.0 (Windows NT 10.0; Win64; x64) AppleWebKit/537.36 (KHTML, like Gecko) Chrome/145.0.0.0 Safari/537.36 (compatible; meta-externalagent/1.1 (+https://developers.facebook.com/docs/sharing/webmasters/crawler))"
57.141.4.33 - - [04/Sep/2026:15:30:21 +0000] "GET /vendor/egulias/?C=M;O=A HTTP/1.1" 200 844 "-" "Mozilla/5.0 (Macintosh; Intel Mac OS X 10_15_7) AppleWebKit/537.36 (KHTML, like Gecko) Chrome/145.0.0.0 Safari/537.36 (compatible; meta-externalagent/1.1 (+https://developers.facebook.com/docs/sharing/webmasters/crawler))"
54.37.84.47 - - [04/Sep/2026:15:30:21 +0000] "GET /database/seeders/files/?C=S;O=D HTTP/1.1" 200 2109 "-" "Mozilla/5.0 (compatible; MJ12bot/v1.4.8; http://mj12bot.com/)"
54.37.84.47 - - [04/Sep/2026:15:30:26 +0000] "GET /database/seeders/files/customers/?C=N;O=D HTTP/1.1" 200 2443 "-" "Mozilla/5.0 (compatible; MJ12bot/v1.4.8; http://mj12bot.com/)"
57.141.4.37 - - [04/Sep/2026:15:30:40 +0000] "GET /platform/plugins/testimonial/src/?C=M;O=D HTTP/1.1" 200 1952 "-" "Mozilla/5.0 (Windows NT 10.0; Win64; x64) AppleWebKit/537.36 (KHTML, like Gecko) Chrome/145.0.0.0 Safari/537.36 (compatible; meta-externalagent/1.1 (+https://developers.facebook.com/docs/sharing/webmasters/crawler))"
57.141.4.55 - - [04/Sep/2026:15:30:42 +0000] "GET /resources/lang/vendor/plugins/social-login/en/?C=S;O=A HTTP/1.1" 200 942 "-" "Mozilla/5.0 (Macintosh; Intel Mac OS X 10_15_7) AppleWebKit/537.36 (KHTML, like Gecko) Chrome/145.0.0.0 Safari/537.36 (compatible; meta-externalagent/1.1 (+https://developers.facebook.com/docs/sharing/webmasters/crawler))"
57.141.4.33 - - [04/Sep/2026:15:30:43 +0000] "GET /platform/plugins/contact/resources/assets/?C=D;O=A HTTP/1.1" 200 1086 "-" "Mozilla/5.0 (Windows NT 10.0; Win64; x64) AppleWebKit/537.36 (KHTML, like Gecko) Chrome/145.0.0.0 Safari/537.36 (compatible; meta-externalagent/1.1 (+https://developers.facebook.com/docs/sharing/webmasters/crawler))"
57.141.4.6 - - [04/Sep/2026:15:30:44 +0000] "GET /platform/plugins/razorpay/public/images/?C=S;O=A HTTP/1.1" 200 916 "-" "Mozilla/5.0 (Windows NT 10.0; Win64; x64) AppleWebKit/537.36 (KHTML, like Gecko) Chrome/145.0.0.0 Safari/537.36 (compatible; meta-externalagent/1.1 (+https://developers.facebook.com/docs/sharing/webmasters/crawler))"
57.141.4.9 - - [04/Sep/2026:15:30:54 +0000] "GET /vendor/aws/aws-sdk-php/src/CodeGuruProfiler/Exception/?C=N;O=D HTTP/1.1" 200 975 "-" "Mozilla/5.0 (Windows NT 10.0; Win64; x64) AppleWebKit/537.36 (KHTML, like Gecko) Chrome/145.0.0.0 Safari/537.36 (compatible; meta-externalagent/1.1 (+https://developers.facebook.com/docs/sharing/webmasters/crawler))"
57.141.4.9 - - [04/Sep/2026:15:30:55 +0000] "GET /platform/themes/?C=D;O=D HTTP/1.1" 200 841 "-" "Mozilla/5.0 (Windows NT 10.0; Win64; x64) AppleWebKit/537.36 (KHTML, like Gecko) Chrome/145.0.0.0 Safari/537.36 (compatible; meta-externalagent/1.1 (+https://developers.facebook.com/docs/sharing/webmasters/crawler))"
57.141.4.72 - - [04/Sep/2026:15:31:01 +0000] "GET /platform/plugins/contact/resources/views/forms/?C=N;O=D HTTP/1.1" 200 943 "-" "Mozilla/5.0 (Windows NT 10.0; Win64; x64) AppleWebKit/537.36 (KHTML, like Gecko) Chrome/145.0.0.0 Safari/537.36 (compatible; meta-externalagent/1.1 (+https://developers.facebook.com/docs/sharing/webmasters/crawler))"
37.221.198.47 - - [04/Sep/2026:15:31:05 +0000] "GET /robots.txt HTTP/1.1" 404 16 "-" "Mozilla/5.0 (compatible; MJ12bot/v1.4.8; http://mj12bot.com/)"
57.141.4.73 - - [04/Sep/2026:15:31:05 +0000] "GET /vendor/psr/cache/CHANGELOG.md HTTP/1.1" 200 746 "-" "Mozilla/5.0 (Macintosh; Intel Mac OS X 10_15_7) AppleWebKit/537.36 (KHTML, like Gecko) Chrome/145.0.0.0 Safari/537.36 (compatible; meta-externalagent/1.1 (+https://developers.facebook.com/docs/sharing/webmasters/crawler))"
37.221.198.47 - - [04/Sep/2026:15:31:07 +0000] "GET /app/Http/Middleware/?C=M;O=D HTTP/1.1" 200 2381 "-" "Mozilla/5.0 (compatible; MJ12bot/v1.4.8; http://mj12bot.com/)"
37.221.198.47 - - [04/Sep/2026:15:31:09 +0000] "GET /platform/packages/plugin-management/public/?C=M;O=A HTTP/1.1" 200 1088 "-" "Mozilla/5.0 (compatible; MJ12bot/v1.4.8; http://mj12bot.com/)"
57.141.4.4 - - [04/Sep/2026:15:31:09 +0000] "GET /vendor/kris/laravel-form-builder/tests/?C=N;O=A HTTP/1.1" 200 2569 "-" "Mozilla/5.0 (Macintosh; Intel Mac OS X 10_15_7) AppleWebKit/537.36 (KHTML, like Gecko) Chrome/145.0.0.0 Safari/537.36 (compatible; meta-externalagent/1.1 (+https://developers.facebook.com/docs/sharing/webmasters/crawler))"
37.221.198.47 - - [04/Sep/2026:15:31:11 +0000] "GET /platform/packages/widget/routes/?C=S;O=A HTTP/1.1" 200 887 "-" "Mozilla/5.0 (compatible; MJ12bot/v1.4.8; http://mj12bot.com/)"
37.221.198.47 - - [04/Sep/2026:15:31:13 +0000] "GET /platform/packages/widget/routes/web.php HTTP/1.1" 500 - "-" "Mozilla/5.0 (compatible; MJ12bot/v1.4.8; http://mj12bot.com/)"
37.221.198.47 - - [04/Sep/2026:15:31:15 +0000] "GET /platform/packages/widget/src/?C=D;O=A HTTP/1.1" 200 3039 "-" "Mozilla/5.0 (compatible; MJ12bot/v1.4.8; http://mj12bot.com/)"
37.221.198.47 - - [04/Sep/2026:15:31:17 +0000] "GET /platform/packages/widget/src/?C=M;O=A HTTP/1.1" 200 3039 "-" "Mozilla/5.0 (compatible; MJ12bot/v1.4.8; http://mj12bot.com/)"
37.221.198.47 - - [04/Sep/2026:15:31:19 +0000] "GET /platform/packages/widget/src/?C=N;O=D HTTP/1.1" 200 3039 "-" "Mozilla/5.0 (compatible; MJ12bot/v1.4.8; http://mj12bot.com/)"
37.221.198.47 - - [04/Sep/2026:15:31:21 +0000] "GET /platform/packages/widget/src/?C=S;O=A HTTP/1.1" 200 3039 "-" "Mozilla/5.0 (compatible; MJ12bot/v1.4.8; http://mj12bot.com/)"
57.141.4.53 - - [04/Sep/2026:15:31:22 +0000] "GET /vendor/markbaker/matrix/?C=S;O=D HTTP/1.1" 200 1948 "-" "Mozilla/5.0 (Windows NT 10.0; Win64; x64) AppleWebKit/537.36 (KHTML, like Gecko) Chrome/145.0.0.0 Safari/537.36 (compatible; meta-externalagent/1.1 (+https://developers.facebook.com/docs/sharing/webmasters/crawler))"
37.221.198.47 - - [04/Sep/2026:15:31:23 +0000] "GET /platform/packages/widget/src/AbstractWidget.php HTTP/1.1" 200 - "-" "Mozilla/5.0 (compatible; MJ12bot/v1.4.8; http://mj12bot.com/)"
37.221.198.47 - - [04/Sep/2026:15:31:25 +0000] "GET /platform/packages/widget/src/WidgetGroup.php HTTP/1.1" 500 - "-" "Mozilla/5.0 (compatible; MJ12bot/v1.4.8; http://mj12bot.com/)"
37.221.198.47 - - [04/Sep/2026:15:31:27 +0000] "GET /platform/packages/widget/src/WidgetId.php HTTP/1.1" 200 - "-" "Mozilla/5.0 (compatible; MJ12bot/v1.4.8; http://mj12bot.com/)"
57.141.4.60 - - [04/Sep/2026:15:31:28 +0000] "GET /platform/plugins/contact/resources/email-templates/?C=S;O=A HTTP/1.1" 200 938 "-" "Mozilla/5.0 (Macintosh; Intel Mac OS X 10_15_7) AppleWebKit/537.36 (KHTML, like Gecko) Chrome/145.0.0.0 Safari/537.36 (compatible; meta-externalagent/1.1 (+https://developers.facebook.com/docs/sharing/webmasters/crawler))"
57.141.4.24 - - [04/Sep/2026:15:31:28 +0000] "GET /vendor/aws/aws-sdk-php/src/data/workdocs/ HTTP/1.1" 200 916 "-" "Mozilla/5.0 (Windows NT 10.0; Win64; x64) AppleWebKit/537.36 (KHTML, like Gecko) Chrome/145.0.0.0 Safari/537.36 (compatible; meta-externalagent/1.1 (+https://developers.facebook.com/docs/sharing/webmasters/crawler))"
57.141.4.2 - - [04/Sep/2026:15:31:28 +0000] "GET /platform/plugins/blog/src/Models/Post.php HTTP/1.1" 500 - "-" "Mozilla/5.0 (Windows NT 10.0; Win64; x64) AppleWebKit/537.36 (KHTML, like Gecko) Chrome/145.0.0.0 Safari/537.36 (compatible; meta-externalagent/1.1 (+https://developers.facebook.com/docs/sharing/webmasters/crawler))"
37.221.198.47 - - [04/Sep/2026:15:31:29 +0000] "GET /platform/plugins/analytics/?C=D;O=D HTTP/1.1" 200 2293 "-" "Mozilla/5.0 (compatible; MJ12bot/v1.4.8; http://mj12bot.com/)"
57.141.4.59 - - [04/Sep/2026:15:31:31 +0000] "GET /vendor/botble/seo-helper/composer.json HTTP/1.1" 200 569 "-" "Mozilla/5.0 (Windows NT 10.0; Win64; x64) AppleWebKit/537.36 (KHTML, like Gecko) Chrome/145.0.0.0 Safari/537.36 (compatible; meta-externalagent/1.1 (+https://developers.facebook.com/docs/sharing/webmasters/crawler))"
37.221.198.47 - - [04/Sep/2026:15:31:31 +0000] "GET /platform/plugins/analytics/?C=M;O=D HTTP/1.1" 200 2293 "-" "Mozilla/5.0 (compatible; MJ12bot/v1.4.8; http://mj12bot.com/)"
57.141.4.30 - - [04/Sep/2026:15:31:32 +0000] "GET /vendor/mollie/mollie-api-php/examples/orders/?C=S;O=D HTTP/1.1" 200 2623 "-" "Mozilla/5.0 (Windows NT 10.0; Win64; x64) AppleWebKit/537.36 (KHTML, like Gecko) Chrome/145.0.0.0 Safari/537.36 (compatible; meta-externalagent/1.1 (+https://developers.facebook.com/docs/sharing/webmasters/crawler))"
37.221.198.47 - - [04/Sep/2026:15:31:33 +0000] "GET /platform/plugins/analytics/?C=S;O=D HTTP/1.1" 200 2293 "-" "Mozilla/5.0 (compatible; MJ12bot/v1.4.8; http://mj12bot.com/)"
37.221.198.47 - - [04/Sep/2026:15:31:35 +0000] "GET /platform/plugins/analytics/config/?C=D;O=A HTTP/1.1" 200 1080 "-" "Mozilla/5.0 (compatible; MJ12bot/v1.4.8; http://mj12bot.com/)"
57.141.4.22 - - [04/Sep/2026:15:31:36 +0000] "GET /vendor/psr/container/composer.json HTTP/1.1" 200 559 "-" "Mozilla/5.0 (Macintosh; Intel Mac OS X 10_15_7) AppleWebKit/537.36 (KHTML, like Gecko) Chrome/145.0.0.0 Safari/537.36 (compatible; meta-externalagent/1.1 (+https://developers.facebook.com/docs/sharing/webmasters/crawler))"
37.221.198.47 - - [04/Sep/2026:15:31:37 +0000] "GET /platform/plugins/analytics/config/?C=M;O=A HTTP/1.1" 200 1080 "-" "Mozilla/5.0 (compatible; MJ12bot/v1.4.8; http://mj12bot.com/)"
37.221.198.47 - - [04/Sep/2026:15:31:39 +0000] "GET /platform/plugins/analytics/config/?C=N;O=D HTTP/1.1" 200 1080 "-" "Mozilla/5.0 (compatible; MJ12bot/v1.4.8; http://mj12bot.com/)"
37.221.198.47 - - [04/Sep/2026:15:31:41 +0000] "GET /platform/plugins/analytics/config/?C=S;O=A HTTP/1.1" 200 1080 "-" "Mozilla/5.0 (compatible; MJ12bot/v1.4.8; http://mj12bot.com/)"
57.141.4.33 - - [04/Sep/2026:15:31:41 +0000] "GET /vendor/intervention/image/src/?C=M;O=A HTTP/1.1" 200 1065 "-" "Mozilla/5.0 (Windows NT 10.0; Win64; x64) AppleWebKit/537.36 (KHTML, like Gecko) Chrome/145.0.0.0 Safari/537.36 (compatible; meta-externalagent/1.1 (+https://developers.facebook.com/docs/sharing/webmasters/crawler))"
57.141.4.14 - - [04/Sep/2026:15:31:41 +0000] "GET /vendor/stripe/stripe-php/lib/?C=S;O=A HTTP/1.1" 200 18780 "-" "Mozilla/5.0 (Windows NT 10.0; Win64; x64) AppleWebKit/537.36 (KHTML, like Gecko) Chrome/145.0.0.0 Safari/537.36 (compatible; meta-externalagent/1.1 (+https://developers.facebook.com/docs/sharing/webmasters/crawler))"
37.221.198.47 - - [04/Sep/2026:15:31:43 +0000] "GET /platform/plugins/analytics/config/general.php HTTP/1.1" 500 - "-" "Mozilla/5.0 (compatible; MJ12bot/v1.4.8; http://mj12bot.com/)"
37.221.198.47 - - [04/Sep/2026:15:31:45 +0000] "GET /platform/plugins/analytics/config/permissions.php HTTP/1.1" 200 - "-" "Mozilla/5.0 (compatible; MJ12bot/v1.4.8; http://mj12bot.com/)"
37.221.198.47 - - [04/Sep/2026:15:31:47 +0000] "GET /platform/plugins/analytics/public/?C=D;O=A HTTP/1.1" 200 1067 "-" "Mozilla/5.0 (compatible; MJ12bot/v1.4.8; http://mj12bot.com/)"
37.221.198.47 - - [04/Sep/2026:15:31:49 +0000] "GET /platform/plugins/analytics/public/?C=M;O=A HTTP/1.1" 200 1067 "-" "Mozilla/5.0 (compatible; MJ12bot/v1.4.8; http://mj12bot.com/)"
37.221.198.47 - - [04/Sep/2026:15:31:51 +0000] "GET /platform/plugins/analytics/public/?C=N;O=D HTTP/1.1" 200 1067 "-" "Mozilla/5.0 (compatible; MJ12bot/v1.4.8; http://mj12bot.com/)"
37.221.198.47 - - [04/Sep/2026:15:31:53 +0000] "GET /platform/plugins/analytics/public/?C=S;O=A HTTP/1.1" 200 1067 "-" "Mozilla/5.0 (compatible; MJ12bot/v1.4.8; http://mj12bot.com/)"
57.141.4.47 - - [04/Sep/2026:15:31:54 +0000] "GET /platform/plugins/contact/resources/email-templates/notice.tpl HTTP/1.1" 200 3283 "-" "Mozilla/5.0 (Macintosh; Intel Mac OS X 10_15_7) AppleWebKit/537.36 (KHTML, like Gecko) Chrome/145.0.0.0 Safari/537.36 (compatible; meta-externalagent/1.1 (+https://developers.facebook.com/docs/sharing/webmasters/crawler))"
37.221.198.47 - - [04/Sep/2026:15:31:55 +0000] "GET /platform/plugins/analytics/resources/?C=D;O=A HTTP/1.1" 200 1246 "-" "Mozilla/5.0 (compatible; MJ12bot/v1.4.8; http://mj12bot.com/)"
37.221.198.47 - - [04/Sep/2026:15:31:58 +0000] "GET /platform/plugins/analytics/resources/?C=M;O=A HTTP/1.1" 200 1246 "-" "Mozilla/5.0 (compatible; MJ12bot/v1.4.8; http://mj12bot.com/)"
37.221.198.47 - - [04/Sep/2026:15:32:00 +0000] "GET /platform/plugins/analytics/resources/?C=N;O=D HTTP/1.1" 200 1246 "-" "Mozilla/5.0 (compatible; MJ12bot/v1.4.8; http://mj12bot.com/)"
37.221.198.47 - - [04/Sep/2026:15:32:02 +0000] "GET /platform/plugins/analytics/resources/?C=S;O=A HTTP/1.1" 200 1246 "-" "Mozilla/5.0 (compatible; MJ12bot/v1.4.8; http://mj12bot.com/)"
37.221.198.47 - - [04/Sep/2026:15:32:04 +0000] "GET /platform/plugins/analytics/routes/?C=D;O=A HTTP/1.1" 200 893 "-" "Mozilla/5.0 (compatible; MJ12bot/v1.4.8; http://mj12bot.com/)"
37.221.198.47 - - [04/Sep/2026:15:32:06 +0000] "GET /platform/plugins/analytics/routes/?C=M;O=A HTTP/1.1" 200 893 "-" "Mozilla/5.0 (compatible; MJ12bot/v1.4.8; http://mj12bot.com/)"
57.141.4.36 - - [04/Sep/2026:15:32:07 +0000] "GET /vendor/mollie/mollie-api-php/src/Endpoints/PaymentRefundEndpoint.php HTTP/1.1" 500 - "-" "Mozilla/5.0 (Windows NT 10.0; Win64; x64) AppleWebKit/537.36 (KHTML, like Gecko) Chrome/145.0.0.0 Safari/537.36 (compatible; meta-externalagent/1.1 (+https://developers.facebook.com/docs/sharing/webmasters/crawler))"
37.221.198.47 - - [04/Sep/2026:15:32:08 +0000] "GET /platform/plugins/analytics/routes/?C=N;O=D HTTP/1.1" 200 893 "-" "Mozilla/5.0 (compatible; MJ12bot/v1.4.8; http://mj12bot.com/)"
37.221.198.47 - - [04/Sep/2026:15:32:10 +0000] "GET /platform/plugins/analytics/routes/?C=S;O=A HTTP/1.1" 200 893 "-" "Mozilla/5.0 (compatible; MJ12bot/v1.4.8; http://mj12bot.com/)"
37.221.198.47 - - [04/Sep/2026:15:32:12 +0000] "GET /platform/plugins/analytics/routes/web.php HTTP/1.1" 500 - "-" "Mozilla/5.0 (compatible; MJ12bot/v1.4.8; http://mj12bot.com/)"
37.221.198.47 - - [04/Sep/2026:15:32:14 +0000] "GET /platform/plugins/analytics/src/?C=M;O=A HTTP/1.1" 200 2523 "-" "Mozilla/5.0 (compatible; MJ12bot/v1.4.8; http://mj12bot.com/)"
57.141.4.31 - - [04/Sep/2026:15:32:14 +0000] "GET /vendor/symfony/var-dumper/Command/?C=M;O=D HTTP/1.1" 200 1085 "-" "Mozilla/5.0 (Macintosh; Intel Mac OS X 10_15_7) AppleWebKit/537.36 (KHTML, like Gecko) Chrome/145.0.0.0 Safari/537.36 (compatible; meta-externalagent/1.1 (+https://developers.facebook.com/docs/sharing/webmasters/crawler))"
37.221.198.47 - - [04/Sep/2026:15:32:16 +0000] "GET /platform/plugins/analytics/src/?C=N;O=D HTTP/1.1" 200 2523 "-" "Mozilla/5.0 (compatible; MJ12bot/v1.4.8; http://mj12bot.com/)"
37.221.198.47 - - [04/Sep/2026:15:32:18 +0000] "GET /platform/plugins/analytics/src/?C=S;O=A HTTP/1.1" 200 2523 "-" "Mozilla/5.0 (compatible; MJ12bot/v1.4.8; http://mj12bot.com/)"
37.221.198.47 - - [04/Sep/2026:15:32:20 +0000] "GET /platform/plugins/analytics/src/Analytics.php HTTP/1.1" 500 - "-" "Mozilla/5.0 (compatible; MJ12bot/v1.4.8; http://mj12bot.com/)"
37.221.198.47 - - [04/Sep/2026:15:32:22 +0000] "GET /platform/plugins/analytics/src/AnalyticsClient.php HTTP/1.1" 200 - "-" "Mozilla/5.0 (compatible; MJ12bot/v1.4.8; http://mj12bot.com/)"
37.221.198.47 - - [04/Sep/2026:15:32:24 +0000] "GET /platform/plugins/analytics/src/AnalyticsClientFactory.php HTTP/1.1" 200 - "-" "Mozilla/5.0 (compatible; MJ12bot/v1.4.8; http://mj12bot.com/)"
57.141.4.32 - - [04/Sep/2026:15:32:26 +0000] "GET /vendor/phpseclib/phpseclib/phpseclib/Math/ HTTP/1.1" 200 2004 "-" "Mozilla/5.0 (Macintosh; Intel Mac OS X 10_15_7) AppleWebKit/537.36 (KHTML, like Gecko) Chrome/145.0.0.0 Safari/537.36 (compatible; meta-externalagent/1.1 (+https://developers.facebook.com/docs/sharing/webmasters/crawler))"
37.221.198.47 - - [04/Sep/2026:15:32:26 +0000] "GET /platform/plugins/analytics/src/GoogleClient.php HTTP/1.1" 500 - "-" "Mozilla/5.0 (compatible; MJ12bot/v1.4.8; http://mj12bot.com/)"
37.221.198.47 - - [04/Sep/2026:15:32:28 +0000] "GET /platform/plugins/analytics/src/Period.php HTTP/1.1" 200 - "-" "Mozilla/5.0 (compatible; MJ12bot/v1.4.8; http://mj12bot.com/)"
37.221.198.47 - - [04/Sep/2026:15:32:30 +0000] "GET /platform/plugins/analytics/src/Plugin.php HTTP/1.1" 500 - "-" "Mozilla/5.0 (compatible; MJ12bot/v1.4.8; http://mj12bot.com/)"
37.221.198.47 - - [04/Sep/2026:15:32:32 +0000] "GET /platform/plugins/audit-log/?C=D;O=D HTTP/1.1" 200 2465 "-" "Mozilla/5.0 (compatible; MJ12bot/v1.4.8; http://mj12bot.com/)"
57.141.4.61 - - [04/Sep/2026:15:32:36 +0000] "GET /vendor/botble/platform/setting/src/Supports/DatabaseSettingStore.php HTTP/1.1" 500 - "-" "Mozilla/5.0 (Windows NT 10.0; Win64; x64) AppleWebKit/537.36 (KHTML, like Gecko) Chrome/145.0.0.0 Safari/537.36 (compatible; meta-externalagent/1.1 (+https://developers.facebook.com/docs/sharing/webmasters/crawler))"
57.141.4.53 - - [04/Sep/2026:15:32:39 +0000] "GET /platform/packages/menu/routes/web.php HTTP/1.1" 500 - "-" "Mozilla/5.0 (Macintosh; Intel Mac OS X 10_15_7) AppleWebKit/537.36 (KHTML, like Gecko) Chrome/145.0.0.0 Safari/537.36 (compatible; meta-externalagent/1.1 (+https://developers.facebook.com/docs/sharing/webmasters/crawler))"
57.141.4.52 - - [04/Sep/2026:15:32:42 +0000] "GET /platform/plugins/contact/database/migrations/?C=M;O=A HTTP/1.1" 200 961 "-" "Mozilla/5.0 (Macintosh; Intel Mac OS X 10_15_7) AppleWebKit/537.36 (KHTML, like Gecko) Chrome/145.0.0.0 Safari/537.36 (compatible; meta-externalagent/1.1 (+https://developers.facebook.com/docs/sharing/webmasters/crawler))"
216.73.216.242 - - [04/Sep/2026:15:32:46 +0000] "GET /vendor/yajra/laravel-datatables-html/src/Html/Editor/Fields/Select.php HTTP/1.1" 500 - "-" "Mozilla/5.0 AppleWebKit/537.36 (KHTML, like Gecko; compatible; ClaudeBot/1.0; +claudebot@anthropic.com)"
57.141.4.14 - - [04/Sep/2026:15:32:47 +0000] "GET /vendor/aws/aws-sdk-php/src/ElasticLoadBalancingV2/Exception/ HTTP/1.1" 200 999 "-" "Mozilla/5.0 (Windows NT 10.0; Win64; x64) AppleWebKit/537.36 (KHTML, like Gecko) Chrome/145.0.0.0 Safari/537.36 Edg/145.0.0.0 (compatible; meta-externalagent/1.1 (+https://developers.facebook.com/docs/sharing/webmasters/crawler))"
57.141.4.49 - - [04/Sep/2026:15:32:49 +0000] "GET /platform/core/setting/config/?C=M;O=A HTTP/1.1" 200 1242 "-" "Mozilla/5.0 (Macintosh; Intel Mac OS X 10_15_7) AppleWebKit/537.36 (KHTML, like Gecko) Chrome/145.0.0.0 Safari/537.36 (compatible; meta-externalagent/1.1 (+https://developers.facebook.com/docs/sharing/webmasters/crawler))"
57.141.4.61 - - [04/Sep/2026:15:32:49 +0000] "GET /platform/plugins/blog/src/Repositories/Eloquent/ HTTP/1.1" 200 1319 "-" "Mozilla/5.0 (Macintosh; Intel Mac OS X 10_15_7) AppleWebKit/537.36 (KHTML, like Gecko) Chrome/145.0.0.0 Safari/537.36 (compatible; meta-externalagent/1.1 (+https://developers.facebook.com/docs/sharing/webmasters/crawler))"
57.141.4.8 - - [04/Sep/2026:15:32:59 +0000] "GET /platform/packages/dev-tool/src/?C=D;O=D HTTP/1.1" 200 1067 "-" "Mozilla/5.0 (Windows NT 10.0; Win64; x64) AppleWebKit/537.36 (KHTML, like Gecko) Chrome/145.0.0.0 Safari/537.36 (compatible; meta-externalagent/1.1 (+https://developers.facebook.com/docs/sharing/webmasters/crawler))"
57.141.4.19 - - [04/Sep/2026:15:33:00 +0000] "GET /platform/plugins/contact/resources/views/partials/ HTTP/1.1" 200 1158 "-" "Mozilla/5.0 (Windows NT 10.0; Win64; x64) AppleWebKit/537.36 (KHTML, like Gecko) Chrome/145.0.0.0 Safari/537.36 (compatible; meta-externalagent/1.1 (+https://developers.facebook.com/docs/sharing/webmasters/crawler))"
37.221.198.47 - - [04/Sep/2026:15:33:04 +0000] "GET /platform/plugins/audit-log/?C=M;O=D HTTP/1.1" 200 2465 "-" "Mozilla/5.0 (compatible; MJ12bot/v1.4.8; http://mj12bot.com/)"
57.141.4.62 - - [04/Sep/2026:15:33:04 +0000] "GET /vendor/google/recaptcha/?C=S;O=D HTTP/1.1" 200 2290 "-" "Mozilla/5.0 (Windows NT 10.0; Win64; x64) AppleWebKit/537.36 (KHTML, like Gecko) Chrome/145.0.0.0 Safari/537.36 (compatible; meta-externalagent/1.1 (+https://developers.facebook.com/docs/sharing/webmasters/crawler))"
37.221.198.47 - - [04/Sep/2026:15:33:06 +0000] "GET /platform/plugins/audit-log/?C=N;O=A HTTP/1.1" 200 2465 "-" "Mozilla/5.0 (compatible; MJ12bot/v1.4.8; http://mj12bot.com/)"
37.221.198.47 - - [04/Sep/2026:15:33:09 +0000] "GET /platform/plugins/backup/?C=D;O=D HTTP/1.1" 200 2282 "-" "Mozilla/5.0 (compatible; MJ12bot/v1.4.8; http://mj12bot.com/)"
37.221.198.47 - - [04/Sep/2026:15:33:11 +0000] "GET /platform/plugins/backup/?C=M;O=D HTTP/1.1" 200 2282 "-" "Mozilla/5.0 (compatible; MJ12bot/v1.4.8; http://mj12bot.com/)"
57.141.4.35 - - [04/Sep/2026:15:33:11 +0000] "GET /platform/core/setting/config/?C=N;O=A HTTP/1.1" 200 1242 "-" "Mozilla/5.0 (X11; Linux x86_64) AppleWebKit/537.36 (KHTML, like Gecko) Chrome/145.0.0.0 Safari/537.36 (compatible; meta-externalagent/1.1 (+https://developers.facebook.com/docs/sharing/webmasters/crawler))"
37.221.198.47 - - [04/Sep/2026:15:33:17 +0000] "GET /platform/plugins/backup/?C=S;O=D HTTP/1.1" 200 2282 "-" "Mozilla/5.0 (compatible; MJ12bot/v1.4.8; http://mj12bot.com/)"
37.221.198.47 - - [04/Sep/2026:15:33:19 +0000] "GET /platform/plugins/backup/config/?C=D;O=A HTTP/1.1" 200 1071 "-" "Mozilla/5.0 (compatible; MJ12bot/v1.4.8; http://mj12bot.com/)"
57.141.4.62 - - [04/Sep/2026:15:33:20 +0000] "GET /vendor/dompdf/dompdf/lib/fonts/dompdf_font_family_cache.dist.php HTTP/1.1" 200 - "-" "Mozilla/5.0 (Macintosh; Intel Mac OS X 10_15_7) AppleWebKit/537.36 (KHTML, like Gecko) Chrome/145.0.0.0 Safari/537.36 (compatible; meta-externalagent/1.1 (+https://developers.facebook.com/docs/sharing/webmasters/crawler))"
37.221.198.47 - - [04/Sep/2026:15:33:21 +0000] "GET /platform/plugins/backup/config/?C=M;O=A HTTP/1.1" 200 1071 "-" "Mozilla/5.0 (compatible; MJ12bot/v1.4.8; http://mj12bot.com/)"
37.221.198.47 - - [04/Sep/2026:15:33:23 +0000] "GET /platform/plugins/backup/config/?C=N;O=D HTTP/1.1" 200 1071 "-" "Mozilla/5.0 (compatible; MJ12bot/v1.4.8; http://mj12bot.com/)"
37.221.198.47 - - [04/Sep/2026:15:33:25 +0000] "GET /platform/plugins/backup/config/?C=S;O=A HTTP/1.1" 200 1071 "-" "Mozilla/5.0 (compatible; MJ12bot/v1.4.8; http://mj12bot.com/)"
37.221.198.47 - - [04/Sep/2026:15:33:27 +0000] "GET /platform/plugins/backup/config/general.php HTTP/1.1" 500 - "-" "Mozilla/5.0 (compatible; MJ12bot/v1.4.8; http://mj12bot.com/)"
37.221.198.47 - - [04/Sep/2026:15:33:29 +0000] "GET /platform/plugins/backup/config/permissions.php HTTP/1.1" 200 - "-" "Mozilla/5.0 (compatible; MJ12bot/v1.4.8; http://mj12bot.com/)"
37.221.198.47 - - [04/Sep/2026:15:33:31 +0000] "GET /platform/plugins/backup/helpers/?C=D;O=A HTTP/1.1" 200 1071 "-" "Mozilla/5.0 (compatible; MJ12bot/v1.4.8; http://mj12bot.com/)"
37.221.198.47 - - [04/Sep/2026:15:33:33 +0000] "GET /platform/plugins/backup/helpers/?C=M;O=A HTTP/1.1" 200 1071 "-" "Mozilla/5.0 (compatible; MJ12bot/v1.4.8; http://mj12bot.com/)"
37.221.198.47 - - [04/Sep/2026:15:33:35 +0000] "GET /platform/plugins/backup/helpers/?C=N;O=D HTTP/1.1" 200 1071 "-" "Mozilla/5.0 (compatible; MJ12bot/v1.4.8; http://mj12bot.com/)"
37.221.198.47 - - [04/Sep/2026:15:33:37 +0000] "GET /platform/plugins/backup/helpers/?C=S;O=A HTTP/1.1" 200 1071 "-" "Mozilla/5.0 (compatible; MJ12bot/v1.4.8; http://mj12bot.com/)"
57.141.4.12 - - [04/Sep/2026:15:33:39 +0000] "GET /platform/packages/theme/routes/public.php HTTP/1.1" 500 - "-" "Mozilla/5.0 (Macintosh; Intel Mac OS X 10_15_7) AppleWebKit/537.36 (KHTML, like Gecko) Chrome/145.0.0.0 Safari/537.36 (compatible; meta-externalagent/1.1 (+https://developers.facebook.com/docs/sharing/webmasters/crawler))"
37.221.198.47 - - [04/Sep/2026:15:33:39 +0000] "GET /platform/plugins/backup/routes/?C=M;O=A HTTP/1.1" 200 884 "-" "Mozilla/5.0 (compatible; MJ12bot/v1.4.8; http://mj12bot.com/)"
37.221.198.47 - - [04/Sep/2026:15:33:41 +0000] "GET /platform/plugins/backup/src/?C=N;O=D HTTP/1.1" 200 1586 "-" "Mozilla/5.0 (compatible; MJ12bot/v1.4.8; http://mj12bot.com/)"
37.221.198.47 - - [04/Sep/2026:15:33:43 +0000] "GET /platform/plugins/backup/src/Plugin.php HTTP/1.1" 500 - "-" "Mozilla/5.0 (compatible; MJ12bot/v1.4.8; http://mj12bot.com/)"
57.141.4.39 - - [04/Sep/2026:15:33:44 +0000] "GET /platform/core/acl/database/?C=D;O=A HTTP/1.1" 200 874 "-" "Mozilla/5.0 (Windows NT 10.0; Win64; x64) AppleWebKit/537.36 (KHTML, like Gecko) Chrome/145.0.0.0 Safari/537.36 (compatible; meta-externalagent/1.1 (+https://developers.facebook.com/docs/sharing/webmasters/crawler))"
37.221.198.47 - - [04/Sep/2026:15:33:45 +0000] "GET /platform/plugins/captcha/?C=D;O=D HTTP/1.1" 200 1757 "-" "Mozilla/5.0 (compatible; MJ12bot/v1.4.8; http://mj12bot.com/)"
57.141.4.73 - - [04/Sep/2026:15:33:46 +0000] "GET /platform/core/acl/config/?C=M;O=A HTTP/1.1" 200 1230 "-" "Mozilla/5.0 (Macintosh; Intel Mac OS X 10_15_7) AppleWebKit/537.36 (KHTML, like Gecko) Chrome/145.0.0.0 Safari/537.36 (compatible; meta-externalagent/1.1 (+https://developers.facebook.com/docs/sharing/webmasters/crawler))"
37.221.198.47 - - [04/Sep/2026:15:33:48 +0000] "GET /platform/plugins/captcha/?C=M;O=D HTTP/1.1" 200 1757 "-" "Mozilla/5.0 (compatible; MJ12bot/v1.4.8; http://mj12bot.com/)"
37.221.198.47 - - [04/Sep/2026:15:33:50 +0000] "GET /platform/plugins/captcha/?C=S;O=D HTTP/1.1" 200 1757 "-" "Mozilla/5.0 (compatible; MJ12bot/v1.4.8; http://mj12bot.com/)"
37.221.198.47 - - [04/Sep/2026:15:33:52 +0000] "GET /platform/plugins/captcha/config/?C=D;O=A HTTP/1.1" 200 891 "-" "Mozilla/5.0 (compatible; MJ12bot/v1.4.8; http://mj12bot.com/)"
37.221.198.47 - - [04/Sep/2026:15:33:54 +0000] "GET /platform/plugins/captcha/config/?C=M;O=A HTTP/1.1" 200 891 "-" "Mozilla/5.0 (compatible; MJ12bot/v1.4.8; http://mj12bot.com/)"
57.141.4.46 - - [04/Sep/2026:15:33:55 +0000] "GET /vendor/botble/theme/src/Exceptions/UnknownPartialFileException.php HTTP/1.1" 200 - "-" "Mozilla/5.0 (Windows NT 10.0; Win64; x64) AppleWebKit/537.36 (KHTML, like Gecko) Chrome/145.0.0.0 Safari/537.36 (compatible; meta-externalagent/1.1 (+https://developers.facebook.com/docs/sharing/webmasters/crawler))"
57.141.4.44 - - [04/Sep/2026:15:33:56 +0000] "GET /platform/plugins/contact/database/?C=D;O=D HTTP/1.1" 200 895 "-" "Mozilla/5.0 (Macintosh; Intel Mac OS X 10_15_7) AppleWebKit/537.36 (KHTML, like Gecko) Chrome/145.0.0.0 Safari/537.36 (compatible; meta-externalagent/1.1 (+https://developers.facebook.com/docs/sharing/webmasters/crawler))"
37.221.198.47 - - [04/Sep/2026:15:33:56 +0000] "GET /platform/plugins/captcha/config/?C=S;O=A HTTP/1.1" 200 891 "-" "Mozilla/5.0 (compatible; MJ12bot/v1.4.8; http://mj12bot.com/)"
57.141.4.57 - - [04/Sep/2026:15:33:57 +0000] "GET /vendor/botble/sitemap/resources/?C=M;O=A HTTP/1.1" 200 883 "-" "Mozilla/5.0 (Windows NT 10.0; Win64; x64) AppleWebKit/537.36 (KHTML, like Gecko) Chrome/145.0.0.0 Safari/537.36 (compatible; meta-externalagent/1.1 (+https://developers.facebook.com/docs/sharing/webmasters/crawler))"
37.221.198.47 - - [04/Sep/2026:15:33:58 +0000] "GET /platform/plugins/cookie-consent/?C=M;O=D HTTP/1.1" 200 1947 "-" "Mozilla/5.0 (compatible; MJ12bot/v1.4.8; http://mj12bot.com/)"
57.141.4.14 - - [04/Sep/2026:15:33:59 +0000] "GET /platform/plugins/social-login/src/Facades/?C=M;O=A HTTP/1.1" 200 932 "-" "Mozilla/5.0 (Windows NT 10.0; Win64; x64) AppleWebKit/537.36 (KHTML, like Gecko) Chrome/145.0.0.0 Safari/537.36 (compatible; meta-externalagent/1.1 (+https://developers.facebook.com/docs/sharing/webmasters/crawler))"
37.221.198.47 - - [04/Sep/2026:15:33:59 +0000] "GET /platform/plugins/cookie-consent/?C=S;O=D HTTP/1.1" 200 1947 "-" "Mozilla/5.0 (compatible; MJ12bot/v1.4.8; http://mj12bot.com/)"
37.221.198.47 - - [04/Sep/2026:15:34:01 +0000] "GET /platform/plugins/cookie-consent/config/?C=D;O=A HTTP/1.1" 200 912 "-" "Mozilla/5.0 (compatible; MJ12bot/v1.4.8; http://mj12bot.com/)"
37.221.198.47 - - [04/Sep/2026:15:34:03 +0000] "GET /platform/plugins/cookie-consent/public/?C=D;O=A HTTP/1.1" 200 1076 "-" "Mozilla/5.0 (compatible; MJ12bot/v1.4.8; http://mj12bot.com/)"
57.141.4.8 - - [04/Sep/2026:15:34:04 +0000] "GET /platform/core/media/public/images/ HTTP/1.1" 200 896 "-" "Mozilla/5.0 (Macintosh; Intel Mac OS X 10_15_7) AppleWebKit/537.36 (KHTML, like Gecko) Chrome/145.0.0.0 Safari/537.36 (compatible; meta-externalagent/1.1 (+https://developers.facebook.com/docs/sharing/webmasters/crawler))"
57.141.4.22 - - [04/Sep/2026:15:34:05 +0000] "GET /vendor/starkbank/?C=N;O=D HTTP/1.1" 200 838 "-" "Mozilla/5.0 (Windows NT 10.0; Win64; x64) AppleWebKit/537.36 (KHTML, like Gecko) Chrome/145.0.0.0 Safari/537.36 (compatible; meta-externalagent/1.1 (+https://developers.facebook.com/docs/sharing/webmasters/crawler))"
37.221.198.47 - - [04/Sep/2026:15:34:06 +0000] "GET /platform/plugins/cookie-consent/public/?C=M;O=A HTTP/1.1" 200 1076 "-" "Mozilla/5.0 (compatible; MJ12bot/v1.4.8; http://mj12bot.com/)"
37.221.198.47 - - [04/Sep/2026:15:34:08 +0000] "GET /platform/plugins/cookie-consent/public/?C=N;O=D HTTP/1.1" 200 1076 "-" "Mozilla/5.0 (compatible; MJ12bot/v1.4.8; http://mj12bot.com/)"
37.221.198.47 - - [04/Sep/2026:15:34:10 +0000] "GET /platform/plugins/cookie-consent/public/?C=S;O=A HTTP/1.1" 200 1076 "-" "Mozilla/5.0 (compatible; MJ12bot/v1.4.8; http://mj12bot.com/)"
37.221.198.47 - - [04/Sep/2026:15:34:12 +0000] "GET /platform/plugins/cookie-consent/resources/?C=D;O=A HTTP/1.1" 200 1261 "-" "Mozilla/5.0 (compatible; MJ12bot/v1.4.8; http://mj12bot.com/)"
37.221.198.47 - - [04/Sep/2026:15:34:14 +0000] "GET /platform/plugins/cookie-consent/resources/?C=M;O=A HTTP/1.1" 200 1261 "-" "Mozilla/5.0 (compatible; MJ12bot/v1.4.8; http://mj12bot.com/)"
57.141.4.38 - - [04/Sep/2026:15:34:14 +0000] "GET /platform/plugins/contact/routes/?C=S;O=D HTTP/1.1" 200 887 "-" "Mozilla/5.0 (Windows NT 10.0; Win64; x64) AppleWebKit/537.36 (KHTML, like Gecko) Chrome/145.0.0.0 Safari/537.36 (compatible; meta-externalagent/1.1 (+https://developers.facebook.com/docs/sharing/webmasters/crawler))"
37.221.198.47 - - [04/Sep/2026:15:34:16 +0000] "GET /platform/plugins/mollie/helpers/?C=N;O=D HTTP/1.1" 200 892 "-" "Mozilla/5.0 (compatible; MJ12bot/v1.4.8; http://mj12bot.com/)"
37.221.198.47 - - [04/Sep/2026:15:34:18 +0000] "GET /platform/plugins/mollie/public/?C=D;O=A HTTP/1.1" 200 884 "-" "Mozilla/5.0 (compatible; MJ12bot/v1.4.8; http://mj12bot.com/)"
57.141.4.44 - - [04/Sep/2026:15:34:20 +0000] "GET /vendor/botble/sitemap/resources/?C=N;O=D HTTP/1.1" 200 883 "-" "Mozilla/5.0 (Windows NT 10.0; Win64; x64) AppleWebKit/537.36 (KHTML, like Gecko) Chrome/145.0.0.0 Safari/537.36 (compatible; meta-externalagent/1.1 (+https://developers.facebook.com/docs/sharing/webmasters/crawler))"
37.221.198.47 - - [04/Sep/2026:15:34:20 +0000] "GET /platform/plugins/mollie/public/?C=M;O=A HTTP/1.1" 200 884 "-" "Mozilla/5.0 (compatible; MJ12bot/v1.4.8; http://mj12bot.com/)"
37.221.198.47 - - [04/Sep/2026:15:34:22 +0000] "GET /platform/plugins/mollie/public/?C=N;O=D HTTP/1.1" 200 884 "-" "Mozilla/5.0 (compatible; MJ12bot/v1.4.8; http://mj12bot.com/)"
37.221.198.47 - - [04/Sep/2026:15:34:24 +0000] "GET /platform/plugins/mollie/public/?C=S;O=A HTTP/1.1" 200 884 "-" "Mozilla/5.0 (compatible; MJ12bot/v1.4.8; http://mj12bot.com/)"
37.221.198.47 - - [04/Sep/2026:15:34:26 +0000] "GET /platform/plugins/mollie/resources/?C=D;O=A HTTP/1.1" 200 889 "-" "Mozilla/5.0 (compatible; MJ12bot/v1.4.8; http://mj12bot.com/)"
57.141.4.8 - - [04/Sep/2026:15:34:27 +0000] "GET /vendor/botble/platform/setting/src/Providers/ HTTP/1.1" 200 945 "-" "Mozilla/5.0 (Windows NT 10.0; Win64; x64) AppleWebKit/537.36 (KHTML, like Gecko) Chrome/145.0.0.0 Safari/537.36 (compatible; meta-externalagent/1.1 (+https://developers.facebook.com/docs/sharing/webmasters/crawler))"
37.221.198.47 - - [04/Sep/2026:15:34:28 +0000] "GET /platform/plugins/mollie/resources/?C=M;O=A HTTP/1.1" 200 889 "-" "Mozilla/5.0 (compatible; MJ12bot/v1.4.8; http://mj12bot.com/)"
57.141.4.26 - - [04/Sep/2026:15:34:28 +0000] "GET /platform/core/acl/src/Repositories/ HTTP/1.1" 200 1246 "-" "Mozilla/5.0 (Windows NT 10.0; Win64; x64) AppleWebKit/537.36 (KHTML, like Gecko) Chrome/145.0.0.0 Safari/537.36 (compatible; meta-externalagent/1.1 (+https://developers.facebook.com/docs/sharing/webmasters/crawler))"
57.141.4.34 - - [04/Sep/2026:15:34:29 +0000] "GET /platform/core/dashboard/src/?C=M;O=A HTTP/1.1" 200 1587 "-" "Mozilla/5.0 (Windows NT 10.0; Win64; x64) AppleWebKit/537.36 (KHTML, like Gecko) Chrome/145.0.0.0 Safari/537.36 (compatible; meta-externalagent/1.1 (+https://developers.facebook.com/docs/sharing/webmasters/crawler))"
37.221.198.47 - - [04/Sep/2026:15:34:30 +0000] "GET /platform/plugins/mollie/resources/?C=N;O=D HTTP/1.1" 200 889 "-" "Mozilla/5.0 (compatible; MJ12bot/v1.4.8; http://mj12bot.com/)"
37.221.198.47 - - [04/Sep/2026:15:34:32 +0000] "GET /platform/plugins/mollie/resources/?C=S;O=A HTTP/1.1" 200 889 "-" "Mozilla/5.0 (compatible; MJ12bot/v1.4.8; http://mj12bot.com/)"
37.221.198.47 - - [04/Sep/2026:15:34:35 +0000] "GET /platform/plugins/mollie/routes/?C=D;O=A HTTP/1.1" 200 884 "-" "Mozilla/5.0 (compatible; MJ12bot/v1.4.8; http://mj12bot.com/)"
57.141.4.53 - - [04/Sep/2026:15:34:35 +0000] "GET /platform/core/acl/src/Services/ HTTP/1.1" 200 1283 "-" "Mozilla/5.0 (Macintosh; Intel Mac OS X 10_15_7) AppleWebKit/537.36 (KHTML, like Gecko) Chrome/145.0.0.0 Safari/537.36 (compatible; meta-externalagent/1.1 (+https://developers.facebook.com/docs/sharing/webmasters/crawler))"
37.221.198.47 - - [04/Sep/2026:15:34:37 +0000] "GET /platform/plugins/mollie/routes/?C=M;O=A HTTP/1.1" 200 884 "-" "Mozilla/5.0 (compatible; MJ12bot/v1.4.8; http://mj12bot.com/)"
37.221.198.47 - - [04/Sep/2026:15:34:39 +0000] "GET /platform/plugins/mollie/routes/?C=N;O=D HTTP/1.1" 200 884 "-" "Mozilla/5.0 (compatible; MJ12bot/v1.4.8; http://mj12bot.com/)"
37.221.198.47 - - [04/Sep/2026:15:34:41 +0000] "GET /platform/plugins/mollie/routes/?C=S;O=A HTTP/1.1" 200 884 "-" "Mozilla/5.0 (compatible; MJ12bot/v1.4.8; http://mj12bot.com/)"
57.141.4.25 - - [04/Sep/2026:15:34:43 +0000] "GET /vendor/aws/aws-sdk-php/src/Health/HealthClient.php HTTP/1.1" 500 - "-" "Mozilla/5.0 (Macintosh; Intel Mac OS X 10_15_7) AppleWebKit/537.36 (KHTML, like Gecko) Chrome/145.0.0.0 Safari/537.36 (compatible; meta-externalagent/1.1 (+https://developers.facebook.com/docs/sharing/webmasters/crawler))"
37.221.198.47 - - [04/Sep/2026:15:34:43 +0000] "GET /platform/plugins/mollie/routes/web.php HTTP/1.1" 500 - "-" "Mozilla/5.0 (compatible; MJ12bot/v1.4.8; http://mj12bot.com/)"
37.221.198.47 - - [04/Sep/2026:15:34:45 +0000] "GET /platform/plugins/mollie/src/?C=D;O=A HTTP/1.1" 200 1409 "-" "Mozilla/5.0 (compatible; MJ12bot/v1.4.8; http://mj12bot.com/)"
37.221.198.47 - - [04/Sep/2026:15:34:46 +0000] "GET /platform/plugins/mollie/src/?C=M;O=A HTTP/1.1" 200 1409 "-" "Mozilla/5.0 (compatible; MJ12bot/v1.4.8; http://mj12bot.com/)"
37.221.198.47 - - [04/Sep/2026:15:34:49 +0000] "GET /platform/plugins/mollie/src/?C=N;O=D HTTP/1.1" 200 1409 "-" "Mozilla/5.0 (compatible; MJ12bot/v1.4.8; http://mj12bot.com/)"
57.141.4.14 - - [04/Sep/2026:15:34:50 +0000] "GET /platform/plugins/contact/config/?C=M;O=D HTTP/1.1" 200 1072 "-" "Mozilla/5.0 (Windows NT 10.0; Win64; x64) AppleWebKit/537.36 (KHTML, like Gecko) Chrome/145.0.0.0 Safari/537.36 (compatible; meta-externalagent/1.1 (+https://developers.facebook.com/docs/sharing/webmasters/crawler))"
37.221.198.47 - - [04/Sep/2026:15:34:51 +0000] "GET /platform/plugins/mollie/src/?C=S;O=A HTTP/1.1" 200 1409 "-" "Mozilla/5.0 (compatible; MJ12bot/v1.4.8; http://mj12bot.com/)"
37.221.198.47 - - [04/Sep/2026:15:34:53 +0000] "GET /platform/plugins/newsletter/config/?C=D;O=A HTTP/1.1" 200 1260 "-" "Mozilla/5.0 (compatible; MJ12bot/v1.4.8; http://mj12bot.com/)"
