57.141.4.63 - - [04/Sep/2026:12:24:39 +0000] "GET /vendor/aws/aws-sdk-php/src/data/organizations/ HTTP/1.1" 200 926 "-" "Mozilla/5.0 (Windows NT 10.0; Win64; x64) AppleWebKit/537.36 (KHTML, like Gecko) Chrome/145.0.0.0 Safari/537.36 (compatible; meta-externalagent/1.1 (+https://developers.facebook.com/docs/sharing/webmasters/crawler))"
57.141.4.36 - - [04/Sep/2026:12:24:41 +0000] "GET /platform/plugins/sslcommerz/helpers/?C=S;O=A HTTP/1.1" 200 904 "-" "Mozilla/5.0 (Windows NT 10.0; Win64; x64) AppleWebKit/537.36 (KHTML, like Gecko) Chrome/145.0.0.0 Safari/537.36 (compatible; meta-externalagent/1.1 (+https://developers.facebook.com/docs/sharing/webmasters/crawler))"
57.141.4.70 - - [04/Sep/2026:12:24:41 +0000] "GET /platform/plugins/contact/?C=D;O=D HTTP/1.1" 200 2461 "-" "Mozilla/5.0 (Windows NT 10.0; Win64; x64) AppleWebKit/537.36 (KHTML, like Gecko) Chrome/145.0.0.0 Safari/537.36 (compatible; meta-externalagent/1.1 (+https://developers.facebook.com/docs/sharing/webmasters/crawler))"
57.141.4.19 - - [04/Sep/2026:12:25:13 +0000] "GET /platform/plugins/paystack/public/?C=D;O=A HTTP/1.1" 200 890 "-" "Mozilla/5.0 (Windows NT 10.0; Win64; x64) AppleWebKit/537.36 (KHTML, like Gecko) Chrome/145.0.0.0 Safari/537.36 (compatible; meta-externalagent/1.1 (+https://developers.facebook.com/docs/sharing/webmasters/crawler))"
57.141.4.11 - - [04/Sep/2026:12:25:46 +0000] "GET /vendor/botble/widget/resources/assets/ HTTP/1.1" 200 901 "-" "Mozilla/5.0 (Windows NT 10.0; Win64; x64) AppleWebKit/537.36 (KHTML, like Gecko) Chrome/145.0.0.0 Safari/537.36 (compatible; meta-externalagent/1.1 (+https://developers.facebook.com/docs/sharing/webmasters/crawler))"
57.141.4.43 - - [04/Sep/2026:12:26:06 +0000] "GET /vendor/dompdf/dompdf/src/Renderer.php HTTP/1.1" 500 - "-" "Mozilla/5.0 (Macintosh; Intel Mac OS X 10_15_7) AppleWebKit/537.36 (KHTML, like Gecko) Chrome/145.0.0.0 Safari/537.36 (compatible; meta-externalagent/1.1 (+https://developers.facebook.com/docs/sharing/webmasters/crawler))"
57.141.4.41 - - [04/Sep/2026:12:26:07 +0000] "GET /vendor/botble/slug/database/?C=M;O=A HTTP/1.1" 200 877 "-" "Mozilla/5.0 (Macintosh; Intel Mac OS X 10_15_7) AppleWebKit/537.36 (KHTML, like Gecko) Chrome/145.0.0.0 Safari/537.36 (compatible; meta-externalagent/1.1 (+https://developers.facebook.com/docs/sharing/webmasters/crawler))"
57.141.4.20 - - [04/Sep/2026:12:26:17 +0000] "GET /vendor/mollie/mollie-api-php/examples/orders/update-order.php HTTP/1.1" 200 856 "-" "Mozilla/5.0 (Macintosh; Intel Mac OS X 10_15_7) AppleWebKit/537.36 (KHTML, like Gecko) Chrome/145.0.0.0 Safari/537.36 (compatible; meta-externalagent/1.1 (+https://developers.facebook.com/docs/sharing/webmasters/crawler))"
57.141.4.25 - - [04/Sep/2026:12:26:17 +0000] "GET /vendor/mollie/mollie-api-php/examples/orders/create-order.php HTTP/1.1" 200 856 "-" "Mozilla/5.0 (Windows NT 10.0; Win64; x64) AppleWebKit/537.36 (KHTML, like Gecko) Chrome/145.0.0.0 Safari/537.36 (compatible; meta-externalagent/1.1 (+https://developers.facebook.com/docs/sharing/webmasters/crawler))"
4.204.224.164 - - [04/Sep/2026:12:26:20 +0000] "GET /wp-content/plugins/hellopress/wp_filemanager.php HTTP/1.1" 404 5750 "-" "-"
4.204.224.164 - - [04/Sep/2026:12:26:20 +0000] "GET /this_is_a_new_hello_world.php HTTP/1.1" 404 5750 "-" "-"
4.204.224.164 - - [04/Sep/2026:12:26:21 +0000] "GET /aaa.php?p= HTTP/1.1" 404 5750 "-" "-"
4.204.224.164 - - [04/Sep/2026:12:26:21 +0000] "GET /images.php HTTP/1.1" 404 5750 "-" "-"
4.204.224.164 - - [04/Sep/2026:12:26:21 +0000] "GET /ops.php HTTP/1.1" 404 5750 "-" "-"
4.204.224.164 - - [04/Sep/2026:12:26:21 +0000] "GET /about.php HTTP/1.1" 404 5750 "-" "-"
4.204.224.164 - - [04/Sep/2026:12:26:21 +0000] "GET /admin.php HTTP/1.1" 404 5750 "-" "-"
4.204.224.164 - - [04/Sep/2026:12:26:21 +0000] "GET /media.php HTTP/1.1" 404 5750 "-" "-"
4.204.224.164 - - [04/Sep/2026:12:26:21 +0000] "GET /mac.php HTTP/1.1" 404 5750 "-" "-"
4.204.224.164 - - [04/Sep/2026:12:26:21 +0000] "GET /1.php HTTP/1.1" 404 5750 "-" "-"
4.204.224.164 - - [04/Sep/2026:12:26:21 +0000] "GET /4PJcpMFsD8B.php HTTP/1.1" 404 5750 "-" "-"
4.204.224.164 - - [04/Sep/2026:12:26:21 +0000] "GET /3PJcpMFsD8B.php HTTP/1.1" 404 5750 "-" "-"
4.204.224.164 - - [04/Sep/2026:12:26:21 +0000] "GET /verox.php HTTP/1.1" 404 5750 "-" "-"
4.204.224.164 - - [04/Sep/2026:12:26:21 +0000] "GET /fling.php?p= HTTP/1.1" 404 5750 "-" "-"
4.204.224.164 - - [04/Sep/2026:12:26:21 +0000] "GET /ba.php?p= HTTP/1.1" 404 5750 "-" "-"
4.204.224.164 - - [04/Sep/2026:12:26:21 +0000] "GET /site.php HTTP/1.1" 404 5750 "-" "-"
4.204.224.164 - - [04/Sep/2026:12:26:21 +0000] "GET /adminfuns.php HTTP/1.1" 404 5750 "-" "-"
4.204.224.164 - - [04/Sep/2026:12:26:21 +0000] "GET /k.php?p= HTTP/1.1" 404 5750 "-" "-"
4.204.224.164 - - [04/Sep/2026:12:26:21 +0000] "GET /bulet.php HTTP/1.1" 404 5750 "-" "-"
4.204.224.164 - - [04/Sep/2026:12:26:21 +0000] "GET /plugins.php?p= HTTP/1.1" 404 5750 "-" "-"
4.204.224.164 - - [04/Sep/2026:12:26:21 +0000] "GET /run.php HTTP/1.1" 404 5750 "-" "-"
4.204.224.164 - - [04/Sep/2026:12:26:21 +0000] "GET /wp-mail.php HTTP/1.1" 404 5750 "-" "-"
4.204.224.164 - - [04/Sep/2026:12:26:21 +0000] "GET /BDKR28WP.php HTTP/1.1" 404 5750 "-" "-"
4.204.224.164 - - [04/Sep/2026:12:26:21 +0000] "GET /images2.php HTTP/1.1" 404 5750 "-" "-"
4.204.224.164 - - [04/Sep/2026:12:26:21 +0000] "GET /robots.php HTTP/1.1" 404 5750 "-" "-"
4.204.224.164 - - [04/Sep/2026:12:26:21 +0000] "GET /xmini4.php HTTP/1.1" 404 5750 "-" "-"
4.204.224.164 - - [04/Sep/2026:12:26:21 +0000] "GET /reop3.php?p= HTTP/1.1" 404 5750 "-" "-"
4.204.224.164 - - [04/Sep/2026:12:26:21 +0000] "GET /2d7433/index.php HTTP/1.1" 404 5750 "-" "-"
4.204.224.164 - - [04/Sep/2026:12:26:21 +0000] "GET /classwithtostring.php?p= HTTP/1.1" 404 5750 "-" "-"
4.204.224.164 - - [04/Sep/2026:12:26:21 +0000] "GET /simple.php HTTP/1.1" 404 5750 "-" "-"
4.204.224.164 - - [04/Sep/2026:12:26:21 +0000] "GET /wp-admin/css/colors/modern/ HTTP/1.1" 404 5750 "-" "-"
4.204.224.164 - - [04/Sep/2026:12:26:21 +0000] "GET /wp-admin/css/colors/sunrise/ HTTP/1.1" 404 5750 "-" "-"
4.204.224.164 - - [04/Sep/2026:12:26:21 +0000] "GET /goods.php HTTP/1.1" 404 5750 "-" "-"
4.204.224.164 - - [04/Sep/2026:12:26:21 +0000] "GET /btx25.php HTTP/1.1" 404 5750 "-" "-"
4.204.224.164 - - [04/Sep/2026:12:26:21 +0000] "GET /radio.php HTTP/1.1" 404 5750 "-" "-"
4.204.224.164 - - [04/Sep/2026:12:26:21 +0000] "GET /dex.php HTTP/1.1" 404 5750 "-" "-"
4.204.224.164 - - [04/Sep/2026:12:26:21 +0000] "GET /replace.php HTTP/1.1" 404 5750 "-" "-"
4.204.224.164 - - [04/Sep/2026:12:26:21 +0000] "GET /gulu.php HTTP/1.1" 404 5750 "-" "-"
4.204.224.164 - - [04/Sep/2026:12:26:21 +0000] "GET /v.php HTTP/1.1" 404 5750 "-" "-"
4.204.224.164 - - [04/Sep/2026:12:26:21 +0000] "GET /ioxi-o.php HTTP/1.1" 404 5750 "-" "-"
4.204.224.164 - - [04/Sep/2026:12:26:21 +0000] "GET /file.php HTTP/1.1" 404 5750 "-" "-"
4.204.224.164 - - [04/Sep/2026:12:26:21 +0000] "GET /bless.php HTTP/1.1" 404 5750 "-" "-"
4.204.224.164 - - [04/Sep/2026:12:26:21 +0000] "GET /file32.php HTTP/1.1" 404 5750 "-" "-"
4.204.224.164 - - [04/Sep/2026:12:26:21 +0000] "GET /class20.php HTTP/1.1" 404 5750 "-" "-"
4.204.224.164 - - [04/Sep/2026:12:26:21 +0000] "GET /wso.php HTTP/1.1" 404 5750 "-" "-"
4.204.224.164 - - [04/Sep/2026:12:26:22 +0000] "GET /blurbs.php HTTP/1.1" 404 5750 "-" "-"
4.204.224.164 - - [04/Sep/2026:12:26:22 +0000] "GET /av.php HTTP/1.1" 404 5750 "-" "-"
4.204.224.164 - - [04/Sep/2026:12:26:22 +0000] "GET /abcd.php HTTP/1.1" 404 5750 "-" "-"
4.204.224.164 - - [04/Sep/2026:12:26:22 +0000] "GET /wp-includes/pomo/xxx.php HTTP/1.1" 404 5750 "-" "-"
4.204.224.164 - - [04/Sep/2026:12:26:22 +0000] "GET /cong.php HTTP/1.1" 404 5750 "-" "-"
4.204.224.164 - - [04/Sep/2026:12:26:22 +0000] "GET /file61.php HTTP/1.1" 404 5750 "-" "-"
4.204.224.164 - - [04/Sep/2026:12:26:22 +0000] "GET /file59.php HTTP/1.1" 404 5750 "-" "-"
4.204.224.164 - - [04/Sep/2026:12:26:22 +0000] "GET /test2.php HTTP/1.1" 404 5750 "-" "-"
4.204.224.164 - - [04/Sep/2026:12:26:22 +0000] "GET /test01.php HTTP/1.1" 404 5750 "-" "-"
4.204.224.164 - - [04/Sep/2026:12:26:22 +0000] "GET /file31.php HTTP/1.1" 404 5750 "-" "-"
4.204.224.164 - - [04/Sep/2026:12:26:22 +0000] "GET /v4on3fxtoo5z5cq0yCdefault.php HTTP/1.1" 404 5750 "-" "-"
4.204.224.164 - - [04/Sep/2026:12:26:22 +0000] "GET /8xmlr9ommwdy3ro8dCdefault.php HTTP/1.1" 404 5750 "-" "-"
4.204.224.164 - - [04/Sep/2026:12:26:22 +0000] "GET /file2.php HTTP/1.1" 404 5750 "-" "-"
4.204.224.164 - - [04/Sep/2026:12:26:22 +0000] "GET /ai.php HTTP/1.1" 404 5750 "-" "-"
4.204.224.164 - - [04/Sep/2026:12:26:22 +0000] "GET /133.php HTTP/1.1" 404 5750 "-" "-"
4.204.224.164 - - [04/Sep/2026:12:26:22 +0000] "GET /b8.php HTTP/1.1" 404 5750 "-" "-"
4.204.224.164 - - [04/Sep/2026:12:26:22 +0000] "GET /adminimagess.php HTTP/1.1" 404 5750 "-" "-"
4.204.224.164 - - [04/Sep/2026:12:26:22 +0000] "GET /xx.php HTTP/1.1" 404 5750 "-" "-"
4.204.224.164 - - [04/Sep/2026:12:26:22 +0000] "GET /222.php HTTP/1.1" 404 5750 "-" "-"
4.204.224.164 - - [04/Sep/2026:12:26:22 +0000] "GET /8.php HTTP/1.1" 404 5750 "-" "-"
4.204.224.164 - - [04/Sep/2026:12:26:22 +0000] "GET /simple.php HTTP/1.1" 404 5750 "-" "-"
4.204.224.164 - - [04/Sep/2026:12:26:22 +0000] "GET /file5.php HTTP/1.1" 404 5750 "-" "-"
4.204.224.164 - - [04/Sep/2026:12:26:22 +0000] "GET /kir.php HTTP/1.1" 404 5750 "-" "-"
4.204.224.164 - - [04/Sep/2026:12:26:22 +0000] "GET /new.php HTTP/1.1" 404 5750 "-" "-"
4.204.224.164 - - [04/Sep/2026:12:26:22 +0000] "GET /155.php HTTP/1.1" 404 5750 "-" "-"
4.204.224.164 - - [04/Sep/2026:12:26:22 +0000] "GET /wp-content/index.php HTTP/1.1" 404 5750 "-" "-"
4.204.224.164 - - [04/Sep/2026:12:26:22 +0000] "GET /wp-includes/ID3/about.php HTTP/1.1" 404 5750 "-" "-"
4.204.224.164 - - [04/Sep/2026:12:26:22 +0000] "GET /wp-admin/css/ HTTP/1.1" 404 5750 "-" "-"
4.204.224.164 - - [04/Sep/2026:12:26:22 +0000] "GET /wp-includes/blocks/details/ HTTP/1.1" 404 5750 "-" "-"
4.204.224.164 - - [04/Sep/2026:12:26:22 +0000] "GET /wp-includes/blocks/audio/ HTTP/1.1" 404 5750 "-" "-"
4.204.224.164 - - [04/Sep/2026:12:26:22 +0000] "GET /wp-temp.php HTTP/1.1" 404 5750 "-" "-"
4.204.224.164 - - [04/Sep/2026:12:26:22 +0000] "GET /wp-admin/js/index.php HTTP/1.1" 404 5750 "-" "-"
4.204.224.164 - - [04/Sep/2026:12:26:22 +0000] "GET /wp-includes/Requests/ HTTP/1.1" 404 5750 "-" "-"
4.204.224.164 - - [04/Sep/2026:12:26:22 +0000] "GET /wp-content/admin.php HTTP/1.1" 404 5750 "-" "-"
4.204.224.164 - - [04/Sep/2026:12:26:22 +0000] "GET /wp-content/themes/index.php HTTP/1.1" 404 5750 "-" "-"
4.204.224.164 - - [04/Sep/2026:12:26:22 +0000] "GET /wp-content/themes/index.php HTTP/1.1" 404 5750 "-" "-"
4.204.224.164 - - [04/Sep/2026:12:26:22 +0000] "GET /wp-blog.php HTTP/1.1" 404 5750 "-" "-"
4.204.224.164 - - [04/Sep/2026:12:26:22 +0000] "GET /wp-includes/js/jquery/ HTTP/1.1" 404 5750 "-" "-"
4.204.224.164 - - [04/Sep/2026:12:26:22 +0000] "GET /cgi-bin/index.php HTTP/1.1" 404 5750 "-" "-"
4.204.224.164 - - [04/Sep/2026:12:26:22 +0000] "GET /wp-includes/l10n/ HTTP/1.1" 404 5750 "-" "-"
4.204.224.164 - - [04/Sep/2026:12:26:22 +0000] "GET /wp-manager.php HTTP/1.1" 404 5750 "-" "-"
4.204.224.164 - - [04/Sep/2026:12:26:22 +0000] "GET /wp-includes/Text/Diff/Engine/about.php HTTP/1.1" 404 5750 "-" "-"
4.204.224.164 - - [04/Sep/2026:12:26:23 +0000] "GET /cgi-bin/admin.php HTTP/1.1" 404 5750 "-" "-"
4.204.224.164 - - [04/Sep/2026:12:26:23 +0000] "GET /wp-content/ HTTP/1.1" 404 5750 "-" "-"
4.204.224.164 - - [04/Sep/2026:12:26:23 +0000] "GET /wp-admin/css/colors/blue/ HTTP/1.1" 404 5750 "-" "-"
4.204.224.164 - - [04/Sep/2026:12:26:23 +0000] "GET /wp-includes/block-bindings/ HTTP/1.1" 404 5750 "-" "-"
4.204.224.164 - - [04/Sep/2026:12:26:23 +0000] "GET /wp-includes/assets/ HTTP/1.1" 404 5750 "-" "-"
4.204.224.164 - - [04/Sep/2026:12:26:23 +0000] "GET /wp-admin/network/plugins.php HTTP/1.1" 404 5750 "-" "-"
4.204.224.164 - - [04/Sep/2026:12:26:23 +0000] "GET /wp-admin/maint/index.php HTTP/1.1" 404 5750 "-" "-"
4.204.224.164 - - [04/Sep/2026:12:26:23 +0000] "GET /wp-includes/blocks/post-comments-form/ HTTP/1.1" 404 5750 "-" "-"
4.204.224.164 - - [04/Sep/2026:12:26:23 +0000] "GET /qazwsx.php HTTP/1.1" 404 5750 "-" "-"
4.204.224.164 - - [04/Sep/2026:12:26:23 +0000] "GET /elp.php?p= HTTP/1.1" 404 5750 "-" "-"
4.204.224.164 - - [04/Sep/2026:12:26:23 +0000] "GET /wp-content/uploads/ HTTP/1.1" 404 5750 "-" "-"
4.204.224.164 - - [04/Sep/2026:12:26:23 +0000] "GET /wp-comments-post.php HTTP/1.1" 404 5750 "-" "-"
4.204.224.164 - - [04/Sep/2026:12:26:23 +0000] "GET /kgblegacy.php HTTP/1.1" 404 5750 "-" "-"
4.204.224.164 - - [04/Sep/2026:12:26:23 +0000] "GET /x123.php HTTP/1.1" 404 5750 "-" "-"
4.204.224.164 - - [04/Sep/2026:12:26:23 +0000] "GET /wp_blog_footer.php HTTP/1.1" 404 5750 "-" "-"
4.204.224.164 - - [04/Sep/2026:12:26:23 +0000] "GET /w.php HTTP/1.1" 404 5750 "-" "-"
4.204.224.164 - - [04/Sep/2026:12:26:23 +0000] "GET /k2.php HTTP/1.1" 404 5750 "-" "-"
4.204.224.164 - - [04/Sep/2026:12:26:23 +0000] "GET /xex.php HTTP/1.1" 404 5750 "-" "-"
4.204.224.164 - - [04/Sep/2026:12:26:23 +0000] "GET /date.php HTTP/1.1" 404 5750 "-" "-"
4.204.224.164 - - [04/Sep/2026:12:26:23 +0000] "GET /4y756.php HTTP/1.1" 404 5750 "-" "-"
4.204.224.164 - - [04/Sep/2026:12:26:23 +0000] "GET /or.php HTTP/1.1" 404 5750 "-" "-"
4.204.224.164 - - [04/Sep/2026:12:26:23 +0000] "GET /das.php HTTP/1.1" 404 5750 "-" "-"
4.204.224.164 - - [04/Sep/2026:12:26:23 +0000] "GET /indo.php HTTP/1.1" 404 5750 "-" "-"
4.204.224.164 - - [04/Sep/2026:12:26:23 +0000] "GET /R2.php HTTP/1.1" 404 5750 "-" "-"
4.204.224.164 - - [04/Sep/2026:12:26:23 +0000] "GET /opqweas.php HTTP/1.1" 404 5750 "-" "-"
4.204.224.164 - - [04/Sep/2026:12:26:23 +0000] "GET /sym.php?p= HTTP/1.1" 404 5750 "-" "-"
4.204.224.164 - - [04/Sep/2026:12:26:23 +0000] "GET /user-new.php HTTP/1.1" 404 5750 "-" "-"
4.204.224.164 - - [04/Sep/2026:12:26:23 +0000] "GET /database.php HTTP/1.1" 404 5750 "-" "-"
57.141.4.63 - - [04/Sep/2026:12:26:37 +0000] "GET /vendor/botble/slug/database/migrations/ HTTP/1.1" 200 939 "-" "Mozilla/5.0 (Macintosh; Intel Mac OS X 10_15_7) AppleWebKit/537.36 (KHTML, like Gecko) Chrome/145.0.0.0 Safari/537.36 (compatible; meta-externalagent/1.1 (+https://developers.facebook.com/docs/sharing/webmasters/crawler))"
57.141.4.23 - - [04/Sep/2026:12:26:45 +0000] "GET /platform/plugins/captcha/config/ HTTP/1.1" 200 891 "-" "Mozilla/5.0 (Windows NT 10.0; Win64; x64) AppleWebKit/537.36 (KHTML, like Gecko) Chrome/145.0.0.0 Safari/537.36 (compatible; meta-externalagent/1.1 (+https://developers.facebook.com/docs/sharing/webmasters/crawler))"
57.141.4.72 - - [04/Sep/2026:12:26:59 +0000] "GET /vendor/monolog/monolog/?C=D;O=D HTTP/1.1" 200 1570 "-" "Mozilla/5.0 (Macintosh; Intel Mac OS X 10_15_7) AppleWebKit/537.36 (KHTML, like Gecko) Chrome/145.0.0.0 Safari/537.36 (compatible; meta-externalagent/1.1 (+https://developers.facebook.com/docs/sharing/webmasters/crawler))"
57.141.4.31 - - [04/Sep/2026:12:27:00 +0000] "GET /vendor/aws/aws-sdk-php/src/LakeFormation/?C=M;O=A HTTP/1.1" 200 1101 "-" "Mozilla/5.0 (Windows NT 10.0; Win64; x64) AppleWebKit/537.36 (KHTML, like Gecko) Chrome/145.0.0.0 Safari/537.36 (compatible; meta-externalagent/1.1 (+https://developers.facebook.com/docs/sharing/webmasters/crawler))"
57.141.4.73 - - [04/Sep/2026:12:27:03 +0000] "GET /vendor/botble/plugin-management/src/Commands/ HTTP/1.1" 200 1734 "-" "Mozilla/5.0 (X11; Linux x86_64) AppleWebKit/537.36 (KHTML, like Gecko) Chrome/145.0.0.0 Safari/537.36 (compatible; meta-externalagent/1.1 (+https://developers.facebook.com/docs/sharing/webmasters/crawler))"
57.141.4.73 - - [04/Sep/2026:12:27:21 +0000] "GET /vendor/aws/aws-sdk-php/src/LakeFormation/?C=M;O=D HTTP/1.1" 200 1101 "-" "Mozilla/5.0 (Windows NT 10.0; Win64; x64) AppleWebKit/537.36 (KHTML, like Gecko) Chrome/145.0.0.0 Safari/537.36 (compatible; meta-externalagent/1.1 (+https://developers.facebook.com/docs/sharing/webmasters/crawler))"
57.141.4.30 - - [04/Sep/2026:12:27:31 +0000] "GET /platform/packages/theme/src/ HTTP/1.1" 200 3551 "-" "Mozilla/5.0 (Windows NT 10.0; Win64; x64) AppleWebKit/537.36 (KHTML, like Gecko) Chrome/145.0.0.0 Safari/537.36 (compatible; meta-externalagent/1.1 (+https://developers.facebook.com/docs/sharing/webmasters/crawler))"
57.141.4.49 - - [04/Sep/2026:12:27:41 +0000] "GET /vendor/botble/seo-helper/src/Listeners/ HTTP/1.1" 200 1321 "-" "Mozilla/5.0 (X11; Linux x86_64) AppleWebKit/537.36 (KHTML, like Gecko) Chrome/145.0.0.0 Safari/537.36 (compatible; meta-externalagent/1.1 (+https://developers.facebook.com/docs/sharing/webmasters/crawler))"
57.141.4.64 - - [04/Sep/2026:12:27:44 +0000] "GET /platform/plugins/payment/src/Tables/PaymentTable.php HTTP/1.1" 500 - "-" "Mozilla/5.0 (Windows NT 10.0; Win64; x64) AppleWebKit/537.36 (KHTML, like Gecko) Chrome/145.0.0.0 Safari/537.36 (compatible; meta-externalagent/1.1 (+https://developers.facebook.com/docs/sharing/webmasters/crawler))"
57.141.4.59 - - [04/Sep/2026:12:27:50 +0000] "GET /vendor/ezyang/htmlpurifier/?C=N;O=A HTTP/1.1" 200 1573 "-" "Mozilla/5.0 (Windows NT 10.0; Win64; x64) AppleWebKit/537.36 (KHTML, like Gecko) Chrome/144.0.0.0 Safari/537.36 Edg/144.0.0.0 (compatible; meta-externalagent/1.1 (+https://developers.facebook.com/docs/sharing/webmasters/crawler))"
57.141.4.23 - - [04/Sep/2026:12:27:56 +0000] "GET /platform/plugins/contact/src/Forms/ HTTP/1.1" 200 905 "-" "Mozilla/5.0 (Windows NT 10.0; Win64; x64) AppleWebKit/537.36 (KHTML, like Gecko) Chrome/145.0.0.0 Safari/537.36 Edg/145.0.0.0 (compatible; meta-externalagent/1.1 (+https://developers.facebook.com/docs/sharing/webmasters/crawler))"
57.141.4.63 - - [04/Sep/2026:12:28:01 +0000] "GET /vendor/aws/aws-sdk-php/src/MediaStoreData/?C=M;O=A HTTP/1.1" 200 1107 "-" "Mozilla/5.0 (Windows NT 10.0; Win64; x64) AppleWebKit/537.36 (KHTML, like Gecko) Chrome/145.0.0.0 Safari/537.36 (compatible; meta-externalagent/1.1 (+https://developers.facebook.com/docs/sharing/webmasters/crawler))"
57.141.4.40 - - [04/Sep/2026:12:28:02 +0000] "GET /vendor/fideloper/?C=N;O=D HTTP/1.1" 200 838 "-" "Mozilla/5.0 (Windows NT 10.0; Win64; x64) AppleWebKit/537.36 (KHTML, like Gecko) Chrome/145.0.0.0 Safari/537.36 (compatible; meta-externalagent/1.1 (+https://developers.facebook.com/docs/sharing/webmasters/crawler))"
57.141.4.39 - - [04/Sep/2026:12:28:14 +0000] "GET /vendor/aws/aws-sdk-php/src/CloudHSMV2/?C=D;O=A HTTP/1.1" 200 1092 "-" "Mozilla/5.0 (Windows NT 10.0; Win64; x64) AppleWebKit/537.36 (KHTML, like Gecko) Chrome/145.0.0.0 Safari/537.36 Edg/145.0.0.0 (compatible; meta-externalagent/1.1 (+https://developers.facebook.com/docs/sharing/webmasters/crawler))"
57.141.4.67 - - [04/Sep/2026:12:28:42 +0000] "GET /vendor/ezyang/htmlpurifier/library/HTMLPurifier.autoload.php HTTP/1.1" 500 - "-" "Mozilla/5.0 (Macintosh; Intel Mac OS X 10_15_7) AppleWebKit/537.36 (KHTML, like Gecko) Chrome/145.0.0.0 Safari/537.36 (compatible; meta-externalagent/1.1 (+https://developers.facebook.com/docs/sharing/webmasters/crawler))"
57.141.4.52 - - [04/Sep/2026:12:28:50 +0000] "GET /vendor/webmozart/assert/?C=M;O=A HTTP/1.1" 200 1573 "-" "Mozilla/5.0 (Windows NT 10.0; Win64; x64) AppleWebKit/537.36 (KHTML, like Gecko) Chrome/145.0.0.0 Safari/537.36 (compatible; meta-externalagent/1.1 (+https://developers.facebook.com/docs/sharing/webmasters/crawler))"
57.141.4.64 - - [04/Sep/2026:12:28:51 +0000] "GET /vendor/aws/aws-sdk-php/src/LookoutEquipment/?C=S;O=A HTTP/1.1" 200 1113 "-" "Mozilla/5.0 (Windows NT 10.0; Win64; x64) AppleWebKit/537.36 (KHTML, like Gecko) Chrome/145.0.0.0 Safari/537.36 (compatible; meta-externalagent/1.1 (+https://developers.facebook.com/docs/sharing/webmasters/crawler))"
57.141.4.22 - - [04/Sep/2026:12:28:57 +0000] "GET /platform/plugins/captcha/?C=D;O=A HTTP/1.1" 200 1757 "-" "Mozilla/5.0 (Windows NT 10.0; Win64; x64) AppleWebKit/537.36 (KHTML, like Gecko) Chrome/145.0.0.0 Safari/537.36 (compatible; meta-externalagent/1.1 (+https://developers.facebook.com/docs/sharing/webmasters/crawler))"
57.141.4.27 - - [04/Sep/2026:12:28:58 +0000] "GET /platform/packages/revision/resources/assets/?C=M;O=D HTTP/1.1" 200 1092 "-" "Mozilla/5.0 (Macintosh; Intel Mac OS X 10_15_7) AppleWebKit/537.36 (KHTML, like Gecko) Chrome/145.0.0.0 Safari/537.36 (compatible; meta-externalagent/1.1 (+https://developers.facebook.com/docs/sharing/webmasters/crawler))"
57.141.4.59 - - [04/Sep/2026:12:29:09 +0000] "GET /platform/plugins/payment/src/Plugin.php HTTP/1.1" 500 - "-" "Mozilla/5.0 (Windows NT 10.0; Win64; x64) AppleWebKit/537.36 (KHTML, like Gecko) Chrome/145.0.0.0 Safari/537.36 (compatible; meta-externalagent/1.1 (+https://developers.facebook.com/docs/sharing/webmasters/crawler))"
57.141.4.19 - - [04/Sep/2026:12:29:11 +0000] "GET /vendor/aws/aws-sdk-php/src/Support/?C=M;O=A HTTP/1.1" 200 1083 "-" "Mozilla/5.0 (Windows NT 10.0; Win64; x64) AppleWebKit/537.36 (KHTML, like Gecko) Chrome/145.0.0.0 Safari/537.36 (compatible; meta-externalagent/1.1 (+https://developers.facebook.com/docs/sharing/webmasters/crawler))"
57.141.4.11 - - [04/Sep/2026:12:29:15 +0000] "GET /platform/packages/dev-tool/src/Commands/PackageMakeCrudCommand.php HTTP/1.1" 500 - "-" "Mozilla/5.0 (Windows NT 10.0; Win64; x64) AppleWebKit/537.36 (KHTML, like Gecko) Chrome/145.0.0.0 Safari/537.36 Edg/145.0.0.0 (compatible; meta-externalagent/1.1 (+https://developers.facebook.com/docs/sharing/webmasters/crawler))"
57.141.4.72 - - [04/Sep/2026:12:29:25 +0000] "GET /vendor/aws/aws-sdk-php/src/DirectConnect/DirectConnectClient.php HTTP/1.1" 500 - "-" "Mozilla/5.0 (Windows NT 10.0; Win64; x64) AppleWebKit/537.36 (KHTML, like Gecko) Chrome/145.0.0.0 Safari/537.36 (compatible; meta-externalagent/1.1 (+https://developers.facebook.com/docs/sharing/webmasters/crawler))"
57.141.4.18 - - [04/Sep/2026:12:29:29 +0000] "GET /platform/packages/widget-generator/stubs/templates/?C=D;O=A HTTP/1.1" 200 1139 "-" "Mozilla/5.0 (Windows NT 10.0; Win64; x64) AppleWebKit/537.36 (KHTML, like Gecko) Chrome/145.0.0.0 Safari/537.36 Edg/145.0.0.0 (compatible; meta-externalagent/1.1 (+https://developers.facebook.com/docs/sharing/webmasters/crawler))"
57.141.4.16 - - [04/Sep/2026:12:29:30 +0000] "GET /vendor/aws/aws-sdk-php/src/DocDB/Exception/?C=S;O=D HTTP/1.1" 200 928 "-" "Mozilla/5.0 (X11; Linux x86_64) AppleWebKit/537.36 (KHTML, like Gecko) Chrome/145.0.0.0 Safari/537.36 (compatible; meta-externalagent/1.1 (+https://developers.facebook.com/docs/sharing/webmasters/crawler))"
57.141.4.41 - - [04/Sep/2026:12:29:33 +0000] "GET /vendor/aws/aws-sdk-php/src/kendra/?C=N;O=A HTTP/1.1" 200 1080 "-" "Mozilla/5.0 (Windows NT 10.0; Win64; x64) AppleWebKit/537.36 (KHTML, like Gecko) Chrome/145.0.0.0 Safari/537.36 (compatible; meta-externalagent/1.1 (+https://developers.facebook.com/docs/sharing/webmasters/crawler))"
57.141.4.21 - - [04/Sep/2026:12:29:45 +0000] "GET /platform/plugins/payment/src/Models/ HTTP/1.1" 200 903 "-" "Mozilla/5.0 (Windows NT 10.0; Win64; x64) AppleWebKit/537.36 (KHTML, like Gecko) Chrome/145.0.0.0 Safari/537.36 (compatible; meta-externalagent/1.1 (+https://developers.facebook.com/docs/sharing/webmasters/crawler))"
57.141.4.47 - - [04/Sep/2026:12:29:49 +0000] "GET /vendor/aws/aws-sdk-php/src/MediaStoreData/Exception/ HTTP/1.1" 200 967 "-" "Mozilla/5.0 (Macintosh; Intel Mac OS X 10_15_7) AppleWebKit/537.36 (KHTML, like Gecko) Chrome/145.0.0.0 Safari/537.36 (compatible; meta-externalagent/1.1 (+https://developers.facebook.com/docs/sharing/webmasters/crawler))"
57.141.4.50 - - [04/Sep/2026:12:29:53 +0000] "GET /vendor/aws/aws-sdk-php/src/AppConfig/Exception/ HTTP/1.1" 200 944 "-" "Mozilla/5.0 (Macintosh; Intel Mac OS X 10_15_7) AppleWebKit/537.36 (KHTML, like Gecko) Chrome/145.0.0.0 Safari/537.36 (compatible; meta-externalagent/1.1 (+https://developers.facebook.com/docs/sharing/webmasters/crawler))"
57.141.4.28 - - [04/Sep/2026:12:30:06 +0000] "GET /platform/plugins/paystack/resources/?C=M;O=D HTTP/1.1" 200 895 "-" "Mozilla/5.0 (Windows NT 10.0; Win64; x64) AppleWebKit/537.36 (KHTML, like Gecko) Chrome/145.0.0.0 Safari/537.36 (compatible; meta-externalagent/1.1 (+https://developers.facebook.com/docs/sharing/webmasters/crawler))"
57.141.4.41 - - [04/Sep/2026:12:30:31 +0000] "GET /platform/packages/sitemap/?C=S;O=A HTTP/1.1" 200 1574 "-" "Mozilla/5.0 (Macintosh; Intel Mac OS X 10_15_7) AppleWebKit/537.36 (KHTML, like Gecko) Chrome/145.0.0.0 Safari/537.36 (compatible; meta-externalagent/1.1 (+https://developers.facebook.com/docs/sharing/webmasters/crawler))"
57.141.4.67 - - [04/Sep/2026:12:30:31 +0000] "GET /vendor/myclabs/php-enum/src/?C=D;O=D HTTP/1.1" 200 1055 "-" "Mozilla/5.0 (Windows NT 10.0; Win64; x64) AppleWebKit/537.36 (KHTML, like Gecko) Chrome/145.0.0.0 Safari/537.36 (compatible; meta-externalagent/1.1 (+https://developers.facebook.com/docs/sharing/webmasters/crawler))"
57.141.4.2 - - [04/Sep/2026:12:30:38 +0000] "GET /vendor/botble/theme/resources/lang/ HTTP/1.1" 200 894 "-" "Mozilla/5.0 (Windows NT 10.0; Win64; x64) AppleWebKit/537.36 (KHTML, like Gecko) Chrome/145.0.0.0 Safari/537.36 (compatible; meta-externalagent/1.1 (+https://developers.facebook.com/docs/sharing/webmasters/crawler))"
57.141.4.4 - - [04/Sep/2026:12:30:40 +0000] "GET /vendor/spatie/laravel-newsletter/src/?C=M;O=D HTTP/1.1" 200 2242 "-" "Mozilla/5.0 (Macintosh; Intel Mac OS X 10_15_7) AppleWebKit/537.36 (KHTML, like Gecko) Chrome/145.0.0.0 Safari/537.36 (compatible; meta-externalagent/1.1 (+https://developers.facebook.com/docs/sharing/webmasters/crawler))"
57.141.4.6 - - [04/Sep/2026:12:30:43 +0000] "GET /vendor/symfony/var-dumper/Test/?C=M;O=A HTTP/1.1" 200 901 "-" "Mozilla/5.0 (X11; Linux x86_64) AppleWebKit/537.36 (KHTML, like Gecko) Chrome/145.0.0.0 Safari/537.36 (compatible; meta-externalagent/1.1 (+https://developers.facebook.com/docs/sharing/webmasters/crawler))"
216.73.216.242 - - [04/Sep/2026:12:30:50 +0000] "GET /vendor/doctrine/dbal/src/Driver/PDO/Result.php HTTP/1.1" 500 - "-" "Mozilla/5.0 AppleWebKit/537.36 (KHTML, like Gecko; compatible; ClaudeBot/1.0; +claudebot@anthropic.com)"
216.73.216.242 - - [04/Sep/2026:12:30:50 +0000] "GET /vendor/egulias/email-validator/src/Warning/DomainLiteral.php HTTP/1.1" 500 - "-" "Mozilla/5.0 AppleWebKit/537.36 (KHTML, like Gecko; compatible; ClaudeBot/1.0; +claudebot@anthropic.com)"
57.141.4.49 - - [04/Sep/2026:12:30:51 +0000] "GET /platform/packages/sitemap/resources/ HTTP/1.1" 200 895 "-" "Mozilla/5.0 (Windows NT 10.0; Win64; x64) AppleWebKit/537.36 (KHTML, like Gecko) Chrome/145.0.0.0 Safari/537.36 (compatible; meta-externalagent/1.1 (+https://developers.facebook.com/docs/sharing/webmasters/crawler))"
57.141.4.55 - - [04/Sep/2026:12:30:52 +0000] "GET /platform/packages/sitemap/composer.json HTTP/1.1" 200 349 "-" "Mozilla/5.0 (Windows NT 10.0; Win64; x64) AppleWebKit/537.36 (KHTML, like Gecko) Chrome/145.0.0.0 Safari/537.36 (compatible; meta-externalagent/1.1 (+https://developers.facebook.com/docs/sharing/webmasters/crawler))"
216.73.216.242 - - [04/Sep/2026:12:31:30 +0000] "GET /vendor/doctrine/dbal/src/Driver/SQLSrv/Connection.php HTTP/1.1" 500 - "-" "Mozilla/5.0 AppleWebKit/537.36 (KHTML, like Gecko; compatible; ClaudeBot/1.0; +claudebot@anthropic.com)"
57.141.4.3 - - [04/Sep/2026:12:31:35 +0000] "GET /vendor/botble/widget/resources/?C=M;O=A HTTP/1.1" 200 1228 "-" "Mozilla/5.0 (Macintosh; Intel Mac OS X 10_15_7) AppleWebKit/537.36 (KHTML, like Gecko) Chrome/145.0.0.0 Safari/537.36 (compatible; meta-externalagent/1.1 (+https://developers.facebook.com/docs/sharing/webmasters/crawler))"
57.141.4.2 - - [04/Sep/2026:12:31:40 +0000] "GET /vendor/mollie/mollie-api-php/examples/shipments/get-shipment.php HTTP/1.1" 200 859 "-" "Mozilla/5.0 (Macintosh; Intel Mac OS X 10_15_7) AppleWebKit/537.36 (KHTML, like Gecko) Chrome/145.0.0.0 Safari/537.36 (compatible; meta-externalagent/1.1 (+https://developers.facebook.com/docs/sharing/webmasters/crawler))"
57.141.4.22 - - [04/Sep/2026:12:31:47 +0000] "GET /platform/plugins/newsletter/src/Providers/ HTTP/1.1" 200 1134 "-" "Mozilla/5.0 (Windows NT 10.0; Win64; x64) AppleWebKit/537.36 (KHTML, like Gecko) Chrome/145.0.0.0 Safari/537.36 (compatible; meta-externalagent/1.1 (+https://developers.facebook.com/docs/sharing/webmasters/crawler))"
57.141.4.19 - - [04/Sep/2026:12:31:53 +0000] "GET /platform/plugins/contact/src/Events/ HTTP/1.1" 200 912 "-" "Mozilla/5.0 (Macintosh; Intel Mac OS X 10_15_7) AppleWebKit/537.36 (KHTML, like Gecko) Chrome/145.0.0.0 Safari/537.36 (compatible; meta-externalagent/1.1 (+https://developers.facebook.com/docs/sharing/webmasters/crawler))"
57.141.4.33 - - [04/Sep/2026:12:32:17 +0000] "GET /vendor/symfony/translation/MessageCatalogueInterface.php HTTP/1.1" 200 - "-" "Mozilla/5.0 (Macintosh; Intel Mac OS X 10_15_7) AppleWebKit/537.36 (KHTML, like Gecko) Chrome/145.0.0.0 Safari/537.36 (compatible; meta-externalagent/1.1 (+https://developers.facebook.com/docs/sharing/webmasters/crawler))"
57.141.4.18 - - [04/Sep/2026:12:32:19 +0000] "GET /platform/plugins/blog/src/Forms/?C=D;O=A HTTP/1.1" 200 1431 "-" "Mozilla/5.0 (Windows NT 10.0; Win64; x64) AppleWebKit/537.36 (KHTML, like Gecko) Chrome/145.0.0.0 Safari/537.36 (compatible; meta-externalagent/1.1 (+https://developers.facebook.com/docs/sharing/webmasters/crawler))"
216.73.216.242 - - [04/Sep/2026:12:32:25 +0000] "GET /vendor/doctrine/dbal/src/Schema/Exception/ HTTP/1.1" 200 1118 "-" "Mozilla/5.0 AppleWebKit/537.36 (KHTML, like Gecko; compatible; ClaudeBot/1.0; +claudebot@anthropic.com)"
57.141.4.1 - - [04/Sep/2026:12:32:49 +0000] "GET /vendor/mollie/mollie-api-php/examples/mandates/?C=D;O=A HTTP/1.1" 200 1312 "-" "Mozilla/5.0 (Macintosh; Intel Mac OS X 10_15_7) AppleWebKit/537.36 (KHTML, like Gecko) Chrome/145.0.0.0 Safari/537.36 (compatible; meta-externalagent/1.1 (+https://developers.facebook.com/docs/sharing/webmasters/crawler))"
57.141.4.73 - - [04/Sep/2026:12:32:52 +0000] "GET /vendor/stripe/stripe-php/lib/Service/Checkout/?C=M;O=A HTTP/1.1" 200 1135 "-" "Mozilla/5.0 (Windows NT 10.0; Win64; x64) AppleWebKit/537.36 (KHTML, like Gecko) Chrome/145.0.0.0 Safari/537.36 (compatible; meta-externalagent/1.1 (+https://developers.facebook.com/docs/sharing/webmasters/crawler))"
57.141.4.60 - - [04/Sep/2026:12:33:08 +0000] "GET /vendor/botble/page/database/migrations/?C=N;O=A HTTP/1.1" 200 940 "-" "Mozilla/5.0 (X11; Linux x86_64; rv:147.0) Gecko/20100101 Firefox/147.0 (compatible; meta-externalagent/1.1 (+https://developers.facebook.com/docs/sharing/webmasters/crawler))"
57.141.4.63 - - [04/Sep/2026:12:33:14 +0000] "GET /vendor/composer/ca-bundle/src/?C=D;O=A HTTP/1.1" 200 889 "-" "Mozilla/5.0 (Windows NT 10.0; Win64; x64) AppleWebKit/537.36 (KHTML, like Gecko) Chrome/145.0.0.0 Safari/537.36 (compatible; meta-externalagent/1.1 (+https://developers.facebook.com/docs/sharing/webmasters/crawler))"
57.141.4.22 - - [04/Sep/2026:12:33:20 +0000] "GET /platform/core/acl/resources/lang/en/reminders.php HTTP/1.1" 200 - "-" "Mozilla/5.0 (Windows NT 10.0; Win64; x64) AppleWebKit/537.36 (KHTML, like Gecko) Chrome/145.0.0.0 Safari/537.36 (compatible; meta-externalagent/1.1 (+https://developers.facebook.com/docs/sharing/webmasters/crawler))"
57.141.4.29 - - [04/Sep/2026:12:33:28 +0000] "GET /platform/packages/theme/database/?C=N;O=A HTTP/1.1" 200 892 "-" "Mozilla/5.0 (Windows NT 10.0; Win64; x64) AppleWebKit/537.36 (KHTML, like Gecko) Chrome/145.0.0.0 Safari/537.36 (compatible; meta-externalagent/1.1 (+https://developers.facebook.com/docs/sharing/webmasters/crawler))"
106.75.173.168 - - [04/Sep/2026:12:33:51 +0000] "GET / HTTP/1.1" 200 6708 "-" "Mozilla/5.0 (Windows NT 6.1) AppleWebKit/537.36 (KHTML, like Gecko) Chrome/49.0.2623.112 Safari/537.36"
106.75.173.168 - - [04/Sep/2026:12:33:57 +0000] "GET /favicon.ico HTTP/1.1" 404 16 "https://www.immovalet.com" "Mozilla/5.0 (Windows NT 6.1) AppleWebKit/537.36 (KHTML, like Gecko) Chrome/49.0.2623.112 Safari/537.36"
57.141.4.41 - - [04/Sep/2026:12:33:57 +0000] "GET /platform/core/chart/resources/?C=N;O=D HTTP/1.1" 200 877 "-" "Mozilla/5.0 (Windows NT 10.0; Win64; x64) AppleWebKit/537.36 (KHTML, like Gecko) Chrome/145.0.0.0 Safari/537.36 (compatible; meta-externalagent/1.1 (+https://developers.facebook.com/docs/sharing/webmasters/crawler))"
57.141.4.18 - - [04/Sep/2026:12:34:15 +0000] "GET /vendor/barryvdh/laravel-dompdf/config/?C=M;O=D HTTP/1.1" 200 908 "-" "Mozilla/5.0 (Macintosh; Intel Mac OS X 10_15_7) AppleWebKit/537.36 (KHTML, like Gecko) Chrome/145.0.0.0 Safari/537.36 (compatible; meta-externalagent/1.1 (+https://developers.facebook.com/docs/sharing/webmasters/crawler))"
57.141.4.18 - - [04/Sep/2026:12:34:25 +0000] "GET /vendor/intervention/image/src/config/?C=D;O=A HTTP/1.1" 200 905 "-" "Mozilla/5.0 (Windows NT 10.0; Win64; x64) AppleWebKit/537.36 (KHTML, like Gecko) Chrome/145.0.0.0 Safari/537.36 (compatible; meta-externalagent/1.1 (+https://developers.facebook.com/docs/sharing/webmasters/crawler))"
57.141.4.49 - - [04/Sep/2026:12:34:29 +0000] "GET /vendor/botble/platform/js-validation/?C=M;O=A HTTP/1.1" 200 1602 "-" "Mozilla/5.0 (Macintosh; Intel Mac OS X 10_15_7) AppleWebKit/537.36 (KHTML, like Gecko) Chrome/145.0.0.0 Safari/537.36 (compatible; meta-externalagent/1.1 (+https://developers.facebook.com/docs/sharing/webmasters/crawler))"
57.141.4.66 - - [04/Sep/2026:12:34:29 +0000] "GET /vendor/botble/platform/js-validation/resources/ HTTP/1.1" 200 1103 "-" "Mozilla/5.0 (Windows NT 10.0; Win64; x64) AppleWebKit/537.36 (KHTML, like Gecko) Chrome/145.0.0.0 Safari/537.36 (compatible; meta-externalagent/1.1 (+https://developers.facebook.com/docs/sharing/webmasters/crawler))"
57.141.4.32 - - [04/Sep/2026:12:34:34 +0000] "GET /platform/plugins/simple-slider/routes/?C=N;O=D HTTP/1.1" 200 905 "-" "Mozilla/5.0 (Windows NT 10.0; Win64; x64) AppleWebKit/537.36 (KHTML, like Gecko) Chrome/145.0.0.0 Safari/537.36 (compatible; meta-externalagent/1.1 (+https://developers.facebook.com/docs/sharing/webmasters/crawler))"
57.141.4.19 - - [04/Sep/2026:12:34:34 +0000] "GET /vendor/aws/aws-sdk-php/src/ECRPublic/?C=S;O=A HTTP/1.1" 200 1089 "-" "Mozilla/5.0 (Windows NT 10.0; Win64; x64) AppleWebKit/537.36 (KHTML, like Gecko) Chrome/145.0.0.0 Safari/537.36 (compatible; meta-externalagent/1.1 (+https://developers.facebook.com/docs/sharing/webmasters/crawler))"
57.141.4.13 - - [04/Sep/2026:12:34:59 +0000] "GET /vendor/botble/platform/support/src/ HTTP/1.1" 200 1433 "-" "Mozilla/5.0 (Windows NT 10.0; Win64; x64) AppleWebKit/537.36 (KHTML, like Gecko) Chrome/145.0.0.0 Safari/537.36 Edg/145.0.0.0 (compatible; meta-externalagent/1.1 (+https://developers.facebook.com/docs/sharing/webmasters/crawler))"
57.141.4.39 - - [04/Sep/2026:12:35:10 +0000] "GET /vendor/myclabs/php-enum/src/?C=S;O=A HTTP/1.1" 200 1055 "-" "Mozilla/5.0 (Windows NT 10.0; Win64; x64) AppleWebKit/537.36 (KHTML, like Gecko) Chrome/146.0.0.0 Safari/537.36 Edg/146.0.0.0 (compatible; meta-externalagent/1.1 (+https://developers.facebook.com/docs/sharing/webmasters/crawler))"
57.141.4.27 - - [04/Sep/2026:12:35:34 +0000] "GET /platform/core/js-validation/src/ HTTP/1.1" 200 2169 "-" "Mozilla/5.0 (Macintosh; Intel Mac OS X 10_15_7) AppleWebKit/537.36 (KHTML, like Gecko) Chrome/145.0.0.0 Safari/537.36 (compatible; meta-externalagent/1.1 (+https://developers.facebook.com/docs/sharing/webmasters/crawler))"
57.141.4.58 - - [04/Sep/2026:12:35:39 +0000] "GET /vendor/moneyphp/money/?C=S;O=D HTTP/1.1" 200 1569 "-" "Mozilla/5.0 (Macintosh; Intel Mac OS X 10_15_7) AppleWebKit/537.36 (KHTML, like Gecko) Chrome/145.0.0.0 Safari/537.36 (compatible; meta-externalagent/1.1 (+https://developers.facebook.com/docs/sharing/webmasters/crawler))"
57.141.4.8 - - [04/Sep/2026:12:35:40 +0000] "GET /platform/plugins/payment/config/?C=M;O=A HTTP/1.1" 200 1074 "-" "Mozilla/5.0 (Windows NT 10.0; Win64; x64) AppleWebKit/537.36 (KHTML, like Gecko) Chrome/145.0.0.0 Safari/537.36 (compatible; meta-externalagent/1.1 (+https://developers.facebook.com/docs/sharing/webmasters/crawler))"
57.141.4.4 - - [04/Sep/2026:12:36:15 +0000] "GET /vendor/botble/platform/js-validation/?C=N;O=D HTTP/1.1" 200 1602 "-" "Mozilla/5.0 (Windows NT 10.0; Win64; x64) AppleWebKit/537.36 (KHTML, like Gecko) Chrome/145.0.0.0 Safari/537.36 (compatible; meta-externalagent/1.1 (+https://developers.facebook.com/docs/sharing/webmasters/crawler))"
57.141.4.67 - - [04/Sep/2026:12:37:22 +0000] "GET /vendor/myclabs/php-enum/src/?C=S;O=D HTTP/1.1" 200 1055 "-" "Mozilla/5.0 (Windows NT 10.0; Win64; x64) AppleWebKit/537.36 (KHTML, like Gecko) Chrome/145.0.0.0 Safari/537.36 (compatible; meta-externalagent/1.1 (+https://developers.facebook.com/docs/sharing/webmasters/crawler))"
57.141.4.22 - - [04/Sep/2026:12:37:26 +0000] "GET /platform/packages/slug/src/Forms/Fields/?C=M;O=A HTTP/1.1" 200 922 "-" "Mozilla/5.0 (Windows NT 10.0; Win64; x64) AppleWebKit/537.36 (KHTML, like Gecko) Chrome/145.0.0.0 Safari/537.36 (compatible; meta-externalagent/1.1 (+https://developers.facebook.com/docs/sharing/webmasters/crawler))"
57.141.4.13 - - [04/Sep/2026:12:37:33 +0000] "GET /platform/plugins/contact/resources/?C=S;O=A HTTP/1.1" 200 1424 "-" "Mozilla/5.0 (Windows NT 10.0; Win64; x64) AppleWebKit/537.36 (KHTML, like Gecko) Chrome/145.0.0.0 Safari/537.36 (compatible; meta-externalagent/1.1 (+https://developers.facebook.com/docs/sharing/webmasters/crawler))"
57.141.4.38 - - [04/Sep/2026:12:37:51 +0000] "GET /platform/core/acl/resources/assets/js/?C=S;O=A HTTP/1.1" 200 1263 "-" "Mozilla/5.0 (Macintosh; Intel Mac OS X 10_15_7) AppleWebKit/537.36 (KHTML, like Gecko) Chrome/145.0.0.0 Safari/537.36 (compatible; meta-externalagent/1.1 (+https://developers.facebook.com/docs/sharing/webmasters/crawler))"
57.141.4.41 - - [04/Sep/2026:12:37:53 +0000] "GET /platform/packages/menu/src/Commands/?C=N;O=D HTTP/1.1" 200 918 "-" "Mozilla/5.0 (Windows NT 10.0; Win64; x64) AppleWebKit/537.36 (KHTML, like Gecko) Chrome/145.0.0.0 Safari/537.36 (compatible; meta-externalagent/1.1 (+https://developers.facebook.com/docs/sharing/webmasters/crawler))"
57.141.4.13 - - [04/Sep/2026:12:38:01 +0000] "GET /vendor/symfony/finder/Iterator/DateRangeFilterIterator.php HTTP/1.1" 200 - "-" "Mozilla/5.0 (Macintosh; Intel Mac OS X 10_15_7) AppleWebKit/537.36 (KHTML, like Gecko) Chrome/145.0.0.0 Safari/537.36 (compatible; meta-externalagent/1.1 (+https://developers.facebook.com/docs/sharing/webmasters/crawler))"
57.141.4.61 - - [04/Sep/2026:12:38:40 +0000] "GET /vendor/aws/aws-sdk-php/src/Lambda/Exception/ HTTP/1.1" 200 932 "-" "Mozilla/5.0 (Windows NT 10.0; Win64; x64) AppleWebKit/537.36 (KHTML, like Gecko) Chrome/145.0.0.0 Safari/537.36 (compatible; meta-externalagent/1.1 (+https://developers.facebook.com/docs/sharing/webmasters/crawler))"
57.141.4.4 - - [04/Sep/2026:12:39:00 +0000] "GET /platform/packages/seo-helper/src/Bases/?C=S;O=A HTTP/1.1" 200 920 "-" "Mozilla/5.0 (X11; Linux x86_64) AppleWebKit/537.36 (KHTML, like Gecko) Chrome/145.0.0.0 Safari/537.36 (compatible; meta-externalagent/1.1 (+https://developers.facebook.com/docs/sharing/webmasters/crawler))"
57.141.4.10 - - [04/Sep/2026:12:39:07 +0000] "GET /platform/plugins/cookie-consent/public/css/ HTTP/1.1" 200 934 "-" "Mozilla/5.0 (Windows NT 10.0; Win64; x64) AppleWebKit/537.36 (KHTML, like Gecko) Chrome/145.0.0.0 Safari/537.36 (compatible; meta-externalagent/1.1 (+https://developers.facebook.com/docs/sharing/webmasters/crawler))"
57.141.4.73 - - [04/Sep/2026:12:39:19 +0000] "GET /platform/packages/menu/src/Providers/?C=S;O=A HTTP/1.1" 200 1307 "-" "Mozilla/5.0 (Windows NT 10.0; Win64; x64) AppleWebKit/537.36 (KHTML, like Gecko) Chrome/145.0.0.0 Safari/537.36 (compatible; meta-externalagent/1.1 (+https://developers.facebook.com/docs/sharing/webmasters/crawler))"
57.141.4.22 - - [04/Sep/2026:12:39:23 +0000] "GET /resources/lang/vendor/core/?C=N;O=D HTTP/1.1" 200 1746 "-" "Mozilla/5.0 (X11; Linux x86_64) AppleWebKit/537.36 (KHTML, like Gecko) Chrome/145.0.0.0 Safari/537.36 (compatible; meta-externalagent/1.1 (+https://developers.facebook.com/docs/sharing/webmasters/crawler))"
57.141.4.52 - - [04/Sep/2026:12:39:25 +0000] "GET /vendor/rmccue/requests/library/Requests.php HTTP/1.1" 200 - "-" "Mozilla/5.0 (Windows NT 10.0; Win64; x64) AppleWebKit/537.36 (KHTML, like Gecko) Chrome/145.0.0.0 Safari/537.36 (compatible; meta-externalagent/1.1 (+https://developers.facebook.com/docs/sharing/webmasters/crawler))"
57.141.4.11 - - [04/Sep/2026:12:39:29 +0000] "GET /platform/plugins/contact/config/email.php HTTP/1.1" 200 - "-" "Mozilla/5.0 (X11; Linux x86_64) AppleWebKit/537.36 (KHTML, like Gecko) Chrome/145.0.0.0 Safari/537.36 (compatible; meta-externalagent/1.1 (+https://developers.facebook.com/docs/sharing/webmasters/crawler))"
57.141.4.6 - - [04/Sep/2026:12:39:44 +0000] "GET /vendor/botble/platform/acl/?C=N;O=A HTTP/1.1" 200 2110 "-" "Mozilla/5.0 (Windows NT 10.0; Win64; x64) AppleWebKit/537.36 (KHTML, like Gecko) Chrome/145.0.0.0 Safari/537.36 (compatible; meta-externalagent/1.1 (+https://developers.facebook.com/docs/sharing/webmasters/crawler))"
57.141.4.71 - - [04/Sep/2026:12:39:47 +0000] "GET /platform/packages/dev-tool/phpcs.xml HTTP/1.1" 200 2669 "-" "Mozilla/5.0 (Windows NT 10.0; Win64; x64) AppleWebKit/537.36 (KHTML, like Gecko) Chrome/145.0.0.0 Safari/537.36 (compatible; meta-externalagent/1.1 (+https://developers.facebook.com/docs/sharing/webmasters/crawler))"
57.141.4.32 - - [04/Sep/2026:12:39:58 +0000] "GET /vendor/moneyphp/money/src/?C=N;O=D HTTP/1.1" 200 4117 "-" "Mozilla/5.0 (Macintosh; Intel Mac OS X 10_15_7) AppleWebKit/537.36 (KHTML, like Gecko) Chrome/145.0.0.0 Safari/537.36 (compatible; meta-externalagent/1.1 (+https://developers.facebook.com/docs/sharing/webmasters/crawler))"
57.141.4.26 - - [04/Sep/2026:12:40:05 +0000] "GET /vendor/dompdf/dompdf/src/Exception.php HTTP/1.1" 200 - "-" "Mozilla/5.0 (Windows NT 10.0; Win64; x64) AppleWebKit/537.36 (KHTML, like Gecko) Chrome/145.0.0.0 Safari/537.36 (compatible; meta-externalagent/1.1 (+https://developers.facebook.com/docs/sharing/webmasters/crawler))"
57.141.4.12 - - [04/Sep/2026:12:40:13 +0000] "GET /vendor/botble/dev-tool/?C=N;O=D HTTP/1.1" 200 1564 "-" "Mozilla/5.0 (Windows NT 10.0; Win64; x64) AppleWebKit/537.36 (KHTML, like Gecko) Chrome/145.0.0.0 Safari/537.36 (compatible; meta-externalagent/1.1 (+https://developers.facebook.com/docs/sharing/webmasters/crawler))"
216.73.216.242 - - [04/Sep/2026:12:40:37 +0000] "GET /vendor/yajra/laravel-datatables-html/src/Html/Editor/Fields/Time.php HTTP/1.1" 500 - "-" "Mozilla/5.0 AppleWebKit/537.36 (KHTML, like Gecko; compatible; ClaudeBot/1.0; +claudebot@anthropic.com)"
216.73.216.242 - - [04/Sep/2026:12:40:38 +0000] "GET /vendor/symfony/http-kernel/HttpKernelInterface.php HTTP/1.1" 200 - "-" "Mozilla/5.0 AppleWebKit/537.36 (KHTML, like Gecko; compatible; ClaudeBot/1.0; +claudebot@anthropic.com)"
216.73.216.242 - - [04/Sep/2026:12:40:38 +0000] "GET /vendor/symfony/http-kernel/HttpClientKernel.php HTTP/1.1" 500 - "-" "Mozilla/5.0 AppleWebKit/537.36 (KHTML, like Gecko; compatible; ClaudeBot/1.0; +claudebot@anthropic.com)"
57.141.4.48 - - [04/Sep/2026:12:40:39 +0000] "GET /vendor/botble/dev-tool/stubs/?C=D;O=A HTTP/1.1" 200 1058 "-" "Mozilla/5.0 (Macintosh; Intel Mac OS X 10_15_7) AppleWebKit/537.36 (KHTML, like Gecko) Chrome/145.0.0.0 Safari/537.36 (compatible; meta-externalagent/1.1 (+https://developers.facebook.com/docs/sharing/webmasters/crawler))"
216.73.216.242 - - [04/Sep/2026:12:40:39 +0000] "GET /vendor/symfony/http-kernel/TerminableInterface.php HTTP/1.1" 200 - "-" "Mozilla/5.0 AppleWebKit/537.36 (KHTML, like Gecko; compatible; ClaudeBot/1.0; +claudebot@anthropic.com)"
216.73.216.242 - - [04/Sep/2026:12:40:39 +0000] "GET /vendor/symfony/http-kernel/EventListener/AbstractTestSessionListener.php HTTP/1.1" 500 - "-" "Mozilla/5.0 AppleWebKit/537.36 (KHTML, like Gecko; compatible; ClaudeBot/1.0; +claudebot@anthropic.com)"
216.73.216.242 - - [04/Sep/2026:12:40:40 +0000] "GET /vendor/symfony/http-kernel/Log/DebugLoggerInterface.php HTTP/1.1" 200 - "-" "Mozilla/5.0 AppleWebKit/537.36 (KHTML, like Gecko; compatible; ClaudeBot/1.0; +claudebot@anthropic.com)"
216.73.216.242 - - [04/Sep/2026:12:40:40 +0000] "GET /vendor/symfony/http-kernel/HttpKernel.php HTTP/1.1" 500 - "-" "Mozilla/5.0 AppleWebKit/537.36 (KHTML, like Gecko; compatible; ClaudeBot/1.0; +claudebot@anthropic.com)"
216.73.216.242 - - [04/Sep/2026:12:40:41 +0000] "GET /vendor/symfony/http-kernel/KernelInterface.php HTTP/1.1" 500 - "-" "Mozilla/5.0 AppleWebKit/537.36 (KHTML, like Gecko; compatible; ClaudeBot/1.0; +claudebot@anthropic.com)"
216.73.216.242 - - [04/Sep/2026:12:40:41 +0000] "GET /vendor/symfony/http-kernel/HttpKernelBrowser.php HTTP/1.1" 500 - "-" "Mozilla/5.0 AppleWebKit/537.36 (KHTML, like Gecko; compatible; ClaudeBot/1.0; +claudebot@anthropic.com)"
216.73.216.242 - - [04/Sep/2026:12:40:42 +0000] "GET /vendor/symfony/http-kernel/EventListener/AbstractSessionListener.php HTTP/1.1" 500 - "-" "Mozilla/5.0 AppleWebKit/537.36 (KHTML, like Gecko; compatible; ClaudeBot/1.0; +claudebot@anthropic.com)"
216.73.216.242 - - [04/Sep/2026:12:40:42 +0000] "GET /vendor/symfony/http-kernel/EventListener/TestSessionListener.php HTTP/1.1" 500 - "-" "Mozilla/5.0 AppleWebKit/537.36 (KHTML, like Gecko; compatible; ClaudeBot/1.0; +claudebot@anthropic.com)"
57.141.4.28 - - [04/Sep/2026:12:40:51 +0000] "GET /platform/packages/dev-tool/src/Commands/?C=M;O=A HTTP/1.1" 200 2641 "-" "Mozilla/5.0 (Macintosh; Intel Mac OS X 10_15_7) AppleWebKit/537.36 (KHTML, like Gecko) Chrome/145.0.0.0 Safari/537.36 (compatible; meta-externalagent/1.1 (+https://developers.facebook.com/docs/sharing/webmasters/crawler))"
57.141.4.17 - - [04/Sep/2026:12:40:53 +0000] "GET /platform/packages/page/database/?C=S;O=D HTTP/1.1" 200 889 "-" "Mozilla/5.0 (Macintosh; Intel Mac OS X 10_15_7) AppleWebKit/537.36 (KHTML, like Gecko) Chrome/145.0.0.0 Safari/537.36 (compatible; meta-externalagent/1.1 (+https://developers.facebook.com/docs/sharing/webmasters/crawler))"
57.141.4.6 - - [04/Sep/2026:12:40:55 +0000] "GET /platform/packages/revision/resources/assets/js/?C=D;O=A HTTP/1.1" 200 940 "-" "Mozilla/5.0 (Windows NT 10.0; Win64; x64) AppleWebKit/537.36 (KHTML, like Gecko) Chrome/145.0.0.0 Safari/537.36 (compatible; meta-externalagent/1.1 (+https://developers.facebook.com/docs/sharing/webmasters/crawler))"
57.141.4.39 - - [04/Sep/2026:12:40:57 +0000] "GET /platform/packages/plugin-management/src/?C=S;O=A HTTP/1.1" 200 1797 "-" "Mozilla/5.0 (Windows NT 10.0; Win64; x64) AppleWebKit/537.36 (KHTML, like Gecko) Chrome/145.0.0.0 Safari/537.36 (compatible; meta-externalagent/1.1 (+https://developers.facebook.com/docs/sharing/webmasters/crawler))"
57.141.4.34 - - [04/Sep/2026:12:41:08 +0000] "GET /vendor/aws/aws-sdk-php/src/Pricing/?C=S;O=A HTTP/1.1" 200 1083 "-" "Mozilla/5.0 (Windows NT 10.0; Win64; x64) AppleWebKit/537.36 (KHTML, like Gecko) Chrome/145.0.0.0 Safari/537.36 (compatible; meta-externalagent/1.1 (+https://developers.facebook.com/docs/sharing/webmasters/crawler))"
216.73.216.242 - - [04/Sep/2026:12:41:09 +0000] "GET /vendor/symfony/http-kernel/EventListener/DumpListener.php HTTP/1.1" 500 - "-" "Mozilla/5.0 AppleWebKit/537.36 (KHTML, like Gecko; compatible; ClaudeBot/1.0; +claudebot@anthropic.com)"
57.141.4.45 - - [04/Sep/2026:12:41:09 +0000] "GET /platform/packages/seo-helper/src/Bases/?C=N;O=D HTTP/1.1" 200 920 "-" "Mozilla/5.0 (Windows NT 10.0; Win64; x64) AppleWebKit/537.36 (KHTML, like Gecko) Chrome/145.0.0.0 Safari/537.36 (compatible; meta-externalagent/1.1 (+https://developers.facebook.com/docs/sharing/webmasters/crawler))"
216.73.216.242 - - [04/Sep/2026:12:41:09 +0000] "GET /vendor/symfony/http-kernel/Log/Logger.php HTTP/1.1" 500 - "-" "Mozilla/5.0 AppleWebKit/537.36 (KHTML, like Gecko; compatible; ClaudeBot/1.0; +claudebot@anthropic.com)"
216.73.216.242 - - [04/Sep/2026:12:41:10 +0000] "GET /vendor/symfony/http-kernel/EventListener/SurrogateListener.php HTTP/1.1" 500 - "-" "Mozilla/5.0 AppleWebKit/537.36 (KHTML, like Gecko; compatible; ClaudeBot/1.0; +claudebot@anthropic.com)"
216.73.216.242 - - [04/Sep/2026:12:41:10 +0000] "GET /platform/plugins/ecommerce/src/Repositories/Caches/ReviewCacheDecorator.php HTTP/1.1" 500 - "-" "Mozilla/5.0 AppleWebKit/537.36 (KHTML, like Gecko; compatible; ClaudeBot/1.0; +claudebot@anthropic.com)"
57.141.4.2 - - [04/Sep/2026:12:41:10 +0000] "GET /vendor/mollie/mollie-api-php/examples/settlements/list-settlements.php HTTP/1.1" 200 901 "-" "Mozilla/5.0 (Macintosh; Intel Mac OS X 10_15_7) AppleWebKit/537.36 (KHTML, like Gecko) Chrome/145.0.0.0 Safari/537.36 (compatible; meta-externalagent/1.1 (+https://developers.facebook.com/docs/sharing/webmasters/crawler))"
216.73.216.242 - - [04/Sep/2026:12:41:11 +0000] "GET /platform/plugins/ecommerce/src/Repositories/Caches/ShippingRuleCacheDecorator.php HTTP/1.1" 500 - "-" "Mozilla/5.0 AppleWebKit/537.36 (KHTML, like Gecko; compatible; ClaudeBot/1.0; +claudebot@anthropic.com)"
57.141.4.22 - - [04/Sep/2026:12:41:11 +0000] "GET /platform/plugins/payment/src/Services/Traits/ HTTP/1.1" 200 1124 "-" "Mozilla/5.0 (Macintosh; Intel Mac OS X 10_15_7) AppleWebKit/537.36 (KHTML, like Gecko) Chrome/145.0.0.0 Safari/537.36 (compatible; meta-externalagent/1.1 (+https://developers.facebook.com/docs/sharing/webmasters/crawler))"
57.141.4.39 - - [04/Sep/2026:12:41:12 +0000] "GET /vendor/aws/aws-sdk-php/src/data/comprehendmedical/?C=N;O=D HTTP/1.1" 200 934 "-" "Mozilla/5.0 (Windows NT 10.0; Win64; x64) AppleWebKit/537.36 (KHTML, like Gecko) Chrome/145.0.0.0 Safari/537.36 (compatible; meta-externalagent/1.1 (+https://developers.facebook.com/docs/sharing/webmasters/crawler))"
216.73.216.242 - - [04/Sep/2026:12:41:17 +0000] "GET /vendor/symfony/http-kernel/Debug/ HTTP/1.1" 200 1104 "-" "Mozilla/5.0 AppleWebKit/537.36 (KHTML, like Gecko; compatible; ClaudeBot/1.0; +claudebot@anthropic.com)"
216.73.216.242 - - [04/Sep/2026:12:41:21 +0000] "GET /platform/plugins/ecommerce/src/Repositories/Caches/ShippingCacheDecorator.php HTTP/1.1" 500 - "-" "Mozilla/5.0 AppleWebKit/537.36 (KHTML, like Gecko; compatible; ClaudeBot/1.0; +claudebot@anthropic.com)"
