57.141.4.64 - - [04/Sep/2026:15:34:54 +0000] "GET /vendor/botble/platform/js-validation/?C=M;O=A HTTP/1.1" 200 1602 "-" "Mozilla/5.0 (X11; Linux x86_64) AppleWebKit/537.36 (KHTML, like Gecko) Chrome/145.0.0.0 Safari/537.36 (compatible; meta-externalagent/1.1 (+https://developers.facebook.com/docs/sharing/webmasters/crawler))"
37.221.198.47 - - [04/Sep/2026:15:34:55 +0000] "GET /platform/plugins/newsletter/config/?C=M;O=A HTTP/1.1" 200 1260 "-" "Mozilla/5.0 (compatible; MJ12bot/v1.4.8; http://mj12bot.com/)"
37.221.198.47 - - [04/Sep/2026:15:34:57 +0000] "GET /platform/plugins/newsletter/config/?C=N;O=D HTTP/1.1" 200 1260 "-" "Mozilla/5.0 (compatible; MJ12bot/v1.4.8; http://mj12bot.com/)"
57.141.4.30 - - [04/Sep/2026:15:34:59 +0000] "GET /resources/lang/vendor/plugins/testimonials/vi/?C=N;O=D HTTP/1.1" 200 1119 "-" "Mozilla/5.0 (Macintosh; Intel Mac OS X 10_15_7) AppleWebKit/537.36 (KHTML, like Gecko) Chrome/145.0.0.0 Safari/537.36 (compatible; meta-externalagent/1.1 (+https://developers.facebook.com/docs/sharing/webmasters/crawler))"
57.141.4.50 - - [04/Sep/2026:15:34:59 +0000] "GET /vendor/botble/theme/src/Exceptions/?C=M;O=A HTTP/1.1" 200 1515 "-" "Mozilla/5.0 (Windows NT 10.0; Win64; x64) AppleWebKit/537.36 (KHTML, like Gecko) Chrome/145.0.0.0 Safari/537.36 (compatible; meta-externalagent/1.1 (+https://developers.facebook.com/docs/sharing/webmasters/crawler))"
37.221.198.47 - - [04/Sep/2026:15:34:59 +0000] "GET /platform/plugins/newsletter/config/?C=S;O=A HTTP/1.1" 200 1260 "-" "Mozilla/5.0 (compatible; MJ12bot/v1.4.8; http://mj12bot.com/)"
37.221.198.47 - - [04/Sep/2026:15:35:01 +0000] "GET /platform/plugins/newsletter/config/email.php HTTP/1.1" 200 - "-" "Mozilla/5.0 (compatible; MJ12bot/v1.4.8; http://mj12bot.com/)"
57.141.4.16 - - [04/Sep/2026:15:35:02 +0000] "GET /vendor/symfony/var-dumper/Server/?C=N;O=D HTTP/1.1" 200 1079 "-" "Mozilla/5.0 (Windows NT 10.0; Win64; x64) AppleWebKit/537.36 (KHTML, like Gecko) Chrome/145.0.0.0 Safari/537.36 Edg/145.0.0.0 (compatible; meta-externalagent/1.1 (+https://developers.facebook.com/docs/sharing/webmasters/crawler))"
37.221.198.47 - - [04/Sep/2026:15:35:04 +0000] "GET /platform/plugins/newsletter/config/general.php HTTP/1.1" 500 - "-" "Mozilla/5.0 (compatible; MJ12bot/v1.4.8; http://mj12bot.com/)"
37.221.198.47 - - [04/Sep/2026:15:35:06 +0000] "GET /platform/plugins/newsletter/config/permissions.php HTTP/1.1" 200 - "-" "Mozilla/5.0 (compatible; MJ12bot/v1.4.8; http://mj12bot.com/)"
37.221.198.47 - - [04/Sep/2026:15:35:08 +0000] "GET /platform/plugins/newsletter/database/?C=D;O=A HTTP/1.1" 200 904 "-" "Mozilla/5.0 (compatible; MJ12bot/v1.4.8; http://mj12bot.com/)"
37.221.198.47 - - [04/Sep/2026:15:35:10 +0000] "GET /platform/plugins/newsletter/database/?C=M;O=A HTTP/1.1" 200 904 "-" "Mozilla/5.0 (compatible; MJ12bot/v1.4.8; http://mj12bot.com/)"
37.221.198.47 - - [04/Sep/2026:15:35:12 +0000] "GET /platform/plugins/newsletter/database/?C=N;O=D HTTP/1.1" 200 904 "-" "Mozilla/5.0 (compatible; MJ12bot/v1.4.8; http://mj12bot.com/)"
57.141.4.8 - - [04/Sep/2026:15:35:14 +0000] "GET /vendor/botble/platform/js-validation/public/ HTTP/1.1" 200 919 "-" "Mozilla/5.0 (Windows NT 10.0; Win64; x64) AppleWebKit/537.36 (KHTML, like Gecko) Chrome/145.0.0.0 Safari/537.36 Edg/145.0.0.0 (compatible; meta-externalagent/1.1 (+https://developers.facebook.com/docs/sharing/webmasters/crawler))"
37.221.198.47 - - [04/Sep/2026:15:35:14 +0000] "GET /platform/plugins/newsletter/database/?C=S;O=A HTTP/1.1" 200 904 "-" "Mozilla/5.0 (compatible; MJ12bot/v1.4.8; http://mj12bot.com/)"
57.141.4.46 - - [04/Sep/2026:15:35:15 +0000] "GET /vendor/botble/platform/js-validation/?C=S;O=A HTTP/1.1" 200 1602 "-" "Mozilla/5.0 (Macintosh; Intel Mac OS X 10_15_7) AppleWebKit/537.36 (KHTML, like Gecko) Chrome/145.0.0.0 Safari/537.36 (compatible; meta-externalagent/1.1 (+https://developers.facebook.com/docs/sharing/webmasters/crawler))"
37.221.198.47 - - [04/Sep/2026:15:35:16 +0000] "GET /platform/plugins/newsletter/helpers/?C=D;O=A HTTP/1.1" 200 1082 "-" "Mozilla/5.0 (compatible; MJ12bot/v1.4.8; http://mj12bot.com/)"
37.221.198.47 - - [04/Sep/2026:15:35:18 +0000] "GET /platform/plugins/newsletter/helpers/?C=M;O=A HTTP/1.1" 200 1082 "-" "Mozilla/5.0 (compatible; MJ12bot/v1.4.8; http://mj12bot.com/)"
37.221.198.47 - - [04/Sep/2026:15:35:20 +0000] "GET /platform/plugins/newsletter/helpers/?C=N;O=D HTTP/1.1" 200 1082 "-" "Mozilla/5.0 (compatible; MJ12bot/v1.4.8; http://mj12bot.com/)"
37.221.198.47 - - [04/Sep/2026:15:35:22 +0000] "GET /platform/plugins/newsletter/helpers/?C=S;O=A HTTP/1.1" 200 1082 "-" "Mozilla/5.0 (compatible; MJ12bot/v1.4.8; http://mj12bot.com/)"
57.141.4.13 - - [04/Sep/2026:15:35:23 +0000] "GET /vendor/aws/aws-sdk-php/src/IotDataPlane/?C=M;O=D HTTP/1.1" 200 1098 "-" "Mozilla/5.0 (Windows NT 10.0; Win64; x64) AppleWebKit/537.36 (KHTML, like Gecko) Chrome/145.0.0.0 Safari/537.36 (compatible; meta-externalagent/1.1 (+https://developers.facebook.com/docs/sharing/webmasters/crawler))"
37.221.198.47 - - [04/Sep/2026:15:35:24 +0000] "GET /platform/plugins/newsletter/helpers/common.php HTTP/1.1" 200 - "-" "Mozilla/5.0 (compatible; MJ12bot/v1.4.8; http://mj12bot.com/)"
37.221.198.47 - - [04/Sep/2026:15:35:26 +0000] "GET /platform/plugins/newsletter/helpers/constants.php HTTP/1.1" 200 - "-" "Mozilla/5.0 (compatible; MJ12bot/v1.4.8; http://mj12bot.com/)"
37.221.198.47 - - [04/Sep/2026:15:35:28 +0000] "GET /platform/plugins/newsletter/resources/?C=D;O=A HTTP/1.1" 200 1258 "-" "Mozilla/5.0 (compatible; MJ12bot/v1.4.8; http://mj12bot.com/)"
57.141.4.47 - - [04/Sep/2026:15:35:29 +0000] "GET /vendor/aws/aws-sdk-php/src/ConfigService/?C=D;O=A HTTP/1.1" 200 1101 "-" "Mozilla/5.0 (Macintosh; Intel Mac OS X 10_15_7) AppleWebKit/537.36 (KHTML, like Gecko) Chrome/145.0.0.0 Safari/537.36 (compatible; meta-externalagent/1.1 (+https://developers.facebook.com/docs/sharing/webmasters/crawler))"
37.221.198.47 - - [04/Sep/2026:15:35:30 +0000] "GET /platform/plugins/newsletter/resources/?C=M;O=A HTTP/1.1" 200 1258 "-" "Mozilla/5.0 (compatible; MJ12bot/v1.4.8; http://mj12bot.com/)"
57.141.4.22 - - [04/Sep/2026:15:35:32 +0000] "GET /platform/core/acl/src/Tables/ HTTP/1.1" 200 1065 "-" "Mozilla/5.0 (Windows NT 10.0; Win64; x64) AppleWebKit/537.36 (KHTML, like Gecko) Chrome/145.0.0.0 Safari/537.36 (compatible; meta-externalagent/1.1 (+https://developers.facebook.com/docs/sharing/webmasters/crawler))"
57.141.4.2 - - [04/Sep/2026:15:35:32 +0000] "GET /vendor/sendgrid/php-http-client/test/?C=D;O=A HTTP/1.1" 200 1086 "-" "Mozilla/5.0 (Macintosh; Intel Mac OS X 10_15_7) AppleWebKit/537.36 (KHTML, like Gecko) Chrome/145.0.0.0 Safari/537.36 (compatible; meta-externalagent/1.1 (+https://developers.facebook.com/docs/sharing/webmasters/crawler))"
37.221.198.47 - - [04/Sep/2026:15:35:32 +0000] "GET /platform/plugins/newsletter/resources/?C=N;O=D HTTP/1.1" 200 1258 "-" "Mozilla/5.0 (compatible; MJ12bot/v1.4.8; http://mj12bot.com/)"
37.221.198.47 - - [04/Sep/2026:15:35:34 +0000] "GET /platform/plugins/newsletter/resources/?C=S;O=A HTTP/1.1" 200 1258 "-" "Mozilla/5.0 (compatible; MJ12bot/v1.4.8; http://mj12bot.com/)"
37.221.198.47 - - [04/Sep/2026:15:35:36 +0000] "GET /platform/plugins/newsletter/routes/?C=D;O=A HTTP/1.1" 200 896 "-" "Mozilla/5.0 (compatible; MJ12bot/v1.4.8; http://mj12bot.com/)"
37.221.198.47 - - [04/Sep/2026:15:35:38 +0000] "GET /platform/plugins/newsletter/routes/?C=M;O=A HTTP/1.1" 200 896 "-" "Mozilla/5.0 (compatible; MJ12bot/v1.4.8; http://mj12bot.com/)"
37.221.198.47 - - [04/Sep/2026:15:35:40 +0000] "GET /platform/plugins/newsletter/routes/?C=N;O=D HTTP/1.1" 200 896 "-" "Mozilla/5.0 (compatible; MJ12bot/v1.4.8; http://mj12bot.com/)"
37.221.198.47 - - [04/Sep/2026:15:35:42 +0000] "GET /platform/plugins/razorpay/resources/?C=D;O=A HTTP/1.1" 200 895 "-" "Mozilla/5.0 (compatible; MJ12bot/v1.4.8; http://mj12bot.com/)"
37.221.198.47 - - [04/Sep/2026:15:35:44 +0000] "GET /platform/plugins/razorpay/resources/?C=M;O=A HTTP/1.1" 200 895 "-" "Mozilla/5.0 (compatible; MJ12bot/v1.4.8; http://mj12bot.com/)"
57.141.4.34 - - [04/Sep/2026:15:35:46 +0000] "GET /vendor/dompdf/dompdf/src/Css/Stylesheet.php HTTP/1.1" 200 - "-" "Mozilla/5.0 (Windows NT 10.0; Win64; x64) AppleWebKit/537.36 (KHTML, like Gecko) Chrome/145.0.0.0 Safari/537.36 (compatible; meta-externalagent/1.1 (+https://developers.facebook.com/docs/sharing/webmasters/crawler))"
37.221.198.47 - - [04/Sep/2026:15:35:47 +0000] "GET /platform/plugins/razorpay/resources/?C=N;O=D HTTP/1.1" 200 895 "-" "Mozilla/5.0 (compatible; MJ12bot/v1.4.8; http://mj12bot.com/)"
216.73.216.242 - - [04/Sep/2026:15:35:47 +0000] "GET /vendor/google/auth/CHANGELOG.md HTTP/1.1" 200 5505 "-" "Mozilla/5.0 AppleWebKit/537.36 (KHTML, like Gecko; compatible; ClaudeBot/1.0; +claudebot@anthropic.com)"
37.221.198.47 - - [04/Sep/2026:15:35:49 +0000] "GET /platform/plugins/razorpay/resources/?C=S;O=A HTTP/1.1" 200 895 "-" "Mozilla/5.0 (compatible; MJ12bot/v1.4.8; http://mj12bot.com/)"
37.221.198.47 - - [04/Sep/2026:15:35:51 +0000] "GET /platform/plugins/razorpay/src/?C=D;O=A HTTP/1.1" 200 1242 "-" "Mozilla/5.0 (compatible; MJ12bot/v1.4.8; http://mj12bot.com/)"
57.141.4.67 - - [04/Sep/2026:15:35:52 +0000] "GET /vendor/botble/slug/ HTTP/1.1" 200 2266 "-" "Mozilla/5.0 (Macintosh; Intel Mac OS X 10_15_7) AppleWebKit/537.36 (KHTML, like Gecko) Chrome/145.0.0.0 Safari/537.36 (compatible; meta-externalagent/1.1 (+https://developers.facebook.com/docs/sharing/webmasters/crawler))"
37.221.198.47 - - [04/Sep/2026:15:35:53 +0000] "GET /platform/plugins/razorpay/src/?C=M;O=A HTTP/1.1" 200 1242 "-" "Mozilla/5.0 (compatible; MJ12bot/v1.4.8; http://mj12bot.com/)"
37.221.198.47 - - [04/Sep/2026:15:35:55 +0000] "GET /platform/plugins/razorpay/src/?C=N;O=D HTTP/1.1" 200 1242 "-" "Mozilla/5.0 (compatible; MJ12bot/v1.4.8; http://mj12bot.com/)"
57.141.4.6 - - [04/Sep/2026:15:35:56 +0000] "GET /vendor/aws/aws-sdk-php/src/DynamoDb/?C=M;O=A HTTP/1.1" 200 2991 "-" "Mozilla/5.0 (Macintosh; Intel Mac OS X 10_15_7) AppleWebKit/537.36 (KHTML, like Gecko) Chrome/145.0.0.0 Safari/537.36 (compatible; meta-externalagent/1.1 (+https://developers.facebook.com/docs/sharing/webmasters/crawler))"
37.221.198.47 - - [04/Sep/2026:15:35:57 +0000] "GET /platform/plugins/razorpay/src/?C=S;O=A HTTP/1.1" 200 1242 "-" "Mozilla/5.0 (compatible; MJ12bot/v1.4.8; http://mj12bot.com/)"
57.141.4.73 - - [04/Sep/2026:15:35:57 +0000] "GET /vendor/botble/platform/base/?C=S;O=A HTTP/1.1" 200 2112 "-" "Mozilla/5.0 (Windows NT 10.0; Win64; x64) AppleWebKit/537.36 (KHTML, like Gecko) Chrome/145.0.0.0 Safari/537.36 (compatible; meta-externalagent/1.1 (+https://developers.facebook.com/docs/sharing/webmasters/crawler))"
37.221.198.47 - - [04/Sep/2026:15:35:59 +0000] "GET /platform/plugins/razorpay/src/Plugin.php HTTP/1.1" 500 - "-" "Mozilla/5.0 (compatible; MJ12bot/v1.4.8; http://mj12bot.com/)"
57.141.4.38 - - [04/Sep/2026:15:36:00 +0000] "GET /resources/lang/vendor/core/table/?C=N;O=A HTTP/1.1" 200 1058 "-" "Mozilla/5.0 (Windows NT 10.0; Win64; x64) AppleWebKit/537.36 (KHTML, like Gecko) Chrome/145.0.0.0 Safari/537.36 (compatible; meta-externalagent/1.1 (+https://developers.facebook.com/docs/sharing/webmasters/crawler))"
37.221.198.47 - - [04/Sep/2026:15:36:01 +0000] "GET /platform/plugins/testimonial/?C=D;O=D HTTP/1.1" 200 2112 "-" "Mozilla/5.0 (compatible; MJ12bot/v1.4.8; http://mj12bot.com/)"
37.221.198.47 - - [04/Sep/2026:15:36:04 +0000] "GET /platform/plugins/testimonial/?C=M;O=D HTTP/1.1" 200 2112 "-" "Mozilla/5.0 (compatible; MJ12bot/v1.4.8; http://mj12bot.com/)"
37.221.198.47 - - [04/Sep/2026:15:36:06 +0000] "GET /platform/plugins/testimonial/?C=S;O=D HTTP/1.1" 200 2112 "-" "Mozilla/5.0 (compatible; MJ12bot/v1.4.8; http://mj12bot.com/)"
37.221.198.47 - - [04/Sep/2026:15:36:08 +0000] "GET /platform/plugins/testimonial/config/?C=D;O=A HTTP/1.1" 200 907 "-" "Mozilla/5.0 (compatible; MJ12bot/v1.4.8; http://mj12bot.com/)"
57.141.4.39 - - [04/Sep/2026:15:36:10 +0000] "GET /platform/core/acl/src/Notifications/ HTTP/1.1" 200 917 "-" "Mozilla/5.0 (Windows NT 10.0; Win64; x64) AppleWebKit/537.36 (KHTML, like Gecko) Chrome/145.0.0.0 Safari/537.36 (compatible; meta-externalagent/1.1 (+https://developers.facebook.com/docs/sharing/webmasters/crawler))"
37.221.198.47 - - [04/Sep/2026:15:36:10 +0000] "GET /platform/plugins/testimonial/config/?C=M;O=A HTTP/1.1" 200 907 "-" "Mozilla/5.0 (compatible; MJ12bot/v1.4.8; http://mj12bot.com/)"
57.141.4.1 - - [04/Sep/2026:15:36:10 +0000] "GET /platform/packages/shortcode/helpers/constans.php HTTP/1.1" 200 - "-" "Mozilla/5.0 (Windows NT 10.0; Win64; x64) AppleWebKit/537.36 (KHTML, like Gecko) Chrome/145.0.0.0 Safari/537.36 (compatible; meta-externalagent/1.1 (+https://developers.facebook.com/docs/sharing/webmasters/crawler))"
57.141.4.10 - - [04/Sep/2026:15:36:10 +0000] "GET /platform/plugins/blog/resources/lang/en/categories.php HTTP/1.1" 200 - "-" "Mozilla/5.0 (Windows NT 10.0; Win64; x64) AppleWebKit/537.36 (KHTML, like Gecko) Chrome/145.0.0.0 Safari/537.36 Edg/145.0.0.0 (compatible; meta-externalagent/1.1 (+https://developers.facebook.com/docs/sharing/webmasters/crawler))"
57.141.4.38 - - [04/Sep/2026:15:36:11 +0000] "GET /vendor/botble/theme/src/Exceptions/UnknownViewFileException.php HTTP/1.1" 200 - "-" "Mozilla/5.0 (Windows NT 10.0; Win64; x64) AppleWebKit/537.36 (KHTML, like Gecko) Chrome/145.0.0.0 Safari/537.36 (compatible; meta-externalagent/1.1 (+https://developers.facebook.com/docs/sharing/webmasters/crawler))"
37.221.198.47 - - [04/Sep/2026:15:36:12 +0000] "GET /platform/plugins/testimonial/config/?C=N;O=D HTTP/1.1" 200 907 "-" "Mozilla/5.0 (compatible; MJ12bot/v1.4.8; http://mj12bot.com/)"
37.221.198.47 - - [04/Sep/2026:15:36:14 +0000] "GET /platform/plugins/testimonial/config/?C=S;O=A HTTP/1.1" 200 907 "-" "Mozilla/5.0 (compatible; MJ12bot/v1.4.8; http://mj12bot.com/)"
37.221.198.47 - - [04/Sep/2026:15:36:16 +0000] "GET /platform/plugins/testimonial/config/permissions.php HTTP/1.1" 200 - "-" "Mozilla/5.0 (compatible; MJ12bot/v1.4.8; http://mj12bot.com/)"
57.141.4.58 - - [04/Sep/2026:15:36:16 +0000] "GET /vendor/aws/aws-sdk-php/src/LookoutMetrics/?C=N;O=A HTTP/1.1" 200 1107 "-" "Mozilla/5.0 (Windows NT 10.0; Win64; x64) AppleWebKit/537.36 (KHTML, like Gecko) Chrome/145.0.0.0 Safari/537.36 (compatible; meta-externalagent/1.1 (+https://developers.facebook.com/docs/sharing/webmasters/crawler))"
37.221.198.47 - - [04/Sep/2026:15:36:18 +0000] "GET /platform/plugins/testimonial/database/?C=D;O=A HTTP/1.1" 200 907 "-" "Mozilla/5.0 (compatible; MJ12bot/v1.4.8; http://mj12bot.com/)"
37.221.198.47 - - [04/Sep/2026:15:36:20 +0000] "GET /platform/plugins/testimonial/database/?C=M;O=A HTTP/1.1" 200 907 "-" "Mozilla/5.0 (compatible; MJ12bot/v1.4.8; http://mj12bot.com/)"
57.141.4.8 - - [04/Sep/2026:15:36:20 +0000] "GET /vendor/symfony/var-dumper/Caster/DOMCaster.php HTTP/1.1" 200 - "-" "Mozilla/5.0 (Windows NT 10.0; Win64; x64) AppleWebKit/537.36 (KHTML, like Gecko) Chrome/145.0.0.0 Safari/537.36 (compatible; meta-externalagent/1.1 (+https://developers.facebook.com/docs/sharing/webmasters/crawler))"
57.141.4.17 - - [04/Sep/2026:15:36:21 +0000] "GET /vendor/ramsey/collection/LICENSE HTTP/1.1" 200 1079 "-" "Mozilla/5.0 (Macintosh; Intel Mac OS X 10_15_7) AppleWebKit/537.36 (KHTML, like Gecko) Chrome/145.0.0.0 Safari/537.36 (compatible; meta-externalagent/1.1 (+https://developers.facebook.com/docs/sharing/webmasters/crawler))"
37.221.198.47 - - [04/Sep/2026:15:36:22 +0000] "GET /platform/plugins/testimonial/database/?C=N;O=D HTTP/1.1" 200 907 "-" "Mozilla/5.0 (compatible; MJ12bot/v1.4.8; http://mj12bot.com/)"
37.221.198.47 - - [04/Sep/2026:15:36:24 +0000] "GET /platform/plugins/testimonial/database/?C=S;O=A HTTP/1.1" 200 907 "-" "Mozilla/5.0 (compatible; MJ12bot/v1.4.8; http://mj12bot.com/)"
37.221.198.47 - - [04/Sep/2026:15:36:26 +0000] "GET /platform/plugins/testimonial/helpers/?C=D;O=A HTTP/1.1" 200 907 "-" "Mozilla/5.0 (compatible; MJ12bot/v1.4.8; http://mj12bot.com/)"
37.221.198.47 - - [04/Sep/2026:15:36:28 +0000] "GET /platform/plugins/testimonial/helpers/?C=M;O=A HTTP/1.1" 200 907 "-" "Mozilla/5.0 (compatible; MJ12bot/v1.4.8; http://mj12bot.com/)"
37.221.198.47 - - [04/Sep/2026:15:36:30 +0000] "GET /platform/plugins/testimonial/helpers/?C=N;O=D HTTP/1.1" 200 907 "-" "Mozilla/5.0 (compatible; MJ12bot/v1.4.8; http://mj12bot.com/)"
37.221.198.47 - - [04/Sep/2026:15:36:32 +0000] "GET /platform/plugins/testimonial/helpers/?C=S;O=A HTTP/1.1" 200 907 "-" "Mozilla/5.0 (compatible; MJ12bot/v1.4.8; http://mj12bot.com/)"
37.221.198.47 - - [04/Sep/2026:15:36:34 +0000] "GET /platform/plugins/testimonial/helpers/constants.php HTTP/1.1" 200 - "-" "Mozilla/5.0 (compatible; MJ12bot/v1.4.8; http://mj12bot.com/)"
57.141.4.68 - - [04/Sep/2026:15:36:35 +0000] "GET /platform/packages/shortcode/?C=N;O=D HTTP/1.1" 200 1401 "-" "Mozilla/5.0 (Macintosh; Intel Mac OS X 10_15_7) AppleWebKit/537.36 (KHTML, like Gecko) Chrome/145.0.0.0 Safari/537.36 (compatible; meta-externalagent/1.1 (+https://developers.facebook.com/docs/sharing/webmasters/crawler))"
37.221.198.47 - - [04/Sep/2026:15:36:36 +0000] "GET /platform/plugins/testimonial/resources/?C=D;O=A HTTP/1.1" 200 903 "-" "Mozilla/5.0 (compatible; MJ12bot/v1.4.8; http://mj12bot.com/)"
37.221.198.47 - - [04/Sep/2026:15:36:38 +0000] "GET /platform/plugins/testimonial/resources/?C=M;O=A HTTP/1.1" 200 903 "-" "Mozilla/5.0 (compatible; MJ12bot/v1.4.8; http://mj12bot.com/)"
216.73.216.242 - - [04/Sep/2026:15:36:39 +0000] "GET /vendor/doctrine/dbal/src/Driver/OCI8/Exception/UnknownParameterIndex.php HTTP/1.1" 500 - "-" "Mozilla/5.0 AppleWebKit/537.36 (KHTML, like Gecko; compatible; ClaudeBot/1.0; +claudebot@anthropic.com)"
216.73.216.242 - - [04/Sep/2026:15:36:39 +0000] "GET /vendor/doctrine/dbal/src/Driver/API/SQLite/?C=M&O=A HTTP/1.1" 200 935 "-" "Mozilla/5.0 AppleWebKit/537.36 (KHTML, like Gecko; compatible; ClaudeBot/1.0; +claudebot@anthropic.com)"
57.141.4.46 - - [04/Sep/2026:15:36:40 +0000] "GET /vendor/phpseclib/phpseclib/phpseclib/Common/ HTTP/1.1" 200 926 "-" "Mozilla/5.0 (Windows NT 10.0; Win64; x64) AppleWebKit/537.36 (KHTML, like Gecko) Chrome/145.0.0.0 Safari/537.36 (compatible; meta-externalagent/1.1 (+https://developers.facebook.com/docs/sharing/webmasters/crawler))"
37.221.198.47 - - [04/Sep/2026:15:36:40 +0000] "GET /platform/plugins/testimonial/resources/?C=N;O=D HTTP/1.1" 200 903 "-" "Mozilla/5.0 (compatible; MJ12bot/v1.4.8; http://mj12bot.com/)"
37.221.198.47 - - [04/Sep/2026:15:36:42 +0000] "GET /platform/plugins/testimonial/resources/?C=S;O=A HTTP/1.1" 200 903 "-" "Mozilla/5.0 (compatible; MJ12bot/v1.4.8; http://mj12bot.com/)"
57.141.4.27 - - [04/Sep/2026:15:36:43 +0000] "GET /recaptcha-v2-checkbox-explicit.php HTTP/1.1" 404 16 "-" "Mozilla/5.0 (Macintosh; Intel Mac OS X 10_15_7) AppleWebKit/537.36 (KHTML, like Gecko) Chrome/145.0.0.0 Safari/537.36 (compatible; meta-externalagent/1.1 (+https://developers.facebook.com/docs/sharing/webmasters/crawler))"
37.221.198.47 - - [04/Sep/2026:15:36:44 +0000] "GET /platform/plugins/testimonial/routes/?C=D;O=A HTTP/1.1" 200 899 "-" "Mozilla/5.0 (compatible; MJ12bot/v1.4.8; http://mj12bot.com/)"
37.221.198.47 - - [04/Sep/2026:15:36:46 +0000] "GET /platform/plugins/testimonial/routes/?C=M;O=A HTTP/1.1" 200 899 "-" "Mozilla/5.0 (compatible; MJ12bot/v1.4.8; http://mj12bot.com/)"
37.221.198.47 - - [04/Sep/2026:15:36:48 +0000] "GET /platform/plugins/testimonial/routes/?C=N;O=D HTTP/1.1" 200 899 "-" "Mozilla/5.0 (compatible; MJ12bot/v1.4.8; http://mj12bot.com/)"
37.221.198.47 - - [04/Sep/2026:15:36:50 +0000] "GET /platform/plugins/testimonial/routes/?C=S;O=A HTTP/1.1" 200 899 "-" "Mozilla/5.0 (compatible; MJ12bot/v1.4.8; http://mj12bot.com/)"
37.221.198.47 - - [04/Sep/2026:15:36:52 +0000] "GET /platform/plugins/testimonial/routes/web.php HTTP/1.1" 500 - "-" "Mozilla/5.0 (compatible; MJ12bot/v1.4.8; http://mj12bot.com/)"
37.221.198.47 - - [04/Sep/2026:15:36:54 +0000] "GET /platform/plugins/testimonial/src/?C=D;O=A HTTP/1.1" 200 1952 "-" "Mozilla/5.0 (compatible; MJ12bot/v1.4.8; http://mj12bot.com/)"
57.141.4.42 - - [04/Sep/2026:15:36:56 +0000] "GET /platform/core/chart/ HTTP/1.1" 200 1027 "-" "Mozilla/5.0 (Windows NT 10.0; Win64; x64) AppleWebKit/537.36 (KHTML, like Gecko) Chrome/145.0.0.0 Safari/537.36 (compatible; meta-externalagent/1.1 (+https://developers.facebook.com/docs/sharing/webmasters/crawler))"
37.221.198.47 - - [04/Sep/2026:15:36:56 +0000] "GET /platform/plugins/testimonial/src/?C=M;O=A HTTP/1.1" 200 1952 "-" "Mozilla/5.0 (compatible; MJ12bot/v1.4.8; http://mj12bot.com/)"
37.221.198.47 - - [04/Sep/2026:15:36:58 +0000] "GET /platform/plugins/testimonial/src/?C=N;O=D HTTP/1.1" 200 1952 "-" "Mozilla/5.0 (compatible; MJ12bot/v1.4.8; http://mj12bot.com/)"
37.221.198.47 - - [04/Sep/2026:15:37:00 +0000] "GET /platform/plugins/testimonial/src/?C=S;O=A HTTP/1.1" 200 1952 "-" "Mozilla/5.0 (compatible; MJ12bot/v1.4.8; http://mj12bot.com/)"
37.221.198.47 - - [04/Sep/2026:15:37:03 +0000] "GET /platform/plugins/testimonial/src/Plugin.php HTTP/1.1" 500 - "-" "Mozilla/5.0 (compatible; MJ12bot/v1.4.8; http://mj12bot.com/)"
57.141.4.64 - - [04/Sep/2026:15:37:04 +0000] "GET /vendor/dragonmantank/cron-expression/src/Cron/?C=M;O=A HTTP/1.1" 200 2614 "-" "Mozilla/5.0 (Windows NT 10.0; Win64; x64) AppleWebKit/537.36 (KHTML, like Gecko) Chrome/145.0.0.0 Safari/537.36 (compatible; meta-externalagent/1.1 (+https://developers.facebook.com/docs/sharing/webmasters/crawler))"
37.221.198.47 - - [04/Sep/2026:15:37:05 +0000] "GET /platform/plugins/translation/?C=D;O=D HTTP/1.1" 200 2474 "-" "Mozilla/5.0 (compatible; MJ12bot/v1.4.8; http://mj12bot.com/)"
57.141.4.67 - - [04/Sep/2026:15:37:05 +0000] "GET /vendor/symfony/translation/Exception/InvalidArgumentException.php HTTP/1.1" 500 - "-" "Mozilla/5.0 (Windows NT 10.0; Win64; x64) AppleWebKit/537.36 (KHTML, like Gecko) Chrome/145.0.0.0 Safari/537.36 (compatible; meta-externalagent/1.1 (+https://developers.facebook.com/docs/sharing/webmasters/crawler))"
37.221.198.47 - - [04/Sep/2026:15:37:07 +0000] "GET /platform/plugins/translation/?C=M;O=D HTTP/1.1" 200 2474 "-" "Mozilla/5.0 (compatible; MJ12bot/v1.4.8; http://mj12bot.com/)"
57.141.4.6 - - [04/Sep/2026:15:37:07 +0000] "GET /platform/plugins/backup/src/Commands/?C=N;O=D HTTP/1.1" 200 1491 "-" "Mozilla/5.0 (Windows NT 10.0; Win64; x64) AppleWebKit/537.36 (KHTML, like Gecko) Chrome/145.0.0.0 Safari/537.36 (compatible; meta-externalagent/1.1 (+https://developers.facebook.com/docs/sharing/webmasters/crawler))"
57.141.4.42 - - [04/Sep/2026:15:37:08 +0000] "GET /vendor/botble/platform/js-validation/?C=N;O=D HTTP/1.1" 200 1602 "-" "Mozilla/5.0 (Macintosh; Intel Mac OS X 10_15_7) AppleWebKit/537.36 (KHTML, like Gecko) Chrome/145.0.0.0 Safari/537.36 (compatible; meta-externalagent/1.1 (+https://developers.facebook.com/docs/sharing/webmasters/crawler))"
37.221.198.47 - - [04/Sep/2026:15:37:09 +0000] "GET /platform/plugins/translation/?C=N;O=A HTTP/1.1" 200 2474 "-" "Mozilla/5.0 (compatible; MJ12bot/v1.4.8; http://mj12bot.com/)"
57.141.4.33 - - [04/Sep/2026:15:37:09 +0000] "GET /vendor/botble/plugin-management/config/?C=M;O=A HTTP/1.1" 200 916 "-" "Mozilla/5.0 (Windows NT 10.0; Win64; x64) AppleWebKit/537.36 (KHTML, like Gecko) Chrome/145.0.0.0 Safari/537.36 (compatible; meta-externalagent/1.1 (+https://developers.facebook.com/docs/sharing/webmasters/crawler))"
37.221.198.47 - - [04/Sep/2026:15:37:11 +0000] "GET /platform/plugins/translation/?C=S;O=D HTTP/1.1" 200 2474 "-" "Mozilla/5.0 (compatible; MJ12bot/v1.4.8; http://mj12bot.com/)"
57.141.4.41 - - [04/Sep/2026:15:37:11 +0000] "GET /platform/core/base/resources/assets/sass/?C=N;O=D HTTP/1.1" 200 1628 "-" "Mozilla/5.0 (Windows NT 10.0; Win64; x64) AppleWebKit/537.36 (KHTML, like Gecko) Chrome/145.0.0.0 Safari/537.36 (compatible; meta-externalagent/1.1 (+https://developers.facebook.com/docs/sharing/webmasters/crawler))"
37.221.198.47 - - [04/Sep/2026:15:37:13 +0000] "GET /platform/themes/shopwise/?C=D;O=D HTTP/1.1" 200 3160 "-" "Mozilla/5.0 (compatible; MJ12bot/v1.4.8; http://mj12bot.com/)"
57.141.4.43 - - [04/Sep/2026:15:37:14 +0000] "GET /platform/core/support/helpers/?C=N;O=D HTTP/1.1" 200 883 "-" "Mozilla/5.0 (Windows NT 10.0; Win64; x64) AppleWebKit/537.36 (KHTML, like Gecko) Chrome/145.0.0.0 Safari/537.36 (compatible; meta-externalagent/1.1 (+https://developers.facebook.com/docs/sharing/webmasters/crawler))"
37.221.198.47 - - [04/Sep/2026:15:37:15 +0000] "GET /platform/themes/shopwise/?C=M;O=D HTTP/1.1" 200 3160 "-" "Mozilla/5.0 (compatible; MJ12bot/v1.4.8; http://mj12bot.com/)"
37.221.198.47 - - [04/Sep/2026:15:37:17 +0000] "GET /platform/themes/shopwise/?C=S;O=D HTTP/1.1" 200 3160 "-" "Mozilla/5.0 (compatible; MJ12bot/v1.4.8; http://mj12bot.com/)"
57.141.4.13 - - [04/Sep/2026:15:37:18 +0000] "GET /platform/packages/seo-helper/src/Contracts/SeoOpenGraphContract.php HTTP/1.1" 500 - "-" "Mozilla/5.0 (Windows NT 10.0; Win64; x64) AppleWebKit/537.36 (KHTML, like Gecko) Chrome/145.0.0.0 Safari/537.36 (compatible; meta-externalagent/1.1 (+https://developers.facebook.com/docs/sharing/webmasters/crawler))"
37.221.198.47 - - [04/Sep/2026:15:37:19 +0000] "GET /platform/themes/shopwise/partials/?C=D;O=A HTTP/1.1" 200 3557 "-" "Mozilla/5.0 (compatible; MJ12bot/v1.4.8; http://mj12bot.com/)"
37.221.198.47 - - [04/Sep/2026:15:37:21 +0000] "GET /platform/themes/shopwise/partials/?C=M;O=A HTTP/1.1" 200 3557 "-" "Mozilla/5.0 (compatible; MJ12bot/v1.4.8; http://mj12bot.com/)"
57.141.4.36 - - [04/Sep/2026:15:37:21 +0000] "GET /platform/packages/slug/src/Repositories/?C=S;O=D HTTP/1.1" 200 1261 "-" "Mozilla/5.0 (Windows NT 10.0; Win64; x64) AppleWebKit/537.36 (KHTML, like Gecko) Chrome/145.0.0.0 Safari/537.36 (compatible; meta-externalagent/1.1 (+https://developers.facebook.com/docs/sharing/webmasters/crawler))"
37.221.198.47 - - [04/Sep/2026:15:37:23 +0000] "GET /platform/themes/shopwise/partials/?C=N;O=D HTTP/1.1" 200 3557 "-" "Mozilla/5.0 (compatible; MJ12bot/v1.4.8; http://mj12bot.com/)"
37.221.198.47 - - [04/Sep/2026:15:37:25 +0000] "GET /platform/themes/shopwise/partials/?C=S;O=A HTTP/1.1" 200 3557 "-" "Mozilla/5.0 (compatible; MJ12bot/v1.4.8; http://mj12bot.com/)"
37.221.198.47 - - [04/Sep/2026:15:37:27 +0000] "GET /platform/themes/shopwise/partials/breadcrumbs.blade.php HTTP/1.1" 200 775 "-" "Mozilla/5.0 (compatible; MJ12bot/v1.4.8; http://mj12bot.com/)"
37.221.198.47 - - [04/Sep/2026:15:37:29 +0000] "GET /platform/themes/shopwise/partials/cart.blade.php HTTP/1.1" 200 3657 "-" "Mozilla/5.0 (compatible; MJ12bot/v1.4.8; http://mj12bot.com/)"
37.221.198.47 - - [04/Sep/2026:15:37:31 +0000] "GET /platform/themes/shopwise/partials/comments.blade.php HTTP/1.1" 200 143 "-" "Mozilla/5.0 (compatible; MJ12bot/v1.4.8; http://mj12bot.com/)"
37.221.198.47 - - [04/Sep/2026:15:37:33 +0000] "GET /platform/themes/shopwise/partials/facebook-integration.blade.php HTTP/1.1" 200 1175 "-" "Mozilla/5.0 (compatible; MJ12bot/v1.4.8; http://mj12bot.com/)"
37.221.198.47 - - [04/Sep/2026:15:37:35 +0000] "GET /platform/themes/shopwise/partials/flash-sale-product.blade.php HTTP/1.1" 200 2887 "-" "Mozilla/5.0 (compatible; MJ12bot/v1.4.8; http://mj12bot.com/)"
37.221.198.47 - - [04/Sep/2026:15:37:37 +0000] "GET /platform/themes/shopwise/partials/footer.blade.php HTTP/1.1" 200 6557 "-" "Mozilla/5.0 (compatible; MJ12bot/v1.4.8; http://mj12bot.com/)"
37.221.198.47 - - [04/Sep/2026:15:37:39 +0000] "GET /platform/themes/shopwise/partials/header.blade.php HTTP/1.1" 200 19136 "-" "Mozilla/5.0 (compatible; MJ12bot/v1.4.8; http://mj12bot.com/)"
37.221.198.47 - - [04/Sep/2026:15:37:41 +0000] "GET /platform/themes/shopwise/partials/icons-field.blade.php HTTP/1.1" 200 656 "-" "Mozilla/5.0 (compatible; MJ12bot/v1.4.8; http://mj12bot.com/)"
57.141.4.23 - - [04/Sep/2026:15:37:42 +0000] "GET /platform/packages/seo-helper/src/Helpers/ HTTP/1.1" 200 914 "-" "Mozilla/5.0 (Windows NT 10.0; Win64; x64) AppleWebKit/537.36 (KHTML, like Gecko) Chrome/145.0.0.0 Safari/537.36 (compatible; meta-externalagent/1.1 (+https://developers.facebook.com/docs/sharing/webmasters/crawler))"
37.221.198.47 - - [04/Sep/2026:15:37:43 +0000] "GET /platform/themes/shopwise/partials/menu.blade.php HTTP/1.1" 200 1065 "-" "Mozilla/5.0 (compatible; MJ12bot/v1.4.8; http://mj12bot.com/)"
57.141.4.9 - - [04/Sep/2026:15:37:44 +0000] "GET /platform/core/support/helpers/common.php HTTP/1.1" 200 - "-" "Mozilla/5.0 (Windows NT 10.0; Win64; x64) AppleWebKit/537.36 (KHTML, like Gecko) Chrome/145.0.0.0 Safari/537.36 (compatible; meta-externalagent/1.1 (+https://developers.facebook.com/docs/sharing/webmasters/crawler))"
37.221.198.47 - - [04/Sep/2026:15:37:45 +0000] "GET /platform/themes/shopwise/partials/product-category-fields.blade.php HTTP/1.1" 200 195 "-" "Mozilla/5.0 (compatible; MJ12bot/v1.4.8; http://mj12bot.com/)"
57.141.4.71 - - [04/Sep/2026:15:37:46 +0000] "GET /vendor/botble/platform/setting/src/?C=M;O=A HTTP/1.1" 200 1784 "-" "Mozilla/5.0 (Windows NT 10.0; Win64; x64) AppleWebKit/537.36 (KHTML, like Gecko) Chrome/145.0.0.0 Safari/537.36 Edg/145.0.0.0 (compatible; meta-externalagent/1.1 (+https://developers.facebook.com/docs/sharing/webmasters/crawler))"
37.221.198.47 - - [04/Sep/2026:15:37:47 +0000] "GET /platform/themes/shopwise/partials/product-item-grid.blade.php HTTP/1.1" 200 4332 "-" "Mozilla/5.0 (compatible; MJ12bot/v1.4.8; http://mj12bot.com/)"
57.141.4.2 - - [04/Sep/2026:15:37:48 +0000] "GET /vendor/botble/sitemap/resources/?C=S;O=A HTTP/1.1" 200 883 "-" "Mozilla/5.0 (Macintosh; Intel Mac OS X 10_15_7) AppleWebKit/537.36 (KHTML, like Gecko) Chrome/145.0.0.0 Safari/537.36 (compatible; meta-externalagent/1.1 (+https://developers.facebook.com/docs/sharing/webmasters/crawler))"
37.221.198.47 - - [04/Sep/2026:15:37:49 +0000] "GET /platform/themes/shopwise/partials/product-item.blade.php HTTP/1.1" 200 6472 "-" "Mozilla/5.0 (compatible; MJ12bot/v1.4.8; http://mj12bot.com/)"
57.141.4.46 - - [04/Sep/2026:15:37:49 +0000] "GET /vendor/botble/plugin-management/resources/?C=S;O=D HTTP/1.1" 200 1261 "-" "Mozilla/5.0 (Windows NT 10.0; Win64; x64) AppleWebKit/537.36 (KHTML, like Gecko) Chrome/145.0.0.0 Safari/537.36 (compatible; meta-externalagent/1.1 (+https://developers.facebook.com/docs/sharing/webmasters/crawler))"
37.221.198.47 - - [04/Sep/2026:15:37:51 +0000] "GET /platform/themes/shopwise/partials/quick-view.blade.php HTTP/1.1" 200 7595 "-" "Mozilla/5.0 (compatible; MJ12bot/v1.4.8; http://mj12bot.com/)"
37.221.198.47 - - [04/Sep/2026:15:37:53 +0000] "GET /platform/themes/shopwise/partials/sub-menu.blade.php HTTP/1.1" 200 1004 "-" "Mozilla/5.0 (compatible; MJ12bot/v1.4.8; http://mj12bot.com/)"
37.221.198.47 - - [04/Sep/2026:15:37:55 +0000] "GET /platform/themes/shopwise/views/404.blade.php HTTP/1.1" 200 2448 "-" "Mozilla/5.0 (compatible; MJ12bot/v1.4.8; http://mj12bot.com/)"
37.221.198.47 - - [04/Sep/2026:15:37:57 +0000] "GET /platform/themes/shopwise/views/500.blade.php HTTP/1.1" 200 1051 "-" "Mozilla/5.0 (compatible; MJ12bot/v1.4.8; http://mj12bot.com/)"
57.141.4.49 - - [04/Sep/2026:15:37:57 +0000] "GET /vendor/botble/platform/media/database/ HTTP/1.1" 200 907 "-" "Mozilla/5.0 (Macintosh; Intel Mac OS X 10_15_7) AppleWebKit/537.36 (KHTML, like Gecko) Chrome/145.0.0.0 Safari/537.36 (compatible; meta-externalagent/1.1 (+https://developers.facebook.com/docs/sharing/webmasters/crawler))"
37.221.198.47 - - [04/Sep/2026:15:37:59 +0000] "GET /platform/themes/shopwise/views/503.blade.php HTTP/1.1" 200 984 "-" "Mozilla/5.0 (compatible; MJ12bot/v1.4.8; http://mj12bot.com/)"
57.141.4.38 - - [04/Sep/2026:15:37:59 +0000] "GET /vendor/aws/aws-sdk-php/src/finspace/?C=M;O=A HTTP/1.1" 200 1086 "-" "Mozilla/5.0 (Windows NT 10.0; Win64; x64) AppleWebKit/537.36 (KHTML, like Gecko) Chrome/145.0.0.0 Safari/537.36 Edg/145.0.0.0 (compatible; meta-externalagent/1.1 (+https://developers.facebook.com/docs/sharing/webmasters/crawler))"
57.141.4.49 - - [04/Sep/2026:15:37:59 +0000] "GET /vendor/dragonmantank/cron-expression/src/Cron/?C=N;O=D HTTP/1.1" 200 2614 "-" "Mozilla/5.0 (Windows NT 10.0; Win64; x64) AppleWebKit/537.36 (KHTML, like Gecko) Chrome/145.0.0.0 Safari/537.36 (compatible; meta-externalagent/1.1 (+https://developers.facebook.com/docs/sharing/webmasters/crawler))"
57.141.4.61 - - [04/Sep/2026:15:38:01 +0000] "GET /vendor/stripe/stripe-php/lib/Identity/?C=N;O=A HTTP/1.1" 200 1109 "-" "Mozilla/5.0 (Windows NT 10.0; Win64; x64) AppleWebKit/537.36 (KHTML, like Gecko) Chrome/146.0.0.0 Safari/537.36 Edg/146.0.0.0 (compatible; meta-externalagent/1.1 (+https://developers.facebook.com/docs/sharing/webmasters/crawler))"
37.221.198.47 - - [04/Sep/2026:15:38:01 +0000] "GET /platform/themes/shopwise/views/?C=D;O=A HTTP/1.1" 200 2889 "-" "Mozilla/5.0 (compatible; MJ12bot/v1.4.8; http://mj12bot.com/)"
57.141.4.60 - - [04/Sep/2026:15:38:01 +0000] "GET /platform/packages/seo-helper/src/Contracts/?C=N;O=D HTTP/1.1" 200 2046 "-" "Mozilla/5.0 (Windows NT 10.0; Win64; x64) AppleWebKit/537.36 (KHTML, like Gecko) Chrome/145.0.0.0 Safari/537.36 (compatible; meta-externalagent/1.1 (+https://developers.facebook.com/docs/sharing/webmasters/crawler))"
37.221.198.47 - - [04/Sep/2026:15:38:03 +0000] "GET /platform/themes/shopwise/views/?C=M;O=A HTTP/1.1" 200 2889 "-" "Mozilla/5.0 (compatible; MJ12bot/v1.4.8; http://mj12bot.com/)"
57.141.4.7 - - [04/Sep/2026:15:38:05 +0000] "GET /platform/core/acl/src/Forms/ HTTP/1.1" 200 1428 "-" "Mozilla/5.0 (Macintosh; Intel Mac OS X 10_15_7) AppleWebKit/537.36 (KHTML, like Gecko) Chrome/145.0.0.0 Safari/537.36 (compatible; meta-externalagent/1.1 (+https://developers.facebook.com/docs/sharing/webmasters/crawler))"
37.221.198.47 - - [04/Sep/2026:15:38:05 +0000] "GET /platform/themes/shopwise/views/?C=N;O=D HTTP/1.1" 200 2889 "-" "Mozilla/5.0 (compatible; MJ12bot/v1.4.8; http://mj12bot.com/)"
37.221.198.47 - - [04/Sep/2026:15:38:07 +0000] "GET /platform/themes/shopwise/views/?C=S;O=A HTTP/1.1" 200 2889 "-" "Mozilla/5.0 (compatible; MJ12bot/v1.4.8; http://mj12bot.com/)"
37.221.198.47 - - [04/Sep/2026:15:38:09 +0000] "GET /platform/themes/shopwise/views/category.blade.php HTTP/1.1" 200 159 "-" "Mozilla/5.0 (compatible; MJ12bot/v1.4.8; http://mj12bot.com/)"
37.221.198.47 - - [04/Sep/2026:15:38:11 +0000] "GET /platform/themes/shopwise/views/index.blade.php HTTP/1.1" 200 1863 "-" "Mozilla/5.0 (compatible; MJ12bot/v1.4.8; http://mj12bot.com/)"
37.221.198.47 - - [04/Sep/2026:15:38:13 +0000] "GET /platform/themes/shopwise/views/loop.blade.php HTTP/1.1" 200 65 "-" "Mozilla/5.0 (compatible; MJ12bot/v1.4.8; http://mj12bot.com/)"
57.141.4.63 - - [04/Sep/2026:15:38:14 +0000] "GET /platform/core/media/resources/lang/en/?C=N;O=A HTTP/1.1" 200 911 "-" "Mozilla/5.0 (Macintosh; Intel Mac OS X 10_15_7) AppleWebKit/537.36 (KHTML, like Gecko) Chrome/145.0.0.0 Safari/537.36 (compatible; meta-externalagent/1.1 (+https://developers.facebook.com/docs/sharing/webmasters/crawler))"
37.221.198.47 - - [04/Sep/2026:15:38:15 +0000] "GET /platform/themes/shopwise/views/page.blade.php HTTP/1.1" 200 448 "-" "Mozilla/5.0 (compatible; MJ12bot/v1.4.8; http://mj12bot.com/)"
57.141.4.71 - - [04/Sep/2026:15:38:16 +0000] "GET /vendor/stripe/stripe-php/lib/Service/Terminal/?C=N;O=A HTTP/1.1" 200 1518 "-" "Mozilla/5.0 (Windows NT 10.0; Win64; x64) AppleWebKit/537.36 (KHTML, like Gecko) Chrome/145.0.0.0 Safari/537.36 (compatible; meta-externalagent/1.1 (+https://developers.facebook.com/docs/sharing/webmasters/crawler))"
37.221.198.47 - - [04/Sep/2026:15:38:17 +0000] "GET /platform/themes/shopwise/views/post.blade.php HTTP/1.1" 200 5831 "-" "Mozilla/5.0 (compatible; MJ12bot/v1.4.8; http://mj12bot.com/)"
37.221.198.47 - - [04/Sep/2026:15:38:19 +0000] "GET /platform/themes/shopwise/views/search.blade.php HTTP/1.1" 200 204 "-" "Mozilla/5.0 (compatible; MJ12bot/v1.4.8; http://mj12bot.com/)"
57.141.4.26 - - [04/Sep/2026:15:38:19 +0000] "GET /vendor/botble/platform/media/database/?C=N;O=D HTTP/1.1" 200 907 "-" "Mozilla/5.0 (Macintosh; Intel Mac OS X 10_15_7) AppleWebKit/537.36 (KHTML, like Gecko) Chrome/145.0.0.0 Safari/537.36 (compatible; meta-externalagent/1.1 (+https://developers.facebook.com/docs/sharing/webmasters/crawler))"
57.141.4.44 - - [04/Sep/2026:15:38:20 +0000] "GET /platform/packages/theme/src/Forms/?C=D;O=D HTTP/1.1" 200 1088 "-" "Mozilla/5.0 (Windows NT 10.0; Win64; x64) AppleWebKit/537.36 (KHTML, like Gecko) Chrome/145.0.0.0 Safari/537.36 (compatible; meta-externalagent/1.1 (+https://developers.facebook.com/docs/sharing/webmasters/crawler))"
37.221.198.47 - - [04/Sep/2026:15:38:21 +0000] "GET /platform/themes/shopwise/views/tag.blade.php HTTP/1.1" 200 154 "-" "Mozilla/5.0 (compatible; MJ12bot/v1.4.8; http://mj12bot.com/)"
37.221.198.47 - - [04/Sep/2026:15:38:23 +0000] "GET /storage/debugbar/?C=D;O=D HTTP/1.1" 200 13832 "-" "Mozilla/5.0 (compatible; MJ12bot/v1.4.8; http://mj12bot.com/)"
37.221.198.47 - - [04/Sep/2026:15:38:25 +0000] "GET /storage/debugbar/?C=M;O=D HTTP/1.1" 200 13832 "-" "Mozilla/5.0 (compatible; MJ12bot/v1.4.8; http://mj12bot.com/)"
37.221.198.47 - - [04/Sep/2026:15:38:27 +0000] "GET /storage/debugbar/?C=S;O=D HTTP/1.1" 200 13832 "-" "Mozilla/5.0 (compatible; MJ12bot/v1.4.8; http://mj12bot.com/)"
37.221.198.47 - - [04/Sep/2026:15:38:29 +0000] "GET /vendor/asm89/stack-cors/?C=D;O=D HTTP/1.1" 200 1212 "-" "Mozilla/5.0 (compatible; MJ12bot/v1.4.8; http://mj12bot.com/)"
37.221.198.47 - - [04/Sep/2026:15:38:31 +0000] "GET /vendor/asm89/stack-cors/?C=M;O=D HTTP/1.1" 200 1212 "-" "Mozilla/5.0 (compatible; MJ12bot/v1.4.8; http://mj12bot.com/)"
37.221.198.47 - - [04/Sep/2026:15:38:33 +0000] "GET /vendor/asm89/stack-cors/?C=S;O=D HTTP/1.1" 200 1212 "-" "Mozilla/5.0 (compatible; MJ12bot/v1.4.8; http://mj12bot.com/)"
37.221.198.47 - - [04/Sep/2026:15:38:35 +0000] "GET /vendor/asm89/stack-cors/src/?C=D;O=A HTTP/1.1" 200 1062 "-" "Mozilla/5.0 (compatible; MJ12bot/v1.4.8; http://mj12bot.com/)"
37.221.198.47 - - [04/Sep/2026:15:38:37 +0000] "GET /vendor/asm89/stack-cors/src/?C=M;O=A HTTP/1.1" 200 1062 "-" "Mozilla/5.0 (compatible; MJ12bot/v1.4.8; http://mj12bot.com/)"
37.221.198.47 - - [04/Sep/2026:15:38:39 +0000] "GET /vendor/asm89/stack-cors/src/?C=N;O=D HTTP/1.1" 200 1062 "-" "Mozilla/5.0 (compatible; MJ12bot/v1.4.8; http://mj12bot.com/)"
37.221.198.47 - - [04/Sep/2026:15:38:41 +0000] "GET /vendor/asm89/stack-cors/src/?C=S;O=A HTTP/1.1" 200 1062 "-" "Mozilla/5.0 (compatible; MJ12bot/v1.4.8; http://mj12bot.com/)"
37.221.198.47 - - [04/Sep/2026:15:38:43 +0000] "GET /vendor/asm89/stack-cors/src/Cors.php HTTP/1.1" 500 - "-" "Mozilla/5.0 (compatible; MJ12bot/v1.4.8; http://mj12bot.com/)"
37.221.198.47 - - [04/Sep/2026:15:38:45 +0000] "GET /vendor/asm89/stack-cors/src/CorsService.php HTTP/1.1" 200 - "-" "Mozilla/5.0 (compatible; MJ12bot/v1.4.8; http://mj12bot.com/)"
57.141.4.44 - - [04/Sep/2026:15:38:48 +0000] "GET /vendor/botble/platform/ HTTP/1.1" 200 2795 "-" "Mozilla/5.0 (Windows NT 10.0; Win64; x64) AppleWebKit/537.36 (KHTML, like Gecko) Chrome/145.0.0.0 Safari/537.36 (compatible; meta-externalagent/1.1 (+https://developers.facebook.com/docs/sharing/webmasters/crawler))"
57.141.4.49 - - [04/Sep/2026:15:38:57 +0000] "GET /vendor/botble/platform/dashboard/src/ HTTP/1.1" 200 1614 "-" "Mozilla/5.0 (Macintosh; Intel Mac OS X 10_15_7) AppleWebKit/537.36 (KHTML, like Gecko) Chrome/145.0.0.0 Safari/537.36 (compatible; meta-externalagent/1.1 (+https://developers.facebook.com/docs/sharing/webmasters/crawler))"
57.141.4.68 - - [04/Sep/2026:15:39:04 +0000] "GET /vendor/guzzlehttp/guzzle/vendor-bin/?C=D;O=A HTTP/1.1" 200 1251 "-" "Mozilla/5.0 (Macintosh; Intel Mac OS X 10_15_7) AppleWebKit/537.36 (KHTML, like Gecko) Chrome/145.0.0.0 Safari/537.36 (compatible; meta-externalagent/1.1 (+https://developers.facebook.com/docs/sharing/webmasters/crawler))"
57.141.4.19 - - [04/Sep/2026:15:39:10 +0000] "GET /vendor/swiftmailer/swiftmailer/?C=N;O=A HTTP/1.1" 200 1579 "-" "Mozilla/5.0 (Windows NT 10.0; Win64; x64) AppleWebKit/537.36 (KHTML, like Gecko) Chrome/145.0.0.0 Safari/537.36 (compatible; meta-externalagent/1.1 (+https://developers.facebook.com/docs/sharing/webmasters/crawler))"
57.141.4.37 - - [04/Sep/2026:15:39:13 +0000] "GET /vendor/mews/?C=N;O=D HTTP/1.1" 200 831 "-" "Mozilla/5.0 (Windows NT 10.0; Win64; x64) AppleWebKit/537.36 (KHTML, like Gecko) Chrome/145.0.0.0 Safari/537.36 (compatible; meta-externalagent/1.1 (+https://developers.facebook.com/docs/sharing/webmasters/crawler))"
216.73.216.242 - - [04/Sep/2026:15:39:14 +0000] "GET /vendor/symfony/http-kernel/Debug/?C=N&O=D HTTP/1.1" 200 1104 "-" "Mozilla/5.0 AppleWebKit/537.36 (KHTML, like Gecko; compatible; ClaudeBot/1.0; +claudebot@anthropic.com)"
57.141.4.47 - - [04/Sep/2026:15:39:25 +0000] "GET /platform/packages/shortcode/?C=M;O=A HTTP/1.1" 200 1401 "-" "Mozilla/5.0 (Macintosh; Intel Mac OS X 10_15_7) AppleWebKit/537.36 (KHTML, like Gecko) Chrome/145.0.0.0 Safari/537.36 (compatible; meta-externalagent/1.1 (+https://developers.facebook.com/docs/sharing/webmasters/crawler))"
57.141.4.48 - - [04/Sep/2026:15:39:32 +0000] "GET /vendor/google/recaptcha/tests/?C=S;O=A HTTP/1.1" 200 885 "-" "Mozilla/5.0 (Macintosh; Intel Mac OS X 10_15_7) AppleWebKit/537.36 (KHTML, like Gecko) Chrome/145.0.0.0 Safari/537.36 (compatible; meta-externalagent/1.1 (+https://developers.facebook.com/docs/sharing/webmasters/crawler))"
57.141.4.27 - - [04/Sep/2026:15:39:33 +0000] "GET /vendor/aws/aws-sdk-php/src/DirectoryService/?C=M;O=A HTTP/1.1" 200 1113 "-" "Mozilla/5.0 (Macintosh; Intel Mac OS X 10_15_7) AppleWebKit/537.36 (KHTML, like Gecko) Chrome/145.0.0.0 Safari/537.36 (compatible; meta-externalagent/1.1 (+https://developers.facebook.com/docs/sharing/webmasters/crawler))"
57.141.4.48 - - [04/Sep/2026:15:39:40 +0000] "GET /vendor/symfony/polyfill-intl-icu/DateFormat/QuarterTransformer.php HTTP/1.1" 500 - "-" "Mozilla/5.0 (Windows NT 10.0; Win64; x64) AppleWebKit/537.36 (KHTML, like Gecko) Chrome/145.0.0.0 Safari/537.36 (compatible; meta-externalagent/1.1 (+https://developers.facebook.com/docs/sharing/webmasters/crawler))"
57.141.4.51 - - [04/Sep/2026:15:39:50 +0000] "GET /vendor/aws/aws-sdk-php/src/DynamoDb/BinaryValue.php HTTP/1.1" 200 - "-" "Mozilla/5.0 (Windows NT 10.0; Win64; x64) AppleWebKit/537.36 (KHTML, like Gecko) Chrome/145.0.0.0 Safari/537.36 (compatible; meta-externalagent/1.1 (+https://developers.facebook.com/docs/sharing/webmasters/crawler))"
57.141.4.16 - - [04/Sep/2026:15:39:51 +0000] "GET /platform/themes/shopwise/partials/product-item.blade.php HTTP/1.1" 200 6472 "-" "Mozilla/5.0 (Windows NT 10.0; Win64; x64) AppleWebKit/537.36 (KHTML, like Gecko) Chrome/145.0.0.0 Safari/537.36 (compatible; meta-externalagent/1.1 (+https://developers.facebook.com/docs/sharing/webmasters/crawler))"
57.141.4.71 - - [04/Sep/2026:15:39:52 +0000] "GET /platform/core/base/src/Commands/?C=N;O=A HTTP/1.1" 200 1278 "-" "Mozilla/5.0 (Windows NT 10.0; Win64; x64) AppleWebKit/537.36 (KHTML, like Gecko) Chrome/145.0.0.0 Safari/537.36 (compatible; meta-externalagent/1.1 (+https://developers.facebook.com/docs/sharing/webmasters/crawler))"
57.141.4.12 - - [04/Sep/2026:15:39:55 +0000] "GET /vendor/paypal/paypal-checkout-sdk/samples/ HTTP/1.1" 200 2038 "-" "Mozilla/5.0 (X11; Linux x86_64) AppleWebKit/537.36 (KHTML, like Gecko) Chrome/145.0.0.0 Safari/537.36 (compatible; meta-externalagent/1.1 (+https://developers.facebook.com/docs/sharing/webmasters/crawler))"
57.141.4.25 - - [04/Sep/2026:15:39:59 +0000] "GET /platform/packages/shortcode/routes/ HTTP/1.1" 200 896 "-" "Mozilla/5.0 (Windows NT 10.0; Win64; x64) AppleWebKit/537.36 (KHTML, like Gecko) Chrome/145.0.0.0 Safari/537.36 Edg/145.0.0.0 (compatible; meta-externalagent/1.1 (+https://developers.facebook.com/docs/sharing/webmasters/crawler))"
57.141.4.33 - - [04/Sep/2026:15:40:21 +0000] "GET /vendor/stripe/stripe-php/lib/BillingPortal/?C=M;O=A HTTP/1.1" 200 1102 "-" "Mozilla/5.0 (Macintosh; Intel Mac OS X 10_15_7) AppleWebKit/537.36 (KHTML, like Gecko) Chrome/145.0.0.0 Safari/537.36 (compatible; meta-externalagent/1.1 (+https://developers.facebook.com/docs/sharing/webmasters/crawler))"
57.141.4.9 - - [04/Sep/2026:15:40:27 +0000] "GET /platform/plugins/simple-slider/public/?C=M;O=D HTTP/1.1" 200 1251 "-" "Mozilla/5.0 (Macintosh; Intel Mac OS X 10_15_7) AppleWebKit/537.36 (KHTML, like Gecko) Chrome/145.0.0.0 Safari/537.36 (compatible; meta-externalagent/1.1 (+https://developers.facebook.com/docs/sharing/webmasters/crawler))"
216.73.216.242 - - [04/Sep/2026:15:40:32 +0000] "GET /vendor/laravel/framework/src/Illuminate/Foundation/Exceptions/views/403.blade.php HTTP/1.1" 200 153 "-" "Mozilla/5.0 AppleWebKit/537.36 (KHTML, like Gecko; compatible; ClaudeBot/1.0; +claudebot@anthropic.com)"
216.73.216.242 - - [04/Sep/2026:15:40:32 +0000] "GET /vendor/doctrine/dbal/src/Driver/API/MySQL/?C=N&O=D HTTP/1.1" 200 933 "-" "Mozilla/5.0 AppleWebKit/537.36 (KHTML, like Gecko; compatible; ClaudeBot/1.0; +claudebot@anthropic.com)"
57.141.4.71 - - [04/Sep/2026:15:40:44 +0000] "GET /vendor/symfony/var-dumper/Caster/PdoCaster.php HTTP/1.1" 200 - "-" "Mozilla/5.0 (Windows NT 10.0; Win64; x64) AppleWebKit/537.36 (KHTML, like Gecko) Chrome/145.0.0.0 Safari/537.36 (compatible; meta-externalagent/1.1 (+https://developers.facebook.com/docs/sharing/webmasters/crawler))"
57.141.4.25 - - [04/Sep/2026:15:40:59 +0000] "GET /platform/core/acl/src/Enums/ HTTP/1.1" 200 887 "-" "Mozilla/5.0 (Windows NT 10.0; Win64; x64) AppleWebKit/537.36 (KHTML, like Gecko) Chrome/145.0.0.0 Safari/537.36 Edg/145.0.0.0 (compatible; meta-externalagent/1.1 (+https://developers.facebook.com/docs/sharing/webmasters/crawler))"
216.73.216.242 - - [04/Sep/2026:15:41:08 +0000] "GET /platform/plugins/ecommerce/src/Http/Controllers/Fronts/ HTTP/1.1" 200 1952 "-" "Mozilla/5.0 AppleWebKit/537.36 (KHTML, like Gecko; compatible; ClaudeBot/1.0; +claudebot@anthropic.com)"
216.73.216.242 - - [04/Sep/2026:15:41:08 +0000] "GET /platform/plugins/ecommerce/src/Http/Controllers/Customers/ HTTP/1.1" 200 1939 "-" "Mozilla/5.0 AppleWebKit/537.36 (KHTML, like Gecko; compatible; ClaudeBot/1.0; +claudebot@anthropic.com)"
216.73.216.242 - - [04/Sep/2026:15:41:09 +0000] "GET /platform/plugins/ecommerce/src/Repositories/Interfaces/ShippingInterface.php HTTP/1.1" 500 - "-" "Mozilla/5.0 AppleWebKit/537.36 (KHTML, like Gecko; compatible; ClaudeBot/1.0; +claudebot@anthropic.com)"
216.73.216.242 - - [04/Sep/2026:15:41:10 +0000] "GET /platform/plugins/ecommerce/src/Models/ShippingRule.php HTTP/1.1" 500 - "-" "Mozilla/5.0 AppleWebKit/537.36 (KHTML, like Gecko; compatible; ClaudeBot/1.0; +claudebot@anthropic.com)"
216.73.216.242 - - [04/Sep/2026:15:41:10 +0000] "GET /platform/plugins/ecommerce/src/Models/Review.php HTTP/1.1" 500 - "-" "Mozilla/5.0 AppleWebKit/537.36 (KHTML, like Gecko; compatible; ClaudeBot/1.0; +claudebot@anthropic.com)"
216.73.216.242 - - [04/Sep/2026:15:41:11 +0000] "GET /platform/plugins/ecommerce/src/Repositories/Interfaces/ProductAttributeSetInterface.php HTTP/1.1" 500 - "-" "Mozilla/5.0 AppleWebKit/537.36 (KHTML, like Gecko; compatible; ClaudeBot/1.0; +claudebot@anthropic.com)"
216.73.216.242 - - [04/Sep/2026:15:41:11 +0000] "GET /platform/plugins/ecommerce/src/Models/OrderHistory.php HTTP/1.1" 500 - "-" "Mozilla/5.0 AppleWebKit/537.36 (KHTML, like Gecko; compatible; ClaudeBot/1.0; +claudebot@anthropic.com)"
216.73.216.242 - - [04/Sep/2026:15:41:12 +0000] "GET /platform/plugins/ecommerce/src/Repositories/Interfaces/ProductLabelInterface.php HTTP/1.1" 500 - "-" "Mozilla/5.0 AppleWebKit/537.36 (KHTML, like Gecko; compatible; ClaudeBot/1.0; +claudebot@anthropic.com)"
216.73.216.242 - - [04/Sep/2026:15:41:12 +0000] "GET /platform/plugins/ecommerce/src/Repositories/Interfaces/DiscountInterface.php HTTP/1.1" 500 - "-" "Mozilla/5.0 AppleWebKit/537.36 (KHTML, like Gecko; compatible; ClaudeBot/1.0; +claudebot@anthropic.com)"
216.73.216.242 - - [04/Sep/2026:15:41:13 +0000] "GET /vendor/symfony/http-kernel/Config/FileLocator.php HTTP/1.1" 500 - "-" "Mozilla/5.0 AppleWebKit/537.36 (KHTML, like Gecko; compatible; ClaudeBot/1.0; +claudebot@anthropic.com)"
216.73.216.242 - - [04/Sep/2026:15:41:13 +0000] "GET /vendor/symfony/http-kernel/EventListener/ValidateRequestListener.php HTTP/1.1" 500 - "-" "Mozilla/5.0 AppleWebKit/537.36 (KHTML, like Gecko; compatible; ClaudeBot/1.0; +claudebot@anthropic.com)"
216.73.216.242 - - [04/Sep/2026:15:41:14 +0000] "GET /database/seeders/BlogSeeder.php HTTP/1.1" 500 - "-" "Mozilla/5.0 AppleWebKit/537.36 (KHTML, like Gecko; compatible; ClaudeBot/1.0; +claudebot@anthropic.com)"
216.73.216.242 - - [04/Sep/2026:15:41:14 +0000] "GET /platform/plugins/ecommerce/src/Http/Middleware/ HTTP/1.1" 200 1139 "-" "Mozilla/5.0 AppleWebKit/537.36 (KHTML, like Gecko; compatible; ClaudeBot/1.0; +claudebot@anthropic.com)"
216.73.216.242 - - [04/Sep/2026:15:41:14 +0000] "GET /platform/plugins/ecommerce/src/Models/OrderProduct.php HTTP/1.1" 500 - "-" "Mozilla/5.0 AppleWebKit/537.36 (KHTML, like Gecko; compatible; ClaudeBot/1.0; +claudebot@anthropic.com)"
57.141.4.68 - - [04/Sep/2026:15:41:19 +0000] "GET /platform/plugins/backup/public/css/?C=M;O=A HTTP/1.1" 200 902 "-" "Mozilla/5.0 (Macintosh; Intel Mac OS X 10_15_7) AppleWebKit/537.36 (KHTML, like Gecko) Chrome/145.0.0.0 Safari/537.36 (compatible; meta-externalagent/1.1 (+https://developers.facebook.com/docs/sharing/webmasters/crawler))"
57.141.4.47 - - [04/Sep/2026:15:41:22 +0000] "GET /platform/plugins/sslcommerz/routes/?C=S;O=A HTTP/1.1" 200 896 "-" "Mozilla/5.0 (X11; Linux x86_64) AppleWebKit/537.36 (KHTML, like Gecko) Chrome/145.0.0.0 Safari/537.36 (compatible; meta-externalagent/1.1 (+https://developers.facebook.com/docs/sharing/webmasters/crawler))"
57.141.4.34 - - [04/Sep/2026:15:41:32 +0000] "GET /vendor/botble/platform/base/public/ HTTP/1.1" 200 1591 "-" "Mozilla/5.0 (Windows NT 10.0; Win64; x64) AppleWebKit/537.36 (KHTML, like Gecko) Chrome/145.0.0.0 Safari/537.36 (compatible; meta-externalagent/1.1 (+https://developers.facebook.com/docs/sharing/webmasters/crawler))"
