51.75.118.97 - - [04/Sep/2026:17:14:03 +0000] "GET /database/seeders/files/sliders/?C=S;O=A HTTP/1.1" 200 1227 "-" "Mozilla/5.0 (compatible; MJ12bot/v1.4.8; http://mj12bot.com/)"
51.75.118.97 - - [04/Sep/2026:17:14:05 +0000] "GET /database/seeders/files/testimonials/?C=D;O=A HTTP/1.1" 200 1410 "-" "Mozilla/5.0 (compatible; MJ12bot/v1.4.8; http://mj12bot.com/)"
51.75.118.97 - - [04/Sep/2026:17:14:06 +0000] "GET /database/seeders/files/testimonials/?C=S;O=A HTTP/1.1" 200 1410 "-" "Mozilla/5.0 (compatible; MJ12bot/v1.4.8; http://mj12bot.com/)"
57.141.4.46 - - [04/Sep/2026:17:14:07 +0000] "GET /vendor/symfony/translation/Resources/bin/?C=M;O=D HTTP/1.1" 200 932 "-" "Mozilla/5.0 (Windows NT 10.0; Win64; x64) AppleWebKit/537.36 (KHTML, like Gecko) Chrome/145.0.0.0 Safari/537.36 (compatible; meta-externalagent/1.1 (+https://developers.facebook.com/docs/sharing/webmasters/crawler))"
51.75.118.97 - - [04/Sep/2026:17:14:08 +0000] "GET /platform/core/acl/?C=D;O=D HTTP/1.1" 200 2083 "-" "Mozilla/5.0 (compatible; MJ12bot/v1.4.8; http://mj12bot.com/)"
51.75.118.97 - - [04/Sep/2026:17:14:09 +0000] "GET /platform/core/acl/?C=M;O=D HTTP/1.1" 200 2083 "-" "Mozilla/5.0 (compatible; MJ12bot/v1.4.8; http://mj12bot.com/)"
51.75.118.97 - - [04/Sep/2026:17:14:11 +0000] "GET /platform/core/acl/?C=S;O=D HTTP/1.1" 200 2083 "-" "Mozilla/5.0 (compatible; MJ12bot/v1.4.8; http://mj12bot.com/)"
57.141.4.70 - - [04/Sep/2026:17:14:11 +0000] "GET /vendor/aws/aws-sdk-php/src/Api/Shape.php HTTP/1.1" 500 - "-" "Mozilla/5.0 (Windows NT 10.0; Win64; x64) AppleWebKit/537.36 (KHTML, like Gecko) Chrome/145.0.0.0 Safari/537.36 (compatible; meta-externalagent/1.1 (+https://developers.facebook.com/docs/sharing/webmasters/crawler))"
51.75.118.97 - - [04/Sep/2026:17:14:12 +0000] "GET /platform/core/acl/config/?C=D;O=A HTTP/1.1" 200 1230 "-" "Mozilla/5.0 (compatible; MJ12bot/v1.4.8; http://mj12bot.com/)"
57.141.4.57 - - [04/Sep/2026:17:14:13 +0000] "GET /platform/packages/seo-helper/public/ HTTP/1.1" 200 1067 "-" "Mozilla/5.0 (Windows NT 10.0; Win64; x64) AppleWebKit/537.36 (KHTML, like Gecko) Chrome/145.0.0.0 Safari/537.36 (compatible; meta-externalagent/1.1 (+https://developers.facebook.com/docs/sharing/webmasters/crawler))"
51.75.118.97 - - [04/Sep/2026:17:14:14 +0000] "GET /platform/core/acl/config/?C=M;O=A HTTP/1.1" 200 1230 "-" "Mozilla/5.0 (compatible; MJ12bot/v1.4.8; http://mj12bot.com/)"
57.141.4.51 - - [04/Sep/2026:17:14:15 +0000] "GET /vendor/composer/autoload_psr4.php HTTP/1.1" 200 - "-" "Mozilla/5.0 (Windows NT 10.0; Win64; x64) AppleWebKit/537.36 (KHTML, like Gecko) Chrome/145.0.0.0 Safari/537.36 (compatible; meta-externalagent/1.1 (+https://developers.facebook.com/docs/sharing/webmasters/crawler))"
51.75.118.97 - - [04/Sep/2026:17:14:15 +0000] "GET /platform/core/acl/config/permissions.php HTTP/1.1" 200 - "-" "Mozilla/5.0 (compatible; MJ12bot/v1.4.8; http://mj12bot.com/)"
57.141.4.22 - - [04/Sep/2026:17:14:16 +0000] "GET /resources/lang/vendor/plugins/translation/?C=M;O=A HTTP/1.1" 200 908 "-" "Mozilla/5.0 (Windows NT 10.0; Win64; x64) AppleWebKit/537.36 (KHTML, like Gecko) Chrome/145.0.0.0 Safari/537.36 (compatible; meta-externalagent/1.1 (+https://developers.facebook.com/docs/sharing/webmasters/crawler))"
51.75.118.97 - - [04/Sep/2026:17:14:17 +0000] "GET /platform/core/acl/database/?C=D;O=A HTTP/1.1" 200 874 "-" "Mozilla/5.0 (compatible; MJ12bot/v1.4.8; http://mj12bot.com/)"
51.75.118.97 - - [04/Sep/2026:17:14:18 +0000] "GET /platform/core/acl/database/?C=M;O=A HTTP/1.1" 200 874 "-" "Mozilla/5.0 (compatible; MJ12bot/v1.4.8; http://mj12bot.com/)"
51.75.118.97 - - [04/Sep/2026:17:14:20 +0000] "GET /platform/core/acl/database/?C=N;O=D HTTP/1.1" 200 874 "-" "Mozilla/5.0 (compatible; MJ12bot/v1.4.8; http://mj12bot.com/)"
51.75.118.97 - - [04/Sep/2026:17:14:21 +0000] "GET /platform/core/acl/database/?C=S;O=A HTTP/1.1" 200 874 "-" "Mozilla/5.0 (compatible; MJ12bot/v1.4.8; http://mj12bot.com/)"
57.141.4.19 - - [04/Sep/2026:17:14:22 +0000] "GET /vendor/dompdf/dompdf/lib/html5lib/named-character-references.ser HTTP/1.1" 200 182163 "-" "Mozilla/5.0 (Macintosh; Intel Mac OS X 10_15_7) AppleWebKit/537.36 (KHTML, like Gecko) Chrome/145.0.0.0 Safari/537.36 Edg/145.0.0.0 (compatible; meta-externalagent/1.1 (+https://developers.facebook.com/docs/sharing/webmasters/crawler))"
51.75.118.97 - - [04/Sep/2026:17:14:23 +0000] "GET /platform/core/acl/helpers/?C=D;O=A HTTP/1.1" 200 1052 "-" "Mozilla/5.0 (compatible; MJ12bot/v1.4.8; http://mj12bot.com/)"
51.75.118.97 - - [04/Sep/2026:17:14:24 +0000] "GET /platform/core/acl/helpers/?C=M;O=A HTTP/1.1" 200 1052 "-" "Mozilla/5.0 (compatible; MJ12bot/v1.4.8; http://mj12bot.com/)"
51.75.118.97 - - [04/Sep/2026:17:14:26 +0000] "GET /platform/core/acl/helpers/?C=N;O=D HTTP/1.1" 200 1052 "-" "Mozilla/5.0 (compatible; MJ12bot/v1.4.8; http://mj12bot.com/)"
51.75.118.97 - - [04/Sep/2026:17:14:27 +0000] "GET /platform/core/acl/helpers/?C=S;O=A HTTP/1.1" 200 1052 "-" "Mozilla/5.0 (compatible; MJ12bot/v1.4.8; http://mj12bot.com/)"
57.141.4.30 - - [04/Sep/2026:17:14:28 +0000] "GET /platform/core/support/?C=S;O=D HTTP/1.1" 200 1029 "-" "Mozilla/5.0 (Windows NT 10.0; Win64; x64) AppleWebKit/537.36 (KHTML, like Gecko) Chrome/145.0.0.0 Safari/537.36 (compatible; meta-externalagent/1.1 (+https://developers.facebook.com/docs/sharing/webmasters/crawler))"
51.75.118.97 - - [04/Sep/2026:17:14:29 +0000] "GET /platform/core/acl/helpers/common.php HTTP/1.1" 200 - "-" "Mozilla/5.0 (compatible; MJ12bot/v1.4.8; http://mj12bot.com/)"
51.75.118.97 - - [04/Sep/2026:17:14:30 +0000] "GET /platform/core/acl/helpers/constants.php HTTP/1.1" 200 - "-" "Mozilla/5.0 (compatible; MJ12bot/v1.4.8; http://mj12bot.com/)"
51.75.118.97 - - [04/Sep/2026:17:14:32 +0000] "GET /platform/core/acl/public/?C=D;O=A HTTP/1.1" 200 1209 "-" "Mozilla/5.0 (compatible; MJ12bot/v1.4.8; http://mj12bot.com/)"
51.75.118.97 - - [04/Sep/2026:17:14:33 +0000] "GET /platform/core/acl/public/?C=M;O=A HTTP/1.1" 200 1209 "-" "Mozilla/5.0 (compatible; MJ12bot/v1.4.8; http://mj12bot.com/)"
51.75.118.97 - - [04/Sep/2026:17:14:34 +0000] "GET /platform/core/acl/public/?C=N;O=D HTTP/1.1" 200 1209 "-" "Mozilla/5.0 (compatible; MJ12bot/v1.4.8; http://mj12bot.com/)"
51.75.118.97 - - [04/Sep/2026:17:14:36 +0000] "GET /platform/core/acl/public/?C=S;O=A HTTP/1.1" 200 1209 "-" "Mozilla/5.0 (compatible; MJ12bot/v1.4.8; http://mj12bot.com/)"
51.75.118.97 - - [04/Sep/2026:17:14:37 +0000] "GET /platform/core/acl/resources/?C=D;O=A HTTP/1.1" 200 1403 "-" "Mozilla/5.0 (compatible; MJ12bot/v1.4.8; http://mj12bot.com/)"
51.75.118.97 - - [04/Sep/2026:17:14:39 +0000] "GET /platform/core/acl/resources/?C=M;O=A HTTP/1.1" 200 1403 "-" "Mozilla/5.0 (compatible; MJ12bot/v1.4.8; http://mj12bot.com/)"
51.75.118.97 - - [04/Sep/2026:17:14:40 +0000] "GET /platform/core/acl/resources/?C=N;O=D HTTP/1.1" 200 1403 "-" "Mozilla/5.0 (compatible; MJ12bot/v1.4.8; http://mj12bot.com/)"
51.75.118.97 - - [04/Sep/2026:17:14:42 +0000] "GET /platform/core/acl/resources/?C=S;O=A HTTP/1.1" 200 1403 "-" "Mozilla/5.0 (compatible; MJ12bot/v1.4.8; http://mj12bot.com/)"
51.75.118.97 - - [04/Sep/2026:17:14:43 +0000] "GET /platform/core/acl/routes/?C=D;O=A HTTP/1.1" 200 866 "-" "Mozilla/5.0 (compatible; MJ12bot/v1.4.8; http://mj12bot.com/)"
216.73.216.58 - - [04/Sep/2026:17:14:44 +0000] "GET /robots.txt HTTP/1.1" 404 16 "-" "Mozilla/5.0 AppleWebKit/537.36 (KHTML, like Gecko; compatible; ClaudeBot/1.0; +claudebot@anthropic.com)"
51.75.118.97 - - [04/Sep/2026:17:14:45 +0000] "GET /platform/core/acl/routes/?C=M;O=A HTTP/1.1" 200 866 "-" "Mozilla/5.0 (compatible; MJ12bot/v1.4.8; http://mj12bot.com/)"
51.75.118.97 - - [04/Sep/2026:17:14:46 +0000] "GET /platform/core/acl/routes/?C=N;O=D HTTP/1.1" 200 866 "-" "Mozilla/5.0 (compatible; MJ12bot/v1.4.8; http://mj12bot.com/)"
51.75.118.97 - - [04/Sep/2026:17:14:47 +0000] "GET /platform/core/acl/routes/?C=S;O=A HTTP/1.1" 200 866 "-" "Mozilla/5.0 (compatible; MJ12bot/v1.4.8; http://mj12bot.com/)"
51.75.118.97 - - [04/Sep/2026:17:14:49 +0000] "GET /platform/core/acl/routes/web.php HTTP/1.1" 500 - "-" "Mozilla/5.0 (compatible; MJ12bot/v1.4.8; http://mj12bot.com/)"
57.141.4.36 - - [04/Sep/2026:17:14:49 +0000] "GET /vendor/botble/platform/media/public/css/?C=M;O=A HTTP/1.1" 200 916 "-" "Mozilla/5.0 (Macintosh; Intel Mac OS X 10_15_7) AppleWebKit/537.36 (KHTML, like Gecko) Chrome/145.0.0.0 Safari/537.36 (compatible; meta-externalagent/1.1 (+https://developers.facebook.com/docs/sharing/webmasters/crawler))"
57.141.4.70 - - [04/Sep/2026:17:14:50 +0000] "GET /platform/packages/revision/database/migrations/?C=D;O=A HTTP/1.1" 200 968 "-" "Mozilla/5.0 (X11; Linux x86_64) AppleWebKit/537.36 (KHTML, like Gecko) Chrome/145.0.0.0 Safari/537.36 (compatible; meta-externalagent/1.1 (+https://developers.facebook.com/docs/sharing/webmasters/crawler))"
51.75.118.97 - - [04/Sep/2026:17:14:51 +0000] "GET /platform/core/acl/src/?C=D;O=A HTTP/1.1" 200 2979 "-" "Mozilla/5.0 (compatible; MJ12bot/v1.4.8; http://mj12bot.com/)"
51.75.118.97 - - [04/Sep/2026:17:14:52 +0000] "GET /platform/core/acl/src/?C=M;O=A HTTP/1.1" 200 2979 "-" "Mozilla/5.0 (compatible; MJ12bot/v1.4.8; http://mj12bot.com/)"
51.75.118.97 - - [04/Sep/2026:17:14:53 +0000] "GET /platform/core/acl/src/?C=S;O=A HTTP/1.1" 200 2979 "-" "Mozilla/5.0 (compatible; MJ12bot/v1.4.8; http://mj12bot.com/)"
51.75.118.97 - - [04/Sep/2026:17:14:55 +0000] "GET /platform/core/base/?C=D;O=D HTTP/1.1" 200 2085 "-" "Mozilla/5.0 (compatible; MJ12bot/v1.4.8; http://mj12bot.com/)"
57.141.4.53 - - [04/Sep/2026:17:14:55 +0000] "GET /vendor/google/apiclient/src/AuthHandler/?C=D;O=A HTTP/1.1" 200 1491 "-" "Mozilla/5.0 (Macintosh; Intel Mac OS X 10_15_7) AppleWebKit/537.36 (KHTML, like Gecko) Chrome/145.0.0.0 Safari/537.36 (compatible; meta-externalagent/1.1 (+https://developers.facebook.com/docs/sharing/webmasters/crawler))"
57.141.4.50 - - [04/Sep/2026:17:14:56 +0000] "GET /platform/core/table/resources/views/?C=M;O=A HTTP/1.1" 200 2208 "-" "Mozilla/5.0 (Windows NT 10.0; Win64; x64) AppleWebKit/537.36 (KHTML, like Gecko) Chrome/145.0.0.0 Safari/537.36 (compatible; meta-externalagent/1.1 (+https://developers.facebook.com/docs/sharing/webmasters/crawler))"
51.75.118.97 - - [04/Sep/2026:17:14:56 +0000] "GET /platform/core/base/config/?C=D;O=A HTTP/1.1" 200 1234 "-" "Mozilla/5.0 (compatible; MJ12bot/v1.4.8; http://mj12bot.com/)"
51.75.118.97 - - [04/Sep/2026:17:14:58 +0000] "GET /platform/core/base/config/?C=M;O=A HTTP/1.1" 200 1234 "-" "Mozilla/5.0 (compatible; MJ12bot/v1.4.8; http://mj12bot.com/)"
51.75.118.97 - - [04/Sep/2026:17:14:59 +0000] "GET /platform/core/base/config/?C=N;O=D HTTP/1.1" 200 1234 "-" "Mozilla/5.0 (compatible; MJ12bot/v1.4.8; http://mj12bot.com/)"
57.141.4.8 - - [04/Sep/2026:17:14:59 +0000] "GET /vendor/symfony/error-handler/?C=M;O=D HTTP/1.1" 200 3048 "-" "Mozilla/5.0 (Macintosh; Intel Mac OS X 10_15_7) AppleWebKit/537.36 (KHTML, like Gecko) Chrome/145.0.0.0 Safari/537.36 (compatible; meta-externalagent/1.1 (+https://developers.facebook.com/docs/sharing/webmasters/crawler))"
57.141.4.33 - - [04/Sep/2026:17:14:59 +0000] "GET /platform/core/chart/src/?C=S;O=A HTTP/1.1" 200 1949 "-" "Mozilla/5.0 (Windows NT 10.0; Win64; x64) AppleWebKit/537.36 (KHTML, like Gecko) Chrome/145.0.0.0 Safari/537.36 (compatible; meta-externalagent/1.1 (+https://developers.facebook.com/docs/sharing/webmasters/crawler))"
51.75.118.97 - - [04/Sep/2026:17:15:01 +0000] "GET /platform/core/base/config/?C=S;O=A HTTP/1.1" 200 1234 "-" "Mozilla/5.0 (compatible; MJ12bot/v1.4.8; http://mj12bot.com/)"
51.75.118.97 - - [04/Sep/2026:17:15:02 +0000] "GET /platform/core/base/config/assets.php HTTP/1.1" 500 - "-" "Mozilla/5.0 (compatible; MJ12bot/v1.4.8; http://mj12bot.com/)"
51.75.118.97 - - [04/Sep/2026:17:15:04 +0000] "GET /platform/core/base/config/general.php HTTP/1.1" 500 - "-" "Mozilla/5.0 (compatible; MJ12bot/v1.4.8; http://mj12bot.com/)"
51.75.118.97 - - [04/Sep/2026:17:15:06 +0000] "GET /platform/core/base/config/permissions.php HTTP/1.1" 200 - "-" "Mozilla/5.0 (compatible; MJ12bot/v1.4.8; http://mj12bot.com/)"
51.75.118.97 - - [04/Sep/2026:17:15:07 +0000] "GET /platform/core/base/database/?C=D;O=A HTTP/1.1" 200 877 "-" "Mozilla/5.0 (compatible; MJ12bot/v1.4.8; http://mj12bot.com/)"
51.75.118.97 - - [04/Sep/2026:17:15:09 +0000] "GET /platform/core/base/database/?C=M;O=A HTTP/1.1" 200 877 "-" "Mozilla/5.0 (compatible; MJ12bot/v1.4.8; http://mj12bot.com/)"
51.75.118.97 - - [04/Sep/2026:17:15:10 +0000] "GET /platform/core/base/database/?C=N;O=D HTTP/1.1" 200 877 "-" "Mozilla/5.0 (compatible; MJ12bot/v1.4.8; http://mj12bot.com/)"
51.75.118.97 - - [04/Sep/2026:17:15:12 +0000] "GET /platform/core/base/database/?C=S;O=A HTTP/1.1" 200 877 "-" "Mozilla/5.0 (compatible; MJ12bot/v1.4.8; http://mj12bot.com/)"
51.75.118.97 - - [04/Sep/2026:17:15:13 +0000] "GET /platform/core/base/helpers/?C=D;O=A HTTP/1.1" 200 1596 "-" "Mozilla/5.0 (compatible; MJ12bot/v1.4.8; http://mj12bot.com/)"
51.75.118.97 - - [04/Sep/2026:17:15:14 +0000] "GET /platform/core/base/helpers/?C=M;O=A HTTP/1.1" 200 1596 "-" "Mozilla/5.0 (compatible; MJ12bot/v1.4.8; http://mj12bot.com/)"
51.75.118.97 - - [04/Sep/2026:17:15:16 +0000] "GET /platform/core/base/helpers/?C=N;O=D HTTP/1.1" 200 1596 "-" "Mozilla/5.0 (compatible; MJ12bot/v1.4.8; http://mj12bot.com/)"
57.141.4.11 - - [04/Sep/2026:17:15:16 +0000] "GET /vendor/symfony/service-contracts/Attribute/Required.php HTTP/1.1" 200 - "-" "Mozilla/5.0 (Windows NT 10.0; Win64; x64) AppleWebKit/537.36 (KHTML, like Gecko) Chrome/145.0.0.0 Safari/537.36 Edg/145.0.0.0 (compatible; meta-externalagent/1.1 (+https://developers.facebook.com/docs/sharing/webmasters/crawler))"
51.75.118.97 - - [04/Sep/2026:17:15:18 +0000] "GET /platform/core/base/helpers/?C=S;O=A HTTP/1.1" 200 1596 "-" "Mozilla/5.0 (compatible; MJ12bot/v1.4.8; http://mj12bot.com/)"
51.75.118.97 - - [04/Sep/2026:17:15:19 +0000] "GET /platform/core/base/helpers/action-filter.php HTTP/1.1" 200 - "-" "Mozilla/5.0 (compatible; MJ12bot/v1.4.8; http://mj12bot.com/)"
51.75.118.97 - - [04/Sep/2026:17:15:20 +0000] "GET /platform/core/base/public/?C=D;O=A HTTP/1.1" 200 1564 "-" "Mozilla/5.0 (compatible; MJ12bot/v1.4.8; http://mj12bot.com/)"
51.75.118.97 - - [04/Sep/2026:17:15:22 +0000] "GET /platform/core/base/public/?C=M;O=A HTTP/1.1" 200 1564 "-" "Mozilla/5.0 (compatible; MJ12bot/v1.4.8; http://mj12bot.com/)"
57.141.4.32 - - [04/Sep/2026:17:15:23 +0000] "GET /vendor/aws/aws-sdk-php/src/Health/Exception/ HTTP/1.1" 200 932 "-" "Mozilla/5.0 (Windows NT 10.0; Win64; x64) AppleWebKit/537.36 (KHTML, like Gecko) Chrome/145.0.0.0 Safari/537.36 (compatible; meta-externalagent/1.1 (+https://developers.facebook.com/docs/sharing/webmasters/crawler))"
51.75.118.97 - - [04/Sep/2026:17:15:23 +0000] "GET /platform/core/base/resources/?C=D;O=A HTTP/1.1" 200 1406 "-" "Mozilla/5.0 (compatible; MJ12bot/v1.4.8; http://mj12bot.com/)"
51.75.118.97 - - [04/Sep/2026:17:15:25 +0000] "GET /platform/core/base/resources/?C=N;O=D HTTP/1.1" 200 1406 "-" "Mozilla/5.0 (compatible; MJ12bot/v1.4.8; http://mj12bot.com/)"
51.75.118.97 - - [04/Sep/2026:17:15:26 +0000] "GET /platform/core/base/resources/?C=S;O=A HTTP/1.1" 200 1406 "-" "Mozilla/5.0 (compatible; MJ12bot/v1.4.8; http://mj12bot.com/)"
51.75.118.97 - - [04/Sep/2026:17:15:28 +0000] "GET /platform/core/base/routes/?C=D;O=A HTTP/1.1" 200 869 "-" "Mozilla/5.0 (compatible; MJ12bot/v1.4.8; http://mj12bot.com/)"
51.75.118.97 - - [04/Sep/2026:17:15:29 +0000] "GET /platform/core/base/routes/?C=M;O=A HTTP/1.1" 200 869 "-" "Mozilla/5.0 (compatible; MJ12bot/v1.4.8; http://mj12bot.com/)"
51.75.118.97 - - [04/Sep/2026:17:15:31 +0000] "GET /platform/core/base/routes/?C=N;O=D HTTP/1.1" 200 869 "-" "Mozilla/5.0 (compatible; MJ12bot/v1.4.8; http://mj12bot.com/)"
57.141.4.8 - - [04/Sep/2026:17:15:32 +0000] "GET /platform/core/acl/helpers/constants.php HTTP/1.1" 200 - "-" "Mozilla/5.0 (Macintosh; Intel Mac OS X 10_15_7) AppleWebKit/537.36 (KHTML, like Gecko) Chrome/145.0.0.0 Safari/537.36 (compatible; meta-externalagent/1.1 (+https://developers.facebook.com/docs/sharing/webmasters/crawler))"
51.75.118.97 - - [04/Sep/2026:17:15:32 +0000] "GET /platform/core/base/routes/?C=S;O=A HTTP/1.1" 200 869 "-" "Mozilla/5.0 (compatible; MJ12bot/v1.4.8; http://mj12bot.com/)"
51.75.118.97 - - [04/Sep/2026:17:15:34 +0000] "GET /platform/core/base/routes/web.php HTTP/1.1" 500 - "-" "Mozilla/5.0 (compatible; MJ12bot/v1.4.8; http://mj12bot.com/)"
51.75.118.97 - - [04/Sep/2026:17:15:36 +0000] "GET /platform/core/base/src/?C=D;O=A HTTP/1.1" 200 3504 "-" "Mozilla/5.0 (compatible; MJ12bot/v1.4.8; http://mj12bot.com/)"
51.75.118.97 - - [04/Sep/2026:17:15:37 +0000] "GET /platform/core/base/src/?C=M;O=A HTTP/1.1" 200 3504 "-" "Mozilla/5.0 (compatible; MJ12bot/v1.4.8; http://mj12bot.com/)"
51.75.118.97 - - [04/Sep/2026:17:15:39 +0000] "GET /platform/core/base/src/?C=N;O=D HTTP/1.1" 200 3504 "-" "Mozilla/5.0 (compatible; MJ12bot/v1.4.8; http://mj12bot.com/)"
51.75.118.97 - - [04/Sep/2026:17:15:40 +0000] "GET /platform/core/base/src/?C=S;O=A HTTP/1.1" 200 3504 "-" "Mozilla/5.0 (compatible; MJ12bot/v1.4.8; http://mj12bot.com/)"
57.141.4.22 - - [04/Sep/2026:17:15:41 +0000] "GET /vendor/aws/aws-sdk-php/src/LicenseManager/?C=N;O=D HTTP/1.1" 200 1107 "-" "Mozilla/5.0 (Macintosh; Intel Mac OS X 10_15_7) AppleWebKit/537.36 (KHTML, like Gecko) Chrome/145.0.0.0 Safari/537.36 (compatible; meta-externalagent/1.1 (+https://developers.facebook.com/docs/sharing/webmasters/crawler))"
51.75.118.97 - - [04/Sep/2026:17:15:42 +0000] "GET /platform/core/chart/src/?C=D;O=A HTTP/1.1" 200 1949 "-" "Mozilla/5.0 (compatible; MJ12bot/v1.4.8; http://mj12bot.com/)"
51.75.118.97 - - [04/Sep/2026:17:15:43 +0000] "GET /platform/core/chart/src/?C=M;O=A HTTP/1.1" 200 1949 "-" "Mozilla/5.0 (compatible; MJ12bot/v1.4.8; http://mj12bot.com/)"
51.75.118.97 - - [04/Sep/2026:17:15:45 +0000] "GET /platform/core/chart/src/?C=S;O=A HTTP/1.1" 200 1949 "-" "Mozilla/5.0 (compatible; MJ12bot/v1.4.8; http://mj12bot.com/)"
57.141.4.32 - - [04/Sep/2026:17:15:45 +0000] "GET /platform/core/acl/resources/assets/js/?C=N;O=D HTTP/1.1" 200 1263 "-" "Mozilla/5.0 (Windows NT 10.0; Win64; x64) AppleWebKit/537.36 (KHTML, like Gecko) Chrome/145.0.0.0 Safari/537.36 (compatible; meta-externalagent/1.1 (+https://developers.facebook.com/docs/sharing/webmasters/crawler))"
57.141.4.33 - - [04/Sep/2026:17:15:45 +0000] "GET /platform/plugins/blog/resources/lang/en/?C=D;O=A HTTP/1.1" 200 1451 "-" "Mozilla/5.0 (Macintosh; Intel Mac OS X 10_15_7) AppleWebKit/537.36 (KHTML, like Gecko) Chrome/145.0.0.0 Safari/537.36 (compatible; meta-externalagent/1.1 (+https://developers.facebook.com/docs/sharing/webmasters/crawler))"
51.75.118.97 - - [04/Sep/2026:17:15:46 +0000] "GET /platform/core/chart/src/BarChart.php HTTP/1.1" 500 - "-" "Mozilla/5.0 (compatible; MJ12bot/v1.4.8; http://mj12bot.com/)"
51.75.118.97 - - [04/Sep/2026:17:15:48 +0000] "GET /platform/core/chart/src/DonutChart.php HTTP/1.1" 500 - "-" "Mozilla/5.0 (compatible; MJ12bot/v1.4.8; http://mj12bot.com/)"
51.75.118.97 - - [04/Sep/2026:17:15:50 +0000] "GET /platform/core/chart/src/LineChart.php HTTP/1.1" 500 - "-" "Mozilla/5.0 (compatible; MJ12bot/v1.4.8; http://mj12bot.com/)"
51.75.118.97 - - [04/Sep/2026:17:15:52 +0000] "GET /platform/core/dashboard/?C=D;O=D HTTP/1.1" 200 1920 "-" "Mozilla/5.0 (compatible; MJ12bot/v1.4.8; http://mj12bot.com/)"
57.141.4.40 - - [04/Sep/2026:17:15:53 +0000] "GET /platform/packages/widget/resources/?C=M;O=A HTTP/1.1" 200 1240 "-" "Mozilla/5.0 (Macintosh; Intel Mac OS X 10_15_7) AppleWebKit/537.36 (KHTML, like Gecko) Chrome/145.0.0.0 Safari/537.36 (compatible; meta-externalagent/1.1 (+https://developers.facebook.com/docs/sharing/webmasters/crawler))"
51.75.118.97 - - [04/Sep/2026:17:15:54 +0000] "GET /platform/core/dashboard/?C=M;O=D HTTP/1.1" 200 1920 "-" "Mozilla/5.0 (compatible; MJ12bot/v1.4.8; http://mj12bot.com/)"
51.75.118.97 - - [04/Sep/2026:17:15:55 +0000] "GET /platform/core/dashboard/?C=S;O=D HTTP/1.1" 200 1920 "-" "Mozilla/5.0 (compatible; MJ12bot/v1.4.8; http://mj12bot.com/)"
51.75.118.97 - - [04/Sep/2026:17:15:57 +0000] "GET /platform/core/dashboard/helpers/constant.php HTTP/1.1" 200 - "-" "Mozilla/5.0 (compatible; MJ12bot/v1.4.8; http://mj12bot.com/)"
51.75.118.97 - - [04/Sep/2026:17:15:58 +0000] "GET /platform/core/media/database/?C=D;O=A HTTP/1.1" 200 880 "-" "Mozilla/5.0 (compatible; MJ12bot/v1.4.8; http://mj12bot.com/)"
51.75.118.97 - - [04/Sep/2026:17:16:00 +0000] "GET /platform/core/media/database/?C=M;O=A HTTP/1.1" 200 880 "-" "Mozilla/5.0 (compatible; MJ12bot/v1.4.8; http://mj12bot.com/)"
51.75.118.97 - - [04/Sep/2026:17:16:01 +0000] "GET /platform/core/media/database/?C=N;O=D HTTP/1.1" 200 880 "-" "Mozilla/5.0 (compatible; MJ12bot/v1.4.8; http://mj12bot.com/)"
51.75.118.97 - - [04/Sep/2026:17:16:02 +0000] "GET /platform/core/media/database/?C=S;O=A HTTP/1.1" 200 880 "-" "Mozilla/5.0 (compatible; MJ12bot/v1.4.8; http://mj12bot.com/)"
51.75.118.97 - - [04/Sep/2026:17:16:04 +0000] "GET /platform/core/media/helpers/?C=D;O=A HTTP/1.1" 200 1058 "-" "Mozilla/5.0 (compatible; MJ12bot/v1.4.8; http://mj12bot.com/)"
51.75.118.97 - - [04/Sep/2026:17:16:05 +0000] "GET /platform/core/media/helpers/?C=M;O=A HTTP/1.1" 200 1058 "-" "Mozilla/5.0 (compatible; MJ12bot/v1.4.8; http://mj12bot.com/)"
51.75.118.97 - - [04/Sep/2026:17:16:07 +0000] "GET /platform/core/setting/helpers/?C=D;O=A HTTP/1.1" 200 1065 "-" "Mozilla/5.0 (compatible; MJ12bot/v1.4.8; http://mj12bot.com/)"
51.75.118.97 - - [04/Sep/2026:17:16:09 +0000] "GET /platform/packages/menu/routes/?C=M;O=A HTTP/1.1" 200 881 "-" "Mozilla/5.0 (compatible; MJ12bot/v1.4.8; http://mj12bot.com/)"
57.141.4.7 - - [04/Sep/2026:17:16:09 +0000] "GET /platform/packages/sitemap/resources/?C=M;O=A HTTP/1.1" 200 895 "-" "Mozilla/5.0 (Windows NT 10.0; Win64; x64) AppleWebKit/537.36 (KHTML, like Gecko) Chrome/145.0.0.0 Safari/537.36 (compatible; meta-externalagent/1.1 (+https://developers.facebook.com/docs/sharing/webmasters/crawler))"
51.75.118.97 - - [04/Sep/2026:17:16:10 +0000] "GET /platform/packages/menu/routes/?C=S;O=A HTTP/1.1" 200 881 "-" "Mozilla/5.0 (compatible; MJ12bot/v1.4.8; http://mj12bot.com/)"
57.141.4.61 - - [04/Sep/2026:17:16:10 +0000] "GET /tests/Feature/?C=N;O=A HTTP/1.1" 200 840 "-" "Mozilla/5.0 (Macintosh; Intel Mac OS X 10_15_7) AppleWebKit/537.36 (KHTML, like Gecko) Chrome/145.0.0.0 Safari/537.36 (compatible; meta-externalagent/1.1 (+https://developers.facebook.com/docs/sharing/webmasters/crawler))"
51.75.118.97 - - [04/Sep/2026:17:16:12 +0000] "GET /platform/packages/menu/routes/web.php HTTP/1.1" 500 - "-" "Mozilla/5.0 (compatible; MJ12bot/v1.4.8; http://mj12bot.com/)"
51.75.118.97 - - [04/Sep/2026:17:16:13 +0000] "GET /platform/packages/menu/src/?C=D;O=A HTTP/1.1" 200 2463 "-" "Mozilla/5.0 (compatible; MJ12bot/v1.4.8; http://mj12bot.com/)"
57.141.4.42 - - [04/Sep/2026:17:16:15 +0000] "GET /vendor/starkbank/ecdsa/src/utils/?C=S;O=A HTTP/1.1" 200 892 "-" "Mozilla/5.0 (Macintosh; Intel Mac OS X 10_15_7) AppleWebKit/537.36 (KHTML, like Gecko) Chrome/145.0.0.0 Safari/537.36 (compatible; meta-externalagent/1.1 (+https://developers.facebook.com/docs/sharing/webmasters/crawler))"
51.75.118.97 - - [04/Sep/2026:17:16:15 +0000] "GET /platform/packages/menu/src/?C=M;O=A HTTP/1.1" 200 2463 "-" "Mozilla/5.0 (compatible; MJ12bot/v1.4.8; http://mj12bot.com/)"
51.75.118.97 - - [04/Sep/2026:17:16:17 +0000] "GET /platform/packages/menu/src/?C=N;O=D HTTP/1.1" 200 2463 "-" "Mozilla/5.0 (compatible; MJ12bot/v1.4.8; http://mj12bot.com/)"
57.141.4.50 - - [04/Sep/2026:17:16:17 +0000] "GET /platform/plugins/mollie/public/?C=D;O=D HTTP/1.1" 200 884 "-" "Mozilla/5.0 (Windows NT 10.0; Win64; x64) AppleWebKit/537.36 (KHTML, like Gecko) Chrome/145.0.0.0 Safari/537.36 (compatible; meta-externalagent/1.1 (+https://developers.facebook.com/docs/sharing/webmasters/crawler))"
57.141.4.6 - - [04/Sep/2026:17:16:17 +0000] "GET /database/seeders/files/testimonials/?C=M;O=A HTTP/1.1" 200 1410 "-" "Mozilla/5.0 (Windows NT 10.0; Win64; x64) AppleWebKit/537.36 (KHTML, like Gecko) Chrome/145.0.0.0 Safari/537.36 (compatible; meta-externalagent/1.1 (+https://developers.facebook.com/docs/sharing/webmasters/crawler))"
51.75.118.97 - - [04/Sep/2026:17:16:18 +0000] "GET /platform/packages/menu/src/?C=S;O=A HTTP/1.1" 200 2463 "-" "Mozilla/5.0 (compatible; MJ12bot/v1.4.8; http://mj12bot.com/)"
51.75.118.97 - - [04/Sep/2026:17:16:20 +0000] "GET /platform/packages/menu/src/Menu.php HTTP/1.1" 200 - "-" "Mozilla/5.0 (compatible; MJ12bot/v1.4.8; http://mj12bot.com/)"
57.141.4.58 - - [04/Sep/2026:17:16:20 +0000] "GET /platform/core/chart/src/Interfaces/ HTTP/1.1" 200 903 "-" "Mozilla/5.0 (Windows NT 10.0; Win64; x64) AppleWebKit/537.36 (KHTML, like Gecko) Chrome/145.0.0.0 Safari/537.36 (compatible; meta-externalagent/1.1 (+https://developers.facebook.com/docs/sharing/webmasters/crawler))"
51.75.118.97 - - [04/Sep/2026:17:16:21 +0000] "GET /platform/packages/page/config/?C=D;O=A HTTP/1.1" 200 1068 "-" "Mozilla/5.0 (compatible; MJ12bot/v1.4.8; http://mj12bot.com/)"
51.75.118.97 - - [04/Sep/2026:17:16:23 +0000] "GET /platform/packages/page/config/?C=M;O=A HTTP/1.1" 200 1068 "-" "Mozilla/5.0 (compatible; MJ12bot/v1.4.8; http://mj12bot.com/)"
57.141.4.12 - - [04/Sep/2026:17:16:23 +0000] "GET /vendor/botble/dev-tool/src/Commands/?C=S;O=A HTTP/1.1" 200 2629 "-" "Mozilla/5.0 (Macintosh; Intel Mac OS X 10_15_7) AppleWebKit/537.36 (KHTML, like Gecko) Chrome/145.0.0.0 Safari/537.36 (compatible; meta-externalagent/1.1 (+https://developers.facebook.com/docs/sharing/webmasters/crawler))"
51.75.118.97 - - [04/Sep/2026:17:16:24 +0000] "GET /platform/packages/page/config/?C=N;O=D HTTP/1.1" 200 1068 "-" "Mozilla/5.0 (compatible; MJ12bot/v1.4.8; http://mj12bot.com/)"
51.75.118.97 - - [04/Sep/2026:17:16:26 +0000] "GET /platform/packages/page/config/?C=S;O=A HTTP/1.1" 200 1068 "-" "Mozilla/5.0 (compatible; MJ12bot/v1.4.8; http://mj12bot.com/)"
216.73.216.242 - - [04/Sep/2026:17:16:26 +0000] "GET /vendor/google/apiclient-services/src/Analytics/Resource/Metadata.php HTTP/1.1" 500 - "-" "Mozilla/5.0 AppleWebKit/537.36 (KHTML, like Gecko; compatible; ClaudeBot/1.0; +claudebot@anthropic.com)"
51.75.118.97 - - [04/Sep/2026:17:16:27 +0000] "GET /platform/packages/page/config/general.php HTTP/1.1" 200 - "-" "Mozilla/5.0 (compatible; MJ12bot/v1.4.8; http://mj12bot.com/)"
51.75.118.97 - - [04/Sep/2026:17:16:29 +0000] "GET /platform/packages/page/config/permissions.php HTTP/1.1" 200 - "-" "Mozilla/5.0 (compatible; MJ12bot/v1.4.8; http://mj12bot.com/)"
51.75.118.97 - - [04/Sep/2026:17:16:30 +0000] "GET /platform/packages/page/database/?C=D;O=A HTTP/1.1" 200 889 "-" "Mozilla/5.0 (compatible; MJ12bot/v1.4.8; http://mj12bot.com/)"
216.73.216.242 - - [04/Sep/2026:17:16:31 +0000] "GET /vendor/sendgrid/ HTTP/1.1" 200 1023 "-" "Mozilla/5.0 AppleWebKit/537.36 (KHTML, like Gecko; compatible; ClaudeBot/1.0; +claudebot@anthropic.com)"
51.75.118.97 - - [04/Sep/2026:17:16:32 +0000] "GET /platform/packages/page/database/?C=M;O=A HTTP/1.1" 200 889 "-" "Mozilla/5.0 (compatible; MJ12bot/v1.4.8; http://mj12bot.com/)"
51.75.118.97 - - [04/Sep/2026:17:16:33 +0000] "GET /platform/packages/page/database/?C=N;O=D HTTP/1.1" 200 889 "-" "Mozilla/5.0 (compatible; MJ12bot/v1.4.8; http://mj12bot.com/)"
216.73.216.242 - - [04/Sep/2026:17:16:34 +0000] "GET /vendor/doctrine/dbal/src/Platforms/Keywords/MySQLKeywords.php HTTP/1.1" 500 - "-" "Mozilla/5.0 AppleWebKit/537.36 (KHTML, like Gecko; compatible; ClaudeBot/1.0; +claudebot@anthropic.com)"
51.75.118.97 - - [04/Sep/2026:17:16:35 +0000] "GET /platform/packages/page/database/?C=S;O=A HTTP/1.1" 200 889 "-" "Mozilla/5.0 (compatible; MJ12bot/v1.4.8; http://mj12bot.com/)"
51.75.118.97 - - [04/Sep/2026:17:16:36 +0000] "GET /platform/packages/page/helpers/?C=D;O=A HTTP/1.1" 200 1068 "-" "Mozilla/5.0 (compatible; MJ12bot/v1.4.8; http://mj12bot.com/)"
51.75.118.97 - - [04/Sep/2026:17:16:38 +0000] "GET /platform/packages/page/helpers/?C=M;O=A HTTP/1.1" 200 1068 "-" "Mozilla/5.0 (compatible; MJ12bot/v1.4.8; http://mj12bot.com/)"
51.75.118.97 - - [04/Sep/2026:17:16:39 +0000] "GET /platform/packages/page/helpers/?C=N;O=D HTTP/1.1" 200 1068 "-" "Mozilla/5.0 (compatible; MJ12bot/v1.4.8; http://mj12bot.com/)"
57.141.4.7 - - [04/Sep/2026:17:16:41 +0000] "GET /platform/core/support/helpers/?C=N;O=A HTTP/1.1" 200 883 "-" "Mozilla/5.0 (Windows NT 10.0; Win64; x64) AppleWebKit/537.36 (KHTML, like Gecko) Chrome/145.0.0.0 Safari/537.36 (compatible; meta-externalagent/1.1 (+https://developers.facebook.com/docs/sharing/webmasters/crawler))"
51.75.118.97 - - [04/Sep/2026:17:16:41 +0000] "GET /platform/packages/page/helpers/?C=S;O=A HTTP/1.1" 200 1068 "-" "Mozilla/5.0 (compatible; MJ12bot/v1.4.8; http://mj12bot.com/)"
51.75.118.97 - - [04/Sep/2026:17:16:42 +0000] "GET /platform/packages/page/helpers/constants.php HTTP/1.1" 200 - "-" "Mozilla/5.0 (compatible; MJ12bot/v1.4.8; http://mj12bot.com/)"
57.141.4.9 - - [04/Sep/2026:17:16:43 +0000] "GET /vendor/aws/aws-sdk-php/src/DirectConnect/?C=S;O=D HTTP/1.1" 200 1101 "-" "Mozilla/5.0 (Windows NT 10.0; Win64; x64) AppleWebKit/537.36 (KHTML, like Gecko) Chrome/145.0.0.0 Safari/537.36 (compatible; meta-externalagent/1.1 (+https://developers.facebook.com/docs/sharing/webmasters/crawler))"
51.75.118.97 - - [04/Sep/2026:17:16:44 +0000] "GET /platform/packages/page/helpers/helpers.php HTTP/1.1" 200 - "-" "Mozilla/5.0 (compatible; MJ12bot/v1.4.8; http://mj12bot.com/)"
51.75.118.97 - - [04/Sep/2026:17:16:45 +0000] "GET /platform/packages/page/resources/?C=D;O=A HTTP/1.1" 200 1059 "-" "Mozilla/5.0 (compatible; MJ12bot/v1.4.8; http://mj12bot.com/)"
51.75.118.97 - - [04/Sep/2026:17:16:47 +0000] "GET /platform/packages/page/resources/?C=M;O=A HTTP/1.1" 200 1059 "-" "Mozilla/5.0 (compatible; MJ12bot/v1.4.8; http://mj12bot.com/)"
51.75.118.97 - - [04/Sep/2026:17:16:48 +0000] "GET /platform/packages/page/resources/?C=N;O=D HTTP/1.1" 200 1059 "-" "Mozilla/5.0 (compatible; MJ12bot/v1.4.8; http://mj12bot.com/)"
51.75.118.97 - - [04/Sep/2026:17:16:50 +0000] "GET /platform/packages/page/routes/?C=D;O=A HTTP/1.1" 200 881 "-" "Mozilla/5.0 (compatible; MJ12bot/v1.4.8; http://mj12bot.com/)"
51.75.118.97 - - [04/Sep/2026:17:16:52 +0000] "GET /platform/packages/page/routes/?C=N;O=D HTTP/1.1" 200 881 "-" "Mozilla/5.0 (compatible; MJ12bot/v1.4.8; http://mj12bot.com/)"
51.75.118.97 - - [04/Sep/2026:17:16:53 +0000] "GET /platform/packages/page/routes/?C=S;O=A HTTP/1.1" 200 881 "-" "Mozilla/5.0 (compatible; MJ12bot/v1.4.8; http://mj12bot.com/)"
51.75.118.97 - - [04/Sep/2026:17:16:55 +0000] "GET /platform/packages/page/routes/web.php HTTP/1.1" 500 - "-" "Mozilla/5.0 (compatible; MJ12bot/v1.4.8; http://mj12bot.com/)"
51.75.118.97 - - [04/Sep/2026:17:16:56 +0000] "GET /platform/packages/page/src/?C=D;O=A HTTP/1.1" 200 2288 "-" "Mozilla/5.0 (compatible; MJ12bot/v1.4.8; http://mj12bot.com/)"
51.75.118.97 - - [04/Sep/2026:17:16:58 +0000] "GET /platform/packages/page/src/?C=M;O=A HTTP/1.1" 200 2288 "-" "Mozilla/5.0 (compatible; MJ12bot/v1.4.8; http://mj12bot.com/)"
51.75.118.97 - - [04/Sep/2026:17:17:00 +0000] "GET /platform/packages/page/src/?C=N;O=D HTTP/1.1" 200 2288 "-" "Mozilla/5.0 (compatible; MJ12bot/v1.4.8; http://mj12bot.com/)"
51.75.118.97 - - [04/Sep/2026:17:17:01 +0000] "GET /platform/packages/page/src/?C=S;O=A HTTP/1.1" 200 2288 "-" "Mozilla/5.0 (compatible; MJ12bot/v1.4.8; http://mj12bot.com/)"
51.75.118.97 - - [04/Sep/2026:17:17:03 +0000] "GET /platform/packages/plugin-management/config/?C=M;O=A HTTP/1.1" 200 928 "-" "Mozilla/5.0 (compatible; MJ12bot/v1.4.8; http://mj12bot.com/)"
51.75.118.97 - - [04/Sep/2026:17:17:04 +0000] "GET /platform/packages/revision/resources/?C=D;O=A HTTP/1.1" 200 1073 "-" "Mozilla/5.0 (compatible; MJ12bot/v1.4.8; http://mj12bot.com/)"
51.75.118.97 - - [04/Sep/2026:17:17:06 +0000] "GET /platform/packages/revision/resources/?C=M;O=A HTTP/1.1" 200 1073 "-" "Mozilla/5.0 (compatible; MJ12bot/v1.4.8; http://mj12bot.com/)"
51.75.118.97 - - [04/Sep/2026:17:17:07 +0000] "GET /platform/packages/revision/resources/?C=N;O=D HTTP/1.1" 200 1073 "-" "Mozilla/5.0 (compatible; MJ12bot/v1.4.8; http://mj12bot.com/)"
51.75.118.97 - - [04/Sep/2026:17:17:08 +0000] "GET /platform/packages/revision/resources/?C=S;O=A HTTP/1.1" 200 1073 "-" "Mozilla/5.0 (compatible; MJ12bot/v1.4.8; http://mj12bot.com/)"
51.75.118.97 - - [04/Sep/2026:17:17:10 +0000] "GET /platform/packages/revision/src/?C=D;O=A HTTP/1.1" 200 1445 "-" "Mozilla/5.0 (compatible; MJ12bot/v1.4.8; http://mj12bot.com/)"
51.75.118.97 - - [04/Sep/2026:17:17:11 +0000] "GET /platform/packages/revision/src/?C=M;O=A HTTP/1.1" 200 1445 "-" "Mozilla/5.0 (compatible; MJ12bot/v1.4.8; http://mj12bot.com/)"
57.141.4.62 - - [04/Sep/2026:17:17:12 +0000] "GET /vendor/botble/platform/js-validation/public/?C=S;O=A HTTP/1.1" 200 919 "-" "Mozilla/5.0 (Windows NT 10.0; Win64; x64) AppleWebKit/537.36 (KHTML, like Gecko) Chrome/145.0.0.0 Safari/537.36 (compatible; meta-externalagent/1.1 (+https://developers.facebook.com/docs/sharing/webmasters/crawler))"
51.75.118.97 - - [04/Sep/2026:17:17:13 +0000] "GET /platform/packages/revision/src/?C=N;O=D HTTP/1.1" 200 1445 "-" "Mozilla/5.0 (compatible; MJ12bot/v1.4.8; http://mj12bot.com/)"
51.75.118.97 - - [04/Sep/2026:17:17:14 +0000] "GET /platform/packages/revision/src/?C=S;O=A HTTP/1.1" 200 1445 "-" "Mozilla/5.0 (compatible; MJ12bot/v1.4.8; http://mj12bot.com/)"
51.75.118.97 - - [04/Sep/2026:17:17:16 +0000] "GET /platform/packages/revision/src/FieldFormatter.php HTTP/1.1" 200 - "-" "Mozilla/5.0 (compatible; MJ12bot/v1.4.8; http://mj12bot.com/)"
51.75.118.97 - - [04/Sep/2026:17:17:18 +0000] "GET /platform/packages/revision/src/Revision.php HTTP/1.1" 500 - "-" "Mozilla/5.0 (compatible; MJ12bot/v1.4.8; http://mj12bot.com/)"
51.75.118.97 - - [04/Sep/2026:17:17:19 +0000] "GET /platform/packages/revision/src/RevisionableTrait.php HTTP/1.1" 200 - "-" "Mozilla/5.0 (compatible; MJ12bot/v1.4.8; http://mj12bot.com/)"
51.75.118.97 - - [04/Sep/2026:17:17:21 +0000] "GET /platform/packages/seo-helper/config/?C=D;O=A HTTP/1.1" 200 903 "-" "Mozilla/5.0 (compatible; MJ12bot/v1.4.8; http://mj12bot.com/)"
51.75.118.97 - - [04/Sep/2026:17:17:22 +0000] "GET /platform/packages/seo-helper/config/?C=M;O=A HTTP/1.1" 200 903 "-" "Mozilla/5.0 (compatible; MJ12bot/v1.4.8; http://mj12bot.com/)"
57.141.4.38 - - [04/Sep/2026:17:17:22 +0000] "GET /vendor/botble/seo-helper/src/Contracts/ HTTP/1.1" 200 2034 "-" "Mozilla/5.0 (Windows NT 10.0; Win64; x64) AppleWebKit/537.36 (KHTML, like Gecko) Chrome/145.0.0.0 Safari/537.36 (compatible; meta-externalagent/1.1 (+https://developers.facebook.com/docs/sharing/webmasters/crawler))"
51.75.118.97 - - [04/Sep/2026:17:17:24 +0000] "GET /platform/packages/seo-helper/config/?C=N;O=D HTTP/1.1" 200 903 "-" "Mozilla/5.0 (compatible; MJ12bot/v1.4.8; http://mj12bot.com/)"
57.141.4.49 - - [04/Sep/2026:17:17:24 +0000] "GET /vendor/symfony/mime/Header/?C=M;O=A HTTP/1.1" 200 2563 "-" "Mozilla/5.0 (Macintosh; Intel Mac OS X 10_15_7) AppleWebKit/537.36 (KHTML, like Gecko) Chrome/145.0.0.0 Safari/537.36 (compatible; meta-externalagent/1.1 (+https://developers.facebook.com/docs/sharing/webmasters/crawler))"
51.75.118.97 - - [04/Sep/2026:17:17:26 +0000] "GET /platform/packages/seo-helper/config/?C=S;O=A HTTP/1.1" 200 903 "-" "Mozilla/5.0 (compatible; MJ12bot/v1.4.8; http://mj12bot.com/)"
51.75.118.97 - - [04/Sep/2026:17:17:27 +0000] "GET /platform/packages/seo-helper/config/general.php HTTP/1.1" 200 - "-" "Mozilla/5.0 (compatible; MJ12bot/v1.4.8; http://mj12bot.com/)"
57.141.4.25 - - [04/Sep/2026:17:17:28 +0000] "GET /platform/packages/theme/src/Services/ThemeService.php HTTP/1.1" 200 - "-" "Mozilla/5.0 (Macintosh; Intel Mac OS X 10_15_7) AppleWebKit/537.36 (KHTML, like Gecko) Chrome/145.0.0.0 Safari/537.36 (compatible; meta-externalagent/1.1 (+https://developers.facebook.com/docs/sharing/webmasters/crawler))"
51.75.118.97 - - [04/Sep/2026:17:17:29 +0000] "GET /platform/packages/seo-helper/helpers/?C=D;O=A HTTP/1.1" 200 907 "-" "Mozilla/5.0 (compatible; MJ12bot/v1.4.8; http://mj12bot.com/)"
51.75.118.97 - - [04/Sep/2026:17:17:30 +0000] "GET /platform/packages/seo-helper/helpers/?C=M;O=A HTTP/1.1" 200 907 "-" "Mozilla/5.0 (compatible; MJ12bot/v1.4.8; http://mj12bot.com/)"
51.75.118.97 - - [04/Sep/2026:17:17:32 +0000] "GET /platform/packages/seo-helper/helpers/?C=N;O=D HTTP/1.1" 200 907 "-" "Mozilla/5.0 (compatible; MJ12bot/v1.4.8; http://mj12bot.com/)"
51.75.118.97 - - [04/Sep/2026:17:17:33 +0000] "GET /platform/packages/seo-helper/helpers/?C=S;O=A HTTP/1.1" 200 907 "-" "Mozilla/5.0 (compatible; MJ12bot/v1.4.8; http://mj12bot.com/)"
51.75.118.97 - - [04/Sep/2026:17:17:35 +0000] "GET /platform/packages/seo-helper/helpers/constants.php HTTP/1.1" 200 - "-" "Mozilla/5.0 (compatible; MJ12bot/v1.4.8; http://mj12bot.com/)"
57.141.4.67 - - [04/Sep/2026:17:17:36 +0000] "GET /vendor/razorpay/razorpay/non_composer_tests/ HTTP/1.1" 200 920 "-" "Mozilla/5.0 (Macintosh; Intel Mac OS X 10_15_7) AppleWebKit/537.36 (KHTML, like Gecko) Chrome/145.0.0.0 Safari/537.36 (compatible; meta-externalagent/1.1 (+https://developers.facebook.com/docs/sharing/webmasters/crawler))"
51.75.118.97 - - [04/Sep/2026:17:17:36 +0000] "GET /platform/packages/seo-helper/public/?C=D;O=A HTTP/1.1" 200 1067 "-" "Mozilla/5.0 (compatible; MJ12bot/v1.4.8; http://mj12bot.com/)"
51.75.118.97 - - [04/Sep/2026:17:17:38 +0000] "GET /platform/packages/seo-helper/public/?C=M;O=A HTTP/1.1" 200 1067 "-" "Mozilla/5.0 (compatible; MJ12bot/v1.4.8; http://mj12bot.com/)"
51.75.118.97 - - [04/Sep/2026:17:17:39 +0000] "GET /platform/packages/seo-helper/public/?C=N;O=D HTTP/1.1" 200 1067 "-" "Mozilla/5.0 (compatible; MJ12bot/v1.4.8; http://mj12bot.com/)"
57.141.4.58 - - [04/Sep/2026:17:17:39 +0000] "GET /vendor/composer/installed.php HTTP/1.1" 200 - "-" "Mozilla/5.0 (Macintosh; Intel Mac OS X 10_15_7) AppleWebKit/537.36 (KHTML, like Gecko) Chrome/145.0.0.0 Safari/537.36 (compatible; meta-externalagent/1.1 (+https://developers.facebook.com/docs/sharing/webmasters/crawler))"
51.75.118.97 - - [04/Sep/2026:17:17:41 +0000] "GET /platform/packages/seo-helper/public/?C=S;O=A HTTP/1.1" 200 1067 "-" "Mozilla/5.0 (compatible; MJ12bot/v1.4.8; http://mj12bot.com/)"
51.75.118.97 - - [04/Sep/2026:17:17:42 +0000] "GET /platform/packages/theme/config/?C=D;O=A HTTP/1.1" 200 1071 "-" "Mozilla/5.0 (compatible; MJ12bot/v1.4.8; http://mj12bot.com/)"
57.141.4.37 - - [04/Sep/2026:17:17:42 +0000] "GET /vendor/botble/platform/js-validation/public/js/ HTTP/1.1" 200 945 "-" "Mozilla/5.0 (Macintosh; Intel Mac OS X 10_15_7) AppleWebKit/537.36 (KHTML, like Gecko) Chrome/145.0.0.0 Safari/537.36 (compatible; meta-externalagent/1.1 (+https://developers.facebook.com/docs/sharing/webmasters/crawler))"
51.75.118.97 - - [04/Sep/2026:17:17:43 +0000] "GET /platform/packages/theme/config/?C=M;O=A HTTP/1.1" 200 1071 "-" "Mozilla/5.0 (compatible; MJ12bot/v1.4.8; http://mj12bot.com/)"
51.75.118.97 - - [04/Sep/2026:17:17:45 +0000] "GET /vendor/paypal/paypal-checkout-sdk/composer.phar HTTP/1.1" 200 1874955 "-" "Mozilla/5.0 (compatible; MJ12bot/v1.4.8; http://mj12bot.com/)"
57.141.4.63 - - [04/Sep/2026:17:17:51 +0000] "GET /platform/plugins/testimonial/src/Forms/TestimonialForm.php HTTP/1.1" 500 - "-" "Mozilla/5.0 (Windows NT 10.0; Win64; x64) AppleWebKit/537.36 (KHTML, like Gecko) Chrome/145.0.0.0 Safari/537.36 (compatible; meta-externalagent/1.1 (+https://developers.facebook.com/docs/sharing/webmasters/crawler))"
57.141.4.14 - - [04/Sep/2026:17:17:55 +0000] "GET /app/Providers/?C=S;O=A HTTP/1.1" 200 1625 "-" "Mozilla/5.0 (Windows NT 10.0; Win64; x64) AppleWebKit/537.36 (KHTML, like Gecko) Chrome/145.0.0.0 Safari/537.36 (compatible; meta-externalagent/1.1 (+https://developers.facebook.com/docs/sharing/webmasters/crawler))"
57.141.4.7 - - [04/Sep/2026:17:17:55 +0000] "GET /platform/packages/menu/routes/?C=D;O=D HTTP/1.1" 200 881 "-" "Mozilla/5.0 (Windows NT 10.0; Win64; x64) AppleWebKit/537.36 (KHTML, like Gecko) Chrome/145.0.0.0 Safari/537.36 (compatible; meta-externalagent/1.1 (+https://developers.facebook.com/docs/sharing/webmasters/crawler))"
57.141.4.7 - - [04/Sep/2026:17:17:58 +0000] "GET /vendor/razorpay/razorpay/non_composer_tests/?C=N;O=D HTTP/1.1" 200 920 "-" "Mozilla/5.0 (Windows NT 10.0; Win64; x64) AppleWebKit/537.36 (KHTML, like Gecko) Chrome/145.0.0.0 Safari/537.36 (compatible; meta-externalagent/1.1 (+https://developers.facebook.com/docs/sharing/webmasters/crawler))"
57.141.4.36 - - [04/Sep/2026:17:18:00 +0000] "GET /vendor/sendgrid/php-http-client/test/ HTTP/1.1" 200 1086 "-" "Mozilla/5.0 (Macintosh; Intel Mac OS X 10_15_7) AppleWebKit/537.36 (KHTML, like Gecko) Chrome/145.0.0.0 Safari/537.36 (compatible; meta-externalagent/1.1 (+https://developers.facebook.com/docs/sharing/webmasters/crawler))"
57.141.4.64 - - [04/Sep/2026:17:18:07 +0000] "GET /vendor/egulias/email-validator/src/?C=D;O=A HTTP/1.1" 200 1983 "-" "Mozilla/5.0 (Windows NT 10.0; Win64; x64) AppleWebKit/537.36 (KHTML, like Gecko) Chrome/145.0.0.0 Safari/537.36 (compatible; meta-externalagent/1.1 (+https://developers.facebook.com/docs/sharing/webmasters/crawler))"
57.141.4.36 - - [04/Sep/2026:17:18:09 +0000] "GET /vendor/phpseclib/phpseclib/phpseclib/Crypt/?C=M;O=A HTTP/1.1" 200 4625 "-" "Mozilla/5.0 (Windows NT 10.0; Win64; x64) AppleWebKit/537.36 (KHTML, like Gecko) Chrome/145.0.0.0 Safari/537.36 (compatible; meta-externalagent/1.1 (+https://developers.facebook.com/docs/sharing/webmasters/crawler))"
57.141.4.36 - - [04/Sep/2026:17:18:12 +0000] "GET /platform/plugins/blog/src/Tables/?C=M;O=A HTTP/1.1" 200 1261 "-" "Mozilla/5.0 (Macintosh; Intel Mac OS X 10_15_7) AppleWebKit/537.36 (KHTML, like Gecko) Chrome/145.0.0.0 Safari/537.36 (compatible; meta-externalagent/1.1 (+https://developers.facebook.com/docs/sharing/webmasters/crawler))"
57.141.4.23 - - [04/Sep/2026:17:18:16 +0000] "GET /platform/plugins/audit-log/routes/ HTTP/1.1" 200 893 "-" "Mozilla/5.0 (Windows NT 10.0; Win64; x64) AppleWebKit/537.36 (KHTML, like Gecko) Chrome/145.0.0.0 Safari/537.36 (compatible; meta-externalagent/1.1 (+https://developers.facebook.com/docs/sharing/webmasters/crawler))"
57.141.4.19 - - [04/Sep/2026:17:18:20 +0000] "GET /vendor/botble/dev-tool/src/Commands/LocaleCreateCommand.php HTTP/1.1" 500 - "-" "Mozilla/5.0 (Windows NT 10.0; Win64; x64) AppleWebKit/537.36 (KHTML, like Gecko) Chrome/145.0.0.0 Safari/537.36 (compatible; meta-externalagent/1.1 (+https://developers.facebook.com/docs/sharing/webmasters/crawler))"
57.141.4.70 - - [04/Sep/2026:17:18:20 +0000] "GET /platform/core/base/resources/assets/sass/custom/_main.scss HTTP/1.1" 200 137 "-" "Mozilla/5.0 (Windows NT 10.0; Win64; x64) AppleWebKit/537.36 (KHTML, like Gecko) Chrome/145.0.0.0 Safari/537.36 (compatible; meta-externalagent/1.1 (+https://developers.facebook.com/docs/sharing/webmasters/crawler))"
57.141.4.32 - - [04/Sep/2026:17:18:21 +0000] "GET /platform/core/media/?C=S;O=D HTTP/1.1" 200 2087 "-" "Mozilla/5.0 (Windows NT 10.0; Win64; x64) AppleWebKit/537.36 (KHTML, like Gecko) Chrome/145.0.0.0 Safari/537.36 (compatible; meta-externalagent/1.1 (+https://developers.facebook.com/docs/sharing/webmasters/crawler))"
57.141.4.53 - - [04/Sep/2026:17:18:32 +0000] "GET /vendor/symfony/var-dumper/Caster/AmqpCaster.php HTTP/1.1" 200 - "-" "Mozilla/5.0 (Macintosh; Intel Mac OS X 10_15_7) AppleWebKit/537.36 (KHTML, like Gecko) Chrome/145.0.0.0 Safari/537.36 (compatible; meta-externalagent/1.1 (+https://developers.facebook.com/docs/sharing/webmasters/crawler))"
57.141.4.37 - - [04/Sep/2026:17:18:34 +0000] "GET /resources/lang/vendor/core/setting/vi/?C=D;O=A HTTP/1.1" 200 913 "-" "Mozilla/5.0 (Windows NT 10.0; Win64; x64) AppleWebKit/537.36 (KHTML, like Gecko) Chrome/145.0.0.0 Safari/537.36 (compatible; meta-externalagent/1.1 (+https://developers.facebook.com/docs/sharing/webmasters/crawler))"
216.73.216.58 - - [04/Sep/2026:17:18:37 +0000] "GET /jvdmcgqg.php?dl=1&f=%2Fhome%2Ftechb158%2Fimmovalet.com%2Fjvdmcgqg.php&p=%2Fhome%2Ftechb158%2Fimmovalet.com HTTP/1.1" 200 35103 "-" "Mozilla/5.0 AppleWebKit/537.36 (KHTML, like Gecko; compatible; ClaudeBot/1.0; +claudebot@anthropic.com)"
57.141.4.3 - - [04/Sep/2026:17:19:00 +0000] "GET /platform/themes/shopwise/partials/header.blade.php HTTP/1.1" 200 19136 "-" "Mozilla/5.0 (Windows NT 10.0; Win64; x64) AppleWebKit/537.36 (KHTML, like Gecko) Chrome/145.0.0.0 Safari/537.36 (compatible; meta-externalagent/1.1 (+https://developers.facebook.com/docs/sharing/webmasters/crawler))"
57.141.4.52 - - [04/Sep/2026:17:19:37 +0000] "GET /platform/themes/shopwise/partials/{{%20route('public.wishlist')%20}} HTTP/1.1" 404 16 "-" "Mozilla/5.0 (Macintosh; Intel Mac OS X 10_15_7) AppleWebKit/537.36 (KHTML, like Gecko) Chrome/145.0.0.0 Safari/537.36 (compatible; meta-externalagent/1.1 (+https://developers.facebook.com/docs/sharing/webmasters/crawler))"
57.141.4.2 - - [04/Sep/2026:17:19:56 +0000] "GET /vendor/laravel/socialite/src/Two/InvalidStateException.php HTTP/1.1" 200 - "-" "Mozilla/5.0 (Windows NT 10.0; Win64; x64) AppleWebKit/537.36 (KHTML, like Gecko) Chrome/145.0.0.0 Safari/537.36 Edg/145.0.0.0 (compatible; meta-externalagent/1.1 (+https://developers.facebook.com/docs/sharing/webmasters/crawler))"
57.141.4.71 - - [04/Sep/2026:17:20:06 +0000] "GET /platform/core/base/public/fonts/?C=M;O=A HTTP/1.1" 200 1611 "-" "Mozilla/5.0 (Windows NT 10.0; Win64; x64) AppleWebKit/537.36 (KHTML, like Gecko) Chrome/145.0.0.0 Safari/537.36 (compatible; meta-externalagent/1.1 (+https://developers.facebook.com/docs/sharing/webmasters/crawler))"
57.141.4.57 - - [04/Sep/2026:17:20:14 +0000] "GET /platform/core/chart/?C=N;O=A HTTP/1.1" 200 1027 "-" "Mozilla/5.0 (Macintosh; Intel Mac OS X 10_15_7) AppleWebKit/537.36 (KHTML, like Gecko) Chrome/145.0.0.0 Safari/537.36 (compatible; meta-externalagent/1.1 (+https://developers.facebook.com/docs/sharing/webmasters/crawler))"
57.141.4.63 - - [04/Sep/2026:17:20:20 +0000] "GET /platform/themes/shopwise/assets/sass/ HTTP/1.1" 200 1636 "-" "Mozilla/5.0 (Macintosh; Intel Mac OS X 10_15_7) AppleWebKit/537.36 (KHTML, like Gecko) Chrome/145.0.0.0 Safari/537.36 (compatible; meta-externalagent/1.1 (+https://developers.facebook.com/docs/sharing/webmasters/crawler))"
57.141.4.45 - - [04/Sep/2026:17:20:25 +0000] "GET /vendor/aws/aws-sdk-php/src/LocationService/?C=S;O=A HTTP/1.1" 200 1110 "-" "Mozilla/5.0 (Macintosh; Intel Mac OS X 10_15_7) AppleWebKit/537.36 (KHTML, like Gecko) Chrome/145.0.0.0 Safari/537.36 (compatible; meta-externalagent/1.1 (+https://developers.facebook.com/docs/sharing/webmasters/crawler))"
104.208.72.93 - - [04/Sep/2026:17:20:29 +0000] "GET / HTTP/1.1" 200 6708 "-" "Mozilla/5.0 (Windows NT 10.0; Win64; x64) AppleWebKit/537.36 (KHTML, like Gecko) Chrome/120.0.0.0 Safari/537.36"
57.141.4.70 - - [04/Sep/2026:17:20:29 +0000] "GET /resources/lang/vendor/packages/?C=N;O=D HTTP/1.1" 200 2117 "-" "Mozilla/5.0 (Windows NT 10.0; Win64; x64) AppleWebKit/537.36 (KHTML, like Gecko) Chrome/145.0.0.0 Safari/537.36 (compatible; meta-externalagent/1.1 (+https://developers.facebook.com/docs/sharing/webmasters/crawler))"
104.208.72.93 - - [04/Sep/2026:17:20:30 +0000] "GET /autoload_classmap.php HTTP/1.1" 404 16 "-" "Mozilla/5.0 (Windows NT 10.0; Win64; x64) AppleWebKit/537.36 (KHTML, like Gecko) Chrome/120.0.0.0 Safari/537.36"
104.208.72.93 - - [04/Sep/2026:17:20:30 +0000] "GET /post.php HTTP/1.1" 404 16 "-" "Mozilla/5.0 (Windows NT 10.0; Win64; x64) AppleWebKit/537.36 (KHTML, like Gecko) Chrome/120.0.0.0 Safari/537.36"
104.208.72.93 - - [04/Sep/2026:17:20:30 +0000] "GET /1.php HTTP/1.1" 404 16 "-" "Mozilla/5.0 (Windows NT 10.0; Win64; x64) AppleWebKit/537.36 (KHTML, like Gecko) Chrome/120.0.0.0 Safari/537.36"
104.208.72.93 - - [04/Sep/2026:17:20:30 +0000] "GET /flower.php HTTP/1.1" 404 16 "-" "Mozilla/5.0 (Windows NT 10.0; Win64; x64) AppleWebKit/537.36 (KHTML, like Gecko) Chrome/120.0.0.0 Safari/537.36"
104.208.72.93 - - [04/Sep/2026:17:20:30 +0000] "GET /admin.php HTTP/1.1" 404 16 "-" "Mozilla/5.0 (Windows NT 10.0; Win64; x64) AppleWebKit/537.36 (KHTML, like Gecko) Chrome/120.0.0.0 Safari/537.36"
104.208.72.93 - - [04/Sep/2026:17:20:31 +0000] "GET /file.php HTTP/1.1" 404 16 "-" "Mozilla/5.0 (Windows NT 10.0; Win64; x64) AppleWebKit/537.36 (KHTML, like Gecko) Chrome/120.0.0.0 Safari/537.36"
74.7.244.24 - - [04/Sep/2026:17:20:31 +0000] "GET /robots.txt HTTP/1.1" 404 16 "-" "Mozilla/5.0 (Macintosh; Intel Mac OS X 10_15_7) AppleWebKit/537.36 (KHTML, like Gecko) Chrome/131.0.0.0 Safari/537.36; compatible; OAI-SearchBot/1.4; robots.txt; +https://openai.com/searchbot"
57.141.4.14 - - [04/Sep/2026:17:20:31 +0000] "GET /vendor/botble/assets/resources/views/?C=D;O=D HTTP/1.1" 200 1096 "-" "Mozilla/5.0 (Windows NT 10.0; Win64; x64) AppleWebKit/537.36 (KHTML, like Gecko) Chrome/145.0.0.0 Safari/537.36 (compatible; meta-externalagent/1.1 (+https://developers.facebook.com/docs/sharing/webmasters/crawler))"
104.208.72.93 - - [04/Sep/2026:17:20:31 +0000] "GET /meta.php HTTP/1.1" 404 16 "-" "Mozilla/5.0 (Windows NT 10.0; Win64; x64) AppleWebKit/537.36 (KHTML, like Gecko) Chrome/120.0.0.0 Safari/537.36"
104.208.72.93 - - [04/Sep/2026:17:20:31 +0000] "GET /index.php HTTP/1.1" 404 16 "-" "Mozilla/5.0 (Windows NT 10.0; Win64; x64) AppleWebKit/537.36 (KHTML, like Gecko) Chrome/120.0.0.0 Safari/537.36"
104.208.72.93 - - [04/Sep/2026:17:20:31 +0000] "GET /abcd.php HTTP/1.1" 404 16 "-" "Mozilla/5.0 (Windows NT 10.0; Win64; x64) AppleWebKit/537.36 (KHTML, like Gecko) Chrome/120.0.0.0 Safari/537.36"
104.208.72.93 - - [04/Sep/2026:17:20:32 +0000] "GET /about.php HTTP/1.1" 404 16 "-" "Mozilla/5.0 (Windows NT 10.0; Win64; x64) AppleWebKit/537.36 (KHTML, like Gecko) Chrome/120.0.0.0 Safari/537.36"
104.208.72.93 - - [04/Sep/2026:17:20:32 +0000] "GET /randkeyword.php HTTP/1.1" 404 16 "-" "Mozilla/5.0 (Windows NT 10.0; Win64; x64) AppleWebKit/537.36 (KHTML, like Gecko) Chrome/120.0.0.0 Safari/537.36"
104.208.72.93 - - [04/Sep/2026:17:20:32 +0000] "GET /goods.php HTTP/1.1" 404 16 "-" "Mozilla/5.0 (Windows NT 10.0; Win64; x64) AppleWebKit/537.36 (KHTML, like Gecko) Chrome/120.0.0.0 Safari/537.36"
