57.141.4.55 - - [04/Sep/2026:17:45:10 +0000] "GET /vendor/symfony/polyfill-mbstring/Resources/unidata/upperCase.php HTTP/1.1" 200 - "-" "Mozilla/5.0 (Windows NT 10.0; Win64; x64) AppleWebKit/537.36 (KHTML, like Gecko) Chrome/145.0.0.0 Safari/537.36 (compatible; meta-externalagent/1.1 (+https://developers.facebook.com/docs/sharing/webmasters/crawler))"
57.141.4.39 - - [04/Sep/2026:17:45:29 +0000] "GET /vendor/phpseclib/phpseclib/phpseclib/Exception/NoKeyLoadedException.php HTTP/1.1" 200 - "-" "Mozilla/5.0 (X11; Linux x86_64) AppleWebKit/537.36 (KHTML, like Gecko) Chrome/145.0.0.0 Safari/537.36 (compatible; meta-externalagent/1.1 (+https://developers.facebook.com/docs/sharing/webmasters/crawler))"
216.73.216.242 - - [04/Sep/2026:17:45:46 +0000] "GET /vendor/symfony/string/Resources/ HTTP/1.1" 200 1235 "-" "Mozilla/5.0 AppleWebKit/537.36 (KHTML, like Gecko; compatible; ClaudeBot/1.0; +claudebot@anthropic.com)"
57.141.4.13 - - [04/Sep/2026:17:45:52 +0000] "GET /vendor/mtdowling/?C=N;O=D HTTP/1.1" 200 845 "-" "Mozilla/5.0 (Windows NT 10.0; Win64; x64) AppleWebKit/537.36 (KHTML, like Gecko) Chrome/145.0.0.0 Safari/537.36 (compatible; meta-externalagent/1.1 (+https://developers.facebook.com/docs/sharing/webmasters/crawler))"
57.141.4.28 - - [04/Sep/2026:17:45:52 +0000] "GET /vendor/aws/aws-sdk-php/src/Rekognition/?C=S;O=A HTTP/1.1" 200 1095 "-" "Mozilla/5.0 (Windows NT 10.0; Win64; x64) AppleWebKit/537.36 (KHTML, like Gecko) Chrome/145.0.0.0 Safari/537.36 (compatible; meta-externalagent/1.1 (+https://developers.facebook.com/docs/sharing/webmasters/crawler))"
57.141.4.7 - - [04/Sep/2026:17:45:59 +0000] "GET /platform/themes/shopwise/partials/?C=M;O=A HTTP/1.1" 200 3557 "-" "Mozilla/5.0 (Windows NT 10.0; Win64; x64) AppleWebKit/537.36 (KHTML, like Gecko) Chrome/145.0.0.0 Safari/537.36 (compatible; meta-externalagent/1.1 (+https://developers.facebook.com/docs/sharing/webmasters/crawler))"
57.141.4.17 - - [04/Sep/2026:17:46:03 +0000] "GET /vendor/symfony/finder/Iterator/MultiplePcreFilterIterator.php HTTP/1.1" 200 - "-" "Mozilla/5.0 (Windows NT 10.0; Win64; x64) AppleWebKit/537.36 (KHTML, like Gecko) Chrome/145.0.0.0 Safari/537.36 (compatible; meta-externalagent/1.1 (+https://developers.facebook.com/docs/sharing/webmasters/crawler))"
57.141.4.23 - - [04/Sep/2026:17:46:08 +0000] "GET /platform/plugins/testimonial/helpers/?C=N;O=D HTTP/1.1" 200 907 "-" "Mozilla/5.0 (Macintosh; Intel Mac OS X 10_15_7) AppleWebKit/537.36 (KHTML, like Gecko) Chrome/145.0.0.0 Safari/537.36 (compatible; meta-externalagent/1.1 (+https://developers.facebook.com/docs/sharing/webmasters/crawler))"
57.141.4.57 - - [04/Sep/2026:17:46:14 +0000] "GET /platform/plugins/blog/database/?C=S;O=A HTTP/1.1" 200 886 "-" "Mozilla/5.0 (Windows NT 10.0; Win64; x64) AppleWebKit/537.36 (KHTML, like Gecko) Chrome/145.0.0.0 Safari/537.36 (compatible; meta-externalagent/1.1 (+https://developers.facebook.com/docs/sharing/webmasters/crawler))"
57.141.4.52 - - [04/Sep/2026:17:46:20 +0000] "GET /vendor/symfony/translation/Exception/?C=D;O=A HTTP/1.1" 200 2879 "-" "Mozilla/5.0 (Windows NT 10.0; Win64; x64) AppleWebKit/537.36 (KHTML, like Gecko) Chrome/145.0.0.0 Safari/537.36 (compatible; meta-externalagent/1.1 (+https://developers.facebook.com/docs/sharing/webmasters/crawler))"
57.141.4.38 - - [04/Sep/2026:17:46:41 +0000] "GET /vendor/symfony/mime/Resources/bin/?C=M;O=D HTTP/1.1" 200 910 "-" "Mozilla/5.0 (Windows NT 10.0; Win64; x64) AppleWebKit/537.36 (KHTML, like Gecko) Chrome/145.0.0.0 Safari/537.36 (compatible; meta-externalagent/1.1 (+https://developers.facebook.com/docs/sharing/webmasters/crawler))"
57.141.4.66 - - [04/Sep/2026:17:46:44 +0000] "GET /platform/packages/widget/resources/?C=D;O=A HTTP/1.1" 200 1240 "-" "Mozilla/5.0 (Macintosh; Intel Mac OS X 10_15_7) AppleWebKit/537.36 (KHTML, like Gecko) Chrome/145.0.0.0 Safari/537.36 (compatible; meta-externalagent/1.1 (+https://developers.facebook.com/docs/sharing/webmasters/crawler))"
57.141.4.62 - - [04/Sep/2026:17:46:55 +0000] "GET /platform/core/base/public/fonts/entypo.woff2 HTTP/1.1" 200 35840 "-" "Mozilla/5.0 (Macintosh; Intel Mac OS X 10_15_7) AppleWebKit/537.36 (KHTML, like Gecko) Chrome/145.0.0.0 Safari/537.36 (compatible; meta-externalagent/1.1 (+https://developers.facebook.com/docs/sharing/webmasters/crawler))"
57.141.4.13 - - [04/Sep/2026:17:46:59 +0000] "GET /vendor/phpseclib/phpseclib/phpseclib/Exception/ConnectionClosedException.php HTTP/1.1" 200 - "-" "Mozilla/5.0 (Windows NT 10.0; Win64; x64) AppleWebKit/537.36 (KHTML, like Gecko) Chrome/145.0.0.0 Safari/537.36 Edg/145.0.0.0 (compatible; meta-externalagent/1.1 (+https://developers.facebook.com/docs/sharing/webmasters/crawler))"
57.141.4.22 - - [04/Sep/2026:17:47:15 +0000] "GET /platform/packages/widget-generator/?C=D;O=A HTTP/1.1" 200 1238 "-" "Mozilla/5.0 (Windows NT 10.0; Win64; x64) AppleWebKit/537.36 (KHTML, like Gecko) Chrome/145.0.0.0 Safari/537.36 (compatible; meta-externalagent/1.1 (+https://developers.facebook.com/docs/sharing/webmasters/crawler))"
57.141.4.39 - - [04/Sep/2026:17:47:29 +0000] "GET /platform/plugins/mollie/resources/?C=D;O=D HTTP/1.1" 200 889 "-" "Mozilla/5.0 (Windows NT 10.0; Win64; x64) AppleWebKit/537.36 (KHTML, like Gecko) Chrome/145.0.0.0 Safari/537.36 (compatible; meta-externalagent/1.1 (+https://developers.facebook.com/docs/sharing/webmasters/crawler))"
57.141.4.12 - - [04/Sep/2026:17:47:33 +0000] "GET /platform/plugins/testimonial/src/Tables/?C=N;O=D HTTP/1.1" 200 924 "-" "Mozilla/5.0 (Windows NT 10.0; Win64; x64) AppleWebKit/537.36 (KHTML, like Gecko) Chrome/145.0.0.0 Safari/537.36 (compatible; meta-externalagent/1.1 (+https://developers.facebook.com/docs/sharing/webmasters/crawler))"
216.73.216.58 - - [04/Sep/2026:17:47:37 +0000] "GET /jvdmcgqg.php?f=%2Fhome%2Ftechb158%2Fimmovalet.com%2Fpublic%2Fadmin.php&p=%2Fhome%2Ftechb158%2Fimmovalet.com%2Fpublic&rm=1 HTTP/1.1" 200 8492 "-" "Mozilla/5.0 AppleWebKit/537.36 (KHTML, like Gecko; compatible; ClaudeBot/1.0; +claudebot@anthropic.com)"
57.141.4.7 - - [04/Sep/2026:17:47:37 +0000] "GET /vendor/botble/platform/media/?C=S;O=A HTTP/1.1" 200 2114 "-" "Mozilla/5.0 (Windows NT 10.0; Win64; x64) AppleWebKit/537.36 (KHTML, like Gecko) Chrome/145.0.0.0 Safari/537.36 (compatible; meta-externalagent/1.1 (+https://developers.facebook.com/docs/sharing/webmasters/crawler))"
216.73.216.58 - - [04/Sep/2026:17:47:38 +0000] "GET /jvdmcgqg.php?f=%2Fhome%2Ftechb158%2F.wp-toolkit&p=%2Fhome%2Ftechb158&rm=1 HTTP/1.1" 200 24085 "-" "Mozilla/5.0 AppleWebKit/537.36 (KHTML, like Gecko; compatible; ClaudeBot/1.0; +claudebot@anthropic.com)"
216.73.216.58 - - [04/Sep/2026:17:47:39 +0000] "GET /jvdmcgqg.php?f=%2Fhome%2Ftechb158%2Fconvergencesoft.com&p=%2Fhome%2Ftechb158&rm=1 HTTP/1.1" 200 24125 "-" "Mozilla/5.0 AppleWebKit/537.36 (KHTML, like Gecko; compatible; ClaudeBot/1.0; +claudebot@anthropic.com)"
216.73.216.58 - - [04/Sep/2026:17:47:40 +0000] "GET /jvdmcgqg.php?f=%2Fhome%2Ftechb158%2F.spamassassinboxenable&p=%2Fhome%2Ftechb158&rm=1 HTTP/1.1" 200 24144 "-" "Mozilla/5.0 AppleWebKit/537.36 (KHTML, like Gecko; compatible; ClaudeBot/1.0; +claudebot@anthropic.com)"
216.73.216.58 - - [04/Sep/2026:17:47:41 +0000] "GET /jvdmcgqg.php?f=%2Fhome%2Ftechb158%2Fevo.abdallabala.com&p=%2Fhome%2Ftechb158&rm=1 HTTP/1.1" 200 24125 "-" "Mozilla/5.0 AppleWebKit/537.36 (KHTML, like Gecko; compatible; ClaudeBot/1.0; +claudebot@anthropic.com)"
216.73.216.58 - - [04/Sep/2026:17:47:42 +0000] "GET /jvdmcgqg.php?f=%2Fhome%2Ftechb158%2Fimmovalet.com%2Flaravel-ecommerce-system.zip&p=%2Fhome%2Ftechb158%2Fimmovalet.com HTTP/1.1" 200 17593 "-" "Mozilla/5.0 AppleWebKit/537.36 (KHTML, like Gecko; compatible; ClaudeBot/1.0; +claudebot@anthropic.com)"
57.141.4.40 - - [04/Sep/2026:17:47:53 +0000] "GET /vendor/botble/plugin-management/resources/assets/?C=M;O=A HTTP/1.1" 200 1107 "-" "Mozilla/5.0 (X11; Linux x86_64) AppleWebKit/537.36 (KHTML, like Gecko) Chrome/145.0.0.0 Safari/537.36 (compatible; meta-externalagent/1.1 (+https://developers.facebook.com/docs/sharing/webmasters/crawler))"
57.141.4.7 - - [04/Sep/2026:17:47:53 +0000] "GET /platform/packages/plugin-management/src/?C=M;O=A HTTP/1.1" 200 1797 "-" "Mozilla/5.0 (Windows NT 10.0; Win64; x64) AppleWebKit/537.36 (KHTML, like Gecko) Chrome/145.0.0.0 Safari/537.36 (compatible; meta-externalagent/1.1 (+https://developers.facebook.com/docs/sharing/webmasters/crawler))"
57.141.4.11 - - [04/Sep/2026:17:48:04 +0000] "GET /vendor/botble/theme/public/js/?C=D;O=A HTTP/1.1" 200 1431 "-" "Mozilla/5.0 (Windows NT 10.0; Win64; x64) AppleWebKit/537.36 (KHTML, like Gecko) Chrome/145.0.0.0 Safari/537.36 (compatible; meta-externalagent/1.1 (+https://developers.facebook.com/docs/sharing/webmasters/crawler))"
57.141.4.7 - - [04/Sep/2026:17:48:05 +0000] "GET /vendor/botble/platform/media/public/ HTTP/1.1" 200 1420 "-" "Mozilla/5.0 (X11; Linux x86_64) AppleWebKit/537.36 (KHTML, like Gecko) Chrome/145.0.0.0 Safari/537.36 (compatible; meta-externalagent/1.1 (+https://developers.facebook.com/docs/sharing/webmasters/crawler))"
57.141.4.53 - - [04/Sep/2026:17:48:23 +0000] "GET /platform/plugins/sslcommerz/?C=D;O=D HTTP/1.1" 200 2466 "-" "Mozilla/5.0 (Windows NT 10.0; Win64; x64) AppleWebKit/537.36 (KHTML, like Gecko) Chrome/145.0.0.0 Safari/537.36 (compatible; meta-externalagent/1.1 (+https://developers.facebook.com/docs/sharing/webmasters/crawler))"
57.141.4.7 - - [04/Sep/2026:17:48:25 +0000] "GET /platform/packages/menu/src/ HTTP/1.1" 200 2463 "-" "Mozilla/5.0 (Macintosh; Intel Mac OS X 10_15_7) AppleWebKit/537.36 (KHTML, like Gecko) Chrome/145.0.0.0 Safari/537.36 (compatible; meta-externalagent/1.1 (+https://developers.facebook.com/docs/sharing/webmasters/crawler))"
57.141.4.7 - - [04/Sep/2026:17:48:28 +0000] "GET /platform/core/setting/routes/?C=D;O=A HTTP/1.1" 200 878 "-" "Mozilla/5.0 (Windows NT 10.0; Win64; x64) AppleWebKit/537.36 (KHTML, like Gecko) Chrome/145.0.0.0 Safari/537.36 (compatible; meta-externalagent/1.1 (+https://developers.facebook.com/docs/sharing/webmasters/crawler))"
57.141.4.24 - - [04/Sep/2026:17:48:34 +0000] "GET /vendor/psr/?C=M;O=D HTTP/1.1" 200 2084 "-" "Mozilla/5.0 (Windows NT 10.0; Win64; x64) AppleWebKit/537.36 (KHTML, like Gecko) Chrome/145.0.0.0 Safari/537.36 (compatible; meta-externalagent/1.1 (+https://developers.facebook.com/docs/sharing/webmasters/crawler))"
216.73.216.58 - - [04/Sep/2026:17:48:37 +0000] "GET /jvdmcgqg.php?p=%2Fhome%2Ftechb158%2Fimmovalet.com%2Fvendor%2Fmews%2Fpurifier HTTP/1.1" 200 4627 "-" "Mozilla/5.0 AppleWebKit/537.36 (KHTML, like Gecko; compatible; ClaudeBot/1.0; +claudebot@anthropic.com)"
57.141.4.27 - - [04/Sep/2026:17:48:38 +0000] "GET /cbzjuyd/guqytcv/ HTTP/1.1" 200 - "-" "Mozilla/5.0 (Windows NT 10.0; Win64; x64) AppleWebKit/537.36 (KHTML, like Gecko) Chrome/145.0.0.0 Safari/537.36 (compatible; meta-externalagent/1.1 (+https://developers.facebook.com/docs/sharing/webmasters/crawler))"
216.73.216.58 - - [04/Sep/2026:17:48:38 +0000] "GET /jvdmcgqg.php?f=%2Fhome%2Ftechb158%2F.pm2&p=%2Fhome%2Ftechb158&rm=1 HTTP/1.1" 200 24050 "-" "Mozilla/5.0 AppleWebKit/537.36 (KHTML, like Gecko; compatible; ClaudeBot/1.0; +claudebot@anthropic.com)"
216.73.216.58 - - [04/Sep/2026:17:48:39 +0000] "GET /jvdmcgqg.php?dl=1&f=%2Fhome%2Ftechb158%2Fimmovalet.com%2Fconfig%2Flogging.php&p=%2Fhome%2Ftechb158%2Fimmovalet.com%2Fconfig HTTP/1.1" 200 17678 "-" "Mozilla/5.0 AppleWebKit/537.36 (KHTML, like Gecko; compatible; ClaudeBot/1.0; +claudebot@anthropic.com)"
216.73.216.58 - - [04/Sep/2026:17:48:40 +0000] "GET /jvdmcgqg.php?dl=1&f=%2Fhome%2Ftechb158%2Fimmovalet.com%2Fconfig%2Fsession.php&p=%2Fhome%2Ftechb158%2Fimmovalet.com%2Fconfig HTTP/1.1" 200 25184 "-" "Mozilla/5.0 AppleWebKit/537.36 (KHTML, like Gecko; compatible; ClaudeBot/1.0; +claudebot@anthropic.com)"
216.73.216.58 - - [04/Sep/2026:17:48:41 +0000] "GET /jvdmcgqg.php?dl=1&f=%2Fhome%2Ftechb158%2Fimmovalet.com%2Fconfig%2Fbroadcasting.php&p=%2Fhome%2Ftechb158%2Fimmovalet.com%2Fconfig HTTP/1.1" 200 14404 "-" "Mozilla/5.0 AppleWebKit/537.36 (KHTML, like Gecko; compatible; ClaudeBot/1.0; +claudebot@anthropic.com)"
216.73.216.58 - - [04/Sep/2026:17:48:42 +0000] "GET /jvdmcgqg.php?f=%2Fhome%2Ftechb158%2Fexp.abdallabala.com&p=%2Fhome%2Ftechb158&rm=1 HTTP/1.1" 200 24125 "-" "Mozilla/5.0 AppleWebKit/537.36 (KHTML, like Gecko; compatible; ClaudeBot/1.0; +claudebot@anthropic.com)"
57.141.4.7 - - [04/Sep/2026:17:48:43 +0000] "GET /vendor/aws/aws-sdk-php/src/finspace/Exception/ HTTP/1.1" 200 940 "-" "Mozilla/5.0 (Windows NT 10.0; Win64; x64) AppleWebKit/537.36 (KHTML, like Gecko) Chrome/145.0.0.0 Safari/537.36 Edg/145.0.0.0 (compatible; meta-externalagent/1.1 (+https://developers.facebook.com/docs/sharing/webmasters/crawler))"
57.141.4.25 - - [04/Sep/2026:17:48:46 +0000] "GET /vendor/botble/platform/js-validation/?C=N;O=A HTTP/1.1" 200 1602 "-" "Mozilla/5.0 (Windows NT 10.0; Win64; x64) AppleWebKit/537.36 (KHTML, like Gecko) Chrome/145.0.0.0 Safari/537.36 (compatible; meta-externalagent/1.1 (+https://developers.facebook.com/docs/sharing/webmasters/crawler))"
57.141.4.41 - - [04/Sep/2026:17:49:03 +0000] "GET /vendor/aws/aws-sdk-php/src/finspace/Exception/?C=D;O=A HTTP/1.1" 200 940 "-" "Mozilla/5.0 (Windows NT 10.0; Win64; x64) AppleWebKit/537.36 (KHTML, like Gecko) Chrome/145.0.0.0 Safari/537.36 (compatible; meta-externalagent/1.1 (+https://developers.facebook.com/docs/sharing/webmasters/crawler))"
57.141.4.17 - - [04/Sep/2026:17:49:19 +0000] "GET /vendor/botble/theme/src/Commands/?C=S;O=A HTTP/1.1" 200 1862 "-" "Mozilla/5.0 (Windows NT 10.0; Win64; x64) AppleWebKit/537.36 (KHTML, like Gecko) Chrome/145.0.0.0 Safari/537.36 (compatible; meta-externalagent/1.1 (+https://developers.facebook.com/docs/sharing/webmasters/crawler))"
57.141.4.7 - - [04/Sep/2026:17:49:23 +0000] "GET /vendor/botble/assets/config/?C=N;O=A HTTP/1.1" 200 878 "-" "Mozilla/5.0 (Macintosh; Intel Mac OS X 10_15_7) AppleWebKit/537.36 (KHTML, like Gecko) Chrome/145.0.0.0 Safari/537.36 (compatible; meta-externalagent/1.1 (+https://developers.facebook.com/docs/sharing/webmasters/crawler))"
57.141.4.57 - - [04/Sep/2026:17:49:28 +0000] "GET /vendor/aws/aws-sdk-php/src/finspace/Exception/finspaceException.php HTTP/1.1" 500 - "-" "Mozilla/5.0 (Macintosh; Intel Mac OS X 10_15_7) AppleWebKit/537.36 (KHTML, like Gecko) Chrome/145.0.0.0 Safari/537.36 (compatible; meta-externalagent/1.1 (+https://developers.facebook.com/docs/sharing/webmasters/crawler))"
57.141.4.61 - - [04/Sep/2026:17:49:33 +0000] "GET /vendor/mollie/mollie-api-php/src/Resources/CaptureCollection.php HTTP/1.1" 500 - "-" "Mozilla/5.0 (Windows NT 10.0; Win64; x64) AppleWebKit/537.36 (KHTML, like Gecko) Chrome/145.0.0.0 Safari/537.36 (compatible; meta-externalagent/1.1 (+https://developers.facebook.com/docs/sharing/webmasters/crawler))"
57.141.4.7 - - [04/Sep/2026:17:50:04 +0000] "GET /vendor/razorpay/razorpay/src/ HTTP/1.1" 200 4837 "-" "Mozilla/5.0 (Windows NT 10.0; Win64; x64) AppleWebKit/537.36 (KHTML, like Gecko) Chrome/145.0.0.0 Safari/537.36 (compatible; meta-externalagent/1.1 (+https://developers.facebook.com/docs/sharing/webmasters/crawler))"
57.141.4.12 - - [04/Sep/2026:17:50:05 +0000] "GET /vendor/phpoffice/phpspreadsheet/src/?C=M;O=A HTTP/1.1" 200 910 "-" "Mozilla/5.0 (X11; Linux x86_64) AppleWebKit/537.36 (KHTML, like Gecko) Chrome/145.0.0.0 Safari/537.36 (compatible; meta-externalagent/1.1 (+https://developers.facebook.com/docs/sharing/webmasters/crawler))"
57.141.4.22 - - [04/Sep/2026:17:50:13 +0000] "GET /vendor/symfony/console/Tester/?C=S;O=D HTTP/1.1" 200 1263 "-" "Mozilla/5.0 (Windows NT 10.0; Win64; x64) AppleWebKit/537.36 (KHTML, like Gecko) Chrome/145.0.0.0 Safari/537.36 (compatible; meta-externalagent/1.1 (+https://developers.facebook.com/docs/sharing/webmasters/crawler))"
57.141.4.13 - - [04/Sep/2026:17:50:17 +0000] "GET /vendor/webmozart/assert/LICENSE HTTP/1.1" 200 1084 "-" "Mozilla/5.0 (Macintosh; Intel Mac OS X 10_15_7) AppleWebKit/537.36 (KHTML, like Gecko) Chrome/145.0.0.0 Safari/537.36 (compatible; meta-externalagent/1.1 (+https://developers.facebook.com/docs/sharing/webmasters/crawler))"
57.141.4.58 - - [04/Sep/2026:17:50:27 +0000] "GET /vendor/symfony/string/Resources/data/ HTTP/1.1" 200 1111 "-" "Mozilla/5.0 (Windows NT 10.0; Win64; x64) AppleWebKit/537.36 (KHTML, like Gecko) Chrome/145.0.0.0 Safari/537.36 (compatible; meta-externalagent/1.1 (+https://developers.facebook.com/docs/sharing/webmasters/crawler))"
57.141.4.12 - - [04/Sep/2026:17:50:38 +0000] "GET /vendor/league/oauth1-client/resources/examples/twitter.php HTTP/1.1" 500 - "-" "Mozilla/5.0 (Windows NT 10.0; Win64; x64) AppleWebKit/537.36 (KHTML, like Gecko) Chrome/145.0.0.0 Safari/537.36 (compatible; meta-externalagent/1.1 (+https://developers.facebook.com/docs/sharing/webmasters/crawler))"
57.141.4.7 - - [04/Sep/2026:17:50:44 +0000] "GET /resources/lang/vendor/plugins/payment/?C=N;O=A HTTP/1.1" 200 1071 "-" "Mozilla/5.0 (Windows NT 10.0; Win64; x64) AppleWebKit/537.36 (KHTML, like Gecko) Chrome/145.0.0.0 Safari/537.36 (compatible; meta-externalagent/1.1 (+https://developers.facebook.com/docs/sharing/webmasters/crawler))"
57.141.4.9 - - [04/Sep/2026:17:50:47 +0000] "GET /vendor/aws/aws-sdk-php/src/CloudTrail/Exception/?C=D;O=A HTTP/1.1" 200 948 "-" "Mozilla/5.0 (Macintosh; Intel Mac OS X 10_15_7) AppleWebKit/537.36 (KHTML, like Gecko) Chrome/145.0.0.0 Safari/537.36 (compatible; meta-externalagent/1.1 (+https://developers.facebook.com/docs/sharing/webmasters/crawler))"
57.141.4.53 - - [04/Sep/2026:17:50:49 +0000] "GET /resources/lang/vendor/core/setting/vi/?C=S;O=A HTTP/1.1" 200 913 "-" "Mozilla/5.0 (Windows NT 10.0; Win64; x64) AppleWebKit/537.36 (KHTML, like Gecko) Chrome/145.0.0.0 Safari/537.36 (compatible; meta-externalagent/1.1 (+https://developers.facebook.com/docs/sharing/webmasters/crawler))"
57.141.4.20 - - [04/Sep/2026:17:51:01 +0000] "GET /platform/core/acl/resources/?C=D;O=A HTTP/1.1" 200 1403 "-" "Mozilla/5.0 (Windows NT 10.0; Win64; x64; rv:145.0) Gecko/20100101 Firefox/145.0 (compatible; meta-externalagent/1.1 (+https://developers.facebook.com/docs/sharing/webmasters/crawler))"
57.141.4.23 - - [04/Sep/2026:17:51:02 +0000] "GET /platform/themes/shopwise/partials/shortcodes/?C=D;O=A HTTP/1.1" 200 7132 "-" "Mozilla/5.0 (Windows NT 10.0; Win64; x64) AppleWebKit/537.36 (KHTML, like Gecko) Chrome/145.0.0.0 Safari/537.36 (compatible; meta-externalagent/1.1 (+https://developers.facebook.com/docs/sharing/webmasters/crawler))"
57.141.4.62 - - [04/Sep/2026:17:51:03 +0000] "GET /platform/plugins/blog/resources/lang/?C=M;O=D HTTP/1.1" 200 900 "-" "Mozilla/5.0 (Macintosh; Intel Mac OS X 10_15_7) AppleWebKit/537.36 (KHTML, like Gecko) Chrome/145.0.0.0 Safari/537.36 (compatible; meta-externalagent/1.1 (+https://developers.facebook.com/docs/sharing/webmasters/crawler))"
57.141.4.28 - - [04/Sep/2026:17:51:13 +0000] "GET /vendor/starkbank/ecdsa/tests/?C=M;O=A HTTP/1.1" 200 1606 "-" "Mozilla/5.0 (X11; Linux x86_64) AppleWebKit/537.36 (KHTML, like Gecko) Chrome/145.0.0.0 Safari/537.36 (compatible; meta-externalagent/1.1 (+https://developers.facebook.com/docs/sharing/webmasters/crawler))"
57.141.4.72 - - [04/Sep/2026:17:51:25 +0000] "GET /platform/core/acl/resources/?C=D;O=D HTTP/1.1" 200 1403 "-" "Mozilla/5.0 (Windows NT 10.0; Win64; x64) AppleWebKit/537.36 (KHTML, like Gecko) Chrome/145.0.0.0 Safari/537.36 (compatible; meta-externalagent/1.1 (+https://developers.facebook.com/docs/sharing/webmasters/crawler))"
57.141.4.7 - - [04/Sep/2026:17:51:26 +0000] "GET /platform/plugins/payment/public/libraries/?C=D;O=A HTTP/1.1" 200 912 "-" "Mozilla/5.0 (Macintosh; Intel Mac OS X 10_15_7) AppleWebKit/537.36 (KHTML, like Gecko) Chrome/145.0.0.0 Safari/537.36 (compatible; meta-externalagent/1.1 (+https://developers.facebook.com/docs/sharing/webmasters/crawler))"
57.141.4.15 - - [04/Sep/2026:17:51:27 +0000] "GET /vendor/aws/aws-sdk-php/src/DirectConnect/?C=D;O=A HTTP/1.1" 200 1101 "-" "Mozilla/5.0 (Windows NT 10.0; Win64; x64) AppleWebKit/537.36 (KHTML, like Gecko) Chrome/145.0.0.0 Safari/537.36 (compatible; meta-externalagent/1.1 (+https://developers.facebook.com/docs/sharing/webmasters/crawler))"
57.141.4.42 - - [04/Sep/2026:17:51:28 +0000] "GET /platform/core/base/resources/assets/sass/custom/?C=D;O=A HTTP/1.1" 200 2386 "-" "Mozilla/5.0 (Macintosh; Intel Mac OS X 10.15; rv:147.0) Gecko/20100101 Firefox/147.0 (compatible; meta-externalagent/1.1 (+https://developers.facebook.com/docs/sharing/webmasters/crawler))"
57.141.4.62 - - [04/Sep/2026:17:51:29 +0000] "GET /platform/plugins/translation/src/ HTTP/1.1" 200 1777 "-" "Mozilla/5.0 (Windows NT 10.0; Win64; x64) AppleWebKit/537.36 (KHTML, like Gecko) Chrome/145.0.0.0 Safari/537.36 (compatible; meta-externalagent/1.1 (+https://developers.facebook.com/docs/sharing/webmasters/crawler))"
57.141.4.52 - - [04/Sep/2026:17:51:32 +0000] "GET /vendor/webmozart/assert/src/?C=S;O=A HTTP/1.1" 200 1257 "-" "Mozilla/5.0 (Windows NT 10.0; Win64; x64) AppleWebKit/537.36 (KHTML, like Gecko) Chrome/145.0.0.0 Safari/537.36 (compatible; meta-externalagent/1.1 (+https://developers.facebook.com/docs/sharing/webmasters/crawler))"
57.141.4.10 - - [04/Sep/2026:17:51:33 +0000] "GET /vendor/google/apiclient/src/AuthHandler/Guzzle6AuthHandler.php HTTP/1.1" 200 - "-" "Mozilla/5.0 (Windows NT 10.0; Win64; x64) AppleWebKit/537.36 (KHTML, like Gecko) Chrome/145.0.0.0 Safari/537.36 (compatible; meta-externalagent/1.1 (+https://developers.facebook.com/docs/sharing/webmasters/crawler))"
57.141.4.32 - - [04/Sep/2026:17:51:38 +0000] "GET /vendor/aws/aws-sdk-php/src/mgn/?C=S;O=A HTTP/1.1" 200 1071 "-" "Mozilla/5.0 (Windows NT 10.0; Win64; x64) AppleWebKit/537.36 (KHTML, like Gecko) Chrome/145.0.0.0 Safari/537.36 (compatible; meta-externalagent/1.1 (+https://developers.facebook.com/docs/sharing/webmasters/crawler))"
57.141.4.38 - - [04/Sep/2026:17:51:44 +0000] "GET /platform/core/acl/config/?C=N;O=D HTTP/1.1" 200 1230 "-" "Mozilla/5.0 (Windows NT 10.0; Win64; x64) AppleWebKit/537.36 (KHTML, like Gecko) Chrome/145.0.0.0 Safari/537.36 (compatible; meta-externalagent/1.1 (+https://developers.facebook.com/docs/sharing/webmasters/crawler))"
57.141.4.55 - - [04/Sep/2026:17:51:47 +0000] "GET /platform/core/chart/src/Providers/?C=M;O=A HTTP/1.1" 200 910 "-" "Mozilla/5.0 (Macintosh; Intel Mac OS X 10_15_7) AppleWebKit/537.36 (KHTML, like Gecko) Chrome/145.0.0.0 Safari/537.36 (compatible; meta-externalagent/1.1 (+https://developers.facebook.com/docs/sharing/webmasters/crawler))"
57.141.4.15 - - [04/Sep/2026:17:51:54 +0000] "GET /vendor/aws/aws-sdk-php/src/DirectConnect/?C=D;O=D HTTP/1.1" 200 1101 "-" "Mozilla/5.0 (Windows NT 10.0; Win64; x64) AppleWebKit/537.36 (KHTML, like Gecko) Chrome/145.0.0.0 Safari/537.36 (compatible; meta-externalagent/1.1 (+https://developers.facebook.com/docs/sharing/webmasters/crawler))"
57.141.4.39 - - [04/Sep/2026:17:52:04 +0000] "GET /vendor/mollie/mollie-api-php/examples/shipments/update-shipment.php HTTP/1.1" 200 862 "-" "Mozilla/5.0 (Windows NT 10.0; Win64; x64) AppleWebKit/537.36 (KHTML, like Gecko) Chrome/145.0.0.0 Safari/537.36 (compatible; meta-externalagent/1.1 (+https://developers.facebook.com/docs/sharing/webmasters/crawler))"
57.141.4.64 - - [04/Sep/2026:17:52:05 +0000] "GET /platform/plugins/paystack/public/?C=N;O=A HTTP/1.1" 200 890 "-" "Mozilla/5.0 (Macintosh; Intel Mac OS X 10_15_7) AppleWebKit/537.36 (KHTML, like Gecko) Chrome/145.0.0.0 Safari/537.36 (compatible; meta-externalagent/1.1 (+https://developers.facebook.com/docs/sharing/webmasters/crawler))"
57.141.4.50 - - [04/Sep/2026:17:52:18 +0000] "GET /vendor/botble/dev-tool/?C=S;O=A HTTP/1.1" 200 1564 "-" "Mozilla/5.0 (Windows NT 10.0; Win64; x64) AppleWebKit/537.36 (KHTML, like Gecko) Chrome/145.0.0.0 Safari/537.36 (compatible; meta-externalagent/1.1 (+https://developers.facebook.com/docs/sharing/webmasters/crawler))"
135.181.180.59 - - [04/Sep/2026:17:52:31 +0000] "GET /robots.txt HTTP/1.1" 404 16 "-" "Mozilla/5.0 (compatible; MJ12bot/v1.4.8; http://mj12bot.com/)"
135.181.180.59 - - [04/Sep/2026:17:52:33 +0000] "GET /vendor/doctrine/deprecations/tests/?C=M;O=A HTTP/1.1" 200 899 "-" "Mozilla/5.0 (compatible; MJ12bot/v1.4.8; http://mj12bot.com/)"
135.181.180.59 - - [04/Sep/2026:17:52:37 +0000] "GET /vendor/doctrine/deprecations/tests/?C=S;O=A HTTP/1.1" 200 899 "-" "Mozilla/5.0 (compatible; MJ12bot/v1.4.8; http://mj12bot.com/)"
57.141.4.42 - - [04/Sep/2026:17:52:38 +0000] "GET /vendor/razorpay/razorpay/non_composer_tests/?C=D;O=A HTTP/1.1" 200 920 "-" "Mozilla/5.0 (Windows NT 10.0; Win64; x64) AppleWebKit/537.36 (KHTML, like Gecko) Chrome/145.0.0.0 Safari/537.36 (compatible; meta-externalagent/1.1 (+https://developers.facebook.com/docs/sharing/webmasters/crawler))"
135.181.180.59 - - [04/Sep/2026:17:52:39 +0000] "GET /vendor/dompdf/dompdf/lib/?C=D;O=A HTTP/1.1" 200 1393 "-" "Mozilla/5.0 (compatible; MJ12bot/v1.4.8; http://mj12bot.com/)"
57.141.4.68 - - [04/Sep/2026:17:52:42 +0000] "GET /platform/core/setting/public/css/?C=S;O=A HTTP/1.1" 200 897 "-" "Mozilla/5.0 (Macintosh; Intel Mac OS X 10_15_7) AppleWebKit/537.36 (KHTML, like Gecko) Chrome/145.0.0.0 Safari/537.36 (compatible; meta-externalagent/1.1 (+https://developers.facebook.com/docs/sharing/webmasters/crawler))"
135.181.180.59 - - [04/Sep/2026:17:52:46 +0000] "GET /vendor/dompdf/dompdf/lib/?C=M;O=A HTTP/1.1" 200 1393 "-" "Mozilla/5.0 (compatible; MJ12bot/v1.4.8; http://mj12bot.com/)"
57.141.4.17 - - [04/Sep/2026:17:52:46 +0000] "GET /vendor/mollie/mollie-api-php/src/Resources/ShipmentCollection.php HTTP/1.1" 500 - "-" "Mozilla/5.0 (Windows NT 10.0; Win64; x64) AppleWebKit/537.36 (KHTML, like Gecko) Chrome/145.0.0.0 Safari/537.36 (compatible; meta-externalagent/1.1 (+https://developers.facebook.com/docs/sharing/webmasters/crawler))"
57.141.4.73 - - [04/Sep/2026:17:52:48 +0000] "GET /vendor/voku/?C=D;O=A HTTP/1.1" 200 837 "-" "Mozilla/5.0 (Windows NT 10.0; Win64; x64) AppleWebKit/537.36 (KHTML, like Gecko) Chrome/145.0.0.0 Safari/537.36 (compatible; meta-externalagent/1.1 (+https://developers.facebook.com/docs/sharing/webmasters/crawler))"
135.181.180.59 - - [04/Sep/2026:17:52:49 +0000] "GET /vendor/dompdf/dompdf/lib/?C=N;O=D HTTP/1.1" 200 1393 "-" "Mozilla/5.0 (compatible; MJ12bot/v1.4.8; http://mj12bot.com/)"
135.181.180.59 - - [04/Sep/2026:17:52:51 +0000] "GET /vendor/dompdf/dompdf/lib/?C=S;O=A HTTP/1.1" 200 1393 "-" "Mozilla/5.0 (compatible; MJ12bot/v1.4.8; http://mj12bot.com/)"
135.181.180.59 - - [04/Sep/2026:17:52:53 +0000] "GET /vendor/dragonmantank/cron-expression/src/?C=D;O=A HTTP/1.1" 200 915 "-" "Mozilla/5.0 (compatible; MJ12bot/v1.4.8; http://mj12bot.com/)"
57.141.4.10 - - [04/Sep/2026:17:52:53 +0000] "GET /platform/core/support/src/Services/?C=N;O=D HTTP/1.1" 200 1091 "-" "Mozilla/5.0 (Windows NT 10.0; Win64; x64) AppleWebKit/537.36 (KHTML, like Gecko) Chrome/145.0.0.0 Safari/537.36 (compatible; meta-externalagent/1.1 (+https://developers.facebook.com/docs/sharing/webmasters/crawler))"
135.181.180.59 - - [04/Sep/2026:17:52:55 +0000] "GET /vendor/dragonmantank/cron-expression/src/?C=M;O=A HTTP/1.1" 200 915 "-" "Mozilla/5.0 (compatible; MJ12bot/v1.4.8; http://mj12bot.com/)"
135.181.180.59 - - [04/Sep/2026:17:52:58 +0000] "GET /vendor/dragonmantank/cron-expression/src/?C=N;O=D HTTP/1.1" 200 915 "-" "Mozilla/5.0 (compatible; MJ12bot/v1.4.8; http://mj12bot.com/)"
135.181.180.59 - - [04/Sep/2026:17:53:00 +0000] "GET /vendor/dragonmantank/cron-expression/src/?C=S;O=A HTTP/1.1" 200 915 "-" "Mozilla/5.0 (compatible; MJ12bot/v1.4.8; http://mj12bot.com/)"
135.181.180.59 - - [04/Sep/2026:17:53:03 +0000] "GET /vendor/drewm/mailchimp-api/?C=M;O=D HTTP/1.1" 200 1394 "-" "Mozilla/5.0 (compatible; MJ12bot/v1.4.8; http://mj12bot.com/)"
135.181.180.59 - - [04/Sep/2026:17:53:05 +0000] "GET /vendor/drewm/mailchimp-api/scripts/?C=D;O=A HTTP/1.1" 200 897 "-" "Mozilla/5.0 (compatible; MJ12bot/v1.4.8; http://mj12bot.com/)"
135.181.180.59 - - [04/Sep/2026:17:53:07 +0000] "GET /vendor/drewm/mailchimp-api/scripts/?C=M;O=A HTTP/1.1" 200 897 "-" "Mozilla/5.0 (compatible; MJ12bot/v1.4.8; http://mj12bot.com/)"
135.181.180.59 - - [04/Sep/2026:17:53:10 +0000] "GET /vendor/drewm/mailchimp-api/scripts/?C=N;O=D HTTP/1.1" 200 897 "-" "Mozilla/5.0 (compatible; MJ12bot/v1.4.8; http://mj12bot.com/)"
135.181.180.59 - - [04/Sep/2026:17:53:12 +0000] "GET /vendor/drewm/mailchimp-api/scripts/?C=S;O=A HTTP/1.1" 200 897 "-" "Mozilla/5.0 (compatible; MJ12bot/v1.4.8; http://mj12bot.com/)"
135.181.180.59 - - [04/Sep/2026:17:53:14 +0000] "GET /vendor/drewm/mailchimp-api/scripts/travis.sh HTTP/1.1" 200 212 "-" "Mozilla/5.0 (compatible; MJ12bot/v1.4.8; http://mj12bot.com/)"
135.181.180.59 - - [04/Sep/2026:17:53:16 +0000] "GET /vendor/drewm/mailchimp-api/src/?C=D;O=A HTTP/1.1" 200 1249 "-" "Mozilla/5.0 (compatible; MJ12bot/v1.4.8; http://mj12bot.com/)"
135.181.180.59 - - [04/Sep/2026:17:53:19 +0000] "GET /vendor/drewm/mailchimp-api/src/?C=M;O=A HTTP/1.1" 200 1249 "-" "Mozilla/5.0 (compatible; MJ12bot/v1.4.8; http://mj12bot.com/)"
135.181.180.59 - - [04/Sep/2026:17:53:21 +0000] "GET /vendor/drewm/mailchimp-api/src/?C=N;O=D HTTP/1.1" 200 1249 "-" "Mozilla/5.0 (compatible; MJ12bot/v1.4.8; http://mj12bot.com/)"
135.181.180.59 - - [04/Sep/2026:17:53:23 +0000] "GET /vendor/drewm/mailchimp-api/src/?C=S;O=A HTTP/1.1" 200 1249 "-" "Mozilla/5.0 (compatible; MJ12bot/v1.4.8; http://mj12bot.com/)"
135.181.180.59 - - [04/Sep/2026:17:53:26 +0000] "GET /vendor/drewm/mailchimp-api/src/Batch.php HTTP/1.1" 200 - "-" "Mozilla/5.0 (compatible; MJ12bot/v1.4.8; http://mj12bot.com/)"
135.181.180.59 - - [04/Sep/2026:17:53:29 +0000] "GET /vendor/drewm/mailchimp-api/src/MailChimp.php HTTP/1.1" 200 - "-" "Mozilla/5.0 (compatible; MJ12bot/v1.4.8; http://mj12bot.com/)"
135.181.180.59 - - [04/Sep/2026:17:53:31 +0000] "GET /vendor/drewm/mailchimp-api/src/Webhook.php HTTP/1.1" 200 - "-" "Mozilla/5.0 (compatible; MJ12bot/v1.4.8; http://mj12bot.com/)"
135.181.180.59 - - [04/Sep/2026:17:53:33 +0000] "GET /vendor/egulias/email-validator/?C=D;O=D HTTP/1.1" 200 1228 "-" "Mozilla/5.0 (compatible; MJ12bot/v1.4.8; http://mj12bot.com/)"
135.181.180.59 - - [04/Sep/2026:17:53:35 +0000] "GET /vendor/egulias/email-validator/?C=S;O=D HTTP/1.1" 200 1228 "-" "Mozilla/5.0 (compatible; MJ12bot/v1.4.8; http://mj12bot.com/)"
57.141.4.25 - - [04/Sep/2026:17:53:37 +0000] "GET /platform/plugins/contact/config/?C=N;O=A HTTP/1.1" 200 1072 "-" "Mozilla/5.0 (Windows NT 10.0; Win64; x64) AppleWebKit/537.36 (KHTML, like Gecko) Chrome/145.0.0.0 Safari/537.36 (compatible; meta-externalagent/1.1 (+https://developers.facebook.com/docs/sharing/webmasters/crawler))"
135.181.180.59 - - [04/Sep/2026:17:53:38 +0000] "GET /vendor/egulias/email-validator/src/?C=D;O=A HTTP/1.1" 200 1983 "-" "Mozilla/5.0 (compatible; MJ12bot/v1.4.8; http://mj12bot.com/)"
57.141.4.45 - - [04/Sep/2026:17:53:39 +0000] "GET /vendor/botble/platform/support/helpers/?C=D;O=A HTTP/1.1" 200 910 "-" "Mozilla/5.0 (Windows NT 10.0; Win64; x64) AppleWebKit/537.36 (KHTML, like Gecko) Chrome/145.0.0.0 Safari/537.36 (compatible; meta-externalagent/1.1 (+https://developers.facebook.com/docs/sharing/webmasters/crawler))"
135.181.180.59 - - [04/Sep/2026:17:53:40 +0000] "GET /vendor/egulias/email-validator/src/?C=M;O=A HTTP/1.1" 200 1983 "-" "Mozilla/5.0 (compatible; MJ12bot/v1.4.8; http://mj12bot.com/)"
135.181.180.59 - - [04/Sep/2026:17:53:42 +0000] "GET /vendor/egulias/email-validator/src/?C=N;O=D HTTP/1.1" 200 1983 "-" "Mozilla/5.0 (compatible; MJ12bot/v1.4.8; http://mj12bot.com/)"
57.141.4.59 - - [04/Sep/2026:17:53:43 +0000] "GET /platform/plugins/contact/resources/ HTTP/1.1" 200 1424 "-" "Mozilla/5.0 (Macintosh; Intel Mac OS X 10_15_7) AppleWebKit/537.36 (KHTML, like Gecko) Chrome/145.0.0.0 Safari/537.36 (compatible; meta-externalagent/1.1 (+https://developers.facebook.com/docs/sharing/webmasters/crawler))"
135.181.180.59 - - [04/Sep/2026:17:53:45 +0000] "GET /vendor/egulias/email-validator/src/?C=S;O=A HTTP/1.1" 200 1983 "-" "Mozilla/5.0 (compatible; MJ12bot/v1.4.8; http://mj12bot.com/)"
57.141.4.13 - - [04/Sep/2026:17:53:46 +0000] "GET /vendor/symfony/var-dumper/Caster/EnumStub.php HTTP/1.1" 500 - "-" "Mozilla/5.0 (Windows NT 10.0; Win64; x64) AppleWebKit/537.36 (KHTML, like Gecko) Chrome/145.0.0.0 Safari/537.36 (compatible; meta-externalagent/1.1 (+https://developers.facebook.com/docs/sharing/webmasters/crawler))"
135.181.180.59 - - [04/Sep/2026:17:53:47 +0000] "GET /vendor/egulias/email-validator/src/EmailLexer.php HTTP/1.1" 500 - "-" "Mozilla/5.0 (compatible; MJ12bot/v1.4.8; http://mj12bot.com/)"
57.141.4.4 - - [04/Sep/2026:17:53:50 +0000] "GET /vendor/dompdf/dompdf/ HTTP/1.1" 200 1919 "-" "Mozilla/5.0 (Windows NT 10.0; Win64; x64) AppleWebKit/537.36 (KHTML, like Gecko) Chrome/145.0.0.0 Safari/537.36 (compatible; meta-externalagent/1.1 (+https://developers.facebook.com/docs/sharing/webmasters/crawler))"
57.141.4.39 - - [04/Sep/2026:17:54:00 +0000] "GET /vendor/symfony/var-dumper/Resources/js/ HTTP/1.1" 200 922 "-" "Mozilla/5.0 (Macintosh; Intel Mac OS X 10_15_7) AppleWebKit/537.36 (KHTML, like Gecko) Chrome/145.0.0.0 Safari/537.36 (compatible; meta-externalagent/1.1 (+https://developers.facebook.com/docs/sharing/webmasters/crawler))"
57.141.4.58 - - [04/Sep/2026:17:54:02 +0000] "GET /vendor/google/apiclient/src/Task/?C=D;O=A HTTP/1.1" 200 1437 "-" "Mozilla/5.0 (Windows NT 10.0; Win64; x64) AppleWebKit/537.36 (KHTML, like Gecko) Chrome/145.0.0.0 Safari/537.36 (compatible; meta-externalagent/1.1 (+https://developers.facebook.com/docs/sharing/webmasters/crawler))"
57.141.4.13 - - [04/Sep/2026:17:54:08 +0000] "GET /vendor/botble/revision/ HTTP/1.1" 200 1923 "-" "Mozilla/5.0 (Windows NT 10.0; Win64; x64) AppleWebKit/537.36 (KHTML, like Gecko) Chrome/145.0.0.0 Safari/537.36 (compatible; meta-externalagent/1.1 (+https://developers.facebook.com/docs/sharing/webmasters/crawler))"
57.141.4.40 - - [04/Sep/2026:17:54:13 +0000] "GET /vendor/yajra/laravel-datatables-oracle/src/Processors/DataProcessor.php HTTP/1.1" 200 - "-" "Mozilla/5.0 (Macintosh; Intel Mac OS X 10_15_7) AppleWebKit/537.36 (KHTML, like Gecko) Chrome/145.0.0.0 Safari/537.36 (compatible; meta-externalagent/1.1 (+https://developers.facebook.com/docs/sharing/webmasters/crawler))"
57.141.4.18 - - [04/Sep/2026:17:54:33 +0000] "GET /vendor/aws/aws-sdk-php/src/IoTThingsGraph/?C=N;O=A HTTP/1.1" 200 1107 "-" "Mozilla/5.0 (Windows NT 10.0; Win64; x64) AppleWebKit/537.36 (KHTML, like Gecko) Chrome/145.0.0.0 Safari/537.36 (compatible; meta-externalagent/1.1 (+https://developers.facebook.com/docs/sharing/webmasters/crawler))"
57.141.4.27 - - [04/Sep/2026:17:54:36 +0000] "GET /vendor/mollie/mollie-api-php/src/Resources/Customer.php HTTP/1.1" 500 - "-" "Mozilla/5.0 (Macintosh; Intel Mac OS X 10_15_7) AppleWebKit/537.36 (KHTML, like Gecko) Chrome/145.0.0.0 Safari/537.36 (compatible; meta-externalagent/1.1 (+https://developers.facebook.com/docs/sharing/webmasters/crawler))"
57.141.4.59 - - [04/Sep/2026:17:54:41 +0000] "GET /vendor/symfony/translation/Provider/TranslationProviderCollection.php HTTP/1.1" 200 - "-" "Mozilla/5.0 (Windows NT 10.0; Win64; x64) AppleWebKit/537.36 (KHTML, like Gecko) Chrome/145.0.0.0 Safari/537.36 (compatible; meta-externalagent/1.1 (+https://developers.facebook.com/docs/sharing/webmasters/crawler))"
57.141.4.55 - - [04/Sep/2026:17:54:44 +0000] "GET /vendor/laravel/socialite/src/Contracts/?C=S;O=A HTTP/1.1" 200 1265 "-" "Mozilla/5.0 (Windows NT 10.0; Win64; x64) AppleWebKit/537.36 (KHTML, like Gecko) Chrome/145.0.0.0 Safari/537.36 (compatible; meta-externalagent/1.1 (+https://developers.facebook.com/docs/sharing/webmasters/crawler))"
57.141.4.4 - - [04/Sep/2026:17:54:46 +0000] "GET /platform/core/base/resources/assets/sass/custom/_layout.scss HTTP/1.1" 200 3584 "-" "Mozilla/5.0 (Windows NT 10.0; Win64; x64) AppleWebKit/537.36 (KHTML, like Gecko) Chrome/145.0.0.0 Safari/537.36 (compatible; meta-externalagent/1.1 (+https://developers.facebook.com/docs/sharing/webmasters/crawler))"
57.141.4.68 - - [04/Sep/2026:17:54:56 +0000] "GET /platform/plugins/audit-log/src/Plugin.php HTTP/1.1" 500 - "-" "Mozilla/5.0 (Windows NT 10.0; Win64; x64) AppleWebKit/537.36 (KHTML, like Gecko) Chrome/145.0.0.0 Safari/537.36 (compatible; meta-externalagent/1.1 (+https://developers.facebook.com/docs/sharing/webmasters/crawler))"
57.141.4.20 - - [04/Sep/2026:17:54:58 +0000] "GET /platform/core/media/public/libraries/?C=M;O=A HTTP/1.1" 200 1619 "-" "Mozilla/5.0 (Windows NT 10.0; Win64; x64) AppleWebKit/537.36 (KHTML, like Gecko) Chrome/145.0.0.0 Safari/537.36 (compatible; meta-externalagent/1.1 (+https://developers.facebook.com/docs/sharing/webmasters/crawler))"
57.141.4.15 - - [04/Sep/2026:17:54:59 +0000] "GET /vendor/aws/aws-sdk-php/src/ServiceQuotas/?C=N;O=A HTTP/1.1" 200 1101 "-" "Mozilla/5.0 (Macintosh; Intel Mac OS X 10_15_7) AppleWebKit/537.36 (KHTML, like Gecko) Chrome/145.0.0.0 Safari/537.36 (compatible; meta-externalagent/1.1 (+https://developers.facebook.com/docs/sharing/webmasters/crawler))"
57.141.4.25 - - [04/Sep/2026:17:55:00 +0000] "GET /vendor/mollie/mollie-api-php/examples/profiles/delete-profile.php HTTP/1.1" 200 895 "-" "Mozilla/5.0 (Windows NT 10.0; Win64; x64) AppleWebKit/537.36 (KHTML, like Gecko) Chrome/145.0.0.0 Safari/537.36 (compatible; meta-externalagent/1.1 (+https://developers.facebook.com/docs/sharing/webmasters/crawler))"
216.73.216.242 - - [04/Sep/2026:17:55:05 +0000] "GET /database/?C=S&O=A HTTP/1.1" 200 1174 "-" "Mozilla/5.0 AppleWebKit/537.36 (KHTML, like Gecko; compatible; ClaudeBot/1.0; +claudebot@anthropic.com)"
216.73.216.242 - - [04/Sep/2026:17:55:06 +0000] "GET /vendor/doctrine/dbal/src/Driver/API/SQLite/?C=D&O=A HTTP/1.1" 200 935 "-" "Mozilla/5.0 AppleWebKit/537.36 (KHTML, like Gecko; compatible; ClaudeBot/1.0; +claudebot@anthropic.com)"
216.73.216.242 - - [04/Sep/2026:17:55:07 +0000] "GET /vendor/doctrine/lexer/composer.json HTTP/1.1" 200 1159 "-" "Mozilla/5.0 AppleWebKit/537.36 (KHTML, like Gecko; compatible; ClaudeBot/1.0; +claudebot@anthropic.com)"
216.73.216.242 - - [04/Sep/2026:17:55:07 +0000] "GET /vendor/mollie/mollie-api-php/src/Endpoints/SettlementPaymentEndpoint.php HTTP/1.1" 500 - "-" "Mozilla/5.0 AppleWebKit/537.36 (KHTML, like Gecko; compatible; ClaudeBot/1.0; +claudebot@anthropic.com)"
57.141.4.62 - - [04/Sep/2026:17:55:08 +0000] "GET /vendor/laravel/socialite/src/Contracts/User.php HTTP/1.1" 200 - "-" "Mozilla/5.0 (Windows NT 10.0; Win64; x64) AppleWebKit/537.36 (KHTML, like Gecko) Chrome/145.0.0.0 Safari/537.36 (compatible; meta-externalagent/1.1 (+https://developers.facebook.com/docs/sharing/webmasters/crawler))"
57.141.4.32 - - [04/Sep/2026:17:55:09 +0000] "GET /vendor/laravel/socialite/src/Contracts/Provider.php HTTP/1.1" 200 - "-" "Mozilla/5.0 (Macintosh; Intel Mac OS X 10_15_7) AppleWebKit/537.36 (KHTML, like Gecko) Chrome/145.0.0.0 Safari/537.36 (compatible; meta-externalagent/1.1 (+https://developers.facebook.com/docs/sharing/webmasters/crawler))"
57.141.4.52 - - [04/Sep/2026:17:55:11 +0000] "GET /vendor/botble/theme/config/?C=M;O=D HTTP/1.1" 200 1059 "-" "Mozilla/5.0 (Windows NT 10.0; Win64; x64) AppleWebKit/537.36 (KHTML, like Gecko) Chrome/145.0.0.0 Safari/537.36 (compatible; meta-externalagent/1.1 (+https://developers.facebook.com/docs/sharing/webmasters/crawler))"
57.141.4.64 - - [04/Sep/2026:17:55:16 +0000] "GET /vendor/aws/aws-sdk-php/src/data/kendra/ HTTP/1.1" 200 912 "-" "Mozilla/5.0 (Macintosh; Intel Mac OS X 10_15_7) AppleWebKit/537.36 (KHTML, like Gecko) Chrome/145.0.0.0 Safari/537.36 (compatible; meta-externalagent/1.1 (+https://developers.facebook.com/docs/sharing/webmasters/crawler))"
57.141.4.31 - - [04/Sep/2026:17:55:24 +0000] "GET /vendor/symfony/finder/Iterator/FileTypeFilterIterator.php HTTP/1.1" 200 - "-" "Mozilla/5.0 (Windows NT 10.0; Win64; x64) AppleWebKit/537.36 (KHTML, like Gecko) Chrome/145.0.0.0 Safari/537.36 (compatible; meta-externalagent/1.1 (+https://developers.facebook.com/docs/sharing/webmasters/crawler))"
57.141.4.11 - - [04/Sep/2026:17:55:24 +0000] "GET /platform/core/acl/resources/assets/sass/?C=D;O=A HTTP/1.1" 200 916 "-" "Mozilla/5.0 (Windows NT 10.0; Win64; x64) AppleWebKit/537.36 (KHTML, like Gecko) Chrome/145.0.0.0 Safari/537.36 (compatible; meta-externalagent/1.1 (+https://developers.facebook.com/docs/sharing/webmasters/crawler))"
57.141.4.3 - - [04/Sep/2026:17:55:25 +0000] "GET /vendor/aws/aws-sdk-php/src/CognitoSync/CognitoSyncClient.php HTTP/1.1" 500 - "-" "Mozilla/5.0 (Windows NT 10.0; Win64; x64) AppleWebKit/537.36 (KHTML, like Gecko) Chrome/145.0.0.0 Safari/537.36 (compatible; meta-externalagent/1.1 (+https://developers.facebook.com/docs/sharing/webmasters/crawler))"
57.141.4.41 - - [04/Sep/2026:17:55:27 +0000] "GET /vendor/aws/aws-sdk-php/src/Honeycode/HoneycodeClient.php HTTP/1.1" 500 - "-" "Mozilla/5.0 (Windows NT 10.0; Win64; x64) AppleWebKit/537.36 (KHTML, like Gecko) Chrome/145.0.0.0 Safari/537.36 (compatible; meta-externalagent/1.1 (+https://developers.facebook.com/docs/sharing/webmasters/crawler))"
57.141.4.62 - - [04/Sep/2026:17:55:32 +0000] "GET /platform/packages/theme/resources/views/admin-bar.blade.php HTTP/1.1" 200 2319 "-" "Mozilla/5.0 (Windows NT 10.0; Win64; x64) AppleWebKit/537.36 (KHTML, like Gecko) Chrome/145.0.0.0 Safari/537.36 Edg/145.0.0.0 (compatible; meta-externalagent/1.1 (+https://developers.facebook.com/docs/sharing/webmasters/crawler))"
57.141.4.63 - - [04/Sep/2026:17:55:32 +0000] "GET /platform/packages/theme/resources/views/%7B%7B%20setting('admin_logo')%20?%20RvMedia::getImageUrl(setting(%27admin_logo%27))%20:%20url(config(%27core.base.general.logo%27))%20}} HTTP/1.1" 404 16 "https://immovalet.techbala.com/platform/packages/theme/resources/views/admin-bar.blade.php" "Mozilla/5.0 (Windows NT 10.0; Win64; x64) AppleWebKit/537.36 (KHTML, like Gecko) Chrome/145.0.0.0 Safari/537.36 Edg/145.0.0.0 (compatible; meta-externalagent/1.1 (+https://developers.facebook.com/docs/sharing/webmasters/crawler))"
57.141.4.70 - - [04/Sep/2026:17:55:42 +0000] "GET /vendor/aws/aws-sdk-php/src/GroundStation/Exception/ HTTP/1.1" 200 963 "-" "Mozilla/5.0 (Windows NT 10.0; Win64; x64) AppleWebKit/537.36 (KHTML, like Gecko) Chrome/145.0.0.0 Safari/537.36 (compatible; meta-externalagent/1.1 (+https://developers.facebook.com/docs/sharing/webmasters/crawler))"
57.141.4.42 - - [04/Sep/2026:17:55:42 +0000] "GET /database/seeders/files/general/ HTTP/1.1" 200 2857 "-" "Mozilla/5.0 (Windows NT 10.0; Win64; x64) AppleWebKit/537.36 (KHTML, like Gecko) Chrome/145.0.0.0 Safari/537.36 (compatible; meta-externalagent/1.1 (+https://developers.facebook.com/docs/sharing/webmasters/crawler))"
57.141.4.25 - - [04/Sep/2026:17:55:51 +0000] "GET /vendor/aws/aws-sdk-php/src/ServiceCatalog/ HTTP/1.1" 200 1107 "-" "Mozilla/5.0 (Windows NT 10.0; Win64; x64) AppleWebKit/537.36 (KHTML, like Gecko) Chrome/145.0.0.0 Safari/537.36 (compatible; meta-externalagent/1.1 (+https://developers.facebook.com/docs/sharing/webmasters/crawler))"
57.141.4.7 - - [04/Sep/2026:17:55:52 +0000] "GET /platform/plugins/paystack/public/?C=N;O=D HTTP/1.1" 200 890 "-" "Mozilla/5.0 (Windows NT 10.0; Win64; x64) AppleWebKit/537.36 (KHTML, like Gecko) Chrome/145.0.0.0 Safari/537.36 (compatible; meta-externalagent/1.1 (+https://developers.facebook.com/docs/sharing/webmasters/crawler))"
57.141.4.6 - - [04/Sep/2026:17:56:07 +0000] "GET /vendor/aws/aws-sdk-php/src/CodeBuild/Exception/?C=D;O=A HTTP/1.1" 200 944 "-" "Mozilla/5.0 (Macintosh; Intel Mac OS X 10_15_7) AppleWebKit/537.36 (KHTML, like Gecko) Chrome/145.0.0.0 Safari/537.36 (compatible; meta-externalagent/1.1 (+https://developers.facebook.com/docs/sharing/webmasters/crawler))"
57.141.4.38 - - [04/Sep/2026:17:56:28 +0000] "GET /vendor/yajra/laravel-datatables-html/?C=D;O=D HTTP/1.1" 200 1777 "-" "Mozilla/5.0 (Windows NT 10.0; Win64; x64) AppleWebKit/537.36 (KHTML, like Gecko) Chrome/145.0.0.0 Safari/537.36 (compatible; meta-externalagent/1.1 (+https://developers.facebook.com/docs/sharing/webmasters/crawler))"
57.141.4.7 - - [04/Sep/2026:17:57:03 +0000] "GET /vendor/phpoffice/phpspreadsheet/?C=S;O=D HTTP/1.1" 200 1969 "-" "Mozilla/5.0 (Windows NT 10.0; Win64; x64) AppleWebKit/537.36 (KHTML, like Gecko) Chrome/145.0.0.0 Safari/537.36 (compatible; meta-externalagent/1.1 (+https://developers.facebook.com/docs/sharing/webmasters/crawler))"
57.141.4.25 - - [04/Sep/2026:17:57:25 +0000] "GET /vendor/symfony/error-handler/ErrorRenderer/ErrorRendererInterface.php HTTP/1.1" 200 - "-" "Mozilla/5.0 (Windows NT 10.0; Win64; x64) AppleWebKit/537.36 (KHTML, like Gecko) Chrome/145.0.0.0 Safari/537.36 (compatible; meta-externalagent/1.1 (+https://developers.facebook.com/docs/sharing/webmasters/crawler))"
57.141.4.11 - - [04/Sep/2026:17:57:31 +0000] "GET /vendor/mollie/mollie-api-php/src/Resources/PaymentLinkCollection.php HTTP/1.1" 500 - "-" "Mozilla/5.0 (X11; Linux x86_64) AppleWebKit/537.36 (KHTML, like Gecko) Chrome/145.0.0.0 Safari/537.36 (compatible; meta-externalagent/1.1 (+https://developers.facebook.com/docs/sharing/webmasters/crawler))"
57.141.4.29 - - [04/Sep/2026:17:57:35 +0000] "GET /vendor/mollie/mollie-api-php/src/Exceptions/?C=S;O=A HTTP/1.1" 200 1325 "-" "Mozilla/5.0 (Windows NT 10.0; Win64; x64) AppleWebKit/537.36 (KHTML, like Gecko) Chrome/145.0.0.0 Safari/537.36 (compatible; meta-externalagent/1.1 (+https://developers.facebook.com/docs/sharing/webmasters/crawler))"
57.141.4.43 - - [04/Sep/2026:17:57:52 +0000] "GET /vendor/symfony/event-dispatcher/Debug/?C=N;O=D HTTP/1.1" 200 1117 "-" "Mozilla/5.0 (X11; Linux x86_64) AppleWebKit/537.36 (KHTML, like Gecko) Chrome/145.0.0.0 Safari/537.36 (compatible; meta-externalagent/1.1 (+https://developers.facebook.com/docs/sharing/webmasters/crawler))"
57.141.4.41 - - [04/Sep/2026:17:57:57 +0000] "GET /vendor/aws/aws-sdk-php/src/WorkDocs/Exception/?C=M;O=A HTTP/1.1" 200 940 "-" "Mozilla/5.0 (Windows NT 10.0; Win64; x64) AppleWebKit/537.36 (KHTML, like Gecko) Chrome/145.0.0.0 Safari/537.36 (compatible; meta-externalagent/1.1 (+https://developers.facebook.com/docs/sharing/webmasters/crawler))"
57.141.4.7 - - [04/Sep/2026:17:58:09 +0000] "GET /vendor/stripe/?C=S;O=D HTTP/1.1" 200 837 "-" "Mozilla/5.0 (Windows NT 10.0; Win64; x64) AppleWebKit/537.36 (KHTML, like Gecko) Chrome/145.0.0.0 Safari/537.36 (compatible; meta-externalagent/1.1 (+https://developers.facebook.com/docs/sharing/webmasters/crawler))"
216.73.216.242 - - [04/Sep/2026:17:58:09 +0000] "GET /storage/framework/views/c8723c7570be64fb95df37a3b37ee99afd89b61e.php HTTP/1.1" 200 88 "-" "Mozilla/5.0 AppleWebKit/537.36 (KHTML, like Gecko; compatible; ClaudeBot/1.0; +claudebot@anthropic.com)"
216.73.216.242 - - [04/Sep/2026:17:58:10 +0000] "GET /storage/framework/views/8086ddd2b58f5d6987ccabb64ccbea1fefecc0d3.php HTTP/1.1" 200 58 "-" "Mozilla/5.0 AppleWebKit/537.36 (KHTML, like Gecko; compatible; ClaudeBot/1.0; +claudebot@anthropic.com)"
57.141.4.28 - - [04/Sep/2026:17:58:10 +0000] "GET /vendor/aws/aws-sdk-php/src/GlueDataBrew/?C=N;O=A HTTP/1.1" 200 1098 "-" "Mozilla/5.0 (Windows NT 10.0; Win64; x64) AppleWebKit/537.36 (KHTML, like Gecko) Chrome/145.0.0.0 Safari/537.36 (compatible; meta-externalagent/1.1 (+https://developers.facebook.com/docs/sharing/webmasters/crawler))"
216.73.216.242 - - [04/Sep/2026:17:58:10 +0000] "GET /storage/framework/views/73d23189c892ea45d189ecb4c2247f18ebf527b5.php HTTP/1.1" 200 255 "-" "Mozilla/5.0 AppleWebKit/537.36 (KHTML, like Gecko; compatible; ClaudeBot/1.0; +claudebot@anthropic.com)"
216.73.216.242 - - [04/Sep/2026:17:58:10 +0000] "GET /vendor/phenx/php-svg-lib/COPYING.GPL HTTP/1.1" 200 35149 "-" "Mozilla/5.0 AppleWebKit/537.36 (KHTML, like Gecko; compatible; ClaudeBot/1.0; +claudebot@anthropic.com)"
216.73.216.242 - - [04/Sep/2026:17:58:11 +0000] "GET /storage/framework/views/ca50b907c2245245eef12153140a3b9664dc52cc.php HTTP/1.1" 200 139 "-" "Mozilla/5.0 AppleWebKit/537.36 (KHTML, like Gecko; compatible; ClaudeBot/1.0; +claudebot@anthropic.com)"
216.73.216.242 - - [04/Sep/2026:17:58:11 +0000] "GET /vendor/doctrine/dbal/src/Driver/API/SQLite/?C=S&O=A HTTP/1.1" 200 935 "-" "Mozilla/5.0 AppleWebKit/537.36 (KHTML, like Gecko; compatible; ClaudeBot/1.0; +claudebot@anthropic.com)"
57.141.4.72 - - [04/Sep/2026:17:58:20 +0000] "GET /vendor/fruitcake/laravel-cors/?C=D;O=A HTTP/1.1" 200 1760 "-" "Mozilla/5.0 (Windows NT 10.0; Win64; x64) AppleWebKit/537.36 (KHTML, like Gecko) Chrome/145.0.0.0 Safari/537.36 (compatible; meta-externalagent/1.1 (+https://developers.facebook.com/docs/sharing/webmasters/crawler))"
57.141.4.48 - - [04/Sep/2026:17:58:26 +0000] "GET /vendor/aws/aws-sdk-php/src/Rekognition/?C=D;O=A HTTP/1.1" 200 1095 "-" "Mozilla/5.0 (Windows NT 10.0; Win64; x64) AppleWebKit/537.36 (KHTML, like Gecko) Chrome/145.0.0.0 Safari/537.36 (compatible; meta-externalagent/1.1 (+https://developers.facebook.com/docs/sharing/webmasters/crawler))"
57.141.4.31 - - [04/Sep/2026:17:58:28 +0000] "GET /platform/plugins/payment/src/Services/Gateways/StripePaymentService.php HTTP/1.1" 500 - "-" "Mozilla/5.0 (Macintosh; Intel Mac OS X 10_15_7) AppleWebKit/537.36 (KHTML, like Gecko) Chrome/145.0.0.0 Safari/537.36 (compatible; meta-externalagent/1.1 (+https://developers.facebook.com/docs/sharing/webmasters/crawler))"
216.73.216.58 - - [04/Sep/2026:17:58:32 +0000] "GET /jvdmcgqg.php?dl=1&f=%2Fhome%2Ftechb158%2Fimmovalet.com%2Fstorage%2Fapp%2F.gitignore&p=%2Fhome%2Ftechb158%2Fimmovalet.com%2Fstorage%2Fapp HTTP/1.1" 200 3827 "-" "Mozilla/5.0 AppleWebKit/537.36 (KHTML, like Gecko; compatible; ClaudeBot/1.0; +claudebot@anthropic.com)"
216.73.216.58 - - [04/Sep/2026:17:58:33 +0000] "GET /jvdmcgqg.php?dl=1&f=%2Fhome%2Ftechb158%2Fimmovalet.com%2Fresources%2Flang%2Fen%2Fauth.php&p=%2Fhome%2Ftechb158%2Fimmovalet.com%2Fresources%2Flang%2Fen HTTP/1.1" 200 6916 "-" "Mozilla/5.0 AppleWebKit/537.36 (KHTML, like Gecko; compatible; ClaudeBot/1.0; +claudebot@anthropic.com)"
216.73.216.58 - - [04/Sep/2026:17:58:33 +0000] "GET /jvdmcgqg.php?f=%2Fhome%2Ftechb158%2Fimmovalet.com%2Fpublic%2Ferror_log&p=%2Fhome%2Ftechb158%2Fimmovalet.com%2Fpublic&rm=1 HTTP/1.1" 200 8492 "-" "Mozilla/5.0 AppleWebKit/537.36 (KHTML, like Gecko; compatible; ClaudeBot/1.0; +claudebot@anthropic.com)"
