/var/log/apache2/domlogs/techb158
Edit: /var/log/apache2/domlogs/techb158/dev.aleamaralawal.com-ssl_log (9278B)
172.96.177.104 - - [04/Sep/2026:13:42:43 +0000] "POST /wp-cron.php?doing_wp_cron=1788529363.5306448936462402343750 HTTP/1.1" 200 - "-" "WordPress/7.1; https://dev.aleamaralawal.com"
216.73.216.48 - - [04/Sep/2026:13:42:42 +0000] "GET /robots.txt HTTP/1.1" 301 - "-" "Mozilla/5.0 AppleWebKit/537.36 (KHTML, like Gecko; compatible; ClaudeBot/1.0; +claudebot@anthropic.com)"
216.73.216.48 - - [04/Sep/2026:13:42:43 +0000] "GET /robots.txt HTTP/1.1" 200 67 "https://www.dev.aleamaralawal.com/robots.txt" "Mozilla/5.0 AppleWebKit/537.36 (KHTML, like Gecko; compatible; ClaudeBot/1.0; +claudebot@anthropic.com)"
216.73.216.48 - - [04/Sep/2026:13:42:44 +0000] "GET /.git/config HTTP/1.1" 301 - "-" "Mozilla/5.0 AppleWebKit/537.36 (KHTML, like Gecko; compatible; ClaudeBot/1.0; +claudebot@anthropic.com)"
216.73.216.48 - - [04/Sep/2026:13:42:45 +0000] "GET /.git/config HTTP/1.1" 404 71647 "https://www.dev.aleamaralawal.com/.git/config" "Mozilla/5.0 AppleWebKit/537.36 (KHTML, like Gecko; compatible; ClaudeBot/1.0; +claudebot@anthropic.com)"
216.73.216.48 - - [04/Sep/2026:13:43:19 +0000] "GET /robots.txt HTTP/1.1" 301 - "-" "Mozilla/5.0 AppleWebKit/537.36 (KHTML, like Gecko; compatible; ClaudeBot/1.0; +claudebot@anthropic.com)"
216.73.216.48 - - [04/Sep/2026:13:43:19 +0000] "GET /robots.txt HTTP/1.1" 200 67 "https://www.dev.aleamaralawal.com/robots.txt" "Mozilla/5.0 AppleWebKit/537.36 (KHTML, like Gecko; compatible; ClaudeBot/1.0; +claudebot@anthropic.com)"
216.73.216.48 - - [04/Sep/2026:13:44:10 +0000] "GET /wp-login.php HTTP/1.1" 200 13012 "-" "Mozilla/5.0 AppleWebKit/537.36 (KHTML, like Gecko; compatible; ClaudeBot/1.0; +claudebot@anthropic.com)"
74.7.244.38 - - [04/Sep/2026:13:52:10 +0000] "GET /robots.txt HTTP/1.1" 200 67 "-" "Mozilla/5.0 (Macintosh; Intel Mac OS X 10_15_7) AppleWebKit/537.36 (KHTML, like Gecko) Chrome/131.0.0.0 Safari/537.36; compatible; OAI-SearchBot/1.4; robots.txt; +https://openai.com/searchbot"
74.7.241.11 - - [04/Sep/2026:13:52:10 +0000] "GET / HTTP/1.1" 200 182722 "-" "Mozilla/5.0 AppleWebKit/537.36 (KHTML, like Gecko; compatible; GPTBot/1.4; +https://openai.com/gptbot)"
34.16.127.79 - - [04/Sep/2026:13:57:10 +0000] "GET /.env HTTP/1.1" 404 71653 "-" "Mozilla/5.0 (Linux; Android 14; Pixel 8) AppleWebKit/537.36 (KHTML, like Gecko) Chrome/131.0.0.0 Mobile Safari/537.36"
54.234.120.76 - - [04/Sep/2026:14:04:20 +0000] "GET / HTTP/1.1" 200 182730 "-" "Mozilla/5.0 (Windows NT 10.0; Win64; x64) AppleWebKit/537.36 (KHTML, like Gecko) Chrome/145.0.0.0 Safari/537.36"
34.175.111.68 - - [04/Sep/2026:14:36:14 +0000] "GET /.env.bak HTTP/1.1" 404 71647 "-" "crusader-worker/1.0"
34.175.111.68 - - [04/Sep/2026:14:36:14 +0000] "GET /.env.example HTTP/1.1" 404 71647 "-" "crusader-worker/1.0"
34.175.111.68 - - [04/Sep/2026:14:36:14 +0000] "GET /.env HTTP/1.1" 404 71647 "-" "crusader-worker/1.0"
34.175.111.68 - - [04/Sep/2026:14:36:14 +0000] "GET /.env.local HTTP/1.1" 404 71647 "-" "crusader-worker/1.0"
34.175.111.68 - - [04/Sep/2026:14:36:14 +0000] "GET /.env.dev HTTP/1.1" 404 71647 "-" "crusader-worker/1.0"
34.175.111.68 - - [04/Sep/2026:14:36:14 +0000] "GET /.env.old HTTP/1.1" 404 71647 "-" "crusader-worker/1.0"
34.175.111.68 - - [04/Sep/2026:14:36:14 +0000] "GET /.env.backup HTTP/1.1" 404 71647 "-" "crusader-worker/1.0"
34.175.111.68 - - [04/Sep/2026:14:36:14 +0000] "GET /.env.prod HTTP/1.1" 404 71647 "-" "crusader-worker/1.0"
34.175.111.68 - - [04/Sep/2026:14:36:14 +0000] "GET /.env.production HTTP/1.1" 404 71647 "-" "crusader-worker/1.0"
34.175.111.68 - - [04/Sep/2026:14:36:14 +0000] "GET /.env.save HTTP/1.1" 404 71647 "-" "crusader-worker/1.0"
34.175.111.68 - - [04/Sep/2026:14:36:14 +0000] "GET /wp-config.php.bak HTTP/1.1" 404 71647 "-" "crusader-worker/1.0"
34.175.111.68 - - [04/Sep/2026:14:36:14 +0000] "GET /crusader-404-probe HTTP/1.1" 404 71647 "-" "crusader-worker/1.0"
34.175.111.68 - - [04/Sep/2026:14:36:14 +0000] "GET /_ignition/health-check HTTP/1.1" 404 71647 "-" "crusader-worker/1.0"
34.175.111.68 - - [04/Sep/2026:14:36:14 +0000] "GET /actuator/env HTTP/1.1" 404 71647 "-" "crusader-worker/1.0"
172.96.177.104 - - [04/Sep/2026:14:36:15 +0000] "POST /wp-cron.php?doing_wp_cron=1788532575.6809399127960205078125 HTTP/1.1" 200 - "-" "WordPress/7.1; https://dev.aleamaralawal.com"
34.175.111.68 - - [04/Sep/2026:14:36:14 +0000] "GET /storage/logs/laravel.log HTTP/1.1" 404 71647 "-" "crusader-worker/1.0"
34.175.111.68 - - [04/Sep/2026:14:36:14 +0000] "GET /wp-config.php~ HTTP/1.1" 404 71647 "-" "crusader-worker/1.0"
34.175.111.68 - - [04/Sep/2026:14:36:14 +0000] "GET /wp-config.php.swp HTTP/1.1" 404 71647 "-" "crusader-worker/1.0"
34.175.111.68 - - [04/Sep/2026:14:36:14 +0000] "GET /env HTTP/1.1" 404 71647 "-" "crusader-worker/1.0"
34.175.111.68 - - [04/Sep/2026:14:36:14 +0000] "GET /actuator/configprops HTTP/1.1" 404 71647 "-" "crusader-worker/1.0"
44.201.34.192 - - [04/Sep/2026:14:37:38 +0000] "POST / HTTP/1.1" 200 182785 "https://www.dev.aleamaralawal.com/" "Mozilla/5.0 (Macintosh; Intel Mac OS X 10_15_7) AppleWebKit/537.36 (KHTML, like Gecko) Chrome/146.0.0.0 Safari/537.36"
216.73.216.55 - - [04/Sep/2026:14:51:08 +0000] "GET /robots.txt HTTP/1.1" 301 - "-" "Mozilla/5.0 AppleWebKit/537.36 (KHTML, like Gecko; compatible; ClaudeBot/1.0; +claudebot@anthropic.com)"
216.73.216.55 - - [04/Sep/2026:14:51:08 +0000] "GET /robots.txt HTTP/1.1" 200 67 "https://www.dev.aleamaralawal.com/robots.txt" "Mozilla/5.0 AppleWebKit/537.36 (KHTML, like Gecko; compatible; ClaudeBot/1.0; +claudebot@anthropic.com)"
216.73.216.55 - - [04/Sep/2026:14:51:09 +0000] "GET /sitemap.xml HTTP/1.1" 301 - "-" "Mozilla/5.0 AppleWebKit/537.36 (KHTML, like Gecko; compatible; ClaudeBot/1.0; +claudebot@anthropic.com)"
216.73.216.55 - - [04/Sep/2026:14:51:10 +0000] "GET /sitemap.xml HTTP/1.1" 404 45013 "https://www.dev.aleamaralawal.com/sitemap.xml" "Mozilla/5.0 AppleWebKit/537.36 (KHTML, like Gecko; compatible; ClaudeBot/1.0; +claudebot@anthropic.com)"
172.96.177.104 - - [04/Sep/2026:15:46:35 +0000] "POST /wp-cron.php?doing_wp_cron=1788536795.7982649803161621093750 HTTP/1.1" 200 - "-" "WordPress/7.1; https://dev.aleamaralawal.com"
216.73.216.55 - - [04/Sep/2026:15:46:34 +0000] "GET /sitemap.xml HTTP/1.1" 301 - "-" "Mozilla/5.0 AppleWebKit/537.36 (KHTML, like Gecko; compatible; ClaudeBot/1.0; +claudebot@anthropic.com)"
216.73.216.55 - - [04/Sep/2026:15:46:35 +0000] "GET /sitemap.xml HTTP/1.1" 404 45013 "https://www.dev.aleamaralawal.com/sitemap.xml" "Mozilla/5.0 AppleWebKit/537.36 (KHTML, like Gecko; compatible; ClaudeBot/1.0; +claudebot@anthropic.com)"
172.96.177.104 - - [04/Sep/2026:15:52:40 +0000] "GET /?et_check_mod_pagespeed=on HTTP/1.1" 200 20 "-" "WordPress/7.1; https://dev.aleamaralawal.com"
54.234.120.76 - - [04/Sep/2026:17:12:50 +0000] "GET / HTTP/1.1" 301 - "-" "Mozilla/5.0 (Windows NT 10.0; Win64; x64) AppleWebKit/537.36 (KHTML, like Gecko) Chrome/145.0.0.0 Safari/537.36"
54.234.120.76 - - [04/Sep/2026:17:12:51 +0000] "GET / HTTP/1.1" 200 182730 "-" "Mozilla/5.0 (Windows NT 10.0; Win64; x64) AppleWebKit/537.36 (KHTML, like Gecko) Chrome/145.0.0.0 Safari/537.36"
54.175.205.73 - - [04/Sep/2026:17:59:18 +0000] "POST / HTTP/1.1" 200 182785 "https://www.dev.aleamaralawal.com/" "Mozilla/5.0 (Macintosh; Intel Mac OS X 10_15_7) AppleWebKit/537.36 (KHTML, like Gecko) Chrome/146.0.0.0 Safari/537.36"
172.96.177.104 - - [04/Sep/2026:18:17:35 +0000] "POST /wp-cron.php?doing_wp_cron=1788545855.6714270114898681640625 HTTP/1.1" 200 - "-" "WordPress/7.1; https://dev.aleamaralawal.com"
216.73.216.55 - - [04/Sep/2026:18:17:34 +0000] "GET /robots.txt HTTP/1.1" 200 67 "-" "Mozilla/5.0 AppleWebKit/537.36 (KHTML, like Gecko; compatible; ClaudeBot/1.0; +claudebot@anthropic.com)"
216.73.216.55 - - [04/Sep/2026:18:17:35 +0000] "GET /auto-draft/?PageSpeed=off&et_fb=1 HTTP/1.1" 200 154736 "-" "Mozilla/5.0 AppleWebKit/537.36 (KHTML, like Gecko; compatible; ClaudeBot/1.0; +claudebot@anthropic.com)"
144.172.104.38 - - [04/Sep/2026:18:20:01 +0000] "GET / HTTP/1.1" 200 182730 "-" "Mozilla/5.0 (Windows NT 10.0; Win64; x64) AppleWebKit/537.36 (KHTML, like Gecko) Chrome/124.0.0.0 Safari/537.36"
144.172.104.38 - - [04/Sep/2026:18:20:04 +0000] "GET / HTTP/1.1" 200 182730 "http://dev.aleamaralawal.com" "Mozilla/5.0 (Windows NT 10.0; Win64; x64) AppleWebKit/537.36 (KHTML, like Gecko) Chrome/124.0.0.0 Safari/537.36"
213.209.159.84 - - [04/Sep/2026:18:42:18 +0000] "GET /.git/config HTTP/1.1" 301 - "-" "Mozilla/5.0 (compatible; GitFinder/1.0)"
213.209.159.84 - - [04/Sep/2026:18:42:22 +0000] "GET /.git/config HTTP/1.1" 404 71647 "https://www.dev.aleamaralawal.com/.git/config" "Mozilla/5.0 (compatible; GitFinder/1.0)"
172.96.177.104 - - [04/Sep/2026:20:26:36 +0000] "POST /wp-cron.php?doing_wp_cron=1788553596.4519999027252197265625 HTTP/1.1" 200 - "-" "WordPress/7.1; https://dev.aleamaralawal.com"
213.209.159.84 - - [04/Sep/2026:20:26:34 +0000] "GET /.git/config HTTP/1.1" 404 71647 "-" "Mozilla/5.0 (compatible; GitFinder/1.0)"
140.245.116.147 - - [04/Sep/2026:21:54:05 +0000] "GET / HTTP/1.1" 200 147440 "http://dev.aleamaralawal.com/" "Go-http-client/1.1"
140.245.116.147 - - [04/Sep/2026:21:54:07 +0000] "GET / HTTP/1.1" 200 182722 "-" "Go-http-client/1.1"
140.245.116.147 - - [04/Sep/2026:21:54:09 +0000] "GET /wp-includes/css/buttons.css HTTP/1.1" 200 13059 "-" "Go-http-client/1.1"